[INFO] fetching crate benfred-read-process-memory 0.2.1...
[INFO] testing benfred-read-process-memory-0.2.1 against 1.100.0-beta.1+cargoflags=--release for beta-release-1.100-2
[INFO] extracting crate benfred-read-process-memory 0.2.1 into /workspace/builds/worker-0-tc2/source
[INFO] started tweaking crates.io crate benfred-read-process-memory 0.2.1
[INFO] finished tweaking crates.io crate benfred-read-process-memory 0.2.1
[INFO] tweaked toml for crates.io crate benfred-read-process-memory 0.2.1 written to /workspace/builds/worker-0-tc2/source/Cargo.toml
[INFO] validating manifest of crates.io crate benfred-read-process-memory 0.2.1 on toolchain 1.100.0-beta.1
[INFO] running `Command { std: CARGO_HOME="/workspace/cargo-home" RUSTUP_HOME="/workspace/rustup-home" "/workspace/cargo-home/bin/cargo" "+1.100.0-beta.1" "metadata" "--manifest-path" "Cargo.toml" "--no-deps", kill_on_drop: false }`
[INFO] crate crates.io crate benfred-read-process-memory 0.2.1 already has a lockfile, it will not be regenerated
[INFO] running `Command { std: CARGO_HOME="/workspace/cargo-home" RUSTUP_HOME="/workspace/rustup-home" "/workspace/cargo-home/bin/cargo" "+1.100.0-beta.1" "fetch" "--manifest-path" "Cargo.toml", kill_on_drop: false }`
[INFO] [stderr] warning: Cargo.toml: `package.edition` is unspecified, defaulting to `2015` while the latest is `2024`
[INFO] [stderr] warning: `package.homepage` is redundant with `package.repository`
[INFO] [stderr]   --> Cargo.toml:13:12
[INFO] [stderr]    |
[INFO] [stderr] 13 | homepage = "https://github.com/benfred/read-process-memory"
[INFO] [stderr]    |            ^^^^^^^^^^^^^^^^^^^^^^^^^^^^^^^^^^^^^^^^^^^^^^^^
[INFO] [stderr] ...
[INFO] [stderr] 16 | repository = "https://github.com/benfred/read-process-memory"
[INFO] [stderr]    |              ------------------------------------------------
[INFO] [stderr]    |
[INFO] [stderr]    = note: `cargo::redundant_homepage` is set to `warn` by default
[INFO] [stderr] help: consider removing `package.homepage`
[INFO] [stderr] warning: `benfred-read-process-memory` (manifest) generated 2 warnings
[INFO] running `Command { std: "docker" "create" "-v" "/var/lib/crater-agent-workspace/builds/worker-0-tc2/source:/opt/rustwide/workdir:ro,Z" "-v" "/var/lib/crater-agent-workspace/builds/worker-0-tc2/target:/opt/rustwide/target:rw,Z" "-v" "/var/lib/crater-agent-workspace/cargo-home:/opt/rustwide/cargo-home:ro,Z" "-v" "/var/lib/crater-agent-workspace/rustup-home:/opt/rustwide/rustup-home:ro,Z" "-m" "1610612736" "--network" "none" "ghcr.io/rust-lang/crates-build-env/linux@sha256:77db811e55d90add9212f6832c23229e3de5f1c1f9905e8cb07319ea15df73ac" "sleep" "infinity", kill_on_drop: false }`
[INFO] [stdout] 6797489ed361ed425e0edcb441656a260e0df537dd4df981f85f4713db453dd4
[INFO] running `Command { std: "docker" "start" "6797489ed361ed425e0edcb441656a260e0df537dd4df981f85f4713db453dd4", kill_on_drop: false }`
[INFO] running `Command { std: "docker" "inspect" "6797489ed361ed425e0edcb441656a260e0df537dd4df981f85f4713db453dd4", kill_on_drop: false }`
[INFO] running `Command { std: "docker" "exec" "-e" "SOURCE_DIR=/opt/rustwide/workdir" "-e" "CARGO_HOME=/opt/rustwide/cargo-home" "-e" "RUSTUP_HOME=/opt/rustwide/rustup-home" "-e" "CARGO_TARGET_DIR=/opt/rustwide/target" "-w" "/opt/rustwide/workdir" "--user" "0:0" "6797489ed361ed425e0edcb441656a260e0df537dd4df981f85f4713db453dd4" "/opt/rustwide/cargo-home/bin/cargo" "+1.100.0-beta.1" "metadata" "--no-deps" "--format-version=1", kill_on_drop: false }`
[INFO] running `Command { std: "docker" "inspect" "6797489ed361ed425e0edcb441656a260e0df537dd4df981f85f4713db453dd4", kill_on_drop: false }`
[INFO] running `Command { std: "docker" "exec" "-e" "SOURCE_DIR=/opt/rustwide/workdir" "-e" "CARGO_HOME=/opt/rustwide/cargo-home" "-e" "RUSTUP_HOME=/opt/rustwide/rustup-home" "-e" "CARGO_TARGET_DIR=/opt/rustwide/target" "-e" "CARGO_INCREMENTAL=0" "-e" "RUST_BACKTRACE=full" "-e" "RUSTFLAGS=--cap-lints=warn" "-e" "RUSTDOCFLAGS=--cap-lints=warn" "-w" "/opt/rustwide/workdir" "--user" "0:0" "6797489ed361ed425e0edcb441656a260e0df537dd4df981f85f4713db453dd4" "/opt/rustwide/cargo-home/bin/cargo" "+1.100.0-beta.1" "build" "--frozen" "--message-format=json" "--release", kill_on_drop: false }`
[INFO] [stderr] warning: Cargo.toml: `package.edition` is unspecified, defaulting to `2015` while the latest is `2024`
[INFO] [stderr] warning: `package.homepage` is redundant with `package.repository`
[INFO] [stderr]   --> Cargo.toml:13:12
[INFO] [stderr]    |
[INFO] [stderr] 13 | homepage = "https://github.com/benfred/read-process-memory"
[INFO] [stderr]    |            ^^^^^^^^^^^^^^^^^^^^^^^^^^^^^^^^^^^^^^^^^^^^^^^^
[INFO] [stderr] ...
[INFO] [stderr] 16 | repository = "https://github.com/benfred/read-process-memory"
[INFO] [stderr]    |              ------------------------------------------------
[INFO] [stderr]    |
[INFO] [stderr]    = note: `cargo::redundant_homepage` is set to `warn` by default
[INFO] [stderr] help: consider removing `package.homepage`
[INFO] [stderr] warning: `benfred-read-process-memory` (manifest) generated 2 warnings
[INFO] [stderr]    Compiling log v0.4.8
[INFO] [stderr]    Compiling libc v0.2.84
[INFO] [stderr]    Compiling benfred-read-process-memory v0.2.1 (/opt/rustwide/workdir)
[INFO] [stdout] warning: use of deprecated associated function `core::num::<impl u8>::max_value`: replaced by the `MAX` associated constant on this type
[INFO] [stdout]  --> src/bin/test.rs:7:31
[INFO] [stdout]   |
[INFO] [stdout] 7 |     let data = if size <= u8::max_value() as usize {
[INFO] [stdout]   |                               ^^^^^^^^^
[INFO] [stdout]   |
[INFO] [stdout]   = note: `#[warn(deprecated)]` on by default
[INFO] [stdout] 
[INFO] [stdout] 
[INFO] [stdout] warning: use of deprecated associated function `core::num::<impl u8>::max_value`: replaced by the `MAX` associated constant on this type
[INFO] [stdout]   --> src/bin/test.rs:10:37
[INFO] [stdout]    |
[INFO] [stdout] 10 |         (0..size).map(|v| (v % (u8::max_value() as usize + 1)) as u8).collect::<Vec<u8>>()
[INFO] [stdout]    |                                     ^^^^^^^^^
[INFO] [stdout] 
[INFO] [stdout] 
[INFO] [stderr]     Finished `release` profile [optimized] target(s) in 1.47s
[INFO] running `Command { std: "docker" "inspect" "6797489ed361ed425e0edcb441656a260e0df537dd4df981f85f4713db453dd4", kill_on_drop: false }`
[INFO] running `Command { std: "docker" "exec" "-e" "SOURCE_DIR=/opt/rustwide/workdir" "-e" "CARGO_HOME=/opt/rustwide/cargo-home" "-e" "RUSTUP_HOME=/opt/rustwide/rustup-home" "-e" "CARGO_TARGET_DIR=/opt/rustwide/target" "-e" "CARGO_INCREMENTAL=0" "-e" "RUST_BACKTRACE=full" "-e" "RUSTFLAGS=--cap-lints=warn" "-e" "RUSTDOCFLAGS=--cap-lints=warn" "-w" "/opt/rustwide/workdir" "--user" "0:0" "6797489ed361ed425e0edcb441656a260e0df537dd4df981f85f4713db453dd4" "/opt/rustwide/cargo-home/bin/cargo" "+1.100.0-beta.1" "test" "--frozen" "--no-run" "--message-format=json" "--release", kill_on_drop: false }`
[INFO] [stderr] warning: Cargo.toml: `package.edition` is unspecified, defaulting to `2015` while the latest is `2024`
[INFO] [stderr] warning: `package.homepage` is redundant with `package.repository`
[INFO] [stderr]   --> Cargo.toml:13:12
[INFO] [stderr]    |
[INFO] [stderr] 13 | homepage = "https://github.com/benfred/read-process-memory"
[INFO] [stderr]    |            ^^^^^^^^^^^^^^^^^^^^^^^^^^^^^^^^^^^^^^^^^^^^^^^^
[INFO] [stderr] ...
[INFO] [stderr] 16 | repository = "https://github.com/benfred/read-process-memory"
[INFO] [stderr]    |              ------------------------------------------------
[INFO] [stderr]    |
[INFO] [stderr]    = note: `cargo::redundant_homepage` is set to `warn` by default
[INFO] [stderr] help: consider removing `package.homepage`
[INFO] [stderr] warning: `benfred-read-process-memory` (manifest) generated 2 warnings
[INFO] [stderr]    Compiling miniz_oxide v0.4.3
[INFO] [stderr]    Compiling adler v0.2.3
[INFO] [stderr]    Compiling gimli v0.23.0
[INFO] [stderr]    Compiling object v0.23.0
[INFO] [stderr]    Compiling rustc-demangle v0.1.18
[INFO] [stdout] warning: use of deprecated associated function `core::num::<impl u8>::max_value`: replaced by the `MAX` associated constant on this type
[INFO] [stdout]  --> src/bin/test.rs:7:31
[INFO] [stdout]   |
[INFO] [stdout] 7 |     let data = if size <= u8::max_value() as usize {
[INFO] [stdout]   |                               ^^^^^^^^^
[INFO] [stdout]   |
[INFO] [stdout]   = note: `#[warn(deprecated)]` on by default
[INFO] [stdout] 
[INFO] [stdout] 
[INFO] [stdout] warning: use of deprecated associated function `core::num::<impl u8>::max_value`: replaced by the `MAX` associated constant on this type
[INFO] [stdout]   --> src/bin/test.rs:10:37
[INFO] [stdout]    |
[INFO] [stdout] 10 |         (0..size).map(|v| (v % (u8::max_value() as usize + 1)) as u8).collect::<Vec<u8>>()
[INFO] [stdout]    |                                     ^^^^^^^^^
[INFO] [stdout] 
[INFO] [stdout] 
[INFO] [stderr]    Compiling addr2line v0.14.1
[INFO] [stderr]    Compiling backtrace v0.3.56
[INFO] [stderr]    Compiling failure v0.1.8
[INFO] [stderr]    Compiling which v2.0.1
[INFO] [stderr]    Compiling docmatic v0.1.2
[INFO] [stderr]    Compiling benfred-read-process-memory v0.2.1 (/opt/rustwide/workdir)
[INFO] [stdout] warning: use of deprecated associated function `core::num::<impl u8>::max_value`: replaced by the `MAX` associated constant on this type
[INFO] [stdout]  --> src/bin/test.rs:7:31
[INFO] [stdout]   |
[INFO] [stdout] 7 |     let data = if size <= u8::max_value() as usize {
[INFO] [stdout]   |                               ^^^^^^^^^
[INFO] [stdout]   |
[INFO] [stdout]   = note: `#[warn(deprecated)]` on by default
[INFO] [stdout] 
[INFO] [stdout] 
[INFO] [stdout] warning: use of deprecated associated function `core::num::<impl u8>::max_value`: replaced by the `MAX` associated constant on this type
[INFO] [stdout]   --> src/bin/test.rs:10:37
[INFO] [stdout]    |
[INFO] [stdout] 10 |         (0..size).map(|v| (v % (u8::max_value() as usize + 1)) as u8).collect::<Vec<u8>>()
[INFO] [stdout]    |                                     ^^^^^^^^^
[INFO] [stdout] 
[INFO] [stdout] 
[INFO] [stdout] warning: use of deprecated associated function `core::num::<impl u8>::max_value`: replaced by the `MAX` associated constant on this type
[INFO] [stdout]    --> src/lib.rs:535:41
[INFO] [stdout]     |
[INFO] [stdout] 535 |             (0..SIZE).map(|v| (v % (u8::max_value() as usize + 1)) as u8).collect::<Vec<u8>>();
[INFO] [stdout]     |                                         ^^^^^^^^^
[INFO] [stdout]     |
[INFO] [stdout]     = note: `#[warn(deprecated)]` on by default
[INFO] [stdout] 
[INFO] [stdout] 
[INFO] [stderr]     Finished `release` profile [optimized] target(s) in 10.88s
[INFO] running `Command { std: "docker" "inspect" "6797489ed361ed425e0edcb441656a260e0df537dd4df981f85f4713db453dd4", kill_on_drop: false }`
[INFO] running `Command { std: "docker" "exec" "-e" "SOURCE_DIR=/opt/rustwide/workdir" "-e" "CARGO_HOME=/opt/rustwide/cargo-home" "-e" "RUSTUP_HOME=/opt/rustwide/rustup-home" "-e" "CARGO_TARGET_DIR=/opt/rustwide/target" "-e" "CARGO_INCREMENTAL=0" "-e" "RUST_BACKTRACE=full" "-e" "RUSTFLAGS=--cap-lints=warn" "-e" "RUSTDOCFLAGS=--cap-lints=warn" "-w" "/opt/rustwide/workdir" "--user" "0:0" "6797489ed361ed425e0edcb441656a260e0df537dd4df981f85f4713db453dd4" "/opt/rustwide/cargo-home/bin/cargo" "+1.100.0-beta.1" "test" "--frozen" "--release", kill_on_drop: false }`
[INFO] [stderr] warning: Cargo.toml: `package.edition` is unspecified, defaulting to `2015` while the latest is `2024`
[INFO] [stderr] warning: `package.homepage` is redundant with `package.repository`
[INFO] [stderr]   --> Cargo.toml:13:12
[INFO] [stderr]    |
[INFO] [stderr] 13 | homepage = "https://github.com/benfred/read-process-memory"
[INFO] [stderr]    |            ^^^^^^^^^^^^^^^^^^^^^^^^^^^^^^^^^^^^^^^^^^^^^^^^
[INFO] [stderr] ...
[INFO] [stderr] 16 | repository = "https://github.com/benfred/read-process-memory"
[INFO] [stderr]    |              ------------------------------------------------
[INFO] [stderr]    |
[INFO] [stderr]    = note: `cargo::redundant_homepage` is set to `warn` by default
[INFO] [stderr] help: consider removing `package.homepage`
[INFO] [stderr] warning: `benfred-read-process-memory` (manifest) generated 2 warnings
[INFO] [stderr] warning: use of deprecated associated function `core::num::<impl u8>::max_value`: replaced by the `MAX` associated constant on this type
[INFO] [stderr]  --> src/bin/test.rs:7:31
[INFO] [stderr]   |
[INFO] [stderr] 7 |     let data = if size <= u8::max_value() as usize {
[INFO] [stderr]   |                               ^^^^^^^^^
[INFO] [stderr]   |
[INFO] [stderr]   = note: `#[warn(deprecated)]` on by default
[INFO] [stderr] 
[INFO] [stderr] warning: use of deprecated associated function `core::num::<impl u8>::max_value`: replaced by the `MAX` associated constant on this type
[INFO] [stderr]   --> src/bin/test.rs:10:37
[INFO] [stderr]    |
[INFO] [stderr] 10 |         (0..size).map(|v| (v % (u8::max_value() as usize + 1)) as u8).collect::<Vec<u8>>()
[INFO] [stderr]    |                                     ^^^^^^^^^
[INFO] [stderr] 
[INFO] [stderr] warning: `benfred-read-process-memory` (bin "test") generated 2 warnings
[INFO] [stderr] warning: use of deprecated associated function `core::num::<impl u8>::max_value`: replaced by the `MAX` associated constant on this type
[INFO] [stderr]    --> src/lib.rs:535:41
[INFO] [stderr]     |
[INFO] [stderr] 535 |             (0..SIZE).map(|v| (v % (u8::max_value() as usize + 1)) as u8).collect::<Vec<u8>>();
[INFO] [stderr]     |                                         ^^^^^^^^^
[INFO] [stderr]     |
[INFO] [stderr]     = note: `#[warn(deprecated)]` on by default
[INFO] [stderr] 
[INFO] [stderr] warning: `benfred-read-process-memory` (bin "test" test) generated 2 warnings (2 duplicates)
[INFO] [stderr] warning: `benfred-read-process-memory` (lib test) generated 1 warning
[INFO] [stderr]     Finished `release` profile [optimized] target(s) in 0.07s
[INFO] [stderr]      Running unittests src/lib.rs (/opt/rustwide/target/release/build/benfred-read-process-memory/ce3c16f3d59134be/out/benfred_read_process_memory-ce3c16f3d59134be)
[INFO] [stdout] 
[INFO] [stdout] running 2 tests
[INFO] [stdout] test test::test_read_large ... FAILED
[INFO] [stdout] test test::test_read_small ... FAILED
[INFO] [stdout] 
[INFO] [stdout] failures:
[INFO] [stdout] 
[INFO] [stdout] ---- test::test_read_large stdout ----
[INFO] [stdout] 
[INFO] [stdout] thread 'test::test_read_large' (521) panicked at src/lib.rs:533:52:
[INFO] [stdout] called `Result::unwrap()` on an `Err` value: Os { code: 2, kind: NotFound, message: "No such file or directory" }
[INFO] [stdout] stack backtrace:
[INFO] [stdout]    0:     0x593140802b11 - <<std[617be2ca0a6fd877]::sys::backtrace::BacktraceLock>::print::DisplayBacktrace as core[a373ad73a504971]::fmt::Display>::fmt
[INFO] [stdout]    1:     0x593140816a8a - core[a373ad73a504971]::fmt::write
[INFO] [stdout]    2:     0x593140806dac - <alloc[2e1b2a31b91974c5]::vec::Vec<u8> as core[a373ad73a504971]::io::write::Write>::write_fmt
[INFO] [stdout]    3:     0x5931407de866 - std[617be2ca0a6fd877]::panicking::default_hook::{closure#0}
[INFO] [stdout]    4:     0x5931407fb1a9 - std[617be2ca0a6fd877]::panicking::default_hook
[INFO] [stdout]    5:     0x5931407970b0 - test[aada8e7e76ba119b]::test_main_inner::{closure#0}
[INFO] [stdout]    6:     0x5931407fb362 - std[617be2ca0a6fd877]::panicking::panic_with_hook
[INFO] [stdout]    7:     0x5931407de912 - std[617be2ca0a6fd877]::panicking::panic_handler::{closure#0}
[INFO] [stdout]    8:     0x5931407d7629 - std[617be2ca0a6fd877]::sys::backtrace::__rust_end_short_backtrace::<std[617be2ca0a6fd877]::panicking::panic_handler::{closure#0}, !>
[INFO] [stdout]    9:     0x5931407df51d - __rustc[ea4f61d10b84890b]::rust_begin_unwind
[INFO] [stdout]   10:     0x5931408171bc - core[a373ad73a504971]::panicking::panic_fmt
[INFO] [stdout]   11:     0x593140816f92 - core[a373ad73a504971]::result::unwrap_failed
[INFO] [stdout]   12:     0x59314078a283 - <benfred_read_process_memory[69cebba6566aed13]::test::test_read_large::{closure#0} as core[a373ad73a504971]::ops::function::FnOnce<()>>::call_once
[INFO] [stdout]   13:     0x59314078a4fb - test[aada8e7e76ba119b]::__rust_begin_short_backtrace::<core[a373ad73a504971]::result::Result<(), alloc[2e1b2a31b91974c5]::string::String>, fn() -> core[a373ad73a504971]::result::Result<(), alloc[2e1b2a31b91974c5]::string::String>>
[INFO] [stdout]   14:     0x5931407976d5 - test[aada8e7e76ba119b]::run_test::{closure#0}
[INFO] [stdout]   15:     0x593140790fc4 - std[617be2ca0a6fd877]::sys::backtrace::__rust_begin_short_backtrace::<test[aada8e7e76ba119b]::run_test::{closure#1}, ()>
[INFO] [stdout]   16:     0x59314079a762 - <std[617be2ca0a6fd877]::thread::lifecycle::spawn_unchecked<test[aada8e7e76ba119b]::run_test::{closure#1}, ()>::{closure#1} as core[a373ad73a504971]::ops::function::FnOnce<()>>::call_once::{shim:vtable#0}
[INFO] [stdout]   17:     0x59314080236f - <std[617be2ca0a6fd877]::sys::thread::unix::Thread>::new::thread_start
[INFO] [stdout]   18:     0x7169fd42adfa - <unknown>
[INFO] [stdout]   19:     0x7169fd4be3d4 - clone
[INFO] [stdout]   20:                0x0 - <unknown>
[INFO] [stdout] 
[INFO] [stdout] ---- test::test_read_small stdout ----
[INFO] [stdout] 
[INFO] [stdout] thread 'test::test_read_small' (522) panicked at src/lib.rs:524:43:
[INFO] [stdout] called `Result::unwrap()` on an `Err` value: Os { code: 2, kind: NotFound, message: "No such file or directory" }
[INFO] [stdout] stack backtrace:
[INFO] [stdout]    0:     0x593140802b11 - <<std[617be2ca0a6fd877]::sys::backtrace::BacktraceLock>::print::DisplayBacktrace as core[a373ad73a504971]::fmt::Display>::fmt
[INFO] [stdout]    1:     0x593140816a8a - core[a373ad73a504971]::fmt::write
[INFO] [stdout]    2:     0x593140806dac - <alloc[2e1b2a31b91974c5]::vec::Vec<u8> as core[a373ad73a504971]::io::write::Write>::write_fmt
[INFO] [stdout]    3:     0x5931407de866 - std[617be2ca0a6fd877]::panicking::default_hook::{closure#0}
[INFO] [stdout]    4:     0x5931407fb1a9 - std[617be2ca0a6fd877]::panicking::default_hook
[INFO] [stdout]    5:     0x5931407970b0 - test[aada8e7e76ba119b]::test_main_inner::{closure#0}
[INFO] [stdout]    6:     0x5931407fb362 - std[617be2ca0a6fd877]::panicking::panic_with_hook
[INFO] [stdout]    7:     0x5931407de912 - std[617be2ca0a6fd877]::panicking::panic_handler::{closure#0}
[INFO] [stdout]    8:     0x5931407d7629 - std[617be2ca0a6fd877]::sys::backtrace::__rust_end_short_backtrace::<std[617be2ca0a6fd877]::panicking::panic_handler::{closure#0}, !>
[INFO] [stdout]    9:     0x5931407df51d - __rustc[ea4f61d10b84890b]::rust_begin_unwind
[INFO] [stdout]   10:     0x5931408171bc - core[a373ad73a504971]::panicking::panic_fmt
[INFO] [stdout]   11:     0x593140816f92 - core[a373ad73a504971]::result::unwrap_failed
[INFO] [stdout]   12:     0x59314078a457 - <benfred_read_process_memory[69cebba6566aed13]::test::test_read_small::{closure#0} as core[a373ad73a504971]::ops::function::FnOnce<()>>::call_once
[INFO] [stdout]   13:     0x59314078a4fb - test[aada8e7e76ba119b]::__rust_begin_short_backtrace::<core[a373ad73a504971]::result::Result<(), alloc[2e1b2a31b91974c5]::string::String>, fn() -> core[a373ad73a504971]::result::Result<(), alloc[2e1b2a31b91974c5]::string::String>>
[INFO] [stdout]   14:     0x5931407976d5 - test[aada8e7e76ba119b]::run_test::{closure#0}
[INFO] [stdout]   15:     0x593140790fc4 - std[617be2ca0a6fd877]::sys::backtrace::__rust_begin_short_backtrace::<test[aada8e7e76ba119b]::run_test::{closure#1}, ()>
[INFO] [stdout]   16:     0x59314079a762 - <std[617be2ca0a6fd877]::thread::lifecycle::spawn_unchecked<test[aada8e7e76ba119b]::run_test::{closure#1}, ()>::{closure#1} as core[a373ad73a504971]::ops::function::FnOnce<()>>::call_once::{shim:vtable#0}
[INFO] [stdout]   17:     0x59314080236f - <std[617be2ca0a6fd877]::sys::thread::unix::Thread>::new::thread_start
[INFO] [stdout]   18:     0x7169fd42adfa - <unknown>
[INFO] [stdout]   19:     0x7169fd4be3d4 - clone
[INFO] [stdout]   20:                0x0 - <unknown>
[INFO] [stdout] 
[INFO] [stdout] 
[INFO] [stdout] failures:
[INFO] [stdout]     test::test_read_large
[INFO] [stdout]     test::test_read_small
[INFO] [stdout] 
[INFO] [stdout] test result: FAILED. 0 passed; 2 failed; 0 ignored; 0 measured; 0 filtered out; finished in 0.01s
[INFO] [stdout] 
[INFO] [stderr] error: test failed, to rerun pass `--lib`
[INFO] running `Command { std: "docker" "inspect" "6797489ed361ed425e0edcb441656a260e0df537dd4df981f85f4713db453dd4", kill_on_drop: false }`
[INFO] running `Command { std: "docker" "rm" "-f" "6797489ed361ed425e0edcb441656a260e0df537dd4df981f85f4713db453dd4", kill_on_drop: false }`
[INFO] [stdout] 6797489ed361ed425e0edcb441656a260e0df537dd4df981f85f4713db453dd4
