[INFO] fetching crate bebytes 3.0.3...
[INFO] testing bebytes-3.0.3 against 1.100.0-beta.1+cargoflags=--release for beta-release-1.100-2
[INFO] extracting crate bebytes 3.0.3 into /workspace/builds/worker-3-tc2/source
[INFO] started tweaking crates.io crate bebytes 3.0.3
[INFO] removed 0 missing examples
[INFO] removed 0 missing tests
[INFO] finished tweaking crates.io crate bebytes 3.0.3
[INFO] tweaked toml for crates.io crate bebytes 3.0.3 written to /workspace/builds/worker-3-tc2/source/Cargo.toml
[INFO] validating manifest of crates.io crate bebytes 3.0.3 on toolchain 1.100.0-beta.1
[INFO] running `Command { std: CARGO_HOME="/workspace/cargo-home" RUSTUP_HOME="/workspace/rustup-home" "/workspace/cargo-home/bin/cargo" "+1.100.0-beta.1" "metadata" "--manifest-path" "Cargo.toml" "--no-deps", kill_on_drop: false }`
[INFO] crate crates.io crate bebytes 3.0.3 already has a lockfile, it will not be regenerated
[INFO] running `Command { std: CARGO_HOME="/workspace/cargo-home" RUSTUP_HOME="/workspace/rustup-home" "/workspace/cargo-home/bin/cargo" "+1.100.0-beta.1" "fetch" "--manifest-path" "Cargo.toml", kill_on_drop: false }`
[INFO] running `Command { std: "docker" "create" "-v" "/var/lib/crater-agent-workspace/builds/worker-3-tc2/source:/opt/rustwide/workdir:ro,Z" "-v" "/var/lib/crater-agent-workspace/builds/worker-3-tc2/target:/opt/rustwide/target:rw,Z" "-v" "/var/lib/crater-agent-workspace/cargo-home:/opt/rustwide/cargo-home:ro,Z" "-v" "/var/lib/crater-agent-workspace/rustup-home:/opt/rustwide/rustup-home:ro,Z" "-m" "1610612736" "--network" "none" "ghcr.io/rust-lang/crates-build-env/linux@sha256:77db811e55d90add9212f6832c23229e3de5f1c1f9905e8cb07319ea15df73ac" "sleep" "infinity", kill_on_drop: false }`
[INFO] [stdout] 065ad528f499ec6d5086def86a2d0a20b1820c0d8dbbfdd3dfb6275c906bc555
[INFO] running `Command { std: "docker" "start" "065ad528f499ec6d5086def86a2d0a20b1820c0d8dbbfdd3dfb6275c906bc555", kill_on_drop: false }`
[INFO] running `Command { std: "docker" "inspect" "065ad528f499ec6d5086def86a2d0a20b1820c0d8dbbfdd3dfb6275c906bc555", kill_on_drop: false }`
[INFO] running `Command { std: "docker" "exec" "-e" "SOURCE_DIR=/opt/rustwide/workdir" "-e" "CARGO_HOME=/opt/rustwide/cargo-home" "-e" "RUSTUP_HOME=/opt/rustwide/rustup-home" "-e" "CARGO_TARGET_DIR=/opt/rustwide/target" "-w" "/opt/rustwide/workdir" "--user" "0:0" "065ad528f499ec6d5086def86a2d0a20b1820c0d8dbbfdd3dfb6275c906bc555" "/opt/rustwide/cargo-home/bin/cargo" "+1.100.0-beta.1" "metadata" "--no-deps" "--format-version=1", kill_on_drop: false }`
[INFO] running `Command { std: "docker" "inspect" "065ad528f499ec6d5086def86a2d0a20b1820c0d8dbbfdd3dfb6275c906bc555", kill_on_drop: false }`
[INFO] running `Command { std: "docker" "exec" "-e" "SOURCE_DIR=/opt/rustwide/workdir" "-e" "CARGO_HOME=/opt/rustwide/cargo-home" "-e" "RUSTUP_HOME=/opt/rustwide/rustup-home" "-e" "CARGO_TARGET_DIR=/opt/rustwide/target" "-e" "CARGO_INCREMENTAL=0" "-e" "RUST_BACKTRACE=full" "-e" "RUSTFLAGS=--cap-lints=warn" "-e" "RUSTDOCFLAGS=--cap-lints=warn" "-w" "/opt/rustwide/workdir" "--user" "0:0" "065ad528f499ec6d5086def86a2d0a20b1820c0d8dbbfdd3dfb6275c906bc555" "/opt/rustwide/cargo-home/bin/cargo" "+1.100.0-beta.1" "build" "--frozen" "--message-format=json" "--release", kill_on_drop: false }`
[INFO] [stderr]    Compiling syn v2.0.119
[INFO] [stderr]    Compiling bebytes_derive v3.0.3
[INFO] [stderr]    Compiling bebytes v3.0.3 (/opt/rustwide/workdir)
[INFO] [stderr]     Finished `release` profile [optimized] target(s) in 10.86s
[INFO] running `Command { std: "docker" "inspect" "065ad528f499ec6d5086def86a2d0a20b1820c0d8dbbfdd3dfb6275c906bc555", kill_on_drop: false }`
[INFO] running `Command { std: "docker" "exec" "-e" "SOURCE_DIR=/opt/rustwide/workdir" "-e" "CARGO_HOME=/opt/rustwide/cargo-home" "-e" "RUSTUP_HOME=/opt/rustwide/rustup-home" "-e" "CARGO_TARGET_DIR=/opt/rustwide/target" "-e" "CARGO_INCREMENTAL=0" "-e" "RUST_BACKTRACE=full" "-e" "RUSTFLAGS=--cap-lints=warn" "-e" "RUSTDOCFLAGS=--cap-lints=warn" "-w" "/opt/rustwide/workdir" "--user" "0:0" "065ad528f499ec6d5086def86a2d0a20b1820c0d8dbbfdd3dfb6275c906bc555" "/opt/rustwide/cargo-home/bin/cargo" "+1.100.0-beta.1" "test" "--frozen" "--no-run" "--message-format=json" "--release", kill_on_drop: false }`
[INFO] [stderr]    Compiling serde_core v1.0.229
[INFO] [stderr]    Compiling syn v3.0.7
[INFO] [stderr]    Compiling zerocopy v0.8.62
[INFO] [stderr]    Compiling serde v1.0.229
[INFO] [stderr]    Compiling zerocopy-derive v0.8.62
[INFO] [stderr]    Compiling serde_json v1.0.152
[INFO] [stderr]    Compiling cc v1.7.0
[INFO] [stderr]    Compiling cfg-if v1.0.5
[INFO] [stderr]    Compiling target-tuple v1.0.2
[INFO] [stderr]    Compiling wait-timeout v0.2.1
[INFO] [stderr]    Compiling clap_builder v4.6.7
[INFO] [stderr]    Compiling tempfile v3.27.0
[INFO] [stderr]    Compiling toml_parser v1.1.5+spec-1.1.0
[INFO] [stderr]    Compiling regex-automata v0.4.18
[INFO] [stderr]    Compiling itertools v0.13.0
[INFO] [stderr]    Compiling toml_writer v1.1.3+spec-1.1.0
[INFO] [stderr]    Compiling bit-vec v0.10.1
[INFO] [stderr]    Compiling rand v0.10.3
[INFO] [stderr]    Compiling page_size v0.6.0
[INFO] [stderr]    Compiling rand_xorshift v0.5.0
[INFO] [stderr]    Compiling dissimilar v1.0.11
[INFO] [stderr]    Compiling core_detect v1.0.0
[INFO] [stderr]    Compiling glob v0.3.4
[INFO] [stderr]    Compiling unarray v0.1.4
[INFO] [stderr]    Compiling bit-set v0.11.1
[INFO] [stderr]    Compiling rusty-fork v0.3.1
[INFO] [stderr]    Compiling proptest v1.12.0
[INFO] [stderr]    Compiling alloca v0.4.0
[INFO] [stderr]    Compiling criterion-plot v0.8.2
[INFO] [stderr]    Compiling regex v1.13.1
[INFO] [stderr]    Compiling clap v4.6.7
[INFO] [stderr]    Compiling test-case-core v3.4.0
[INFO] [stderr]    Compiling toml_datetime v1.1.2+spec-1.1.0
[INFO] [stderr]    Compiling serde_spanned v1.1.2
[INFO] [stderr]    Compiling toml v1.1.8+spec-1.1.0
[INFO] [stderr]    Compiling serde_derive v1.0.229
[INFO] [stderr]    Compiling test-case-macros v3.4.0
[INFO] [stderr]    Compiling test-case v3.4.0
[INFO] [stderr]    Compiling tinytemplate v1.2.1
[INFO] [stderr]    Compiling trybuild v1.0.122
[INFO] [stderr]    Compiling half v2.7.1
[INFO] [stderr]    Compiling ciborium-ll v0.2.2
[INFO] [stderr]    Compiling ciborium v0.2.2
[INFO] [stderr]    Compiling criterion v0.8.2
[INFO] [stderr]    Compiling bebytes v3.0.3 (/opt/rustwide/workdir)
[INFO] [stderr]     Finished `release` profile [optimized] target(s) in 1m 23s
[INFO] running `Command { std: "docker" "inspect" "065ad528f499ec6d5086def86a2d0a20b1820c0d8dbbfdd3dfb6275c906bc555", kill_on_drop: false }`
[INFO] running `Command { std: "docker" "exec" "-e" "SOURCE_DIR=/opt/rustwide/workdir" "-e" "CARGO_HOME=/opt/rustwide/cargo-home" "-e" "RUSTUP_HOME=/opt/rustwide/rustup-home" "-e" "CARGO_TARGET_DIR=/opt/rustwide/target" "-e" "CARGO_INCREMENTAL=0" "-e" "RUST_BACKTRACE=full" "-e" "RUSTFLAGS=--cap-lints=warn" "-e" "RUSTDOCFLAGS=--cap-lints=warn" "-w" "/opt/rustwide/workdir" "--user" "0:0" "065ad528f499ec6d5086def86a2d0a20b1820c0d8dbbfdd3dfb6275c906bc555" "/opt/rustwide/cargo-home/bin/cargo" "+1.100.0-beta.1" "test" "--frozen" "--release", kill_on_drop: false }`
[INFO] [stderr]     Finished `release` profile [optimized] target(s) in 0.15s
[INFO] [stderr]      Running unittests src/lib.rs (/opt/rustwide/target/release/build/bebytes/345ee9816cd0bf1e/out/bebytes-345ee9816cd0bf1e)
[INFO] [stdout] 
[INFO] [stdout] running 3 tests
[INFO] [stdout] test interpreter::tests::test_utf8_invalid ... ok
[INFO] [stdout] test interpreter::tests::test_utf8_valid ... ok
[INFO] [stderr]      Running unittests bin/macro_test.rs (/opt/rustwide/target/release/build/bebytes/7c5e68f03b43d6ce/out/macro_test-7c5e68f03b43d6ce)
[INFO] [stdout] test interpreter::tests::test_utf8_to_bytes ... ok
[INFO] [stdout] 
[INFO] [stdout] test result: ok. 3 passed; 0 failed; 0 ignored; 0 measured; 0 filtered out; finished in 0.00s
[INFO] [stdout] 
[INFO] [stdout] 
[INFO] [stdout] running 0 tests
[INFO] [stdout] 
[INFO] [stdout] test result: ok. 0 passed; 0 failed; 0 ignored; 0 measured; 0 filtered out; finished in 0.00s
[INFO] [stdout] 
[INFO] [stdout] 
[INFO] [stdout] running 0 tests
[INFO] [stdout] 
[INFO] [stdout] test result: ok. 0 passed; 0 failed; 0 ignored; 0 measured; 0 filtered out; finished in 0.00s
[INFO] [stdout] 
[INFO] [stderr]      Running unittests bin/performance_benchmark.rs (/opt/rustwide/target/release/build/bebytes/d1484c7fa4c08971/out/performance_benchmark-d1484c7fa4c08971)
[INFO] [stderr]      Running tests/arithmetic_mutations.rs (/opt/rustwide/target/release/build/bebytes/2a05eb1b04d9884e/out/arithmetic_mutations-2a05eb1b04d9884e)
[INFO] [stdout] 
[INFO] [stdout] running 8 tests
[INFO] [stdout] test test_bit_position_addition ... ok
[INFO] [stdout] test test_bit_shift_direction ... ok
[INFO] [stdout] test test_byte_boundary_modulo ... ok
[INFO] [stdout] test test_subtraction_operations ... ok
[INFO] [stdout] test test_array_size_multiplication ... ok
[INFO] [stdout] test test_enum_discriminant_arithmetic ... ok
[INFO] [stdout] test test_div_ceil_implementation ... ok
[INFO] [stderr]      Running tests/attribute_edge_cases.rs (/opt/rustwide/target/release/build/bebytes/9f1d63e70770ce77/out/attribute_edge_cases-9f1d63e70770ce77)
[INFO] [stdout] test test_primitive_size_arithmetic ... ok
[INFO] [stdout] 
[INFO] [stdout] test result: ok. 8 passed; 0 failed; 0 ignored; 0 measured; 0 filtered out; finished in 0.01s
[INFO] [stdout] 
[INFO] [stdout] 
[INFO] [stdout] running 8 tests
[INFO] [stdout] test test_bits_attribute_values ... ok
[INFO] [stdout] test test_mixed_attributes ... ok
[INFO] [stdout] test test_fixed_size_arrays ... ok
[INFO] [stdout] test test_no_attributes ... ok
[INFO] [stdout] test test_from_field_attribute ... ok
[INFO] [stdout] test test_zero_bit_field ... ok
[INFO] [stdout] test test_consecutive_bit_fields ... ok
[INFO] [stdout] test test_enum_with_attributes ... ok
[INFO] [stdout] 
[INFO] [stdout] test result: ok. 8 passed; 0 failed; 0 ignored; 0 measured; 0 filtered out; finished in 0.01s
[INFO] [stdout] 
[INFO] [stderr]      Running tests/bit_arithmetic.rs (/opt/rustwide/target/release/build/bebytes/804c31a2a10965de/out/bit_arithmetic-804c31a2a10965de)
[INFO] [stdout] 
[INFO] [stdout] running 10 tests
[INFO] [stdout] test test_mixed_aligned_unaligned ... ok
[INFO] [stdout] test test_div_ceil_behavior ... ok
[INFO] [stdout] test test_bit_to_byte_conversion ... ok
[INFO] [stdout] test test_byte_alignment_padding ... ok
[INFO] [stdout] test test_unaligned_bit_fields ... ok
[INFO] [stdout] test test_large_bit_fields ... ok
[INFO] [stderr]      Running tests/bitfields.rs (/opt/rustwide/target/release/build/bebytes/5a90cc4de3bb589b/out/bitfields-5a90cc4de3bb589b)
[INFO] [stdout] test test_single_bit_fields ... ok
[INFO] [stdout] test test_zero_values_bit_arithmetic ... ok
[INFO] [stdout] test test_array_field_bit_calculation ... ok
[INFO] [stdout] test test_enum_bit_field_sizes ... ok
[INFO] [stdout] 
[INFO] [stdout] test result: ok. 10 passed; 0 failed; 0 ignored; 0 measured; 0 filtered out; finished in 0.01s
[INFO] [stdout] 
[INFO] [stdout] 
[INFO] [stdout] running 9 tests
[INFO] [stdout] test basic_bitfields::test_single_byte_bitfield ... ok
[INFO] [stdout] test endianness::test_bitfield_endianness ... ok
[INFO] [stdout] test multibyte_bitfields::test_large_bitfields ... ok
[INFO] [stdout] test multibyte_bitfields::test_mixed_sizes ... ok
[INFO] [stdout] test boundary_crossing::test_boundary_crossing_bitfield ... ok
[INFO] [stderr]      Running tests/bitwise_mutations.rs (/opt/rustwide/target/release/build/bebytes/97c6c9d7b6090b9e/out/bitwise_mutations-97c6c9d7b6090b9e)
[INFO] [stdout] test basic_bitfields::test_uneven_bitfields ... ok
[INFO] [stdout] test edge_cases::test_single_bit_fields ... ok
[INFO] [stdout] test boundary_crossing::test_boundary_at_different_positions ... ok
[INFO] [stdout] test edge_cases::test_max_values ... ok
[INFO] [stdout] 
[INFO] [stdout] test result: ok. 9 passed; 0 failed; 0 ignored; 0 measured; 0 filtered out; finished in 0.00s
[INFO] [stdout] 
[INFO] [stdout] 
[INFO] [stdout] running 9 tests
[INFO] [stdout] test test_complex_bit_patterns ... ok
[INFO] [stdout] test test_bit_and_operations ... ok
[INFO] [stdout] test test_enum_bit_counting ... ok
[INFO] [stdout] test test_shift_left_operations ... ok
[INFO] [stdout] test test_shift_right_operations ... ok
[INFO] [stdout] test test_bit_limit_masks ... ok
[INFO] [stdout] test test_cross_byte_bit_operations ... ok
[INFO] [stdout] test test_single_bit_extraction ... ok
[INFO] [stdout] test test_bit_or_merging ... ok
[INFO] [stdout] 
[INFO] [stdout] test result: ok. 9 passed; 0 failed; 0 ignored; 0 measured; 0 filtered out; finished in 0.01s
[INFO] [stdout] 
[INFO] [stderr]      Running tests/char_support.rs (/opt/rustwide/target/release/build/bebytes/6273a2bcb90fcf9d/out/char_support-6273a2bcb90fcf9d)
[INFO] [stdout] 
[INFO] [stdout] running 12 tests
[INFO] [stdout] test test_char_surrogate_rejection ... ok
[INFO] [stdout] test test_char_mixed_with_other_primitives ... ok
[INFO] [stdout] test test_char_bit_fields_aligned ... ok
[INFO] [stdout] test test_char_unicode_characters ... ok
[INFO] [stdout] test test_char_edge_cases ... ok
[INFO] [stdout] test test_char_bit_field_validation_failure ... ok
[INFO] [stdout] test test_char_bit_fields_unaligned ... ok
[INFO] [stdout] test test_char_primitive_little_endian ... ok
[INFO] [stdout] test test_char_with_high_unicode_values ... ok
[INFO] [stdout] test test_char_validation_failure ... ok
[INFO] [stdout] test test_char_primitive_big_endian ... ok
[INFO] [stdout] test test_char_bit_fields_with_other_types ... ok
[INFO] [stdout] 
[INFO] [stdout] test result: ok. 12 passed; 0 failed; 0 ignored; 0 measured; 0 filtered out; finished in 0.01s
[INFO] [stdout] 
[INFO] [stderr]      Running tests/check_optimization.rs (/opt/rustwide/target/release/build/bebytes/d5a5ddf360f04447/out/check_optimization-d5a5ddf360f04447)
[INFO] [stdout] 
[INFO] [stdout] running 1 test
[INFO] [stdout] test test_check_optimization ... ok
[INFO] [stdout] 
[INFO] [stdout] test result: ok. 1 passed; 0 failed; 0 ignored; 0 measured; 0 filtered out; finished in 0.00s
[INFO] [stdout] 
[INFO] [stderr]      Running tests/comparison_mutations.rs (/opt/rustwide/target/release/build/bebytes/8f05832fd1135794/out/comparison_mutations-8f05832fd1135794)
[INFO] [stdout] 
[INFO] [stdout] running 9 tests
[INFO] [stdout] test test_vec_type_identification ... ok
[INFO] [stdout] test test_enum_discriminant_comparison ... ok
[INFO] [stdout] test test_bit_limit_comparisons ... ok
[INFO] [stdout] test test_field_access_equality ... ok
[INFO] [stdout] test test_option_type_identification ... ok
[INFO] [stdout] test test_bit_position_boundaries ... ok
[INFO] [stdout] test test_non_empty_path_segments ... ok
[INFO] [stdout] test test_array_length_comparison ... ok
[INFO] [stdout] test test_primitive_type_checks ... ok
[INFO] [stdout] 
[INFO] [stdout] test result: ok. 9 passed; 0 failed; 0 ignored; 0 measured; 0 filtered out; finished in 0.01s
[INFO] [stdout] 
[INFO] [stderr]      Running tests/compile_fail.rs (/opt/rustwide/target/release/build/bebytes/f3cdb823cc77dee6/out/compile_fail-f3cdb823cc77dee6)
[INFO] [stdout] 
[INFO] [stdout] running 1 test
[INFO] [stderr]    Compiling proc-macro2 v1.0.107
[INFO] [stderr]    Compiling unicode-ident v1.0.26
[INFO] [stderr]    Compiling quote v1.0.47
[INFO] [stderr]    Compiling cfg-if v1.0.5
[INFO] [stderr]    Compiling libc v0.2.190
[INFO] [stderr]    Compiling rand_core v0.10.1
[INFO] [stderr]    Compiling crossbeam-utils v0.8.23
[INFO] [stderr]    Compiling serde_core v1.0.229
[INFO] [stderr]    Compiling getrandom v0.4.3
[INFO] [stderr]    Compiling zerocopy v0.8.62
[INFO] [stderr]    Compiling crossbeam-epoch v0.9.21
[INFO] [stderr]    Compiling autocfg v1.5.1
[INFO] [stderr]    Compiling crossbeam-deque v0.8.8
[INFO] [stderr]    Compiling find-msvc-tools v0.1.14
[INFO] [stderr]    Compiling rustix v1.1.5
[INFO] [stderr]    Compiling shlex v2.0.1
[INFO] [stderr]    Compiling serde v1.0.229
[INFO] [stderr]    Compiling zmij v1.0.23
[INFO] [stderr]    Compiling bitflags v2.13.2
[INFO] [stderr]    Compiling serde_json v1.0.152
[INFO] [stderr]    Compiling either v1.19.0
[INFO] [stderr]    Compiling cc v1.7.0
[INFO] [stderr]    Compiling regex-syntax v0.8.11
[INFO] [stderr]    Compiling rayon-core v1.13.0
[INFO] [stderr]    Compiling linux-raw-sys v0.12.1
[INFO] [stderr]    Compiling fastrand v2.5.0
[INFO] [stderr]    Compiling anstyle v1.0.14
[INFO] [stderr]    Compiling once_cell v1.21.4
[INFO] [stderr]    Compiling plotters-backend v0.3.7
[INFO] [stderr]    Compiling ciborium-io v0.2.2
[INFO] [stderr]    Compiling clap_lex v1.1.1
[INFO] [stderr]    Compiling memchr v2.8.3
[INFO] [stderr]    Compiling itoa v1.0.18
[INFO] [stderr]    Compiling itertools v0.13.0
[INFO] [stderr]    Compiling num-traits v0.2.19
[INFO] [stderr]    Compiling clap_builder v4.6.7
[INFO] [stderr]    Compiling plotters-svg v0.3.7
[INFO] [stderr]    Compiling same-file v1.0.6
[INFO] [stderr]    Compiling bit-vec v0.10.1
[INFO] [stderr]    Compiling fnv v1.0.7
[INFO] [stderr]    Compiling quick-error v1.2.3
[INFO] [stderr]    Compiling cpufeatures v0.3.1
[INFO] [stderr]    Compiling cast v0.3.0
[INFO] [stderr]    Compiling chacha20 v0.10.2
[INFO] [stderr]    Compiling bit-set v0.11.1
[INFO] [stderr]    Compiling walkdir v2.5.0
[INFO] [stderr]    Compiling rand_xorshift v0.5.0
[INFO] [stderr]    Compiling anes v0.1.6
[INFO] [stderr]    Compiling core_detect v1.0.0
[INFO] [stderr]    Compiling unarray v0.1.4
[INFO] [stderr]    Compiling oorandom v11.1.5
[INFO] [stderr]    Compiling syn v3.0.7
[INFO] [stderr]    Compiling syn v2.0.119
[INFO] [stderr]    Compiling rayon v1.12.0
[INFO] [stderr]    Compiling plotters v0.3.7
[INFO] [stderr]    Compiling wait-timeout v0.2.1
[INFO] [stderr]    Compiling page_size v0.6.0
[INFO] [stderr]    Compiling regex-automata v0.4.18
[INFO] [stderr]    Compiling criterion-plot v0.8.2
[INFO] [stderr]    Compiling rand v0.10.3
[INFO] [stderr]    Compiling clap v4.6.7
[INFO] [stderr]    Compiling alloca v0.4.0
[INFO] [stderr]    Compiling tempfile v3.27.0
[INFO] [stderr]    Compiling rusty-fork v0.3.1
[INFO] [stderr]    Compiling proptest v1.12.0
[INFO] [stderr]    Compiling regex v1.13.1
[INFO] [stderr]    Compiling test-case-core v3.4.0
[INFO] [stderr]    Compiling zerocopy-derive v0.8.62
[INFO] [stderr]    Compiling bebytes_derive v3.0.3
[INFO] [stderr]    Compiling serde_derive v1.0.229
[INFO] [stderr]    Compiling test-case-macros v3.4.0
[INFO] [stderr]    Compiling test-case v3.4.0
[INFO] [stderr]    Compiling bebytes v3.0.3 (/opt/rustwide/workdir)
[INFO] [stderr]    Compiling tinytemplate v1.2.1
[INFO] [stderr]    Compiling half v2.7.1
[INFO] [stderr]    Compiling ciborium-ll v0.2.2
[INFO] [stderr]    Compiling ciborium v0.2.2
[INFO] [stderr]    Compiling criterion v0.8.2
[INFO] [stderr]    Compiling bebytes-tests v0.0.0 (/opt/rustwide/target/tests/trybuild/bebytes)
[INFO] [stderr]     Finished `dev` profile [unoptimized + debuginfo] target(s) in 43.73s
[INFO] [stderr] 
[INFO] [stderr] 
[INFO] [stdout] test ui_tests has been running for over 60 seconds
[INFO] [stderr] test tests/compile_time/attributes/bits_and_size_conflict.rs [should fail to compile] ... ok
[INFO] [stderr] test tests/compile_time/attributes/fromfield_and_with_conflict.rs [should fail to compile] ... ok
[INFO] [stderr] test tests/compile_time/attributes/multiple_endian_attrs.rs [should fail to compile] ... ok
[INFO] [stderr] test tests/compile_time/bit_fields/incomplete_byte.rs [should fail to compile] ... ok
[INFO] [stderr] test tests/compile_time/bit_fields/zero_bits.rs [should fail to compile] ... ok
[INFO] [stderr] test tests/compile_time/bit_fields/exceeds_type_size.rs [should fail to compile] ... ok
[INFO] [stderr] test tests/compile_time/bit_fields/bits_on_non_numeric.rs [should fail to compile] ... ok
[INFO] [stderr] test tests/compile_time/bit_fields/multiple_bits_attributes.rs [should fail to compile] ... ok
[INFO] [stderr] test tests/compile_time/enums/duplicate_discriminants.rs [should fail to compile] ... ok
[INFO] [stderr] test tests/compile_time/enums/data_variants.rs [should fail to compile] ... ok
[INFO] [stderr] test tests/compile_time/enums/invalid_flag_enum.rs [should fail to compile] ... ok
[INFO] [stderr] test tests/compile_time/enums/explicit_type_too_small.rs [should fail to compile] ... ok
[INFO] [stderr] test tests/compile_time/size_expressions/nonexistent_field.rs [should fail to compile] ... ok
[INFO] [stderr] test tests/compile_time/size_expressions/circular_dependency.rs [should fail to compile] ... mismatch
[INFO] [stderr] 
[INFO] [stderr] EXPECTED:
[INFO] [stderr] ┈┈┈┈┈┈┈┈┈┈┈┈┈┈┈┈┈┈┈┈┈┈┈┈┈┈┈┈┈┈┈┈┈┈┈┈┈┈┈┈┈┈┈┈┈┈┈┈┈┈┈┈┈┈┈┈┈┈┈┈
[INFO] [stderr] error[E0425]: cannot find value `field2` in this scope
[INFO] [stderr]  --> tests/compile_time/size_expressions/circular_dependency.rs:8:10
[INFO] [stderr]   |
[INFO] [stderr] 8 | #[derive(BeBytes, Debug, PartialEq)]
[INFO] [stderr]   |          ^^^^^^^ not found in this scope
[INFO] [stderr]   |
[INFO] [stderr]   = note: this error originates in the derive macro `BeBytes` (in Nightly builds, run with -Z macro-backtrace for more info)
[INFO] [stderr] 
[INFO] [stderr] error[E0425]: cannot find value `field2` in this scope
[INFO] [stderr]  --> tests/compile_time/size_expressions/circular_dependency.rs:8:10
[INFO] [stderr]   |
[INFO] [stderr] 8 | #[derive(BeBytes, Debug, PartialEq)]
[INFO] [stderr]   |          ^^^^^^^
[INFO] [stderr]   |
[INFO] [stderr]   = note: this error originates in the derive macro `BeBytes` (in Nightly builds, run with -Z macro-backtrace for more info)
[INFO] [stderr] 
[INFO] [stderr] error[E0605]: non-primitive cast: `Vec<u8>` as `usize`
[INFO] [stderr]  --> tests/compile_time/size_expressions/circular_dependency.rs:8:10
[INFO] [stderr]   |
[INFO] [stderr] 8 | #[derive(BeBytes, Debug, PartialEq)]
[INFO] [stderr]   |          ^^^^^^^ an `as` expression can only be used to convert between primitive types or to coerce to a specific trait object
[INFO] [stderr]   |
[INFO] [stderr]   = note: this error originates in the derive macro `BeBytes` (in Nightly builds, run with -Z macro-backtrace for more info)
[INFO] [stderr] ┈┈┈┈┈┈┈┈┈┈┈┈┈┈┈┈┈┈┈┈┈┈┈┈┈┈┈┈┈┈┈┈┈┈┈┈┈┈┈┈┈┈┈┈┈┈┈┈┈┈┈┈┈┈┈┈┈┈┈┈
[INFO] [stderr] 
[INFO] [stderr] ACTUAL OUTPUT:
[INFO] [stderr] ┈┈┈┈┈┈┈┈┈┈┈┈┈┈┈┈┈┈┈┈┈┈┈┈┈┈┈┈┈┈┈┈┈┈┈┈┈┈┈┈┈┈┈┈┈┈┈┈┈┈┈┈┈┈┈┈┈┈┈┈
[INFO] [stderr] error[E0425]: cannot find value `field2` in this scope
[INFO] [stderr]  --> tests/compile_time/size_expressions/circular_dependency.rs:8:10
[INFO] [stderr]   |
[INFO] [stderr] 8 | #[derive(BeBytes, Debug, PartialEq)]
[INFO] [stderr]   |          ^^^^^^^ not found in this scope
[INFO] [stderr]   |
[INFO] [stderr]   = note: this error originates in the derive macro `BeBytes` (in Nightly builds, run with -Z macro-backtrace for more info)
[INFO] [stderr] 
[INFO] [stderr] error[E0605]: non-primitive cast: `Vec<u8>` as `usize`
[INFO] [stderr]  --> tests/compile_time/size_expressions/circular_dependency.rs:8:10
[INFO] [stderr]   |
[INFO] [stderr] 8 | #[derive(BeBytes, Debug, PartialEq)]
[INFO] [stderr]   |          ^^^^^^^ an `as` expression can only be used to convert between primitive types or to coerce to a specific trait object
[INFO] [stderr]   |
[INFO] [stderr]   = note: this error originates in the derive macro `BeBytes` (in Nightly builds, run with -Z macro-backtrace for more info)
[INFO] [stderr] ┈┈┈┈┈┈┈┈┈┈┈┈┈┈┈┈┈┈┈┈┈┈┈┈┈┈┈┈┈┈┈┈┈┈┈┈┈┈┈┈┈┈┈┈┈┈┈┈┈┈┈┈┈┈┈┈┈┈┈┈
[INFO] [stderr] note: If the actual output is the correct output you can bless it by rerunning
[INFO] [stderr]       your test with the environment variable TRYBUILD=overwrite
[INFO] [stderr] 
[INFO] [stderr] test tests/compile_time/size_expressions/division_by_zero.rs [should fail to compile] ... ok
[INFO] [stderr] test tests/compile_time/size_expressions/invalid_operator.rs [should fail to compile] ... ok
[INFO] [stderr] test tests/compile_time/types/unsupported_structure.rs [should fail to compile] ... ok
[INFO] [stderr] test tests/compile_time/types/unsupported_isize.rs [should fail to compile] ... ok
[INFO] [stderr] test tests/compile_time/types/bits_on_f32.rs [should fail to compile] ... ok
[INFO] [stderr] test tests/compile_time/types/bits_on_f64.rs [should fail to compile] ... ok
[INFO] [stderr] test tests/compile_time/types/bits_on_bool.rs [should fail to compile] ... ok
[INFO] [stderr] test tests/compile_time/vectors/fromfield_nonexistent.rs [should fail to compile] ... ok
[INFO] [stderr] test tests/compile_time/vectors/fromfield_non_numeric.rs [should fail to compile] ... ok
[INFO] [stderr] test tests/compile_time/vectors/multiple_vecs_no_size.rs [should fail to compile] ... ok
[INFO] [stderr] test tests/compile_time/vectors/vec_not_last_no_size.rs [should fail to compile] ... ok
[INFO] [stderr] test tests/compile_time/markers/non_ascii_char.rs [should fail to compile] ... ok
[INFO] [stderr] test tests/compile_time/unnamed_fields.rs [should pass] ... ok
[INFO] [stderr] test tests/compile_time/test_u8s.rs [should pass] ... ok
[INFO] [stderr] test tests/compile_time/test_u16s.rs [should pass] ... ok
[INFO] [stderr] test tests/compile_time/test_u32s.rs [should pass] ... ok
[INFO] [stderr] test tests/compile_time/test_chars.rs [should pass] ... ok
[INFO] [stderr] test tests/compile_time/nested_struct.rs [should pass] ... ok
[INFO] [stderr] test tests/compile_time/arrayed.rs [should pass] ... ok
[INFO] [stderr] test tests/compile_time/vectors/safe_nested_vector.rs [should pass] ... ok
[INFO] [stderr] test tests/compile_time/enums/zero_value_flag_enum.rs [should pass] ... ok
[INFO] [stderr] test tests/compile_time/custom_result_alias.rs [should pass] ... ok
[INFO] [stdout] test ui_tests ... FAILED
[INFO] [stderr] test tests/compile_time/option.rs [should pass] ... ok
[INFO] [stdout] 
[INFO] [stderr] 
[INFO] [stdout] failures:
[INFO] [stderr] 
[INFO] [stdout] 
[INFO] [stdout] ---- ui_tests stdout ----
[INFO] [stdout] 
[INFO] [stdout] thread 'ui_tests' (2698) panicked at /opt/rustwide/cargo-home/registry/src/index.crates.io-1949cf8c6b5b557f/trybuild-1.0.122/src/run.rs:103:13:
[INFO] [stdout] 1 of 37 tests failed
[INFO] [stdout] stack backtrace:
[INFO] [stdout]    0:     0x55d253c21981 - <<std[617be2ca0a6fd877]::sys::backtrace::BacktraceLock>::print::DisplayBacktrace as core[a373ad73a504971]::fmt::Display>::fmt
[INFO] [stdout]    1:     0x55d253c37caa - core[a373ad73a504971]::fmt::write
[INFO] [stdout]    2:     0x55d253c261cc - <alloc[2e1b2a31b91974c5]::vec::Vec<u8> as core[a373ad73a504971]::io::write::Write>::write_fmt
[INFO] [stdout]    3:     0x55d253bfade6 - std[617be2ca0a6fd877]::panicking::default_hook::{closure#0}
[INFO] [stdout]    4:     0x55d253c18f29 - std[617be2ca0a6fd877]::panicking::default_hook
[INFO] [stdout]    5:     0x55d253b06570 - test[aada8e7e76ba119b]::test_main_inner::{closure#0}
[INFO] [stdout]    6:     0x55d253c190e2 - std[617be2ca0a6fd877]::panicking::panic_with_hook
[INFO] [stdout]    7:     0x55d253bfae92 - std[617be2ca0a6fd877]::panicking::panic_handler::{closure#0}
[INFO] [stdout]    8:     0x55d253bf36e9 - std[617be2ca0a6fd877]::sys::backtrace::__rust_end_short_backtrace::<std[617be2ca0a6fd877]::panicking::panic_handler::{closure#0}, !>
[INFO] [stdout]    9:     0x55d253bfba9d - __rustc[ea4f61d10b84890b]::rust_begin_unwind
[INFO] [stdout]   10:     0x55d253c3841c - core[a373ad73a504971]::panicking::panic_fmt
[INFO] [stdout]   11:     0x55d253b403bb - <trybuild[36f211ca22b833a5]::Runner>::run
[INFO] [stdout]   12:     0x55d253b43630 - <trybuild[36f211ca22b833a5]::TestCases as core[a373ad73a504971]::ops::drop::Drop>::drop
[INFO] [stdout]   13:     0x55d253af98a6 - <compile_fail[8fe0d5796b3ab718]::ui_tests::{closure#0} as core[a373ad73a504971]::ops::function::FnOnce<()>>::call_once
[INFO] [stdout]   14:     0x55d253af99bb - test[aada8e7e76ba119b]::__rust_begin_short_backtrace::<core[a373ad73a504971]::result::Result<(), alloc[2e1b2a31b91974c5]::string::String>, fn() -> core[a373ad73a504971]::result::Result<(), alloc[2e1b2a31b91974c5]::string::String>>
[INFO] [stdout]   15:     0x55d253b06b95 - test[aada8e7e76ba119b]::run_test::{closure#0}
[INFO] [stdout]   16:     0x55d253b00484 - std[617be2ca0a6fd877]::sys::backtrace::__rust_begin_short_backtrace::<test[aada8e7e76ba119b]::run_test::{closure#1}, ()>
[INFO] [stdout]   17:     0x55d253b09c22 - <std[617be2ca0a6fd877]::thread::lifecycle::spawn_unchecked<test[aada8e7e76ba119b]::run_test::{closure#1}, ()>::{closure#1} as core[a373ad73a504971]::ops::function::FnOnce<()>>::call_once::{shim:vtable#0}
[INFO] [stdout]   18:     0x55d253c20bdf - <std[617be2ca0a6fd877]::sys::thread::unix::Thread>::new::thread_start
[INFO] [stdout]   19:     0x73e043d98dfa - <unknown>
[INFO] [stdout]   20:     0x73e043e2c3d4 - clone
[INFO] [stdout]   21:                0x0 - <unknown>
[INFO] [stdout] 
[INFO] [stdout] 
[INFO] [stdout] failures:
[INFO] [stdout]     ui_tests
[INFO] [stdout] 
[INFO] [stdout] test result: FAILED. 0 passed; 1 failed; 0 ignored; 0 measured; 0 filtered out; finished in 89.26s
[INFO] [stdout] 
[INFO] [stderr] error: test failed, to rerun pass `--test compile_fail`
[INFO] running `Command { std: "docker" "inspect" "065ad528f499ec6d5086def86a2d0a20b1820c0d8dbbfdd3dfb6275c906bc555", kill_on_drop: false }`
[INFO] running `Command { std: "docker" "rm" "-f" "065ad528f499ec6d5086def86a2d0a20b1820c0d8dbbfdd3dfb6275c906bc555", kill_on_drop: false }`
[INFO] [stdout] 065ad528f499ec6d5086def86a2d0a20b1820c0d8dbbfdd3dfb6275c906bc555
