[INFO] fetching crate bdstorage 1.0.1...
[INFO] testing bdstorage-1.0.1 against 1.100.0-beta.1+cargoflags=--release for beta-release-1.100-2
[INFO] extracting crate bdstorage 1.0.1 into /workspace/builds/worker-7-tc2/source
[INFO] started tweaking crates.io crate bdstorage 1.0.1
[INFO] removed 0 missing tests
[INFO] finished tweaking crates.io crate bdstorage 1.0.1
[INFO] tweaked toml for crates.io crate bdstorage 1.0.1 written to /workspace/builds/worker-7-tc2/source/Cargo.toml
[INFO] validating manifest of crates.io crate bdstorage 1.0.1 on toolchain 1.100.0-beta.1
[INFO] running `Command { std: CARGO_HOME="/workspace/cargo-home" RUSTUP_HOME="/workspace/rustup-home" "/workspace/cargo-home/bin/cargo" "+1.100.0-beta.1" "metadata" "--manifest-path" "Cargo.toml" "--no-deps", kill_on_drop: false }`
[INFO] crate crates.io crate bdstorage 1.0.1 already has a lockfile, it will not be regenerated
[INFO] running `Command { std: CARGO_HOME="/workspace/cargo-home" RUSTUP_HOME="/workspace/rustup-home" "/workspace/cargo-home/bin/cargo" "+1.100.0-beta.1" "fetch" "--manifest-path" "Cargo.toml", kill_on_drop: false }`
[INFO] running `Command { std: "docker" "create" "-v" "/var/lib/crater-agent-workspace/builds/worker-7-tc2/source:/opt/rustwide/workdir:ro,Z" "-v" "/var/lib/crater-agent-workspace/builds/worker-7-tc2/target:/opt/rustwide/target:rw,Z" "-v" "/var/lib/crater-agent-workspace/cargo-home:/opt/rustwide/cargo-home:ro,Z" "-v" "/var/lib/crater-agent-workspace/rustup-home:/opt/rustwide/rustup-home:ro,Z" "-m" "1610612736" "--network" "none" "ghcr.io/rust-lang/crates-build-env/linux@sha256:77db811e55d90add9212f6832c23229e3de5f1c1f9905e8cb07319ea15df73ac" "sleep" "infinity", kill_on_drop: false }`
[INFO] [stdout] f11a2cb52fc86de750d99d81e90f7eae43285e566323cbfd575deca249bf6fe9
[INFO] running `Command { std: "docker" "start" "f11a2cb52fc86de750d99d81e90f7eae43285e566323cbfd575deca249bf6fe9", kill_on_drop: false }`
[INFO] running `Command { std: "docker" "inspect" "f11a2cb52fc86de750d99d81e90f7eae43285e566323cbfd575deca249bf6fe9", kill_on_drop: false }`
[INFO] running `Command { std: "docker" "exec" "-e" "SOURCE_DIR=/opt/rustwide/workdir" "-e" "CARGO_HOME=/opt/rustwide/cargo-home" "-e" "RUSTUP_HOME=/opt/rustwide/rustup-home" "-e" "CARGO_TARGET_DIR=/opt/rustwide/target" "-w" "/opt/rustwide/workdir" "--user" "0:0" "f11a2cb52fc86de750d99d81e90f7eae43285e566323cbfd575deca249bf6fe9" "/opt/rustwide/cargo-home/bin/cargo" "+1.100.0-beta.1" "metadata" "--no-deps" "--format-version=1", kill_on_drop: false }`
[INFO] running `Command { std: "docker" "inspect" "f11a2cb52fc86de750d99d81e90f7eae43285e566323cbfd575deca249bf6fe9", kill_on_drop: false }`
[INFO] running `Command { std: "docker" "exec" "-e" "SOURCE_DIR=/opt/rustwide/workdir" "-e" "CARGO_HOME=/opt/rustwide/cargo-home" "-e" "RUSTUP_HOME=/opt/rustwide/rustup-home" "-e" "CARGO_TARGET_DIR=/opt/rustwide/target" "-e" "CARGO_INCREMENTAL=0" "-e" "RUST_BACKTRACE=full" "-e" "RUSTFLAGS=--cap-lints=warn" "-e" "RUSTDOCFLAGS=--cap-lints=warn" "-w" "/opt/rustwide/workdir" "--user" "0:0" "f11a2cb52fc86de750d99d81e90f7eae43285e566323cbfd575deca249bf6fe9" "/opt/rustwide/cargo-home/bin/cargo" "+1.100.0-beta.1" "build" "--frozen" "--message-format=json" "--release", kill_on_drop: false }`
[INFO] [stderr]    Compiling unicode-ident v1.0.23
[INFO] [stderr]    Compiling libc v0.2.182
[INFO] [stderr]    Compiling quote v1.0.44
[INFO] [stderr]    Compiling cfg_aliases v0.2.1
[INFO] [stderr]    Compiling portable-atomic v1.13.1
[INFO] [stderr]    Compiling rustix v1.1.4
[INFO] [stderr]    Compiling cc v1.2.56
[INFO] [stderr]    Compiling redb v2.6.3
[INFO] [stderr]    Compiling clap_lex v1.0.0
[INFO] [stderr]    Compiling crossbeam-channel v0.5.15
[INFO] [stderr]    Compiling crossbeam-queue v0.3.12
[INFO] [stderr]    Compiling anyhow v1.0.101
[INFO] [stderr]    Compiling nix v0.31.2
[INFO] [stderr]    Compiling proc-macro2 v1.0.106
[INFO] [stderr]    Compiling clap_builder v4.5.58
[INFO] [stderr]    Compiling crossbeam v0.8.4
[INFO] [stderr]    Compiling jwalk v0.8.1
[INFO] [stderr]    Compiling syn v2.0.116
[INFO] [stderr]    Compiling blake3 v1.8.3
[INFO] [stderr]    Compiling xattr v1.6.1
[INFO] [stderr]    Compiling console v0.15.11
[INFO] [stderr]    Compiling filetime v0.2.27
[INFO] [stderr]    Compiling reflink v0.1.3
[INFO] [stderr]    Compiling nix v0.27.1
[INFO] [stderr]    Compiling indicatif v0.17.11
[INFO] [stderr]    Compiling ctrlc v3.5.2
[INFO] [stderr]    Compiling serde_derive v1.0.228
[INFO] [stderr]    Compiling clap_derive v4.5.55
[INFO] [stderr]    Compiling thiserror-impl v1.0.69
[INFO] [stderr]    Compiling thiserror v1.0.69
[INFO] [stderr]    Compiling clap v4.5.58
[INFO] [stderr]    Compiling serde v1.0.228
[INFO] [stderr]    Compiling bincode v1.3.3
[INFO] [stderr]    Compiling bdstorage v1.0.1 (/opt/rustwide/workdir)
[INFO] [stderr] warning: unused dependency `thiserror`
[INFO] [stderr]   --> Cargo.toml:57:15
[INFO] [stderr]    |
[INFO] [stderr] 57 | [dependencies.thiserror]
[INFO] [stderr]    |               ^^^^^^^^^^
[INFO] [stderr]    |
[INFO] [stderr]    = note: `cargo::unused_dependencies` is set to `warn` by default
[INFO] [stderr] help: consider removing the dependency on `thiserror`
[INFO] [stderr] warning: `bdstorage` (manifest) generated 1 warning
[INFO] [stderr]     Finished `release` profile [optimized] target(s) in 38.63s
[INFO] [stderr] warning: the following packages contain code that will be rejected by a future version of Rust: nix v0.31.2
[INFO] [stderr] note: to see what the problems were, use the option `--future-incompat-report`, or run `cargo report future-incompatibilities --id 3`
[INFO] running `Command { std: "docker" "inspect" "f11a2cb52fc86de750d99d81e90f7eae43285e566323cbfd575deca249bf6fe9", kill_on_drop: false }`
[INFO] running `Command { std: "docker" "exec" "-e" "SOURCE_DIR=/opt/rustwide/workdir" "-e" "CARGO_HOME=/opt/rustwide/cargo-home" "-e" "RUSTUP_HOME=/opt/rustwide/rustup-home" "-e" "CARGO_TARGET_DIR=/opt/rustwide/target" "-e" "CARGO_INCREMENTAL=0" "-e" "RUST_BACKTRACE=full" "-e" "RUSTFLAGS=--cap-lints=warn" "-e" "RUSTDOCFLAGS=--cap-lints=warn" "-w" "/opt/rustwide/workdir" "--user" "0:0" "f11a2cb52fc86de750d99d81e90f7eae43285e566323cbfd575deca249bf6fe9" "/opt/rustwide/cargo-home/bin/cargo" "+1.100.0-beta.1" "test" "--frozen" "--no-run" "--message-format=json" "--release", kill_on_drop: false }`
[INFO] [stderr]    Compiling memchr v2.8.0
[INFO] [stderr]    Compiling getrandom v0.4.1
[INFO] [stderr]    Compiling assert_cmd v2.1.2
[INFO] [stderr]    Compiling xattr v1.6.1
[INFO] [stderr]    Compiling wait-timeout v0.2.1
[INFO] [stderr]    Compiling same-file v1.0.6
[INFO] [stderr]    Compiling walkdir v2.5.0
[INFO] [stderr]    Compiling tempfile v3.26.0
[INFO] [stderr]    Compiling bdstorage v1.0.1 (/opt/rustwide/workdir)
[INFO] [stderr]    Compiling aho-corasick v1.1.4
[INFO] [stderr]    Compiling regex-automata v0.4.14
[INFO] [stderr]    Compiling regex v1.12.3
[INFO] [stderr]    Compiling bstr v1.12.1
[INFO] [stderr]    Compiling predicates v3.1.4
[INFO] [stderr]     Finished `release` profile [optimized] target(s) in 26.86s
[INFO] [stderr] warning: the following packages contain code that will be rejected by a future version of Rust: nix v0.31.2
[INFO] [stderr] note: to see what the problems were, use the option `--future-incompat-report`, or run `cargo report future-incompatibilities --id 3`
[INFO] running `Command { std: "docker" "inspect" "f11a2cb52fc86de750d99d81e90f7eae43285e566323cbfd575deca249bf6fe9", kill_on_drop: false }`
[INFO] running `Command { std: "docker" "exec" "-e" "SOURCE_DIR=/opt/rustwide/workdir" "-e" "CARGO_HOME=/opt/rustwide/cargo-home" "-e" "RUSTUP_HOME=/opt/rustwide/rustup-home" "-e" "CARGO_TARGET_DIR=/opt/rustwide/target" "-e" "CARGO_INCREMENTAL=0" "-e" "RUST_BACKTRACE=full" "-e" "RUSTFLAGS=--cap-lints=warn" "-e" "RUSTDOCFLAGS=--cap-lints=warn" "-w" "/opt/rustwide/workdir" "--user" "0:0" "f11a2cb52fc86de750d99d81e90f7eae43285e566323cbfd575deca249bf6fe9" "/opt/rustwide/cargo-home/bin/cargo" "+1.100.0-beta.1" "test" "--frozen" "--release", kill_on_drop: false }`
[INFO] [stderr]     Finished `release` profile [optimized] target(s) in 0.20s
[INFO] [stderr] warning: the following packages contain code that will be rejected by a future version of Rust: nix v0.31.2
[INFO] [stderr] note: to see what the problems were, use the option `--future-incompat-report`, or run `cargo report future-incompatibilities --id 3`
[INFO] [stderr]      Running unittests src/main.rs (/opt/rustwide/target/release/build/bdstorage/f93fdf322eba891f/out/bdstorage-f93fdf322eba891f)
[INFO] [stdout] 
[INFO] [stderr]      Running tests/integration_tests.rs (/opt/rustwide/target/release/build/bdstorage/0d930449050c0d6f/out/integration_tests-0d930449050c0d6f)
[INFO] [stdout] running 0 tests
[INFO] [stdout] 
[INFO] [stdout] test result: ok. 0 passed; 0 failed; 0 ignored; 0 measured; 0 filtered out; finished in 0.00s
[INFO] [stdout] 
[INFO] [stdout] 
[INFO] [stdout] running 9 tests
[INFO] [stdout] test test_massive_and_sparse_files ... FAILED
[INFO] [stdout] test test_hardlink_fallback ... FAILED
[INFO] [stdout] test test_dry_run_no_changes ... FAILED
[INFO] [stdout] test test_deeply_nested_directories ... FAILED
[INFO] [stdout] test test_paranoid_mode_catches_bit_rot ... FAILED
[INFO] [stdout] test test_scan_no_modifications ... FAILED
[INFO] [stdout] test test_happy_path_dedupe_and_restore ... FAILED
[INFO] [stdout] test test_metadata_integrity ... FAILED
[INFO] [stdout] test test_zero_byte_files ... FAILED
[INFO] [stdout] 
[INFO] [stdout] failures:
[INFO] [stdout] 
[INFO] [stdout] ---- test_massive_and_sparse_files stdout ----
[INFO] [stdout] 
[INFO] [stdout] thread 'test_massive_and_sparse_files' (1384) panicked at /opt/rustwide/cargo-home/registry/src/index.crates.io-1949cf8c6b5b557f/assert_cmd-2.1.2/src/cmd.rs:659:17:
[INFO] [stdout] Failed to spawn Command { cmd: HOME="/tmp/.tmpCG7Zc0" "/opt/rustwide/target/release/build/bdstorage/0d930449050c0d6f/out/bdstorage" "dedupe" "/tmp/.tmpCG7Zc0/data" "--allow-unsafe-hardlinks", stdin: None, timeout: None }: No such file or directory (os error 2)
[INFO] [stdout] stack backtrace:
[INFO] [stdout]    0:     0x6106ecb4a951 - <<std[617be2ca0a6fd877]::sys::backtrace::BacktraceLock>::print::DisplayBacktrace as core[a373ad73a504971]::fmt::Display>::fmt
[INFO] [stdout]    1:     0x6106ecb60e3a - core[a373ad73a504971]::fmt::write
[INFO] [stdout]    2:     0x6106ecb5035c - <alloc[2e1b2a31b91974c5]::vec::Vec<u8> as core[a373ad73a504971]::io::write::Write>::write_fmt
[INFO] [stderr] error: test failed, to rerun pass `--test integration_tests`
[INFO] [stdout]    3:     0x6106ecb24506 - std[617be2ca0a6fd877]::panicking::default_hook::{closure#0}
[INFO] [stdout]    4:     0x6106ecb41e89 - std[617be2ca0a6fd877]::panicking::default_hook
[INFO] [stdout]    5:     0x6106ecad1770 - test[aada8e7e76ba119b]::test_main_inner::{closure#0}
[INFO] [stdout]    6:     0x6106ecb42042 - std[617be2ca0a6fd877]::panicking::panic_with_hook
[INFO] [stdout]    7:     0x6106ecb245b2 - std[617be2ca0a6fd877]::panicking::panic_handler::{closure#0}
[INFO] [stdout]    8:     0x6106ecb1cf79 - std[617be2ca0a6fd877]::sys::backtrace::__rust_end_short_backtrace::<std[617be2ca0a6fd877]::panicking::panic_handler::{closure#0}, !>
[INFO] [stdout]    9:     0x6106ecb2527d - __rustc[ea4f61d10b84890b]::rust_begin_unwind
[INFO] [stdout]   10:     0x6106ecb615ec - core[a373ad73a504971]::panicking::panic_fmt
[INFO] [stdout]   11:     0x6106ecb09ee9 - <&mut assert_cmd[33efb901df5a6b3d]::cmd::Command as assert_cmd[33efb901df5a6b3d]::assert::OutputAssertExt>::assert
[INFO] [stdout]   12:     0x6106ecab75bb - <integration_tests[a6beaf146335335b]::test_massive_and_sparse_files::{closure#0} as core[a373ad73a504971]::ops::function::FnOnce<()>>::call_once
[INFO] [stdout]   13:     0x6106ecac4bbb - test[aada8e7e76ba119b]::__rust_begin_short_backtrace::<core[a373ad73a504971]::result::Result<(), alloc[2e1b2a31b91974c5]::string::String>, fn() -> core[a373ad73a504971]::result::Result<(), alloc[2e1b2a31b91974c5]::string::String>>
[INFO] [stdout]   14:     0x6106ecad1d95 - test[aada8e7e76ba119b]::run_test::{closure#0}
[INFO] [stdout]   15:     0x6106ecacb684 - std[617be2ca0a6fd877]::sys::backtrace::__rust_begin_short_backtrace::<test[aada8e7e76ba119b]::run_test::{closure#1}, ()>
[INFO] [stdout]   16:     0x6106ecad4e22 - <std[617be2ca0a6fd877]::thread::lifecycle::spawn_unchecked<test[aada8e7e76ba119b]::run_test::{closure#1}, ()>::{closure#1} as core[a373ad73a504971]::ops::function::FnOnce<()>>::call_once::{shim:vtable#0}
[INFO] [stdout]   17:     0x6106ecb49c3f - <std[617be2ca0a6fd877]::sys::thread::unix::Thread>::new::thread_start
[INFO] [stdout]   18:     0x77c0b6165dfa - <unknown>
[INFO] [stdout]   19:     0x77c0b61f93d4 - clone
[INFO] [stdout]   20:                0x0 - <unknown>
[INFO] [stdout] 
[INFO] [stdout] ---- test_hardlink_fallback stdout ----
[INFO] [stdout] 
[INFO] [stdout] thread 'test_hardlink_fallback' (1383) panicked at /opt/rustwide/cargo-home/registry/src/index.crates.io-1949cf8c6b5b557f/assert_cmd-2.1.2/src/cmd.rs:659:17:
[INFO] [stdout] Failed to spawn Command { cmd: HOME="/tmp/.tmpuMRmxL" "/opt/rustwide/target/release/build/bdstorage/0d930449050c0d6f/out/bdstorage" "dedupe" "/tmp/.tmpuMRmxL/data" "--allow-unsafe-hardlinks", stdin: None, timeout: None }: No such file or directory (os error 2)
[INFO] [stdout] stack backtrace:
[INFO] [stdout]    0:     0x6106ecb4a951 - <<std[617be2ca0a6fd877]::sys::backtrace::BacktraceLock>::print::DisplayBacktrace as core[a373ad73a504971]::fmt::Display>::fmt
[INFO] [stdout]    1:     0x6106ecb60e3a - core[a373ad73a504971]::fmt::write
[INFO] [stdout]    2:     0x6106ecb5035c - <alloc[2e1b2a31b91974c5]::vec::Vec<u8> as core[a373ad73a504971]::io::write::Write>::write_fmt
[INFO] [stdout]    3:     0x6106ecb24506 - std[617be2ca0a6fd877]::panicking::default_hook::{closure#0}
[INFO] [stdout]    4:     0x6106ecb41e89 - std[617be2ca0a6fd877]::panicking::default_hook
[INFO] [stdout]    5:     0x6106ecad1770 - test[aada8e7e76ba119b]::test_main_inner::{closure#0}
[INFO] [stdout]    6:     0x6106ecb42042 - std[617be2ca0a6fd877]::panicking::panic_with_hook
[INFO] [stdout]    7:     0x6106ecb245b2 - std[617be2ca0a6fd877]::panicking::panic_handler::{closure#0}
[INFO] [stdout]    8:     0x6106ecb1cf79 - std[617be2ca0a6fd877]::sys::backtrace::__rust_end_short_backtrace::<std[617be2ca0a6fd877]::panicking::panic_handler::{closure#0}, !>
[INFO] [stdout]    9:     0x6106ecb2527d - __rustc[ea4f61d10b84890b]::rust_begin_unwind
[INFO] [stdout]   10:     0x6106ecb615ec - core[a373ad73a504971]::panicking::panic_fmt
[INFO] [stdout]   11:     0x6106ecb09ee9 - <&mut assert_cmd[33efb901df5a6b3d]::cmd::Command as assert_cmd[33efb901df5a6b3d]::assert::OutputAssertExt>::assert
[INFO] [stdout]   12:     0x6106ecab53ab - <integration_tests[a6beaf146335335b]::test_hardlink_fallback::{closure#0} as core[a373ad73a504971]::ops::function::FnOnce<()>>::call_once
[INFO] [stdout]   13:     0x6106ecac4bbb - test[aada8e7e76ba119b]::__rust_begin_short_backtrace::<core[a373ad73a504971]::result::Result<(), alloc[2e1b2a31b91974c5]::string::String>, fn() -> core[a373ad73a504971]::result::Result<(), alloc[2e1b2a31b91974c5]::string::String>>
[INFO] [stdout]   14:     0x6106ecad1d95 - test[aada8e7e76ba119b]::run_test::{closure#0}
[INFO] [stdout]   15:     0x6106ecacb684 - std[617be2ca0a6fd877]::sys::backtrace::__rust_begin_short_backtrace::<test[aada8e7e76ba119b]::run_test::{closure#1}, ()>
[INFO] [stdout]   16:     0x6106ecad4e22 - <std[617be2ca0a6fd877]::thread::lifecycle::spawn_unchecked<test[aada8e7e76ba119b]::run_test::{closure#1}, ()>::{closure#1} as core[a373ad73a504971]::ops::function::FnOnce<()>>::call_once::{shim:vtable#0}
[INFO] [stdout]   17:     0x6106ecb49c3f - <std[617be2ca0a6fd877]::sys::thread::unix::Thread>::new::thread_start
[INFO] [stdout]   18:     0x77c0b6165dfa - <unknown>
[INFO] [stdout]   19:     0x77c0b61f93d4 - clone
[INFO] [stdout]   20:                0x0 - <unknown>
[INFO] [stdout] 
[INFO] [stdout] ---- test_dry_run_no_changes stdout ----
[INFO] [stdout] 
[INFO] [stdout] thread 'test_dry_run_no_changes' (1381) panicked at /opt/rustwide/cargo-home/registry/src/index.crates.io-1949cf8c6b5b557f/assert_cmd-2.1.2/src/cmd.rs:659:17:
[INFO] [stdout] Failed to spawn Command { cmd: HOME="/tmp/.tmpNxAy3p" "/opt/rustwide/target/release/build/bdstorage/0d930449050c0d6f/out/bdstorage" "dedupe" "/tmp/.tmpNxAy3p/data" "--dry-run", stdin: None, timeout: None }: No such file or directory (os error 2)
[INFO] [stdout] stack backtrace:
[INFO] [stdout]    0:     0x6106ecb4a951 - <<std[617be2ca0a6fd877]::sys::backtrace::BacktraceLock>::print::DisplayBacktrace as core[a373ad73a504971]::fmt::Display>::fmt
[INFO] [stdout]    1:     0x6106ecb60e3a - core[a373ad73a504971]::fmt::write
[INFO] [stdout]    2:     0x6106ecb5035c - <alloc[2e1b2a31b91974c5]::vec::Vec<u8> as core[a373ad73a504971]::io::write::Write>::write_fmt
[INFO] [stdout]    3:     0x6106ecb24506 - std[617be2ca0a6fd877]::panicking::default_hook::{closure#0}
[INFO] [stdout]    4:     0x6106ecb41e89 - std[617be2ca0a6fd877]::panicking::default_hook
[INFO] [stdout]    5:     0x6106ecad1770 - test[aada8e7e76ba119b]::test_main_inner::{closure#0}
[INFO] [stdout]    6:     0x6106ecb42042 - std[617be2ca0a6fd877]::panicking::panic_with_hook
[INFO] [stdout]    7:     0x6106ecb245b2 - std[617be2ca0a6fd877]::panicking::panic_handler::{closure#0}
[INFO] [stdout]    8:     0x6106ecb1cf79 - std[617be2ca0a6fd877]::sys::backtrace::__rust_end_short_backtrace::<std[617be2ca0a6fd877]::panicking::panic_handler::{closure#0}, !>
[INFO] [stdout]    9:     0x6106ecb2527d - __rustc[ea4f61d10b84890b]::rust_begin_unwind
[INFO] [stdout]   10:     0x6106ecb615ec - core[a373ad73a504971]::panicking::panic_fmt
[INFO] [stdout]   11:     0x6106ecb09ee9 - <&mut assert_cmd[33efb901df5a6b3d]::cmd::Command as assert_cmd[33efb901df5a6b3d]::assert::OutputAssertExt>::assert
[INFO] [stdout]   12:     0x6106ecab5d4a - <integration_tests[a6beaf146335335b]::test_dry_run_no_changes::{closure#0} as core[a373ad73a504971]::ops::function::FnOnce<()>>::call_once
[INFO] [stdout]   13:     0x6106ecac4bbb - test[aada8e7e76ba119b]::__rust_begin_short_backtrace::<core[a373ad73a504971]::result::Result<(), alloc[2e1b2a31b91974c5]::string::String>, fn() -> core[a373ad73a504971]::result::Result<(), alloc[2e1b2a31b91974c5]::string::String>>
[INFO] [stdout]   14:     0x6106ecad1d95 - test[aada8e7e76ba119b]::run_test::{closure#0}
[INFO] [stdout]   15:     0x6106ecacb684 - std[617be2ca0a6fd877]::sys::backtrace::__rust_begin_short_backtrace::<test[aada8e7e76ba119b]::run_test::{closure#1}, ()>
[INFO] [stdout]   16:     0x6106ecad4e22 - <std[617be2ca0a6fd877]::thread::lifecycle::spawn_unchecked<test[aada8e7e76ba119b]::run_test::{closure#1}, ()>::{closure#1} as core[a373ad73a504971]::ops::function::FnOnce<()>>::call_once::{shim:vtable#0}
[INFO] [stdout]   17:     0x6106ecb49c3f - <std[617be2ca0a6fd877]::sys::thread::unix::Thread>::new::thread_start
[INFO] [stdout]   18:     0x77c0b6165dfa - <unknown>
[INFO] [stdout]   19:     0x77c0b61f93d4 - clone
[INFO] [stdout]   20:                0x0 - <unknown>
[INFO] [stdout] 
[INFO] [stdout] ---- test_deeply_nested_directories stdout ----
[INFO] [stdout] 
[INFO] [stdout] thread 'test_deeply_nested_directories' (1380) panicked at /opt/rustwide/cargo-home/registry/src/index.crates.io-1949cf8c6b5b557f/assert_cmd-2.1.2/src/cmd.rs:659:17:
[INFO] [stdout] Failed to spawn Command { cmd: HOME="/tmp/.tmpnBJ8ho" "/opt/rustwide/target/release/build/bdstorage/0d930449050c0d6f/out/bdstorage" "dedupe" "/tmp/.tmpnBJ8ho/data", stdin: None, timeout: None }: No such file or directory (os error 2)
[INFO] [stdout] stack backtrace:
[INFO] [stdout]    0:     0x6106ecb4a951 - <<std[617be2ca0a6fd877]::sys::backtrace::BacktraceLock>::print::DisplayBacktrace as core[a373ad73a504971]::fmt::Display>::fmt
[INFO] [stdout]    1:     0x6106ecb60e3a - core[a373ad73a504971]::fmt::write
[INFO] [stdout]    2:     0x6106ecb5035c - <alloc[2e1b2a31b91974c5]::vec::Vec<u8> as core[a373ad73a504971]::io::write::Write>::write_fmt
[INFO] [stdout]    3:     0x6106ecb24506 - std[617be2ca0a6fd877]::panicking::default_hook::{closure#0}
[INFO] [stdout]    4:     0x6106ecb41e89 - std[617be2ca0a6fd877]::panicking::default_hook
[INFO] [stdout]    5:     0x6106ecad1770 - test[aada8e7e76ba119b]::test_main_inner::{closure#0}
[INFO] [stdout]    6:     0x6106ecb42042 - std[617be2ca0a6fd877]::panicking::panic_with_hook
[INFO] [stdout]    7:     0x6106ecb245b2 - std[617be2ca0a6fd877]::panicking::panic_handler::{closure#0}
[INFO] [stdout]    8:     0x6106ecb1cf79 - std[617be2ca0a6fd877]::sys::backtrace::__rust_end_short_backtrace::<std[617be2ca0a6fd877]::panicking::panic_handler::{closure#0}, !>
[INFO] [stdout]    9:     0x6106ecb2527d - __rustc[ea4f61d10b84890b]::rust_begin_unwind
[INFO] [stdout]   10:     0x6106ecb615ec - core[a373ad73a504971]::panicking::panic_fmt
[INFO] [stdout]   11:     0x6106ecb09ee9 - <&mut assert_cmd[33efb901df5a6b3d]::cmd::Command as assert_cmd[33efb901df5a6b3d]::assert::OutputAssertExt>::assert
[INFO] [stdout]   12:     0x6106ecab7f7a - <integration_tests[a6beaf146335335b]::test_deeply_nested_directories::{closure#0} as core[a373ad73a504971]::ops::function::FnOnce<()>>::call_once
[INFO] [stdout]   13:     0x6106ecac4bbb - test[aada8e7e76ba119b]::__rust_begin_short_backtrace::<core[a373ad73a504971]::result::Result<(), alloc[2e1b2a31b91974c5]::string::String>, fn() -> core[a373ad73a504971]::result::Result<(), alloc[2e1b2a31b91974c5]::string::String>>
[INFO] [stdout]   14:     0x6106ecad1d95 - test[aada8e7e76ba119b]::run_test::{closure#0}
[INFO] [stdout]   15:     0x6106ecacb684 - std[617be2ca0a6fd877]::sys::backtrace::__rust_begin_short_backtrace::<test[aada8e7e76ba119b]::run_test::{closure#1}, ()>
[INFO] [stdout]   16:     0x6106ecad4e22 - <std[617be2ca0a6fd877]::thread::lifecycle::spawn_unchecked<test[aada8e7e76ba119b]::run_test::{closure#1}, ()>::{closure#1} as core[a373ad73a504971]::ops::function::FnOnce<()>>::call_once::{shim:vtable#0}
[INFO] [stdout]   17:     0x6106ecb49c3f - <std[617be2ca0a6fd877]::sys::thread::unix::Thread>::new::thread_start
[INFO] [stdout]   18:     0x77c0b6165dfa - <unknown>
[INFO] [stdout]   19:     0x77c0b61f93d4 - clone
[INFO] [stdout]   20:                0x0 - <unknown>
[INFO] [stdout] 
[INFO] [stdout] ---- test_paranoid_mode_catches_bit_rot stdout ----
[INFO] [stdout] 
[INFO] [stdout] thread 'test_paranoid_mode_catches_bit_rot' (1386) panicked at /opt/rustwide/cargo-home/registry/src/index.crates.io-1949cf8c6b5b557f/assert_cmd-2.1.2/src/cmd.rs:659:17:
[INFO] [stdout] Failed to spawn Command { cmd: HOME="/tmp/.tmpfkm4hA" "/opt/rustwide/target/release/build/bdstorage/0d930449050c0d6f/out/bdstorage" "dedupe" "/tmp/.tmpfkm4hA/data", stdin: None, timeout: None }: No such file or directory (os error 2)
[INFO] [stdout] stack backtrace:
[INFO] [stdout]    0:     0x6106ecb4a951 - <<std[617be2ca0a6fd877]::sys::backtrace::BacktraceLock>::print::DisplayBacktrace as core[a373ad73a504971]::fmt::Display>::fmt
[INFO] [stdout]    1:     0x6106ecb60e3a - core[a373ad73a504971]::fmt::write
[INFO] [stdout]    2:     0x6106ecb5035c - <alloc[2e1b2a31b91974c5]::vec::Vec<u8> as core[a373ad73a504971]::io::write::Write>::write_fmt
[INFO] [stdout]    3:     0x6106ecb24506 - std[617be2ca0a6fd877]::panicking::default_hook::{closure#0}
[INFO] [stdout]    4:     0x6106ecb41e89 - std[617be2ca0a6fd877]::panicking::default_hook
[INFO] [stdout]    5:     0x6106ecad1770 - test[aada8e7e76ba119b]::test_main_inner::{closure#0}
[INFO] [stdout]    6:     0x6106ecb42042 - std[617be2ca0a6fd877]::panicking::panic_with_hook
[INFO] [stdout]    7:     0x6106ecb245b2 - std[617be2ca0a6fd877]::panicking::panic_handler::{closure#0}
[INFO] [stdout]    8:     0x6106ecb1cf79 - std[617be2ca0a6fd877]::sys::backtrace::__rust_end_short_backtrace::<std[617be2ca0a6fd877]::panicking::panic_handler::{closure#0}, !>
[INFO] [stdout]    9:     0x6106ecb2527d - __rustc[ea4f61d10b84890b]::rust_begin_unwind
[INFO] [stdout]   10:     0x6106ecb615ec - core[a373ad73a504971]::panicking::panic_fmt
[INFO] [stdout]   11:     0x6106ecb09ee9 - <&mut assert_cmd[33efb901df5a6b3d]::cmd::Command as assert_cmd[33efb901df5a6b3d]::assert::OutputAssertExt>::assert
[INFO] [stdout]   12:     0x6106ecab9641 - <integration_tests[a6beaf146335335b]::test_paranoid_mode_catches_bit_rot::{closure#0} as core[a373ad73a504971]::ops::function::FnOnce<()>>::call_once
[INFO] [stdout]   13:     0x6106ecac4bbb - test[aada8e7e76ba119b]::__rust_begin_short_backtrace::<core[a373ad73a504971]::result::Result<(), alloc[2e1b2a31b91974c5]::string::String>, fn() -> core[a373ad73a504971]::result::Result<(), alloc[2e1b2a31b91974c5]::string::String>>
[INFO] [stdout]   14:     0x6106ecad1d95 - test[aada8e7e76ba119b]::run_test::{closure#0}
[INFO] [stdout]   15:     0x6106ecacb684 - std[617be2ca0a6fd877]::sys::backtrace::__rust_begin_short_backtrace::<test[aada8e7e76ba119b]::run_test::{closure#1}, ()>
[INFO] [stdout]   16:     0x6106ecad4e22 - <std[617be2ca0a6fd877]::thread::lifecycle::spawn_unchecked<test[aada8e7e76ba119b]::run_test::{closure#1}, ()>::{closure#1} as core[a373ad73a504971]::ops::function::FnOnce<()>>::call_once::{shim:vtable#0}
[INFO] [stdout]   17:     0x6106ecb49c3f - <std[617be2ca0a6fd877]::sys::thread::unix::Thread>::new::thread_start
[INFO] [stdout]   18:     0x77c0b6165dfa - <unknown>
[INFO] [stdout]   19:     0x77c0b61f93d4 - clone
[INFO] [stdout]   20:                0x0 - <unknown>
[INFO] [stdout] 
[INFO] [stdout] ---- test_scan_no_modifications stdout ----
[INFO] [stdout] 
[INFO] [stdout] thread 'test_scan_no_modifications' (1387) panicked at /opt/rustwide/cargo-home/registry/src/index.crates.io-1949cf8c6b5b557f/assert_cmd-2.1.2/src/cmd.rs:659:17:
[INFO] [stdout] Failed to spawn Command { cmd: HOME="/tmp/.tmpteSZSD" "/opt/rustwide/target/release/build/bdstorage/0d930449050c0d6f/out/bdstorage" "scan" "/tmp/.tmpteSZSD/data", stdin: None, timeout: None }: No such file or directory (os error 2)
[INFO] [stdout] stack backtrace:
[INFO] [stdout]    0:     0x6106ecb4a951 - <<std[617be2ca0a6fd877]::sys::backtrace::BacktraceLock>::print::DisplayBacktrace as core[a373ad73a504971]::fmt::Display>::fmt
[INFO] [stdout]    1:     0x6106ecb60e3a - core[a373ad73a504971]::fmt::write
[INFO] [stdout]    2:     0x6106ecb5035c - <alloc[2e1b2a31b91974c5]::vec::Vec<u8> as core[a373ad73a504971]::io::write::Write>::write_fmt
[INFO] [stdout]    3:     0x6106ecb24506 - std[617be2ca0a6fd877]::panicking::default_hook::{closure#0}
[INFO] [stdout]    4:     0x6106ecb41e89 - std[617be2ca0a6fd877]::panicking::default_hook
[INFO] [stdout]    5:     0x6106ecad1770 - test[aada8e7e76ba119b]::test_main_inner::{closure#0}
[INFO] [stdout]    6:     0x6106ecb42042 - std[617be2ca0a6fd877]::panicking::panic_with_hook
[INFO] [stdout]    7:     0x6106ecb245b2 - std[617be2ca0a6fd877]::panicking::panic_handler::{closure#0}
[INFO] [stdout]    8:     0x6106ecb1cf79 - std[617be2ca0a6fd877]::sys::backtrace::__rust_end_short_backtrace::<std[617be2ca0a6fd877]::panicking::panic_handler::{closure#0}, !>
[INFO] [stdout]    9:     0x6106ecb2527d - __rustc[ea4f61d10b84890b]::rust_begin_unwind
[INFO] [stdout]   10:     0x6106ecb615ec - core[a373ad73a504971]::panicking::panic_fmt
[INFO] [stdout]   11:     0x6106ecb09ee9 - <&mut assert_cmd[33efb901df5a6b3d]::cmd::Command as assert_cmd[33efb901df5a6b3d]::assert::OutputAssertExt>::assert
[INFO] [stdout]   12:     0x6106ecab6d9b - <integration_tests[a6beaf146335335b]::test_scan_no_modifications::{closure#0} as core[a373ad73a504971]::ops::function::FnOnce<()>>::call_once
[INFO] [stdout]   13:     0x6106ecac4bbb - test[aada8e7e76ba119b]::__rust_begin_short_backtrace::<core[a373ad73a504971]::result::Result<(), alloc[2e1b2a31b91974c5]::string::String>, fn() -> core[a373ad73a504971]::result::Result<(), alloc[2e1b2a31b91974c5]::string::String>>
[INFO] [stdout]   14:     0x6106ecad1d95 - test[aada8e7e76ba119b]::run_test::{closure#0}
[INFO] [stdout]   15:     0x6106ecacb684 - std[617be2ca0a6fd877]::sys::backtrace::__rust_begin_short_backtrace::<test[aada8e7e76ba119b]::run_test::{closure#1}, ()>
[INFO] [stdout]   16:     0x6106ecad4e22 - <std[617be2ca0a6fd877]::thread::lifecycle::spawn_unchecked<test[aada8e7e76ba119b]::run_test::{closure#1}, ()>::{closure#1} as core[a373ad73a504971]::ops::function::FnOnce<()>>::call_once::{shim:vtable#0}
[INFO] [stdout]   17:     0x6106ecb49c3f - <std[617be2ca0a6fd877]::sys::thread::unix::Thread>::new::thread_start
[INFO] [stdout]   18:     0x77c0b6165dfa - <unknown>
[INFO] [stdout]   19:     0x77c0b61f93d4 - clone
[INFO] [stdout]   20:                0x0 - <unknown>
[INFO] [stdout] 
[INFO] [stdout] ---- test_happy_path_dedupe_and_restore stdout ----
[INFO] [stdout] 
[INFO] [stdout] thread 'test_happy_path_dedupe_and_restore' (1382) panicked at /opt/rustwide/cargo-home/registry/src/index.crates.io-1949cf8c6b5b557f/assert_cmd-2.1.2/src/cmd.rs:659:17:
[INFO] [stdout] Failed to spawn Command { cmd: HOME="/tmp/.tmpsDTg7P" "/opt/rustwide/target/release/build/bdstorage/0d930449050c0d6f/out/bdstorage" "dedupe" "/tmp/.tmpsDTg7P/data", stdin: None, timeout: None }: No such file or directory (os error 2)
[INFO] [stdout] stack backtrace:
[INFO] [stdout]    0:     0x6106ecb4a951 - <<std[617be2ca0a6fd877]::sys::backtrace::BacktraceLock>::print::DisplayBacktrace as core[a373ad73a504971]::fmt::Display>::fmt
[INFO] [stdout]    1:     0x6106ecb60e3a - core[a373ad73a504971]::fmt::write
[INFO] [stdout]    2:     0x6106ecb5035c - <alloc[2e1b2a31b91974c5]::vec::Vec<u8> as core[a373ad73a504971]::io::write::Write>::write_fmt
[INFO] [stdout]    3:     0x6106ecb24506 - std[617be2ca0a6fd877]::panicking::default_hook::{closure#0}
[INFO] [stdout]    4:     0x6106ecb41e89 - std[617be2ca0a6fd877]::panicking::default_hook
[INFO] [stdout]    5:     0x6106ecad1770 - test[aada8e7e76ba119b]::test_main_inner::{closure#0}
[INFO] [stdout]    6:     0x6106ecb42042 - std[617be2ca0a6fd877]::panicking::panic_with_hook
[INFO] [stdout]    7:     0x6106ecb245b2 - std[617be2ca0a6fd877]::panicking::panic_handler::{closure#0}
[INFO] [stdout]    8:     0x6106ecb1cf79 - std[617be2ca0a6fd877]::sys::backtrace::__rust_end_short_backtrace::<std[617be2ca0a6fd877]::panicking::panic_handler::{closure#0}, !>
[INFO] [stdout]    9:     0x6106ecb2527d - __rustc[ea4f61d10b84890b]::rust_begin_unwind
[INFO] [stdout]   10:     0x6106ecb615ec - core[a373ad73a504971]::panicking::panic_fmt
[INFO] [stdout]   11:     0x6106ecb09ee9 - <&mut assert_cmd[33efb901df5a6b3d]::cmd::Command as assert_cmd[33efb901df5a6b3d]::assert::OutputAssertExt>::assert
[INFO] [stdout]   12:     0x6106ecab89b7 - <integration_tests[a6beaf146335335b]::test_happy_path_dedupe_and_restore::{closure#0} as core[a373ad73a504971]::ops::function::FnOnce<()>>::call_once
[INFO] [stdout]   13:     0x6106ecac4bbb - test[aada8e7e76ba119b]::__rust_begin_short_backtrace::<core[a373ad73a504971]::result::Result<(), alloc[2e1b2a31b91974c5]::string::String>, fn() -> core[a373ad73a504971]::result::Result<(), alloc[2e1b2a31b91974c5]::string::String>>
[INFO] [stdout]   14:     0x6106ecad1d95 - test[aada8e7e76ba119b]::run_test::{closure#0}
[INFO] [stdout]   15:     0x6106ecacb684 - std[617be2ca0a6fd877]::sys::backtrace::__rust_begin_short_backtrace::<test[aada8e7e76ba119b]::run_test::{closure#1}, ()>
[INFO] [stdout]   16:     0x6106ecad4e22 - <std[617be2ca0a6fd877]::thread::lifecycle::spawn_unchecked<test[aada8e7e76ba119b]::run_test::{closure#1}, ()>::{closure#1} as core[a373ad73a504971]::ops::function::FnOnce<()>>::call_once::{shim:vtable#0}
[INFO] [stdout]   17:     0x6106ecb49c3f - <std[617be2ca0a6fd877]::sys::thread::unix::Thread>::new::thread_start
[INFO] [stdout]   18:     0x77c0b6165dfa - <unknown>
[INFO] [stdout]   19:     0x77c0b61f93d4 - clone
[INFO] [stdout]   20:                0x0 - <unknown>
[INFO] [stdout] 
[INFO] [stdout] ---- test_metadata_integrity stdout ----
[INFO] [stdout] 
[INFO] [stdout] thread 'test_metadata_integrity' (1385) panicked at /opt/rustwide/cargo-home/registry/src/index.crates.io-1949cf8c6b5b557f/assert_cmd-2.1.2/src/cmd.rs:659:17:
[INFO] [stdout] Failed to spawn Command { cmd: HOME="/tmp/.tmpOlhduE" "/opt/rustwide/target/release/build/bdstorage/0d930449050c0d6f/out/bdstorage" "dedupe" "/tmp/.tmpOlhduE/data", stdin: None, timeout: None }: No such file or directory (os error 2)
[INFO] [stdout] stack backtrace:
[INFO] [stdout]    0:     0x6106ecb4a951 - <<std[617be2ca0a6fd877]::sys::backtrace::BacktraceLock>::print::DisplayBacktrace as core[a373ad73a504971]::fmt::Display>::fmt
[INFO] [stdout]    1:     0x6106ecb60e3a - core[a373ad73a504971]::fmt::write
[INFO] [stdout]    2:     0x6106ecb5035c - <alloc[2e1b2a31b91974c5]::vec::Vec<u8> as core[a373ad73a504971]::io::write::Write>::write_fmt
[INFO] [stdout]    3:     0x6106ecb24506 - std[617be2ca0a6fd877]::panicking::default_hook::{closure#0}
[INFO] [stdout]    4:     0x6106ecb41e89 - std[617be2ca0a6fd877]::panicking::default_hook
[INFO] [stdout]    5:     0x6106ecad1770 - test[aada8e7e76ba119b]::test_main_inner::{closure#0}
[INFO] [stdout]    6:     0x6106ecb42042 - std[617be2ca0a6fd877]::panicking::panic_with_hook
[INFO] [stdout]    7:     0x6106ecb245b2 - std[617be2ca0a6fd877]::panicking::panic_handler::{closure#0}
[INFO] [stdout]    8:     0x6106ecb1cf79 - std[617be2ca0a6fd877]::sys::backtrace::__rust_end_short_backtrace::<std[617be2ca0a6fd877]::panicking::panic_handler::{closure#0}, !>
[INFO] [stdout]    9:     0x6106ecb2527d - __rustc[ea4f61d10b84890b]::rust_begin_unwind
[INFO] [stdout]   10:     0x6106ecb615ec - core[a373ad73a504971]::panicking::panic_fmt
[INFO] [stdout]   11:     0x6106ecb09ee9 - <&mut assert_cmd[33efb901df5a6b3d]::cmd::Command as assert_cmd[33efb901df5a6b3d]::assert::OutputAssertExt>::assert
[INFO] [stdout]   12:     0x6106ecab64ba - <integration_tests[a6beaf146335335b]::test_metadata_integrity::{closure#0} as core[a373ad73a504971]::ops::function::FnOnce<()>>::call_once
[INFO] [stdout]   13:     0x6106ecac4bbb - test[aada8e7e76ba119b]::__rust_begin_short_backtrace::<core[a373ad73a504971]::result::Result<(), alloc[2e1b2a31b91974c5]::string::String>, fn() -> core[a373ad73a504971]::result::Result<(), alloc[2e1b2a31b91974c5]::string::String>>
[INFO] [stdout]   14:     0x6106ecad1d95 - test[aada8e7e76ba119b]::run_test::{closure#0}
[INFO] [stdout]   15:     0x6106ecacb684 - std[617be2ca0a6fd877]::sys::backtrace::__rust_begin_short_backtrace::<test[aada8e7e76ba119b]::run_test::{closure#1}, ()>
[INFO] [stdout]   16:     0x6106ecad4e22 - <std[617be2ca0a6fd877]::thread::lifecycle::spawn_unchecked<test[aada8e7e76ba119b]::run_test::{closure#1}, ()>::{closure#1} as core[a373ad73a504971]::ops::function::FnOnce<()>>::call_once::{shim:vtable#0}
[INFO] [stdout]   17:     0x6106ecb49c3f - <std[617be2ca0a6fd877]::sys::thread::unix::Thread>::new::thread_start
[INFO] [stdout]   18:     0x77c0b6165dfa - <unknown>
[INFO] [stdout]   19:     0x77c0b61f93d4 - clone
[INFO] [stdout]   20:                0x0 - <unknown>
[INFO] [stdout] 
[INFO] [stdout] ---- test_zero_byte_files stdout ----
[INFO] [stdout] 
[INFO] [stdout] thread 'test_zero_byte_files' (1388) panicked at /opt/rustwide/cargo-home/registry/src/index.crates.io-1949cf8c6b5b557f/assert_cmd-2.1.2/src/cmd.rs:659:17:
[INFO] [stdout] Failed to spawn Command { cmd: HOME="/tmp/.tmpx4Rccd" "/opt/rustwide/target/release/build/bdstorage/0d930449050c0d6f/out/bdstorage" "dedupe" "/tmp/.tmpx4Rccd/data", stdin: None, timeout: None }: No such file or directory (os error 2)
[INFO] [stdout] stack backtrace:
[INFO] [stdout]    0:     0x6106ecb4a951 - <<std[617be2ca0a6fd877]::sys::backtrace::BacktraceLock>::print::DisplayBacktrace as core[a373ad73a504971]::fmt::Display>::fmt
[INFO] [stdout]    1:     0x6106ecb60e3a - core[a373ad73a504971]::fmt::write
[INFO] [stdout]    2:     0x6106ecb5035c - <alloc[2e1b2a31b91974c5]::vec::Vec<u8> as core[a373ad73a504971]::io::write::Write>::write_fmt
[INFO] [stdout]    3:     0x6106ecb24506 - std[617be2ca0a6fd877]::panicking::default_hook::{closure#0}
[INFO] [stdout]    4:     0x6106ecb41e89 - std[617be2ca0a6fd877]::panicking::default_hook
[INFO] [stdout]    5:     0x6106ecad1770 - test[aada8e7e76ba119b]::test_main_inner::{closure#0}
[INFO] [stdout]    6:     0x6106ecb42042 - std[617be2ca0a6fd877]::panicking::panic_with_hook
[INFO] [stdout]    7:     0x6106ecb245b2 - std[617be2ca0a6fd877]::panicking::panic_handler::{closure#0}
[INFO] [stdout]    8:     0x6106ecb1cf79 - std[617be2ca0a6fd877]::sys::backtrace::__rust_end_short_backtrace::<std[617be2ca0a6fd877]::panicking::panic_handler::{closure#0}, !>
[INFO] [stdout]    9:     0x6106ecb2527d - __rustc[ea4f61d10b84890b]::rust_begin_unwind
[INFO] [stdout]   10:     0x6106ecb615ec - core[a373ad73a504971]::panicking::panic_fmt
[INFO] [stdout]   11:     0x6106ecb09ee9 - <&mut assert_cmd[33efb901df5a6b3d]::cmd::Command as assert_cmd[33efb901df5a6b3d]::assert::OutputAssertExt>::assert
[INFO] [stdout]   12:     0x6106ecab4e7a - <integration_tests[a6beaf146335335b]::test_zero_byte_files::{closure#0} as core[a373ad73a504971]::ops::function::FnOnce<()>>::call_once
[INFO] [stdout]   13:     0x6106ecac4bbb - test[aada8e7e76ba119b]::__rust_begin_short_backtrace::<core[a373ad73a504971]::result::Result<(), alloc[2e1b2a31b91974c5]::string::String>, fn() -> core[a373ad73a504971]::result::Result<(), alloc[2e1b2a31b91974c5]::string::String>>
[INFO] [stdout]   14:     0x6106ecad1d95 - test[aada8e7e76ba119b]::run_test::{closure#0}
[INFO] [stdout]   15:     0x6106ecacb684 - std[617be2ca0a6fd877]::sys::backtrace::__rust_begin_short_backtrace::<test[aada8e7e76ba119b]::run_test::{closure#1}, ()>
[INFO] [stdout]   16:     0x6106ecad4e22 - <std[617be2ca0a6fd877]::thread::lifecycle::spawn_unchecked<test[aada8e7e76ba119b]::run_test::{closure#1}, ()>::{closure#1} as core[a373ad73a504971]::ops::function::FnOnce<()>>::call_once::{shim:vtable#0}
[INFO] [stdout]   17:     0x6106ecb49c3f - <std[617be2ca0a6fd877]::sys::thread::unix::Thread>::new::thread_start
[INFO] [stdout]   18:     0x77c0b6165dfa - <unknown>
[INFO] [stdout]   19:     0x77c0b61f93d4 - clone
[INFO] [stdout]   20:                0x0 - <unknown>
[INFO] [stdout] 
[INFO] [stdout] 
[INFO] [stdout] failures:
[INFO] [stdout]     test_deeply_nested_directories
[INFO] [stdout]     test_dry_run_no_changes
[INFO] [stdout]     test_happy_path_dedupe_and_restore
[INFO] [stdout]     test_hardlink_fallback
[INFO] [stdout]     test_massive_and_sparse_files
[INFO] [stdout]     test_metadata_integrity
[INFO] [stdout]     test_paranoid_mode_catches_bit_rot
[INFO] [stdout]     test_scan_no_modifications
[INFO] [stdout]     test_zero_byte_files
[INFO] [stdout] 
[INFO] [stdout] test result: FAILED. 0 passed; 9 failed; 0 ignored; 0 measured; 0 filtered out; finished in 0.01s
[INFO] [stdout] 
[INFO] running `Command { std: "docker" "inspect" "f11a2cb52fc86de750d99d81e90f7eae43285e566323cbfd575deca249bf6fe9", kill_on_drop: false }`
[INFO] running `Command { std: "docker" "rm" "-f" "f11a2cb52fc86de750d99d81e90f7eae43285e566323cbfd575deca249bf6fe9", kill_on_drop: false }`
[INFO] [stdout] f11a2cb52fc86de750d99d81e90f7eae43285e566323cbfd575deca249bf6fe9
