[INFO] fetching crate axum-vixen 0.3.0...
[INFO] testing axum-vixen-0.3.0 against 1.100.0-beta.1+cargoflags=--release for beta-release-1.100-2
[INFO] extracting crate axum-vixen 0.3.0 into /workspace/builds/worker-7-tc2/source
[INFO] started tweaking crates.io crate axum-vixen 0.3.0
[INFO] removed 0 missing tests
[INFO] finished tweaking crates.io crate axum-vixen 0.3.0
[INFO] tweaked toml for crates.io crate axum-vixen 0.3.0 written to /workspace/builds/worker-7-tc2/source/Cargo.toml
[INFO] validating manifest of crates.io crate axum-vixen 0.3.0 on toolchain 1.100.0-beta.1
[INFO] running `Command { std: CARGO_HOME="/workspace/cargo-home" RUSTUP_HOME="/workspace/rustup-home" "/workspace/cargo-home/bin/cargo" "+1.100.0-beta.1" "metadata" "--manifest-path" "Cargo.toml" "--no-deps", kill_on_drop: false }`
[INFO] crate crates.io crate axum-vixen 0.3.0 already has a lockfile, it will not be regenerated
[INFO] running `Command { std: CARGO_HOME="/workspace/cargo-home" RUSTUP_HOME="/workspace/rustup-home" "/workspace/cargo-home/bin/cargo" "+1.100.0-beta.1" "fetch" "--manifest-path" "Cargo.toml", kill_on_drop: false }`
[INFO] running `Command { std: "docker" "create" "-v" "/var/lib/crater-agent-workspace/builds/worker-7-tc2/source:/opt/rustwide/workdir:ro,Z" "-v" "/var/lib/crater-agent-workspace/builds/worker-7-tc2/target:/opt/rustwide/target:rw,Z" "-v" "/var/lib/crater-agent-workspace/cargo-home:/opt/rustwide/cargo-home:ro,Z" "-v" "/var/lib/crater-agent-workspace/rustup-home:/opt/rustwide/rustup-home:ro,Z" "-m" "1610612736" "--network" "none" "ghcr.io/rust-lang/crates-build-env/linux@sha256:77db811e55d90add9212f6832c23229e3de5f1c1f9905e8cb07319ea15df73ac" "sleep" "infinity", kill_on_drop: false }`
[INFO] [stdout] 23e95c5fe0e298ff2b790f4aa8ccef6e497fc4fa602c654de3d7527c267aa994
[INFO] running `Command { std: "docker" "start" "23e95c5fe0e298ff2b790f4aa8ccef6e497fc4fa602c654de3d7527c267aa994", kill_on_drop: false }`
[INFO] running `Command { std: "docker" "inspect" "23e95c5fe0e298ff2b790f4aa8ccef6e497fc4fa602c654de3d7527c267aa994", kill_on_drop: false }`
[INFO] running `Command { std: "docker" "exec" "-e" "SOURCE_DIR=/opt/rustwide/workdir" "-e" "CARGO_HOME=/opt/rustwide/cargo-home" "-e" "RUSTUP_HOME=/opt/rustwide/rustup-home" "-e" "CARGO_TARGET_DIR=/opt/rustwide/target" "-w" "/opt/rustwide/workdir" "--user" "0:0" "23e95c5fe0e298ff2b790f4aa8ccef6e497fc4fa602c654de3d7527c267aa994" "/opt/rustwide/cargo-home/bin/cargo" "+1.100.0-beta.1" "metadata" "--no-deps" "--format-version=1", kill_on_drop: false }`
[INFO] running `Command { std: "docker" "inspect" "23e95c5fe0e298ff2b790f4aa8ccef6e497fc4fa602c654de3d7527c267aa994", kill_on_drop: false }`
[INFO] running `Command { std: "docker" "exec" "-e" "SOURCE_DIR=/opt/rustwide/workdir" "-e" "CARGO_HOME=/opt/rustwide/cargo-home" "-e" "RUSTUP_HOME=/opt/rustwide/rustup-home" "-e" "CARGO_TARGET_DIR=/opt/rustwide/target" "-e" "CARGO_INCREMENTAL=0" "-e" "RUST_BACKTRACE=full" "-e" "RUSTFLAGS=--cap-lints=warn" "-e" "RUSTDOCFLAGS=--cap-lints=warn" "-w" "/opt/rustwide/workdir" "--user" "0:0" "23e95c5fe0e298ff2b790f4aa8ccef6e497fc4fa602c654de3d7527c267aa994" "/opt/rustwide/cargo-home/bin/cargo" "+1.100.0-beta.1" "build" "--frozen" "--message-format=json" "--release", kill_on_drop: false }`
[INFO] [stderr]    Compiling futures-core v0.3.33
[INFO] [stderr]    Compiling serde_core v1.0.229
[INFO] [stderr]    Compiling serde v1.0.229
[INFO] [stderr]    Compiling futures-sink v0.3.34
[INFO] [stderr]    Compiling log v0.4.33
[INFO] [stderr]    Compiling proc-macro2 v1.0.107
[INFO] [stderr]    Compiling http v1.4.2
[INFO] [stderr]    Compiling futures-task v0.3.33
[INFO] [stderr]    Compiling sync_wrapper v1.0.2
[INFO] [stderr]    Compiling slab v0.4.12
[INFO] [stderr]    Compiling mio v1.2.2
[INFO] [stderr]    Compiling proc-macro2-diagnostics v0.10.1
[INFO] [stderr]    Compiling smallvec v1.15.2
[INFO] [stderr]    Compiling mime_guess v2.0.5
[INFO] [stderr]    Compiling rustversion v1.0.23
[INFO] [stderr]    Compiling serde_json v1.0.151
[INFO] [stderr]    Compiling indexmap v2.14.0
[INFO] [stderr]    Compiling futures-channel v0.3.33
[INFO] [stderr]    Compiling tracing v0.1.44
[INFO] [stderr]    Compiling matchit v0.8.4
[INFO] [stderr]    Compiling futures-io v0.3.34
[INFO] [stderr]    Compiling memchr v2.8.3
[INFO] [stderr]    Compiling mime v0.3.17
[INFO] [stderr]    Compiling axum-vixen-bundler v0.3.0
[INFO] [stderr]    Compiling futures-util v0.3.33
[INFO] [stderr]    Compiling quote v1.0.47
[INFO] [stderr]    Compiling syn v2.0.119
[INFO] [stderr]    Compiling syn v3.0.3
[INFO] [stderr]    Compiling http-body v1.1.0
[INFO] [stderr]    Compiling http-body-util v0.1.5
[INFO] [stderr]    Compiling axum-core v0.5.6
[INFO] [stderr]    Compiling serde_path_to_error v0.1.20
[INFO] [stderr]    Compiling serde_html_form v0.2.8
[INFO] [stderr]    Compiling futures v0.3.33
[INFO] [stderr]    Compiling serde_derive v1.0.229
[INFO] [stderr]    Compiling tokio-macros v2.7.1
[INFO] [stderr]    Compiling axum-macros v0.5.1
[INFO] [stderr]    Compiling maud_macros v0.27.0
[INFO] [stderr]    Compiling tokio v1.53.1
[INFO] [stderr]    Compiling maud v0.27.0
[INFO] [stderr]    Compiling axum-vixen-macros v0.3.0
[INFO] [stderr]    Compiling serde_urlencoded v0.7.1
[INFO] [stderr]    Compiling tower v0.5.3
[INFO] [stderr]    Compiling hyper v1.11.0
[INFO] [stderr]    Compiling axum-htmx v0.8.1
[INFO] [stderr]    Compiling hyper-util v0.1.20
[INFO] [stderr]    Compiling axum v0.8.9
[INFO] [stderr]    Compiling axum-extra v0.12.6
[INFO] [stderr]    Compiling axum-vixen v0.3.0 (/opt/rustwide/workdir)
[INFO] [stderr]     Finished `release` profile [optimized] target(s) in 31.71s
[INFO] running `Command { std: "docker" "inspect" "23e95c5fe0e298ff2b790f4aa8ccef6e497fc4fa602c654de3d7527c267aa994", kill_on_drop: false }`
[INFO] running `Command { std: "docker" "exec" "-e" "SOURCE_DIR=/opt/rustwide/workdir" "-e" "CARGO_HOME=/opt/rustwide/cargo-home" "-e" "RUSTUP_HOME=/opt/rustwide/rustup-home" "-e" "CARGO_TARGET_DIR=/opt/rustwide/target" "-e" "CARGO_INCREMENTAL=0" "-e" "RUST_BACKTRACE=full" "-e" "RUSTFLAGS=--cap-lints=warn" "-e" "RUSTDOCFLAGS=--cap-lints=warn" "-w" "/opt/rustwide/workdir" "--user" "0:0" "23e95c5fe0e298ff2b790f4aa8ccef6e497fc4fa602c654de3d7527c267aa994" "/opt/rustwide/cargo-home/bin/cargo" "+1.100.0-beta.1" "test" "--frozen" "--no-run" "--message-format=json" "--release", kill_on_drop: false }`
[INFO] [stderr]    Compiling parking_lot_core v0.9.12
[INFO] [stderr]    Compiling target-tuple v1.0.2
[INFO] [stderr]    Compiling serde_spanned v1.1.1
[INFO] [stderr]    Compiling toml_parser v1.1.2+spec-1.1.0
[INFO] [stderr]    Compiling toml_datetime v1.1.1+spec-1.1.0
[INFO] [stderr]    Compiling toml_writer v1.1.2+spec-1.1.0
[INFO] [stderr]    Compiling glob v0.3.4
[INFO] [stderr]    Compiling parking_lot v0.12.5
[INFO] [stderr]    Compiling tokio v1.53.1
[INFO] [stderr]    Compiling toml v1.1.3+spec-1.1.0
[INFO] [stderr]    Compiling trybuild v1.0.121
[INFO] [stderr]    Compiling hyper v1.11.0
[INFO] [stderr]    Compiling tower v0.5.3
[INFO] [stderr]    Compiling axum-htmx v0.8.1
[INFO] [stderr]    Compiling hyper-util v0.1.20
[INFO] [stderr]    Compiling axum v0.8.9
[INFO] [stderr]    Compiling axum-extra v0.12.6
[INFO] [stderr]    Compiling axum-vixen v0.3.0 (/opt/rustwide/workdir)
[INFO] [stderr]     Finished `release` profile [optimized] target(s) in 31.18s
[INFO] running `Command { std: "docker" "inspect" "23e95c5fe0e298ff2b790f4aa8ccef6e497fc4fa602c654de3d7527c267aa994", kill_on_drop: false }`
[INFO] running `Command { std: "docker" "exec" "-e" "SOURCE_DIR=/opt/rustwide/workdir" "-e" "CARGO_HOME=/opt/rustwide/cargo-home" "-e" "RUSTUP_HOME=/opt/rustwide/rustup-home" "-e" "CARGO_TARGET_DIR=/opt/rustwide/target" "-e" "CARGO_INCREMENTAL=0" "-e" "RUST_BACKTRACE=full" "-e" "RUSTFLAGS=--cap-lints=warn" "-e" "RUSTDOCFLAGS=--cap-lints=warn" "-w" "/opt/rustwide/workdir" "--user" "0:0" "23e95c5fe0e298ff2b790f4aa8ccef6e497fc4fa602c654de3d7527c267aa994" "/opt/rustwide/cargo-home/bin/cargo" "+1.100.0-beta.1" "test" "--frozen" "--release", kill_on_drop: false }`
[INFO] [stderr]     Finished `release` profile [optimized] target(s) in 0.11s
[INFO] [stderr]      Running unittests src/lib.rs (/opt/rustwide/target/release/build/axum-vixen/59508ad3b9287c05/out/vixen-59508ad3b9287c05)
[INFO] [stdout] 
[INFO] [stdout] running 44 tests
[INFO] [stdout] test action::tests::a_maybe_setter_sets_some_and_skips_none ... ok
[INFO] [stdout] test action::tests::options_render_from_the_same_value ... ok
[INFO] [stdout] test action::tests::setters_fill_vals_escaped_inside_the_attribute ... ok
[INFO] [stdout] test action::tests::the_path_is_the_route ... ok
[INFO] [stdout] test action::tests::a_target_is_also_a_raw_selector ... ok
[INFO] [stdout] test base_path::tests::normalizes_the_raw_value ... ok
[INFO] [stdout] test action::tests::a_cursor_field_implements_paged_action ... ok
[INFO] [stdout] test paged::tests::a_failed_first_page_renders_the_failed_slot ... ok
[INFO] [stdout] test base_path::tests::rejects_a_relative_base - should panic ... ok
[INFO] [stdout] test action::tests::vals_merges_fields_and_skips_none ... ok
[INFO] [stdout] test id::tests::a_dynamic_id_renders_escaped ... ok
[INFO] [stdout] test href::tests::href_displays_and_renders_escaped ... ok
[INFO] [stdout] test paged::tests::a_following_page_renders_rows_only ... ok
[INFO] [stdout] test paged::tests::an_extra_row_is_dropped_and_sets_the_next_cursor ... ok
[INFO] [stdout] test action::tests::base_prefixes_the_path ... ok
[INFO] [stdout] test base_path::tests::mounts_under_the_base_and_redirects_the_bare_base ... ok
[INFO] [stdout] test paged::tests::an_item_reads_the_search ... ok
[INFO] [stdout] test paged::tests::map_keeps_the_cursor ... ok
[INFO] [stdout] test paged::tests::after_is_an_id_and_a_key_in_a_form ... ok
[INFO] [stdout] test paged::tests::the_list_reads_the_search ... ok
[INFO] [stdout] test paged::tests::only_a_first_page_replaces_the_url ... ok
[INFO] [stdout] test paged::tests::a_malformed_after_is_rejected ... ok
[INFO] [stdout] test paged::tests::a_zero_limit_panics - should panic ... ok
[INFO] [stdout] test partial::tests::events_are_sent_with_data ... ok
[INFO] [stdout] test paged::tests::an_empty_first_page_renders_the_empty_slot ... ok
[INFO] [stdout] test partial::tests::an_absent_part_renders_nothing ... ok
[INFO] [stdout] test paged::tests::search_replaces_the_list_and_listens_for_refresh ... ok
[INFO] [stdout] test query::tests::a_query_that_does_not_fit_is_rejected ... ok
[INFO] [stdout] test partial::tests::a_bare_part_and_a_targeted_entry_render_in_order ... ok
[INFO] [stdout] test partial::tests::a_response_without_events_has_no_trigger ... ok
[INFO] [stdout] test query::tests::reads_the_query_of_the_current_url ... ok
[INFO] [stdout] test partial::tests::a_tuple_target_spells_out_the_swap ... ok
[INFO] [stdout] test router::tests::action_routes_post_by_the_last_argument ... ok
[INFO] [stdout] test action::tests::renders_strategy_alone ... ok
[INFO] [stdout] test partial::tests::entries_evaluate_in_order ... ok
[INFO] [stdout] test partial::tests::parts_spread_in_place ... ok
[INFO] [stdout] test action::tests::renders_scope_before_strategy ... ok
[INFO] [stdout] test router::tests::action_accepts_a_result_wrapped_action ... ok
[INFO] [stdout] test router::tests::view_routes_get_by_the_first_argument ... ok
[INFO] [stdout] test action::tests::none_renders_no_attribute ... ok
[INFO] [stdout] test query::tests::a_missing_header_or_query_is_an_empty_query ... ok
[INFO] [stdout] test paged::tests::a_failed_following_page_becomes_a_retry_row ... ok
[INFO] [stdout] test paged::tests::an_empty_search_replaces_the_url_without_a_query ... ok
[INFO] [stdout] test paged::tests::a_first_page_renders_the_list_with_a_sentinel ... ok
[INFO] [stdout] 
[INFO] [stdout] test result: ok. 44 passed; 0 failed; 0 ignored; 0 measured; 0 filtered out; finished in 0.01s
[INFO] [stdout] 
[INFO] [stderr]      Running tests/req_ctx.rs (/opt/rustwide/target/release/build/axum-vixen/4220dbed8362e92b/out/req_ctx-4220dbed8362e92b)
[INFO] [stdout] 
[INFO] [stdout] running 3 tests
[INFO] [stdout] test scope_sets_the_context_without_a_request ... ok
[INFO] [stdout] test current_panics_outside_a_scope - should panic ... ok
[INFO] [stdout] test middleware_extracts_the_context_for_the_handler ... ok
[INFO] [stdout] 
[INFO] [stdout] test result: ok. 3 passed; 0 failed; 0 ignored; 0 measured; 0 filtered out; finished in 0.00s
[INFO] [stdout] 
[INFO] [stderr]      Running tests/types.rs (/opt/rustwide/target/release/build/axum-vixen/d84ab0e9bcda2ff1/out/types-d84ab0e9bcda2ff1)
[INFO] [stdout] 
[INFO] [stdout] running 1 test
[INFO] [stderr]    Compiling proc-macro2 v1.0.107
[INFO] [stderr]    Compiling quote v1.0.47
[INFO] [stderr]    Compiling unicode-ident v1.0.24
[INFO] [stderr]    Compiling libc v0.2.189
[INFO] [stderr]    Compiling itoa v1.0.18
[INFO] [stderr]    Compiling pin-project-lite v0.2.17
[INFO] [stderr]    Compiling futures-core v0.3.33
[INFO] [stderr]    Compiling bytes v1.12.1
[INFO] [stderr]    Compiling serde_core v1.0.229
[INFO] [stderr]    Compiling zmij v1.0.23
[INFO] [stderr]    Compiling parking_lot_core v0.9.12
[INFO] [stderr]    Compiling cfg-if v1.0.4
[INFO] [stderr]    Compiling serde v1.0.229
[INFO] [stderr]    Compiling futures-sink v0.3.34
[INFO] [stderr]    Compiling smallvec v1.15.2
[INFO] [stderr]    Compiling scopeguard v1.2.0
[INFO] [stderr]    Compiling once_cell v1.21.4
[INFO] [stderr]    Compiling tower-service v0.3.3
[INFO] [stderr]    Compiling log v0.4.33
[INFO] [stderr]    Compiling lock_api v0.4.14
[INFO] [stderr]    Compiling futures-task v0.3.33
[INFO] [stderr]    Compiling httparse v1.10.1
[INFO] [stderr]    Compiling tower-layer v0.3.3
[INFO] [stderr]    Compiling futures-channel v0.3.33
[INFO] [stderr]    Compiling sync_wrapper v1.0.2
[INFO] [stderr]    Compiling slab v0.4.12
[INFO] [stderr]    Compiling serde_json v1.0.151
[INFO] [stderr]    Compiling percent-encoding v2.3.2
[INFO] [stderr]    Compiling mime v0.3.17
[INFO] [stderr]    Compiling version_check v0.9.5
[INFO] [stderr]    Compiling tracing-core v0.1.36
[INFO] [stderr]    Compiling futures-util v0.3.33
[INFO] [stderr]    Compiling httpdate v1.0.3
[INFO] [stderr]    Compiling atomic-waker v1.1.2
[INFO] [stderr]    Compiling ryu v1.0.23
[INFO] [stderr]    Compiling unicase v2.9.0
[INFO] [stderr]    Compiling form_urlencoded v1.2.2
[INFO] [stderr]    Compiling memchr v2.8.3
[INFO] [stderr]    Compiling rustversion v1.0.23
[INFO] [stderr]    Compiling equivalent v1.0.2
[INFO] [stderr]    Compiling mime_guess v2.0.5
[INFO] [stderr]    Compiling hashbrown v0.17.1
[INFO] [stderr]    Compiling proc-macro2-diagnostics v0.10.1
[INFO] [stderr]    Compiling matchit v0.8.4
[INFO] [stderr]    Compiling futures-io v0.3.34
[INFO] [stderr]    Compiling http v1.4.2
[INFO] [stderr]    Compiling syn v2.0.119
[INFO] [stderr]    Compiling syn v3.0.3
[INFO] [stderr]    Compiling tracing v0.1.44
[INFO] [stderr]    Compiling indexmap v2.14.0
[INFO] [stderr]    Compiling heck v0.5.0
[INFO] [stderr]    Compiling axum-vixen-bundler v0.3.0
[INFO] [stderr]    Compiling http-body v1.1.0
[INFO] [stderr]    Compiling http-body-util v0.1.5
[INFO] [stderr]    Compiling errno v0.3.14
[INFO] [stderr]    Compiling mio v1.2.2
[INFO] [stderr]    Compiling socket2 v0.6.5
[INFO] [stderr]    Compiling signal-hook-registry v1.4.8
[INFO] [stderr]    Compiling parking_lot v0.12.5
[INFO] [stderr]    Compiling axum-core v0.5.6
[INFO] [stderr]    Compiling futures v0.3.33
[INFO] [stderr]    Compiling serde_path_to_error v0.1.20
[INFO] [stderr]    Compiling serde_html_form v0.2.8
[INFO] [stderr]    Compiling tokio-macros v2.7.1
[INFO] [stderr]    Compiling axum-macros v0.5.1
[INFO] [stderr]    Compiling maud_macros v0.27.0
[INFO] [stderr]    Compiling maud v0.27.0
[INFO] [stderr]    Compiling tokio v1.53.1
[INFO] [stderr]    Compiling serde_derive v1.0.229
[INFO] [stderr]    Compiling serde_urlencoded v0.7.1
[INFO] [stderr]    Compiling axum-vixen-macros v0.3.0
[INFO] [stderr]    Compiling tower v0.5.3
[INFO] [stderr]    Compiling hyper v1.11.0
[INFO] [stderr]    Compiling axum-htmx v0.8.1
[INFO] [stderr]    Compiling hyper-util v0.1.20
[INFO] [stderr]    Compiling axum v0.8.9
[INFO] [stderr]    Compiling axum-extra v0.12.6
[INFO] [stderr]    Compiling axum-vixen v0.3.0 (/opt/rustwide/workdir)
[INFO] [stderr]    Compiling axum-vixen-tests v0.0.0 (/opt/rustwide/target/tests/trybuild/axum-vixen)
[INFO] [stderr]     Finished `dev` profile [unoptimized + debuginfo] target(s) in 34.62s
[INFO] [stderr] 
[INFO] [stderr] 
[INFO] [stderr] test tests/types/fail/action_last_arg.rs [should fail to compile] ... mismatch
[INFO] [stderr] 
[INFO] [stderr] EXPECTED:
[INFO] [stderr] ┈┈┈┈┈┈┈┈┈┈┈┈┈┈┈┈┈┈┈┈┈┈┈┈┈┈┈┈┈┈┈┈┈┈┈┈┈┈┈┈┈┈┈┈┈┈┈┈┈┈┈┈┈┈┈┈┈┈┈┈
[INFO] [stderr] error[E0277]: the trait bound `Form<Rename>: TypedPath` is not satisfied
[INFO] [stderr]   --> tests/types/fail/action_last_arg.rs:16:35
[INFO] [stderr]    |
[INFO] [stderr] 16 |     let _: Router = Router::new().action(rename);
[INFO] [stderr]    |                                   ^^^^^^ the trait `TypedPath` is not implemented for `Form<Rename>`
[INFO] [stderr]    |
[INFO] [stderr] help: the trait `TypedPath` is implemented for `WithQueryParams<P, T>`
[INFO] [stderr]   --> $CARGO/axum-extra-$VERSION/src/routing/typed.rs
[INFO] [stderr]    |
[INFO] [stderr]    | / impl<P, T> TypedPath for WithQueryParams<P, T>
[INFO] [stderr]    | | where
[INFO] [stderr]    | |     P: TypedPath,
[INFO] [stderr]    | |     T: Serialize,
[INFO] [stderr]    | |_________________^
[INFO] [stderr] note: required by a bound in `action`
[INFO] [stderr]   --> src/router.rs
[INFO] [stderr]    |
[INFO] [stderr]    |     fn action<H, T, P>(self, handler: H) -> Self
[INFO] [stderr]    |        ------ required by a bound in this associated function
[INFO] [stderr] ...
[INFO] [stderr]    |         P: TypedPath;
[INFO] [stderr]    |            ^^^^^^^^^ required by this bound in `RouterExt::action`
[INFO] [stderr] ┈┈┈┈┈┈┈┈┈┈┈┈┈┈┈┈┈┈┈┈┈┈┈┈┈┈┈┈┈┈┈┈┈┈┈┈┈┈┈┈┈┈┈┈┈┈┈┈┈┈┈┈┈┈┈┈┈┈┈┈
[INFO] [stderr] 
[INFO] [stderr] ACTUAL OUTPUT:
[INFO] [stderr] ┈┈┈┈┈┈┈┈┈┈┈┈┈┈┈┈┈┈┈┈┈┈┈┈┈┈┈┈┈┈┈┈┈┈┈┈┈┈┈┈┈┈┈┈┈┈┈┈┈┈┈┈┈┈┈┈┈┈┈┈
[INFO] [stderr] error[E0277]: the trait bound `Form<Rename>: TypedPath` is not satisfied
[INFO] [stderr]   --> tests/types/fail/action_last_arg.rs:16:35
[INFO] [stderr]    |
[INFO] [stderr] 16 |     let _: Router = Router::new().action(rename);
[INFO] [stderr]    |                                   ^^^^^^ the trait `TypedPath` is not implemented for `Form<Rename>`
[INFO] [stderr]    |
[INFO] [stderr] help: the trait `TypedPath` is implemented for `WithQueryParams<P, T>`
[INFO] [stderr]   --> $CARGO/axum-extra-$VERSION/src/routing/typed.rs
[INFO] [stderr]    |
[INFO] [stderr]    | / impl<P, T> TypedPath for WithQueryParams<P, T>
[INFO] [stderr]    | | where
[INFO] [stderr]    | |     P: TypedPath,
[INFO] [stderr]    | |     T: Serialize,
[INFO] [stderr]    | |_________________^
[INFO] [stderr] note: required by a bound in `action`
[INFO] [stderr]   --> src/router.rs
[INFO] [stderr]    |
[INFO] [stderr]    | pub trait RouterExt<S> {
[INFO] [stderr] ...
[INFO] [stderr]    |     fn action<H, T, P>(self, handler: H) -> Self
[INFO] [stderr] ...
[INFO] [stderr]    |         P: TypedPath;
[INFO] [stderr]    |            ^^^^^^^^^ required by this bound in `RouterExt::action`
[INFO] [stderr] ┈┈┈┈┈┈┈┈┈┈┈┈┈┈┈┈┈┈┈┈┈┈┈┈┈┈┈┈┈┈┈┈┈┈┈┈┈┈┈┈┈┈┈┈┈┈┈┈┈┈┈┈┈┈┈┈┈┈┈┈
[INFO] [stderr] note: If the actual output is the correct output you can bless it by rerunning
[INFO] [stderr]       your test with the environment variable TRYBUILD=overwrite
[INFO] [stderr] 
[INFO] [stderr] test tests/types/fail/action_serde_rename.rs [should fail to compile] ... ok
[INFO] [stdout] test test_types has been running for over 60 seconds
[INFO] [stderr] test tests/types/fail/cursor_bad_fields.rs [should fail to compile] ... ok
[INFO] [stderr] test tests/types/fail/double_main.rs [should fail to compile] ... ok
[INFO] [stderr] test tests/types/fail/empty_partial.rs [should fail to compile] ... ok
[INFO] [stderr] test tests/types/fail/event_only_partial.rs [should fail to compile] ... ok
[INFO] [stderr] test tests/types/fail/fragment_bad_id.rs [should fail to compile] ... ok
[INFO] [stderr] test tests/types/fail/fragment_id_missing_arg.rs [should fail to compile] ... ok
[INFO] [stderr] test tests/types/fail/fragment_missing_id.rs [should fail to compile] ... ok
[INFO] [stderr] test tests/types/fail/fragment_name_with_arg.rs [should fail to compile] ... ok
[INFO] [stderr] test tests/types/fail/id_bad_fields.rs [should fail to compile] ... ok
[INFO] [stderr] test tests/types/fail/req_ctx_generic.rs [should fail to compile] ... ok
[INFO] [stderr] test tests/types/pass/action_attrs.rs [should pass] ... ok
[INFO] [stderr] test tests/types/pass/base_path.rs [should pass] ... ok
[INFO] [stderr] test tests/types/pass/fragment.rs [should pass] ... ok
[INFO] [stderr] test tests/types/pass/fragment_id.rs [should pass] ... ok
[INFO] [stderr] test tests/types/pass/id.rs [should pass] ... ok
[INFO] [stderr] test tests/types/pass/paged.rs [should pass] ... ok
[INFO] [stderr] test tests/types/pass/partial_entries.rs [should pass] ... ok
[INFO] [stderr] test tests/types/pass/route.rs [should pass] ... ok
[INFO] [stdout] test test_types ... FAILED
[INFO] [stderr] 
[INFO] [stdout] 
[INFO] [stderr] 
[INFO] [stdout] failures:
[INFO] [stdout] 
[INFO] [stdout] ---- test_types stdout ----
[INFO] [stdout] 
[INFO] [stdout] thread 'test_types' (1598) panicked at /opt/rustwide/cargo-home/registry/src/index.crates.io-1949cf8c6b5b557f/trybuild-1.0.121/src/run.rs:103:13:
[INFO] [stdout] 1 of 20 tests failed
[INFO] [stdout] stack backtrace:
[INFO] [stdout]    0:     0x5615467e7de1 - <<std[617be2ca0a6fd877]::sys::backtrace::BacktraceLock>::print::DisplayBacktrace as core[a373ad73a504971]::fmt::Display>::fmt
[INFO] [stdout]    1:     0x5615467fe0ca - core[a373ad73a504971]::fmt::write
[INFO] [stdout]    2:     0x5615467ec62c - <alloc[2e1b2a31b91974c5]::vec::Vec<u8> as core[a373ad73a504971]::io::write::Write>::write_fmt
[INFO] [stdout]    3:     0x5615467c1246 - std[617be2ca0a6fd877]::panicking::default_hook::{closure#0}
[INFO] [stdout]    4:     0x5615467df389 - std[617be2ca0a6fd877]::panicking::default_hook
[INFO] [stdout]    5:     0x561546778990 - test[aada8e7e76ba119b]::test_main_inner::{closure#0}
[INFO] [stdout]    6:     0x5615467df542 - std[617be2ca0a6fd877]::panicking::panic_with_hook
[INFO] [stdout]    7:     0x5615467c12f2 - std[617be2ca0a6fd877]::panicking::panic_handler::{closure#0}
[INFO] [stdout]    8:     0x5615467b9b49 - std[617be2ca0a6fd877]::sys::backtrace::__rust_end_short_backtrace::<std[617be2ca0a6fd877]::panicking::panic_handler::{closure#0}, !>
[INFO] [stdout]    9:     0x5615467c1efd - __rustc[ea4f61d10b84890b]::rust_begin_unwind
[INFO] [stdout]   10:     0x5615467fe83c - core[a373ad73a504971]::panicking::panic_fmt
[INFO] [stdout]   11:     0x5615466cb3f7 - <trybuild[af3228445a0df75]::Runner>::run
[INFO] [stdout]   12:     0x5615466ce620 - <trybuild[af3228445a0df75]::TestCases as core[a373ad73a504971]::ops::drop::Drop>::drop
[INFO] [stdout]   13:     0x5615466c53c6 - types[92075a2919d9aa03]::test_types
[INFO] [stdout]   14:     0x5615466c55f9 - <types[92075a2919d9aa03]::test_types::{closure#0} as core[a373ad73a504971]::ops::function::FnOnce<()>>::call_once
[INFO] [stdout]   15:     0x56154676bddb - test[aada8e7e76ba119b]::__rust_begin_short_backtrace::<core[a373ad73a504971]::result::Result<(), alloc[2e1b2a31b91974c5]::string::String>, fn() -> core[a373ad73a504971]::result::Result<(), alloc[2e1b2a31b91974c5]::string::String>>
[INFO] [stdout]   16:     0x561546778fb5 - test[aada8e7e76ba119b]::run_test::{closure#0}
[INFO] [stdout]   17:     0x5615467728a4 - std[617be2ca0a6fd877]::sys::backtrace::__rust_begin_short_backtrace::<test[aada8e7e76ba119b]::run_test::{closure#1}, ()>
[INFO] [stdout]   18:     0x56154677c042 - <std[617be2ca0a6fd877]::thread::lifecycle::spawn_unchecked<test[aada8e7e76ba119b]::run_test::{closure#1}, ()>::{closure#1} as core[a373ad73a504971]::ops::function::FnOnce<()>>::call_once::{shim:vtable#0}
[INFO] [stdout]   19:     0x5615467e703f - <std[617be2ca0a6fd877]::sys::thread::unix::Thread>::new::thread_start
[INFO] [stdout]   20:     0x7602df08edfa - <unknown>
[INFO] [stdout]   21:     0x7602df1223d4 - clone
[INFO] [stdout]   22:                0x0 - <unknown>
[INFO] [stdout] 
[INFO] [stdout] 
[INFO] [stdout] failures:
[INFO] [stdout]     test_types
[INFO] [stdout] 
[INFO] [stdout] test result: FAILED. 0 passed; 1 failed; 0 ignored; 0 measured; 0 filtered out; finished in 73.86s
[INFO] [stdout] 
[INFO] [stderr] error: test failed, to rerun pass `--test types`
[INFO] running `Command { std: "docker" "inspect" "23e95c5fe0e298ff2b790f4aa8ccef6e497fc4fa602c654de3d7527c267aa994", kill_on_drop: false }`
[INFO] running `Command { std: "docker" "rm" "-f" "23e95c5fe0e298ff2b790f4aa8ccef6e497fc4fa602c654de3d7527c267aa994", kill_on_drop: false }`
[INFO] [stdout] 23e95c5fe0e298ff2b790f4aa8ccef6e497fc4fa602c654de3d7527c267aa994
