[INFO] fetching crate async-redis-session-v2 0.2.3...
[INFO] testing async-redis-session-v2-0.2.3 against 1.99.0-beta.8+cargoflags=--release for beta-release-1.100-2
[INFO] extracting crate async-redis-session-v2 0.2.3 into /workspace/builds/worker-5-tc1/source
[INFO] started tweaking crates.io crate async-redis-session-v2 0.2.3
[INFO] finished tweaking crates.io crate async-redis-session-v2 0.2.3
[INFO] tweaked toml for crates.io crate async-redis-session-v2 0.2.3 written to /workspace/builds/worker-5-tc1/source/Cargo.toml
[INFO] validating manifest of crates.io crate async-redis-session-v2 0.2.3 on toolchain 1.99.0-beta.8
[INFO] running `Command { std: CARGO_HOME="/workspace/cargo-home" RUSTUP_HOME="/workspace/rustup-home" "/workspace/cargo-home/bin/cargo" "+1.99.0-beta.8" "metadata" "--manifest-path" "Cargo.toml" "--no-deps", kill_on_drop: false }`
[INFO] running `Command { std: CARGO_HOME="/workspace/cargo-home" RUSTUP_HOME="/workspace/rustup-home" "/workspace/cargo-home/bin/cargo" "+1.99.0-beta.8" "generate-lockfile" "--manifest-path" "Cargo.toml", kill_on_drop: false }`
[INFO] [stderr]     Updating crates.io index
[INFO] [stderr]      Locking 152 packages to highest compatible versions
[INFO] [stderr]       Adding redis v0.24.1 (available: v1.7.1)
[INFO] [stderr]       Adding subtle v2.4.1 (available: v2.6.1)
[INFO] running `Command { std: CARGO_HOME="/workspace/cargo-home" RUSTUP_HOME="/workspace/rustup-home" "/workspace/cargo-home/bin/cargo" "+1.99.0-beta.8" "fetch" "--manifest-path" "Cargo.toml", kill_on_drop: false }`
[INFO] [stderr]  Downloading crates ...
[INFO] [stderr]   Downloaded value-bag v1.14.1
[INFO] [stderr]   Downloaded pin-utils v0.1.1
[INFO] [stderr]   Downloaded async-session v3.0.0
[INFO] [stderr]   Downloaded redis v0.24.1
[INFO] running `Command { std: "docker" "create" "-v" "/var/lib/crater-agent-workspace/builds/worker-5-tc1/source:/opt/rustwide/workdir:ro,Z" "-v" "/var/lib/crater-agent-workspace/builds/worker-5-tc1/target:/opt/rustwide/target:rw,Z" "-v" "/var/lib/crater-agent-workspace/cargo-home:/opt/rustwide/cargo-home:ro,Z" "-v" "/var/lib/crater-agent-workspace/rustup-home:/opt/rustwide/rustup-home:ro,Z" "-m" "1610612736" "--network" "none" "ghcr.io/rust-lang/crates-build-env/linux@sha256:77db811e55d90add9212f6832c23229e3de5f1c1f9905e8cb07319ea15df73ac" "sleep" "infinity", kill_on_drop: false }`
[INFO] [stdout] a25757211a780abd618d78465c15b3f039af21314f6e78f7d5db5ea92c49a5f8
[INFO] running `Command { std: "docker" "start" "a25757211a780abd618d78465c15b3f039af21314f6e78f7d5db5ea92c49a5f8", kill_on_drop: false }`
[INFO] running `Command { std: "docker" "inspect" "a25757211a780abd618d78465c15b3f039af21314f6e78f7d5db5ea92c49a5f8", kill_on_drop: false }`
[INFO] running `Command { std: "docker" "exec" "-e" "SOURCE_DIR=/opt/rustwide/workdir" "-e" "CARGO_HOME=/opt/rustwide/cargo-home" "-e" "RUSTUP_HOME=/opt/rustwide/rustup-home" "-e" "CARGO_TARGET_DIR=/opt/rustwide/target" "-w" "/opt/rustwide/workdir" "--user" "0:0" "a25757211a780abd618d78465c15b3f039af21314f6e78f7d5db5ea92c49a5f8" "/opt/rustwide/cargo-home/bin/cargo" "+1.99.0-beta.8" "metadata" "--no-deps" "--format-version=1", kill_on_drop: false }`
[INFO] running `Command { std: "docker" "inspect" "a25757211a780abd618d78465c15b3f039af21314f6e78f7d5db5ea92c49a5f8", kill_on_drop: false }`
[INFO] running `Command { std: "docker" "exec" "-e" "SOURCE_DIR=/opt/rustwide/workdir" "-e" "CARGO_HOME=/opt/rustwide/cargo-home" "-e" "RUSTUP_HOME=/opt/rustwide/rustup-home" "-e" "CARGO_TARGET_DIR=/opt/rustwide/target" "-e" "CARGO_INCREMENTAL=0" "-e" "RUST_BACKTRACE=full" "-e" "RUSTFLAGS=--cap-lints=warn" "-e" "RUSTDOCFLAGS=--cap-lints=warn" "-w" "/opt/rustwide/workdir" "--user" "0:0" "a25757211a780abd618d78465c15b3f039af21314f6e78f7d5db5ea92c49a5f8" "/opt/rustwide/cargo-home/bin/cargo" "+1.99.0-beta.8" "build" "--frozen" "--message-format=json" "--release", kill_on_drop: false }`
[INFO] [stderr]    Compiling unicode-ident v1.0.27
[INFO] [stderr]    Compiling libc v0.2.191
[INFO] [stderr]    Compiling cfg-if v1.0.5
[INFO] [stderr]    Compiling crossbeam-utils v0.8.23
[INFO] [stderr]    Compiling generic-array v0.14.9
[INFO] [stderr]    Compiling event-listener v5.4.2
[INFO] [stderr]    Compiling rustix v1.1.5
[INFO] [stderr]    Compiling serde_core v1.0.229
[INFO] [stderr]    Compiling futures-lite v2.6.1
[INFO] [stderr]    Compiling bitflags v2.13.2
[INFO] [stderr]    Compiling zerocopy v0.8.63
[INFO] [stderr]    Compiling linux-raw-sys v0.12.1
[INFO] [stderr]    Compiling async-io v2.6.0
[INFO] [stderr]    Compiling value-bag v1.14.1
[INFO] [stderr]    Compiling find-msvc-tools v0.1.14
[INFO] [stderr]    Compiling serde v1.0.229
[INFO] [stderr]    Compiling smallvec v1.16.3
[INFO] [stderr]    Compiling proc-macro2 v1.0.107
[INFO] [stderr]    Compiling piper v0.2.5
[INFO] [stderr]    Compiling cc v1.8.0
[INFO] [stderr]    Compiling num-traits v0.2.19
[INFO] [stderr]    Compiling serde_json v1.0.154
[INFO] [stderr]    Compiling event-listener-strategy v0.5.4
[INFO] [stderr]    Compiling pin-utils v0.1.1
[INFO] [stderr]    Compiling futures-task v0.3.34
[INFO] [stderr]    Compiling arrayvec v0.5.2
[INFO] [stderr]    Compiling constant_time_eq v0.1.5
[INFO] [stderr]    Compiling log v0.4.34
[INFO] [stderr]    Compiling async-lock v3.4.2
[INFO] [stderr]    Compiling quote v1.0.47
[INFO] [stderr]    Compiling futures-util v0.3.34
[INFO] [stderr]    Compiling async-lock v2.8.0
[INFO] [stderr]    Compiling kv-log-macro v1.0.7
[INFO] [stderr]    Compiling digest v0.9.0
[INFO] [stderr]    Compiling crypto-mac v0.11.1
[INFO] [stderr]    Compiling crypto-mac v0.8.0
[INFO] [stderr]    Compiling block-buffer v0.9.0
[INFO] [stderr]    Compiling syn v3.0.9
[INFO] [stderr]    Compiling hmac v0.11.0
[INFO] [stderr]    Compiling sha2 v0.9.9
[INFO] [stderr]    Compiling concurrent-queue v2.5.0
[INFO] [stderr]    Compiling async-channel v2.5.0
[INFO] [stderr]    Compiling async-channel v1.9.0
[INFO] [stderr]    Compiling async-executor v1.14.0
[INFO] [stderr]    Compiling blocking v1.7.0
[INFO] [stderr]    Compiling blake3 v0.3.8
[INFO] [stderr]    Compiling socket2 v0.6.5
[INFO] [stderr]    Compiling mio v1.2.4
[INFO] [stderr]    Compiling getrandom v0.2.17
[INFO] [stderr]    Compiling socket2 v0.4.10
[INFO] [stderr]    Compiling rand_core v0.6.4
[INFO] [stderr]    Compiling tokio v1.53.3
[INFO] [stderr]    Compiling ppv-lite86 v0.2.21
[INFO] [stderr]    Compiling synstructure v0.14.0
[INFO] [stderr]    Compiling rand_chacha v0.3.1
[INFO] [stderr]    Compiling zerofrom-derive v0.1.8
[INFO] [stderr]    Compiling yoke-derive v0.8.4
[INFO] [stderr]    Compiling zerovec-derive v0.11.6
[INFO] [stderr]    Compiling displaydoc v0.2.7
[INFO] [stderr]    Compiling serde_derive v1.0.229
[INFO] [stderr]    Compiling async-trait v0.1.92
[INFO] [stderr]    Compiling rand v0.8.8
[INFO] [stderr]    Compiling zerofrom v0.1.8
[INFO] [stderr]    Compiling yoke v0.8.3
[INFO] [stderr]    Compiling zerotrie v0.2.5
[INFO] [stderr]    Compiling zerovec v0.11.8
[INFO] [stderr]    Compiling polling v3.11.0
[INFO] [stderr]    Compiling tokio-util v0.7.20
[INFO] [stderr]    Compiling tinystr v0.8.4
[INFO] [stderr]    Compiling potential_utf v0.1.6
[INFO] [stderr]    Compiling icu_collections v2.3.0
[INFO] [stderr]    Compiling icu_locale_core v2.3.0
[INFO] [stderr]    Compiling async-global-executor v2.4.1
[INFO] [stderr]    Compiling async-std v1.13.2
[INFO] [stderr]    Compiling combine v4.6.9
[INFO] [stderr]    Compiling chrono v0.4.45
[INFO] [stderr]    Compiling bincode v1.3.3
[INFO] [stderr]    Compiling icu_provider v2.3.1
[INFO] [stderr]    Compiling icu_properties v2.3.0
[INFO] [stderr]    Compiling icu_normalizer v2.3.0
[INFO] [stderr]    Compiling async-session v3.0.0
[INFO] [stderr]    Compiling idna_adapter v1.2.2
[INFO] [stderr]    Compiling idna v1.1.0
[INFO] [stderr]    Compiling url v2.5.8
[INFO] [stderr]    Compiling redis v0.24.1
[INFO] [stderr]    Compiling async-redis-session-v2 v0.2.3 (/opt/rustwide/workdir)
[INFO] [stdout] warning: this function depends on never type fallback being `()`
[INFO] [stdout]    --> src/lib.rs:116:1
[INFO] [stdout]     |
[INFO] [stdout] 116 | #[async_trait]
[INFO] [stdout]     | ^^^^^^^^^^^^^^
[INFO] [stdout]     |
[INFO] [stdout]     = help: specify the types explicitly
[INFO] [stdout] note: in edition 2024, the requirement `!: FromRedisValue` will fail
[INFO] [stdout]    --> src/lib.rs:135:32
[INFO] [stdout]     |
[INFO] [stdout] 135 |             None => connection.set(id, string).await?,
[INFO] [stdout]     |                                ^^^
[INFO] [stdout]     = warning: this was previously accepted by the compiler but is being phased out; it will become a hard error in Rust 2024 and in a future release in all editions!
[INFO] [stdout]     = note: for more information, see <https://doc.rust-lang.org/edition-guide/rust-2024/never-type-fallback.html>
[INFO] [stdout]     = note: `#[warn(dependency_on_unit_never_type_fallback)]` (part of `#[warn(rust_2024_compatibility)]`) on by default
[INFO] [stdout] help: use `()` annotations to avoid fallback changes
[INFO] [stdout]     |
[INFO] [stdout] 135 |             None => connection.set::<_, _, ()>(id, string).await?,
[INFO] [stdout]     |                                   ++++++++++++
[INFO] [stdout] 
[INFO] [stdout] 
[INFO] [stdout] warning: this function depends on never type fallback being `()`
[INFO] [stdout]    --> src/lib.rs:116:1
[INFO] [stdout]     |
[INFO] [stdout] 116 | #[async_trait]
[INFO] [stdout]     | ^^^^^^^^^^^^^^
[INFO] [stdout]     |
[INFO] [stdout]     = help: specify the types explicitly
[INFO] [stdout] note: in edition 2024, the requirement `!: FromRedisValue` will fail
[INFO] [stdout]    --> src/lib.rs:146:20
[INFO] [stdout]     |
[INFO] [stdout] 146 |         connection.del(key).await?;
[INFO] [stdout]     |                    ^^^
[INFO] [stdout]     = warning: this was previously accepted by the compiler but is being phased out; it will become a hard error in Rust 2024 and in a future release in all editions!
[INFO] [stdout]     = note: for more information, see <https://doc.rust-lang.org/edition-guide/rust-2024/never-type-fallback.html>
[INFO] [stdout] help: use `()` annotations to avoid fallback changes
[INFO] [stdout]     |
[INFO] [stdout] 146 |         connection.del::<_, ()>(key).await?;
[INFO] [stdout]     |                       +++++++++
[INFO] [stdout] 
[INFO] [stdout] 
[INFO] [stdout] warning: this function depends on never type fallback being `()`
[INFO] [stdout]    --> src/lib.rs:116:1
[INFO] [stdout]     |
[INFO] [stdout] 116 | #[async_trait]
[INFO] [stdout]     | ^^^^^^^^^^^^^^
[INFO] [stdout]     |
[INFO] [stdout]     = help: specify the types explicitly
[INFO] [stdout] note: in edition 2024, the requirement `!: FromRedisValue` will fail
[INFO] [stdout]    --> src/lib.rs:158:28
[INFO] [stdout]     |
[INFO] [stdout] 158 |                 connection.del(ids).await?;
[INFO] [stdout]     |                            ^^^
[INFO] [stdout]     = warning: this was previously accepted by the compiler but is being phased out; it will become a hard error in Rust 2024 and in a future release in all editions!
[INFO] [stdout]     = note: for more information, see <https://doc.rust-lang.org/edition-guide/rust-2024/never-type-fallback.html>
[INFO] [stdout] help: use `()` annotations to avoid fallback changes
[INFO] [stdout]     |
[INFO] [stdout] 158 |                 connection.del::<_, ()>(ids).await?;
[INFO] [stdout]     |                               +++++++++
[INFO] [stdout] 
[INFO] [stdout] 
[INFO] [stderr]     Finished `release` profile [optimized] target(s) in 58.60s
[INFO] [stderr] warning: the following packages contain code that will be rejected by a future version of Rust: async-redis-session-v2 v0.2.3 (/opt/rustwide/workdir)
[INFO] [stderr] note: to see what the problems were, use the option `--future-incompat-report`, or run `cargo report future-incompatibilities --id 11`
[INFO] running `Command { std: "docker" "inspect" "a25757211a780abd618d78465c15b3f039af21314f6e78f7d5db5ea92c49a5f8", kill_on_drop: false }`
[INFO] running `Command { std: "docker" "exec" "-e" "SOURCE_DIR=/opt/rustwide/workdir" "-e" "CARGO_HOME=/opt/rustwide/cargo-home" "-e" "RUSTUP_HOME=/opt/rustwide/rustup-home" "-e" "CARGO_TARGET_DIR=/opt/rustwide/target" "-e" "CARGO_INCREMENTAL=0" "-e" "RUST_BACKTRACE=full" "-e" "RUSTFLAGS=--cap-lints=warn" "-e" "RUSTDOCFLAGS=--cap-lints=warn" "-w" "/opt/rustwide/workdir" "--user" "0:0" "a25757211a780abd618d78465c15b3f039af21314f6e78f7d5db5ea92c49a5f8" "/opt/rustwide/cargo-home/bin/cargo" "+1.99.0-beta.8" "test" "--frozen" "--no-run" "--message-format=json" "--release", kill_on_drop: false }`
[INFO] [stderr]    Compiling syn v1.0.109
[INFO] [stderr]    Compiling async-attributes v1.1.2
[INFO] [stderr]    Compiling async-std v1.13.2
[INFO] [stderr]    Compiling redis v0.24.1
[INFO] [stderr]    Compiling async-redis-session-v2 v0.2.3 (/opt/rustwide/workdir)
[INFO] [stdout] warning: this function depends on never type fallback being `()`
[INFO] [stdout]    --> src/lib.rs:116:1
[INFO] [stdout]     |
[INFO] [stdout] 116 | #[async_trait]
[INFO] [stdout]     | ^^^^^^^^^^^^^^
[INFO] [stdout]     |
[INFO] [stdout]     = help: specify the types explicitly
[INFO] [stdout] note: in edition 2024, the requirement `!: FromRedisValue` will fail
[INFO] [stdout]    --> src/lib.rs:135:32
[INFO] [stdout]     |
[INFO] [stdout] 135 |             None => connection.set(id, string).await?,
[INFO] [stdout]     |                                ^^^
[INFO] [stdout]     = warning: this was previously accepted by the compiler but is being phased out; it will become a hard error in Rust 2024 and in a future release in all editions!
[INFO] [stdout]     = note: for more information, see <https://doc.rust-lang.org/edition-guide/rust-2024/never-type-fallback.html>
[INFO] [stdout]     = note: `#[warn(dependency_on_unit_never_type_fallback)]` (part of `#[warn(rust_2024_compatibility)]`) on by default
[INFO] [stdout] help: use `()` annotations to avoid fallback changes
[INFO] [stdout]     |
[INFO] [stdout] 135 |             None => connection.set::<_, _, ()>(id, string).await?,
[INFO] [stdout]     |                                   ++++++++++++
[INFO] [stdout] 
[INFO] [stdout] 
[INFO] [stdout] warning: this function depends on never type fallback being `()`
[INFO] [stdout]    --> src/lib.rs:116:1
[INFO] [stdout]     |
[INFO] [stdout] 116 | #[async_trait]
[INFO] [stdout]     | ^^^^^^^^^^^^^^
[INFO] [stdout]     |
[INFO] [stdout]     = help: specify the types explicitly
[INFO] [stdout] note: in edition 2024, the requirement `!: FromRedisValue` will fail
[INFO] [stdout]    --> src/lib.rs:146:20
[INFO] [stdout]     |
[INFO] [stdout] 146 |         connection.del(key).await?;
[INFO] [stdout]     |                    ^^^
[INFO] [stdout]     = warning: this was previously accepted by the compiler but is being phased out; it will become a hard error in Rust 2024 and in a future release in all editions!
[INFO] [stdout]     = note: for more information, see <https://doc.rust-lang.org/edition-guide/rust-2024/never-type-fallback.html>
[INFO] [stdout] help: use `()` annotations to avoid fallback changes
[INFO] [stdout]     |
[INFO] [stdout] 146 |         connection.del::<_, ()>(key).await?;
[INFO] [stdout]     |                       +++++++++
[INFO] [stdout] 
[INFO] [stdout] 
[INFO] [stdout] warning: this function depends on never type fallback being `()`
[INFO] [stdout]    --> src/lib.rs:116:1
[INFO] [stdout]     |
[INFO] [stdout] 116 | #[async_trait]
[INFO] [stdout]     | ^^^^^^^^^^^^^^
[INFO] [stdout]     |
[INFO] [stdout]     = help: specify the types explicitly
[INFO] [stdout] note: in edition 2024, the requirement `!: FromRedisValue` will fail
[INFO] [stdout]    --> src/lib.rs:158:28
[INFO] [stdout]     |
[INFO] [stdout] 158 |                 connection.del(ids).await?;
[INFO] [stdout]     |                            ^^^
[INFO] [stdout]     = warning: this was previously accepted by the compiler but is being phased out; it will become a hard error in Rust 2024 and in a future release in all editions!
[INFO] [stdout]     = note: for more information, see <https://doc.rust-lang.org/edition-guide/rust-2024/never-type-fallback.html>
[INFO] [stdout] help: use `()` annotations to avoid fallback changes
[INFO] [stdout]     |
[INFO] [stdout] 158 |                 connection.del::<_, ()>(ids).await?;
[INFO] [stdout]     |                               +++++++++
[INFO] [stdout] 
[INFO] [stdout] 
[INFO] [stdout] warning: this function depends on never type fallback being `()`
[INFO] [stdout]    --> src/lib.rs:116:1
[INFO] [stdout]     |
[INFO] [stdout] 116 | #[async_trait]
[INFO] [stdout]     | ^^^^^^^^^^^^^^
[INFO] [stdout]     |
[INFO] [stdout]     = help: specify the types explicitly
[INFO] [stdout] note: in edition 2024, the requirement `!: FromRedisValue` will fail
[INFO] [stdout]    --> src/lib.rs:135:32
[INFO] [stdout]     |
[INFO] [stdout] 135 |             None => connection.set(id, string).await?,
[INFO] [stdout]     |                                ^^^
[INFO] [stdout]     = warning: this was previously accepted by the compiler but is being phased out; it will become a hard error in Rust 2024 and in a future release in all editions!
[INFO] [stdout]     = note: for more information, see <https://doc.rust-lang.org/edition-guide/rust-2024/never-type-fallback.html>
[INFO] [stdout]     = note: `#[warn(dependency_on_unit_never_type_fallback)]` (part of `#[warn(rust_2024_compatibility)]`) on by default
[INFO] [stdout] help: use `()` annotations to avoid fallback changes
[INFO] [stdout]     |
[INFO] [stdout] 135 |             None => connection.set::<_, _, ()>(id, string).await?,
[INFO] [stdout]     |                                   ++++++++++++
[INFO] [stdout] 
[INFO] [stdout] 
[INFO] [stdout] warning: this function depends on never type fallback being `()`
[INFO] [stdout]    --> src/lib.rs:116:1
[INFO] [stdout]     |
[INFO] [stdout] 116 | #[async_trait]
[INFO] [stdout]     | ^^^^^^^^^^^^^^
[INFO] [stdout]     |
[INFO] [stdout]     = help: specify the types explicitly
[INFO] [stdout] note: in edition 2024, the requirement `!: FromRedisValue` will fail
[INFO] [stdout]    --> src/lib.rs:146:20
[INFO] [stdout]     |
[INFO] [stdout] 146 |         connection.del(key).await?;
[INFO] [stdout]     |                    ^^^
[INFO] [stdout]     = warning: this was previously accepted by the compiler but is being phased out; it will become a hard error in Rust 2024 and in a future release in all editions!
[INFO] [stdout]     = note: for more information, see <https://doc.rust-lang.org/edition-guide/rust-2024/never-type-fallback.html>
[INFO] [stdout] help: use `()` annotations to avoid fallback changes
[INFO] [stdout]     |
[INFO] [stdout] 146 |         connection.del::<_, ()>(key).await?;
[INFO] [stdout]     |                       +++++++++
[INFO] [stdout] 
[INFO] [stdout] 
[INFO] [stdout] warning: this function depends on never type fallback being `()`
[INFO] [stdout]    --> src/lib.rs:116:1
[INFO] [stdout]     |
[INFO] [stdout] 116 | #[async_trait]
[INFO] [stdout]     | ^^^^^^^^^^^^^^
[INFO] [stdout]     |
[INFO] [stdout]     = help: specify the types explicitly
[INFO] [stdout] note: in edition 2024, the requirement `!: FromRedisValue` will fail
[INFO] [stdout]    --> src/lib.rs:158:28
[INFO] [stdout]     |
[INFO] [stdout] 158 |                 connection.del(ids).await?;
[INFO] [stdout]     |                            ^^^
[INFO] [stdout]     = warning: this was previously accepted by the compiler but is being phased out; it will become a hard error in Rust 2024 and in a future release in all editions!
[INFO] [stdout]     = note: for more information, see <https://doc.rust-lang.org/edition-guide/rust-2024/never-type-fallback.html>
[INFO] [stdout] help: use `()` annotations to avoid fallback changes
[INFO] [stdout]     |
[INFO] [stdout] 158 |                 connection.del::<_, ()>(ids).await?;
[INFO] [stdout]     |                               +++++++++
[INFO] [stdout] 
[INFO] [stdout] 
[INFO] [stderr]     Finished `release` profile [optimized] target(s) in 22.03s
[INFO] [stderr] warning: the following packages contain code that will be rejected by a future version of Rust: async-redis-session-v2 v0.2.3 (/opt/rustwide/workdir)
[INFO] [stderr] note: to see what the problems were, use the option `--future-incompat-report`, or run `cargo report future-incompatibilities --id 12`
[INFO] running `Command { std: "docker" "inspect" "a25757211a780abd618d78465c15b3f039af21314f6e78f7d5db5ea92c49a5f8", kill_on_drop: false }`
[INFO] running `Command { std: "docker" "exec" "-e" "SOURCE_DIR=/opt/rustwide/workdir" "-e" "CARGO_HOME=/opt/rustwide/cargo-home" "-e" "RUSTUP_HOME=/opt/rustwide/rustup-home" "-e" "CARGO_TARGET_DIR=/opt/rustwide/target" "-e" "CARGO_INCREMENTAL=0" "-e" "RUST_BACKTRACE=full" "-e" "RUSTFLAGS=--cap-lints=warn" "-e" "RUSTDOCFLAGS=--cap-lints=warn" "-w" "/opt/rustwide/workdir" "--user" "0:0" "a25757211a780abd618d78465c15b3f039af21314f6e78f7d5db5ea92c49a5f8" "/opt/rustwide/cargo-home/bin/cargo" "+1.99.0-beta.8" "test" "--frozen" "--release", kill_on_drop: false }`
[INFO] [stderr] warning: this function depends on never type fallback being `()`
[INFO] [stderr]    --> src/lib.rs:116:1
[INFO] [stderr]     |
[INFO] [stderr] 116 | #[async_trait]
[INFO] [stderr]     | ^^^^^^^^^^^^^^
[INFO] [stderr]     |
[INFO] [stderr]     = help: specify the types explicitly
[INFO] [stderr] note: in edition 2024, the requirement `!: FromRedisValue` will fail
[INFO] [stderr]    --> src/lib.rs:135:32
[INFO] [stderr]     |
[INFO] [stderr] 135 |             None => connection.set(id, string).await?,
[INFO] [stderr]     |                                ^^^
[INFO] [stderr]     = warning: this was previously accepted by the compiler but is being phased out; it will become a hard error in Rust 2024 and in a future release in all editions!
[INFO] [stderr]     = note: for more information, see <https://doc.rust-lang.org/edition-guide/rust-2024/never-type-fallback.html>
[INFO] [stderr]     = note: `#[warn(dependency_on_unit_never_type_fallback)]` (part of `#[warn(rust_2024_compatibility)]`) on by default
[INFO] [stderr] help: use `()` annotations to avoid fallback changes
[INFO] [stderr]     |
[INFO] [stderr] 135 |             None => connection.set::<_, _, ()>(id, string).await?,
[INFO] [stderr]     |                                   ++++++++++++
[INFO] [stderr] 
[INFO] [stderr] warning: this function depends on never type fallback being `()`
[INFO] [stderr]    --> src/lib.rs:116:1
[INFO] [stderr]     |
[INFO] [stderr] 116 | #[async_trait]
[INFO] [stderr]     | ^^^^^^^^^^^^^^
[INFO] [stderr]     |
[INFO] [stderr]     = help: specify the types explicitly
[INFO] [stderr] note: in edition 2024, the requirement `!: FromRedisValue` will fail
[INFO] [stderr]    --> src/lib.rs:146:20
[INFO] [stderr]     |
[INFO] [stderr] 146 |         connection.del(key).await?;
[INFO] [stderr]     |                    ^^^
[INFO] [stderr]     = warning: this was previously accepted by the compiler but is being phased out; it will become a hard error in Rust 2024 and in a future release in all editions!
[INFO] [stderr]     = note: for more information, see <https://doc.rust-lang.org/edition-guide/rust-2024/never-type-fallback.html>
[INFO] [stderr] help: use `()` annotations to avoid fallback changes
[INFO] [stderr]     |
[INFO] [stderr] 146 |         connection.del::<_, ()>(key).await?;
[INFO] [stderr]     |                       +++++++++
[INFO] [stderr] 
[INFO] [stderr] warning: this function depends on never type fallback being `()`
[INFO] [stderr]    --> src/lib.rs:116:1
[INFO] [stderr]     |
[INFO] [stderr] 116 | #[async_trait]
[INFO] [stderr]     | ^^^^^^^^^^^^^^
[INFO] [stderr]     |
[INFO] [stderr]     = help: specify the types explicitly
[INFO] [stderr] note: in edition 2024, the requirement `!: FromRedisValue` will fail
[INFO] [stderr]    --> src/lib.rs:158:28
[INFO] [stderr]     |
[INFO] [stderr] 158 |                 connection.del(ids).await?;
[INFO] [stderr]     |                            ^^^
[INFO] [stderr]     = warning: this was previously accepted by the compiler but is being phased out; it will become a hard error in Rust 2024 and in a future release in all editions!
[INFO] [stderr]     = note: for more information, see <https://doc.rust-lang.org/edition-guide/rust-2024/never-type-fallback.html>
[INFO] [stderr] help: use `()` annotations to avoid fallback changes
[INFO] [stderr]     |
[INFO] [stderr] 158 |                 connection.del::<_, ()>(ids).await?;
[INFO] [stderr]     |                               +++++++++
[INFO] [stderr] 
[INFO] [stderr] warning: `async-redis-session-v2` (lib) generated 3 warnings (run `cargo fix --lib -p async-redis-session-v2` to apply 3 suggestions)
[INFO] [stderr] warning: `async-redis-session-v2` (lib test) generated 3 warnings (3 duplicates)
[INFO] [stderr]     Finished `release` profile [optimized] target(s) in 0.15s
[INFO] [stderr] warning: the following packages contain code that will be rejected by a future version of Rust: async-redis-session-v2 v0.2.3 (/opt/rustwide/workdir)
[INFO] [stderr] note: to see what the problems were, use the option `--future-incompat-report`, or run `cargo report future-incompatibilities --id 12`
[INFO] [stderr]      Running unittests src/lib.rs (/opt/rustwide/target/release/deps/async_redis_session_v2-4357cf1736050b2a)
[INFO] [stdout] 
[INFO] [stdout] running 7 tests
[INFO] [stdout] test tests::clearing_the_whole_store ... FAILED
[INFO] [stdout] test tests::creating_a_new_session_with_no_expiry ... FAILED
[INFO] [stdout] test tests::creating_a_new_session_with_expiry ... FAILED
[INFO] [stdout] test tests::prefixes ... FAILED
[INFO] [stdout] test tests::destroying_a_single_session ... FAILED
[INFO] [stdout] test tests::updating_a_session ... FAILED
[INFO] [stdout] test tests::updating_a_session_extending_expiry ... FAILED
[INFO] [stdout] 
[INFO] [stdout] failures:
[INFO] [stdout] 
[INFO] [stdout] ---- tests::clearing_the_whole_store stdout ----
[INFO] [stdout] 
[INFO] [stdout] thread 'tests::clearing_the_whole_store' (1887) panicked at src/lib.rs:173:35:
[INFO] [stdout] called `Result::unwrap()` on an `Err` value: Connection refused (os error 111)
[INFO] [stdout] 
[INFO] [stdout] Stack backtrace:
[INFO] [stdout]    0: <anyhow::Error as core::convert::From<redis::types::RedisError>>::from
[INFO] [stdout]    1: <async_redis_session_v2::RedisSessionStore as async_session::session_store::SessionStore>::clear_store::{closure#0}
[INFO] [stdout]    2: async_redis_session_v2::tests::test_store::{closure#0}
[INFO] [stdout]    3: <std::thread::local::LocalKey<core::cell::Cell<*const async_std::task::task_locals_wrapper::TaskLocalsWrapper>>>::with::<<async_std::task::task_locals_wrapper::TaskLocalsWrapper>::set_current<<async_std::task::builder::SupportTaskLocals<async_redis_session_v2::tests::clearing_the_whole_store::{closure#0}> as core::future::future::Future>::poll::{closure#0}, core::task::poll::Poll<core::result::Result<(), anyhow::Error>>>::{closure#0}, core::task::poll::Poll<core::result::Result<(), anyhow::Error>>>
[INFO] [stdout]    4: <futures_lite::future::Or<async_std::task::builder::SupportTaskLocals<async_redis_session_v2::tests::clearing_the_whole_store::{closure#0}>, <async_executor::State>::run<core::result::Result<(), anyhow::Error>, async_std::task::builder::SupportTaskLocals<async_redis_session_v2::tests::clearing_the_whole_store::{closure#0}>>::{closure#0}::{closure#0}> as core::future::future::Future>::poll
[INFO] [stdout]    5: <std::thread::local::LocalKey<core::cell::RefCell<(parking::Parker, core::task::wake::Waker, alloc::sync::Arc<core::sync::atomic::Atomic<bool>>)>>>::with::<async_io::driver::block_on<core::result::Result<(), anyhow::Error>, <async_executor::LocalExecutor>::run<core::result::Result<(), anyhow::Error>, async_std::task::builder::SupportTaskLocals<async_redis_session_v2::tests::clearing_the_whole_store::{closure#0}>>::{closure#0}>::{closure#1}, core::result::Result<(), anyhow::Error>>
[INFO] [stdout]    6: <std::thread::local::LocalKey<core::cell::Cell<usize>>>::with::<<async_std::task::builder::Builder>::blocking<async_redis_session_v2::tests::clearing_the_whole_store::{closure#0}, core::result::Result<(), anyhow::Error>>::{closure#0}, core::result::Result<(), anyhow::Error>>
[INFO] [stdout]    7: <async_std::task::builder::Builder>::blocking::<async_redis_session_v2::tests::clearing_the_whole_store::{closure#0}, core::result::Result<(), anyhow::Error>>
[INFO] [stdout]    8: <async_redis_session_v2::tests::clearing_the_whole_store::{closure#0} as core::ops::function::FnOnce<()>>::call_once
[INFO] [stdout]    9: test::__rust_begin_short_backtrace::<core::result::Result<(), alloc::string::String>, fn() -> core::result::Result<(), alloc::string::String>>
[INFO] [stdout]   10: test::run_test::{closure#0}
[INFO] [stdout]   11: std::sys::backtrace::__rust_begin_short_backtrace::<test::run_test::{closure#1}, ()>
[INFO] [stdout]   12: <std::thread::lifecycle::spawn_unchecked<test::run_test::{closure#1}, ()>::{closure#1} as core::ops::function::FnOnce<()>>::call_once::{shim:vtable#0}
[INFO] [stdout]   13: <std::sys::thread::unix::Thread>::new::thread_start
[INFO] [stdout]   14: <unknown>
[INFO] [stdout]   15: clone
[INFO] [stdout] stack backtrace:
[INFO] [stdout]    0:     0x584fd68d2a91 - <<std[70759c8f55707aa4]::sys::backtrace::BacktraceLock>::print::DisplayBacktrace as core[df12db4294e9bfd3]::fmt::Display>::fmt
[INFO] [stdout]    1:     0x584fd68e89aa - core[df12db4294e9bfd3]::fmt::write
[INFO] [stdout]    2:     0x584fd68d78cc - <alloc[2182bb758b4b3781]::vec::Vec<u8> as core[df12db4294e9bfd3]::io::write::Write>::write_fmt
[INFO] [stdout]    3:     0x584fd68adbf6 - std[70759c8f55707aa4]::panicking::default_hook::{closure#0}
[INFO] [stdout]    4:     0x584fd68caa39 - std[70759c8f55707aa4]::panicking::default_hook
[INFO] [stdout]    5:     0x584fd67fca30 - test[9d35eded1c95d3be]::test_main_inner::<test[9d35eded1c95d3be]::test_main_static::{closure#0}>::{closure#0}
[INFO] [stdout]    6:     0x584fd68cad62 - std[70759c8f55707aa4]::panicking::panic_with_hook
[INFO] [stdout]    7:     0x584fd68adca2 - std[70759c8f55707aa4]::panicking::panic_handler::{closure#0}
[INFO] [stdout]    8:     0x584fd68a63b9 - std[70759c8f55707aa4]::sys::backtrace::__rust_end_short_backtrace::<std[70759c8f55707aa4]::panicking::panic_handler::{closure#0}, !>
[INFO] [stdout]    9:     0x584fd68aeb9d - __rustc[8fa7c3cbc660c2b3]::rust_begin_unwind
[INFO] [stdout]   10:     0x584fd68e90dc - core[df12db4294e9bfd3]::panicking::panic_fmt
[INFO] [stdout]   11:     0x584fd68e8eb2 - core[df12db4294e9bfd3]::result::unwrap_failed
[INFO] [stdout]   12:     0x584fd67c3156 - async_redis_session_v2[50d33455136ff78]::tests::test_store::{closure#0}
[INFO] [stdout]   13:     0x584fd67ae3c9 - <std[70759c8f55707aa4]::thread::local::LocalKey<core[df12db4294e9bfd3]::cell::Cell<*const async_std[d7e4062a351e1a25]::task::task_locals_wrapper::TaskLocalsWrapper>>>::with::<<async_std[d7e4062a351e1a25]::task::task_locals_wrapper::TaskLocalsWrapper>::set_current<<async_std[d7e4062a351e1a25]::task::builder::SupportTaskLocals<async_redis_session_v2[50d33455136ff78]::tests::clearing_the_whole_store::{closure#0}> as core[df12db4294e9bfd3]::future::future::Future>::poll::{closure#0}, core[df12db4294e9bfd3]::task::poll::Poll<core[df12db4294e9bfd3]::result::Result<(), anyhow[8c366fa371e7d33d]::Error>>>::{closure#0}, core[df12db4294e9bfd3]::task::poll::Poll<core[df12db4294e9bfd3]::result::Result<(), anyhow[8c366fa371e7d33d]::Error>>>
[INFO] [stdout]   14:     0x584fd67d5e9c - <futures_lite[ab3b2cbb366dbff1]::future::Or<async_std[d7e4062a351e1a25]::task::builder::SupportTaskLocals<async_redis_session_v2[50d33455136ff78]::tests::clearing_the_whole_store::{closure#0}>, <async_executor[54412152318b98eb]::State>::run<core[df12db4294e9bfd3]::result::Result<(), anyhow[8c366fa371e7d33d]::Error>, async_std[d7e4062a351e1a25]::task::builder::SupportTaskLocals<async_redis_session_v2[50d33455136ff78]::tests::clearing_the_whole_store::{closure#0}>>::{closure#0}::{closure#0}> as core[df12db4294e9bfd3]::future::future::Future>::poll
[INFO] [stdout]   15:     0x584fd67b6a67 - <std[70759c8f55707aa4]::thread::local::LocalKey<core[df12db4294e9bfd3]::cell::RefCell<(parking[bb0b0b8fa49f1c1a]::Parker, core[df12db4294e9bfd3]::task::wake::Waker, alloc[2182bb758b4b3781]::sync::Arc<core[df12db4294e9bfd3]::sync::atomic::Atomic<bool>>)>>>::with::<async_io[b58e030392ec6aab]::driver::block_on<core[df12db4294e9bfd3]::result::Result<(), anyhow[8c366fa371e7d33d]::Error>, <async_executor[54412152318b98eb]::LocalExecutor>::run<core[df12db4294e9bfd3]::result::Result<(), anyhow[8c366fa371e7d33d]::Error>, async_std[d7e4062a351e1a25]::task::builder::SupportTaskLocals<async_redis_session_v2[50d33455136ff78]::tests::clearing_the_whole_store::{closure#0}>>::{closure#0}>::{closure#1}, core[df12db4294e9bfd3]::result::Result<(), anyhow[8c366fa371e7d33d]::Error>>
[INFO] [stdout]   16:     0x584fd67b4349 - <std[70759c8f55707aa4]::thread::local::LocalKey<core[df12db4294e9bfd3]::cell::Cell<usize>>>::with::<<async_std[d7e4062a351e1a25]::task::builder::Builder>::blocking<async_redis_session_v2[50d33455136ff78]::tests::clearing_the_whole_store::{closure#0}, core[df12db4294e9bfd3]::result::Result<(), anyhow[8c366fa371e7d33d]::Error>>::{closure#0}, core[df12db4294e9bfd3]::result::Result<(), anyhow[8c366fa371e7d33d]::Error>>
[INFO] [stdout]   17:     0x584fd67d69eb - <async_std[d7e4062a351e1a25]::task::builder::Builder>::blocking::<async_redis_session_v2[50d33455136ff78]::tests::clearing_the_whole_store::{closure#0}, core[df12db4294e9bfd3]::result::Result<(), anyhow[8c366fa371e7d33d]::Error>>
[INFO] [stdout]   18:     0x584fd67cb8ed - <async_redis_session_v2[50d33455136ff78]::tests::clearing_the_whole_store::{closure#0} as core[df12db4294e9bfd3]::ops::function::FnOnce<()>>::call_once
[INFO] [stdout]   19:     0x584fd67efd1b - test[9d35eded1c95d3be]::__rust_begin_short_backtrace::<core[df12db4294e9bfd3]::result::Result<(), alloc[2182bb758b4b3781]::string::String>, fn() -> core[df12db4294e9bfd3]::result::Result<(), alloc[2182bb758b4b3781]::string::String>>
[INFO] [stdout]   20:     0x584fd67fd385 - test[9d35eded1c95d3be]::run_test::{closure#0}
[INFO] [stdout]   21:     0x584fd67f6c44 - std[70759c8f55707aa4]::sys::backtrace::__rust_begin_short_backtrace::<test[9d35eded1c95d3be]::run_test::{closure#1}, ()>
[INFO] [stdout]   22:     0x584fd68004e2 - <std[70759c8f55707aa4]::thread::lifecycle::spawn_unchecked<test[9d35eded1c95d3be]::run_test::{closure#1}, ()>::{closure#1} as core[df12db4294e9bfd3]::ops::function::FnOnce<()>>::call_once::{shim:vtable#0}
[INFO] [stdout]   23:     0x584fd68d1fb9 - <std[70759c8f55707aa4]::sys::thread::unix::Thread>::new::thread_start
[INFO] [stdout]   24:     0x7f36e45acdfa - <unknown>
[INFO] [stdout]   25:     0x7f36e46403d4 - clone
[INFO] [stdout]   26:                0x0 - <unknown>
[INFO] [stdout] 
[INFO] [stdout] ---- tests::creating_a_new_session_with_no_expiry stdout ----
[INFO] [stdout] 
[INFO] [stdout] thread 'tests::creating_a_new_session_with_no_expiry' (1889) panicked at src/lib.rs:173:35:
[INFO] [stdout] called `Result::unwrap()` on an `Err` value: Connection refused (os error 111)
[INFO] [stdout] 
[INFO] [stdout] Stack backtrace:
[INFO] [stdout]    0: <anyhow::Error as core::convert::From<redis::types::RedisError>>::from
[INFO] [stdout]    1: <async_redis_session_v2::RedisSessionStore as async_session::session_store::SessionStore>::clear_store::{closure#0}
[INFO] [stdout]    2: async_redis_session_v2::tests::test_store::{closure#0}
[INFO] [stdout]    3: <std::thread::local::LocalKey<core::cell::Cell<*const async_std::task::task_locals_wrapper::TaskLocalsWrapper>>>::with::<<async_std::task::task_locals_wrapper::TaskLocalsWrapper>::set_current<<async_std::task::builder::SupportTaskLocals<async_redis_session_v2::tests::creating_a_new_session_with_no_expiry::{closure#0}> as core::future::future::Future>::poll::{closure#0}, core::task::poll::Poll<core::result::Result<(), anyhow::Error>>>::{closure#0}, core::task::poll::Poll<core::result::Result<(), anyhow::Error>>>
[INFO] [stdout]    4: <futures_lite::future::Or<async_std::task::builder::SupportTaskLocals<async_redis_session_v2::tests::creating_a_new_session_with_no_expiry::{closure#0}>, <async_executor::State>::run<core::result::Result<(), anyhow::Error>, async_std::task::builder::SupportTaskLocals<async_redis_session_v2::tests::creating_a_new_session_with_no_expiry::{closure#0}>>::{closure#0}::{closure#0}> as core::future::future::Future>::poll
[INFO] [stdout]    5: <std::thread::local::LocalKey<core::cell::RefCell<(parking::Parker, core::task::wake::Waker, alloc::sync::Arc<core::sync::atomic::Atomic<bool>>)>>>::with::<async_io::driver::block_on<core::result::Result<(), anyhow::Error>, <async_executor::LocalExecutor>::run<core::result::Result<(), anyhow::Error>, async_std::task::builder::SupportTaskLocals<async_redis_session_v2::tests::creating_a_new_session_with_no_expiry::{closure#0}>>::{closure#0}>::{closure#1}, core::result::Result<(), anyhow::Error>>
[INFO] [stdout]    6: <std::thread::local::LocalKey<core::cell::Cell<usize>>>::with::<<async_std::task::builder::Builder>::blocking<async_redis_session_v2::tests::creating_a_new_session_with_no_expiry::{closure#0}, core::result::Result<(), anyhow::Error>>::{closure#0}, core::result::Result<(), anyhow::Error>>
[INFO] [stdout]    7: <async_std::task::builder::Builder>::blocking::<async_redis_session_v2::tests::creating_a_new_session_with_no_expiry::{closure#0}, core::result::Result<(), anyhow::Error>>
[INFO] [stdout]    8: <async_redis_session_v2::tests::creating_a_new_session_with_no_expiry::{closure#0} as core::ops::function::FnOnce<()>>::call_once
[INFO] [stdout]    9: test::__rust_begin_short_backtrace::<core::result::Result<(), alloc::string::String>, fn() -> core::result::Result<(), alloc::string::String>>
[INFO] [stdout]   10: test::run_test::{closure#0}
[INFO] [stdout]   11: std::sys::backtrace::__rust_begin_short_backtrace::<test::run_test::{closure#1}, ()>
[INFO] [stdout]   12: <std::thread::lifecycle::spawn_unchecked<test::run_test::{closure#1}, ()>::{closure#1} as core::ops::function::FnOnce<()>>::call_once::{shim:vtable#0}
[INFO] [stdout]   13: <std::sys::thread::unix::Thread>::new::thread_start
[INFO] [stdout]   14: <unknown>
[INFO] [stdout]   15: clone
[INFO] [stdout] stack backtrace:
[INFO] [stdout]    0:     0x584fd68d2a91 - <<std[70759c8f55707aa4]::sys::backtrace::BacktraceLock>::print::DisplayBacktrace as core[df12db4294e9bfd3]::fmt::Display>::fmt
[INFO] [stdout]    1:     0x584fd68e89aa - core[df12db4294e9bfd3]::fmt::write
[INFO] [stdout]    2:     0x584fd68d78cc - <alloc[2182bb758b4b3781]::vec::Vec<u8> as core[df12db4294e9bfd3]::io::write::Write>::write_fmt
[INFO] [stdout]    3:     0x584fd68adbf6 - std[70759c8f55707aa4]::panicking::default_hook::{closure#0}
[INFO] [stdout]    4:     0x584fd68caa39 - std[70759c8f55707aa4]::panicking::default_hook
[INFO] [stdout]    5:     0x584fd67fca30 - test[9d35eded1c95d3be]::test_main_inner::<test[9d35eded1c95d3be]::test_main_static::{closure#0}>::{closure#0}
[INFO] [stdout]    6:     0x584fd68cad62 - std[70759c8f55707aa4]::panicking::panic_with_hook
[INFO] [stdout]    7:     0x584fd68adca2 - std[70759c8f55707aa4]::panicking::panic_handler::{closure#0}
[INFO] [stdout]    8:     0x584fd68a63b9 - std[70759c8f55707aa4]::sys::backtrace::__rust_end_short_backtrace::<std[70759c8f55707aa4]::panicking::panic_handler::{closure#0}, !>
[INFO] [stdout]    9:     0x584fd68aeb9d - __rustc[8fa7c3cbc660c2b3]::rust_begin_unwind
[INFO] [stdout]   10:     0x584fd68e90dc - core[df12db4294e9bfd3]::panicking::panic_fmt
[INFO] [stdout]   11:     0x584fd68e8eb2 - core[df12db4294e9bfd3]::result::unwrap_failed
[INFO] [stdout]   12:     0x584fd67c3156 - async_redis_session_v2[50d33455136ff78]::tests::test_store::{closure#0}
[INFO] [stdout]   13:     0x584fd67b1b32 - <std[70759c8f55707aa4]::thread::local::LocalKey<core[df12db4294e9bfd3]::cell::Cell<*const async_std[d7e4062a351e1a25]::task::task_locals_wrapper::TaskLocalsWrapper>>>::with::<<async_std[d7e4062a351e1a25]::task::task_locals_wrapper::TaskLocalsWrapper>::set_current<<async_std[d7e4062a351e1a25]::task::builder::SupportTaskLocals<async_redis_session_v2[50d33455136ff78]::tests::creating_a_new_session_with_no_expiry::{closure#0}> as core[df12db4294e9bfd3]::future::future::Future>::poll::{closure#0}, core[df12db4294e9bfd3]::task::poll::Poll<core[df12db4294e9bfd3]::result::Result<(), anyhow[8c366fa371e7d33d]::Error>>>::{closure#0}, core[df12db4294e9bfd3]::task::poll::Poll<core[df12db4294e9bfd3]::result::Result<(), anyhow[8c366fa371e7d33d]::Error>>>
[INFO] [stdout]   14:     0x584fd67d635c - <futures_lite[ab3b2cbb366dbff1]::future::Or<async_std[d7e4062a351e1a25]::task::builder::SupportTaskLocals<async_redis_session_v2[50d33455136ff78]::tests::creating_a_new_session_with_no_expiry::{closure#0}>, <async_executor[54412152318b98eb]::State>::run<core[df12db4294e9bfd3]::result::Result<(), anyhow[8c366fa371e7d33d]::Error>, async_std[d7e4062a351e1a25]::task::builder::SupportTaskLocals<async_redis_session_v2[50d33455136ff78]::tests::creating_a_new_session_with_no_expiry::{closure#0}>>::{closure#0}::{closure#0}> as core[df12db4294e9bfd3]::future::future::Future>::poll
[INFO] [stdout]   15:     0x584fd67b96f8 - <std[70759c8f55707aa4]::thread::local::LocalKey<core[df12db4294e9bfd3]::cell::RefCell<(parking[bb0b0b8fa49f1c1a]::Parker, core[df12db4294e9bfd3]::task::wake::Waker, alloc[2182bb758b4b3781]::sync::Arc<core[df12db4294e9bfd3]::sync::atomic::Atomic<bool>>)>>>::with::<async_io[b58e030392ec6aab]::driver::block_on<core[df12db4294e9bfd3]::result::Result<(), anyhow[8c366fa371e7d33d]::Error>, <async_executor[54412152318b98eb]::LocalExecutor>::run<core[df12db4294e9bfd3]::result::Result<(), anyhow[8c366fa371e7d33d]::Error>, async_std[d7e4062a351e1a25]::task::builder::SupportTaskLocals<async_redis_session_v2[50d33455136ff78]::tests::creating_a_new_session_with_no_expiry::{closure#0}>>::{closure#0}>::{closure#1}, core[df12db4294e9bfd3]::result::Result<(), anyhow[8c366fa371e7d33d]::Error>>
[INFO] [stdout]   16:     0x584fd67b4dda - <std[70759c8f55707aa4]::thread::local::LocalKey<core[df12db4294e9bfd3]::cell::Cell<usize>>>::with::<<async_std[d7e4062a351e1a25]::task::builder::Builder>::blocking<async_redis_session_v2[50d33455136ff78]::tests::creating_a_new_session_with_no_expiry::{closure#0}, core[df12db4294e9bfd3]::result::Result<(), anyhow[8c366fa371e7d33d]::Error>>::{closure#0}, core[df12db4294e9bfd3]::result::Result<(), anyhow[8c366fa371e7d33d]::Error>>
[INFO] [stdout]   17:     0x584fd67d73eb - <async_std[d7e4062a351e1a25]::task::builder::Builder>::blocking::<async_redis_session_v2[50d33455136ff78]::tests::creating_a_new_session_with_no_expiry::{closure#0}, core[df12db4294e9bfd3]::result::Result<(), anyhow[8c366fa371e7d33d]::Error>>
[INFO] [stdout]   18:     0x584fd67cbc2d - <async_redis_session_v2[50d33455136ff78]::tests::creating_a_new_session_with_no_expiry::{closure#0} as core[df12db4294e9bfd3]::ops::function::FnOnce<()>>::call_once
[INFO] [stdout]   19:     0x584fd67efd1b - test[9d35eded1c95d3be]::__rust_begin_short_backtrace::<core[df12db4294e9bfd3]::result::Result<(), alloc[2182bb758b4b3781]::string::String>, fn() -> core[df12db4294e9bfd3]::result::Result<(), alloc[2182bb758b4b3781]::string::String>>
[INFO] [stdout]   20:     0x584fd67fd385 - test[9d35eded1c95d3be]::run_test::{closure#0}
[INFO] [stdout]   21:     0x584fd67f6c44 - std[70759c8f55707aa4]::sys::backtrace::__rust_begin_short_backtrace::<test[9d35eded1c95d3be]::run_test::{closure#1}, ()>
[INFO] [stdout]   22:     0x584fd68004e2 - <std[70759c8f55707aa4]::thread::lifecycle::spawn_unchecked<test[9d35eded1c95d3be]::run_test::{closure#1}, ()>::{closure#1} as core[df12db4294e9bfd3]::ops::function::FnOnce<()>>::call_once::{shim:vtable#0}
[INFO] [stdout]   23:     0x584fd68d1fb9 - <std[70759c8f55707aa4]::sys::thread::unix::Thread>::new::thread_start
[INFO] [stdout]   24:     0x7f36e45acdfa - <unknown>
[INFO] [stdout]   25:     0x7f36e46403d4 - clone
[INFO] [stdout]   26:                0x0 - <unknown>
[INFO] [stdout] 
[INFO] [stdout] ---- tests::creating_a_new_session_with_expiry stdout ----
[INFO] [stdout] 
[INFO] [stdout] thread 'tests::creating_a_new_session_with_expiry' (1888) panicked at src/lib.rs:173:35:
[INFO] [stdout] called `Result::unwrap()` on an `Err` value: Connection refused (os error 111)
[INFO] [stdout] 
[INFO] [stdout] Stack backtrace:
[INFO] [stdout]    0: <anyhow::Error as core::convert::From<redis::types::RedisError>>::from
[INFO] [stdout]    1: <async_redis_session_v2::RedisSessionStore as async_session::session_store::SessionStore>::clear_store::{closure#0}
[INFO] [stdout]    2: async_redis_session_v2::tests::test_store::{closure#0}
[INFO] [stdout]    3: <std::thread::local::LocalKey<core::cell::Cell<*const async_std::task::task_locals_wrapper::TaskLocalsWrapper>>>::with::<<async_std::task::task_locals_wrapper::TaskLocalsWrapper>::set_current<<async_std::task::builder::SupportTaskLocals<async_redis_session_v2::tests::creating_a_new_session_with_expiry::{closure#0}> as core::future::future::Future>::poll::{closure#0}, core::task::poll::Poll<core::result::Result<(), anyhow::Error>>>::{closure#0}, core::task::poll::Poll<core::result::Result<(), anyhow::Error>>>
[INFO] [stdout]    4: <futures_lite::future::Or<async_std::task::builder::SupportTaskLocals<async_redis_session_v2::tests::creating_a_new_session_with_expiry::{closure#0}>, <async_executor::State>::run<core::result::Result<(), anyhow::Error>, async_std::task::builder::SupportTaskLocals<async_redis_session_v2::tests::creating_a_new_session_with_expiry::{closure#0}>>::{closure#0}::{closure#0}> as core::future::future::Future>::poll
[INFO] [stdout]    5: <std::thread::local::LocalKey<core::cell::RefCell<(parking::Parker, core::task::wake::Waker, alloc::sync::Arc<core::sync::atomic::Atomic<bool>>)>>>::with::<async_io::driver::block_on<core::result::Result<(), anyhow::Error>, <async_executor::LocalExecutor>::run<core::result::Result<(), anyhow::Error>, async_std::task::builder::SupportTaskLocals<async_redis_session_v2::tests::creating_a_new_session_with_expiry::{closure#0}>>::{closure#0}>::{closure#1}, core::result::Result<(), anyhow::Error>>
[INFO] [stdout]    6: <std::thread::local::LocalKey<core::cell::Cell<usize>>>::with::<<async_std::task::builder::Builder>::blocking<async_redis_session_v2::tests::creating_a_new_session_with_expiry::{closure#0}, core::result::Result<(), anyhow::Error>>::{closure#0}, core::result::Result<(), anyhow::Error>>
[INFO] [stdout]    7: <async_std::task::builder::Builder>::blocking::<async_redis_session_v2::tests::creating_a_new_session_with_expiry::{closure#0}, core::result::Result<(), anyhow::Error>>
[INFO] [stdout]    8: <async_redis_session_v2::tests::creating_a_new_session_with_expiry::{closure#0} as core::ops::function::FnOnce<()>>::call_once
[INFO] [stdout]    9: test::__rust_begin_short_backtrace::<core::result::Result<(), alloc::string::String>, fn() -> core::result::Result<(), alloc::string::String>>
[INFO] [stdout]   10: test::run_test::{closure#0}
[INFO] [stdout]   11: std::sys::backtrace::__rust_begin_short_backtrace::<test::run_test::{closure#1}, ()>
[INFO] [stdout]   12: <std::thread::lifecycle::spawn_unchecked<test::run_test::{closure#1}, ()>::{closure#1} as core::ops::function::FnOnce<()>>::call_once::{shim:vtable#0}
[INFO] [stdout]   13: <std::sys::thread::unix::Thread>::new::thread_start
[INFO] [stdout]   14: <unknown>
[INFO] [stdout]   15: clone
[INFO] [stdout] stack backtrace:
[INFO] [stdout]    0:     0x584fd68d2a91 - <<std[70759c8f55707aa4]::sys::backtrace::BacktraceLock>::print::DisplayBacktrace as core[df12db4294e9bfd3]::fmt::Display>::fmt
[INFO] [stdout]    1:     0x584fd68e89aa - core[df12db4294e9bfd3]::fmt::write
[INFO] [stdout]    2:     0x584fd68d78cc - <alloc[2182bb758b4b3781]::vec::Vec<u8> as core[df12db4294e9bfd3]::io::write::Write>::write_fmt
[INFO] [stdout]    3:     0x584fd68adbf6 - std[70759c8f55707aa4]::panicking::default_hook::{closure#0}
[INFO] [stdout]    4:     0x584fd68caa39 - std[70759c8f55707aa4]::panicking::default_hook
[INFO] [stdout]    5:     0x584fd67fca30 - test[9d35eded1c95d3be]::test_main_inner::<test[9d35eded1c95d3be]::test_main_static::{closure#0}>::{closure#0}
[INFO] [stdout]    6:     0x584fd68cad62 - std[70759c8f55707aa4]::panicking::panic_with_hook
[INFO] [stdout]    7:     0x584fd68adca2 - std[70759c8f55707aa4]::panicking::panic_handler::{closure#0}
[INFO] [stdout]    8:     0x584fd68a63b9 - std[70759c8f55707aa4]::sys::backtrace::__rust_end_short_backtrace::<std[70759c8f55707aa4]::panicking::panic_handler::{closure#0}, !>
[INFO] [stdout]    9:     0x584fd68aeb9d - __rustc[8fa7c3cbc660c2b3]::rust_begin_unwind
[INFO] [stdout]   10:     0x584fd68e90dc - core[df12db4294e9bfd3]::panicking::panic_fmt
[INFO] [stdout]   11:     0x584fd68e8eb2 - core[df12db4294e9bfd3]::result::unwrap_failed
[INFO] [stdout]   12:     0x584fd67c3156 - async_redis_session_v2[50d33455136ff78]::tests::test_store::{closure#0}
[INFO] [stdout]   13:     0x584fd67afb78 - <std[70759c8f55707aa4]::thread::local::LocalKey<core[df12db4294e9bfd3]::cell::Cell<*const async_std[d7e4062a351e1a25]::task::task_locals_wrapper::TaskLocalsWrapper>>>::with::<<async_std[d7e4062a351e1a25]::task::task_locals_wrapper::TaskLocalsWrapper>::set_current<<async_std[d7e4062a351e1a25]::task::builder::SupportTaskLocals<async_redis_session_v2[50d33455136ff78]::tests::creating_a_new_session_with_expiry::{closure#0}> as core[df12db4294e9bfd3]::future::future::Future>::poll::{closure#0}, core[df12db4294e9bfd3]::task::poll::Poll<core[df12db4294e9bfd3]::result::Result<(), anyhow[8c366fa371e7d33d]::Error>>>::{closure#0}, core[df12db4294e9bfd3]::task::poll::Poll<core[df12db4294e9bfd3]::result::Result<(), anyhow[8c366fa371e7d33d]::Error>>>
[INFO] [stdout]   14:     0x584fd67d60ce - <futures_lite[ab3b2cbb366dbff1]::future::Or<async_std[d7e4062a351e1a25]::task::builder::SupportTaskLocals<async_redis_session_v2[50d33455136ff78]::tests::creating_a_new_session_with_expiry::{closure#0}>, <async_executor[54412152318b98eb]::State>::run<core[df12db4294e9bfd3]::result::Result<(), anyhow[8c366fa371e7d33d]::Error>, async_std[d7e4062a351e1a25]::task::builder::SupportTaskLocals<async_redis_session_v2[50d33455136ff78]::tests::creating_a_new_session_with_expiry::{closure#0}>>::{closure#0}::{closure#0}> as core[df12db4294e9bfd3]::future::future::Future>::poll
[INFO] [stdout]   15:     0x584fd67b80a3 - <std[70759c8f55707aa4]::thread::local::LocalKey<core[df12db4294e9bfd3]::cell::RefCell<(parking[bb0b0b8fa49f1c1a]::Parker, core[df12db4294e9bfd3]::task::wake::Waker, alloc[2182bb758b4b3781]::sync::Arc<core[df12db4294e9bfd3]::sync::atomic::Atomic<bool>>)>>>::with::<async_io[b58e030392ec6aab]::driver::block_on<core[df12db4294e9bfd3]::result::Result<(), anyhow[8c366fa371e7d33d]::Error>, <async_executor[54412152318b98eb]::LocalExecutor>::run<core[df12db4294e9bfd3]::result::Result<(), anyhow[8c366fa371e7d33d]::Error>, async_std[d7e4062a351e1a25]::task::builder::SupportTaskLocals<async_redis_session_v2[50d33455136ff78]::tests::creating_a_new_session_with_expiry::{closure#0}>>::{closure#0}>::{closure#1}, core[df12db4294e9bfd3]::result::Result<(), anyhow[8c366fa371e7d33d]::Error>>
[INFO] [stdout]   16:     0x584fd67b4899 - <std[70759c8f55707aa4]::thread::local::LocalKey<core[df12db4294e9bfd3]::cell::Cell<usize>>>::with::<<async_std[d7e4062a351e1a25]::task::builder::Builder>::blocking<async_redis_session_v2[50d33455136ff78]::tests::creating_a_new_session_with_expiry::{closure#0}, core[df12db4294e9bfd3]::result::Result<(), anyhow[8c366fa371e7d33d]::Error>>::{closure#0}, core[df12db4294e9bfd3]::result::Result<(), anyhow[8c366fa371e7d33d]::Error>>
[INFO] [stdout]   17:     0x584fd67d6eeb - <async_std[d7e4062a351e1a25]::task::builder::Builder>::blocking::<async_redis_session_v2[50d33455136ff78]::tests::creating_a_new_session_with_expiry::{closure#0}, core[df12db4294e9bfd3]::result::Result<(), anyhow[8c366fa371e7d33d]::Error>>
[INFO] [stdout]   18:     0x584fd67cba90 - <async_redis_session_v2[50d33455136ff78]::tests::creating_a_new_session_with_expiry::{closure#0} as core[df12db4294e9bfd3]::ops::function::FnOnce<()>>::call_once
[INFO] [stdout]   19:     0x584fd67efd1b - test[9d35eded1c95d3be]::__rust_begin_short_backtrace::<core[df12db4294e9bfd3]::result::Result<(), alloc[2182bb758b4b3781]::string::String>, fn() -> core[df12db4294e9bfd3]::result::Result<(), alloc[2182bb758b4b3781]::string::String>>
[INFO] [stdout]   20:     0x584fd67fd385 - test[9d35eded1c95d3be]::run_test::{closure#0}
[INFO] [stdout]   21:     0x584fd67f6c44 - std[70759c8f55707aa4]::sys::backtrace::__rust_begin_short_backtrace::<test[9d35eded1c95d3be]::run_test::{closure#1}, ()>
[INFO] [stdout]   22:     0x584fd68004e2 - <std[70759c8f55707aa4]::thread::lifecycle::spawn_unchecked<test[9d35eded1c95d3be]::run_test::{closure#1}, ()>::{closure#1} as core[df12db4294e9bfd3]::ops::function::FnOnce<()>>::call_once::{shim:vtable#0}
[INFO] [stdout]   23:     0x584fd68d1fb9 - <std[70759c8f55707aa4]::sys::thread::unix::Thread>::new::thread_start
[INFO] [stdout]   24:     0x7f36e45acdfa - <unknown>
[INFO] [stdout]   25:     0x7f36e46403d4 - clone
[INFO] [stdout]   26:                0x0 - <unknown>
[INFO] [stdout] 
[INFO] [stdout] ---- tests::prefixes stdout ----
[INFO] [stdout] 
[INFO] [stdout] thread 'tests::prefixes' (1891) panicked at src/lib.rs:173:35:
[INFO] [stdout] called `Result::unwrap()` on an `Err` value: Connection refused (os error 111)
[INFO] [stdout] 
[INFO] [stdout] Stack backtrace:
[INFO] [stdout]    0: <anyhow::Error as core::convert::From<redis::types::RedisError>>::from
[INFO] [stdout]    1: <async_redis_session_v2::RedisSessionStore as async_session::session_store::SessionStore>::clear_store::{closure#0}
[INFO] [stdout]    2: async_redis_session_v2::tests::test_store::{closure#0}
[INFO] [stdout]    3: <std::thread::local::LocalKey<core::cell::Cell<*const async_std::task::task_locals_wrapper::TaskLocalsWrapper>>>::with::<<async_std::task::task_locals_wrapper::TaskLocalsWrapper>::set_current<<async_std::task::builder::SupportTaskLocals<async_redis_session_v2::tests::prefixes::{closure#0}> as core::future::future::Future>::poll::{closure#0}, core::task::poll::Poll<core::result::Result<(), anyhow::Error>>>::{closure#0}, core::task::poll::Poll<core::result::Result<(), anyhow::Error>>>
[INFO] [stdout]    4: <futures_lite::future::Or<async_std::task::builder::SupportTaskLocals<async_redis_session_v2::tests::prefixes::{closure#0}>, <async_executor::State>::run<core::result::Result<(), anyhow::Error>, async_std::task::builder::SupportTaskLocals<async_redis_session_v2::tests::prefixes::{closure#0}>>::{closure#0}::{closure#0}> as core::future::future::Future>::poll
[INFO] [stdout]    5: <std::thread::local::LocalKey<core::cell::RefCell<(parking::Parker, core::task::wake::Waker, alloc::sync::Arc<core::sync::atomic::Atomic<bool>>)>>>::with::<async_io::driver::block_on<core::result::Result<(), anyhow::Error>, <async_executor::LocalExecutor>::run<core::result::Result<(), anyhow::Error>, async_std::task::builder::SupportTaskLocals<async_redis_session_v2::tests::prefixes::{closure#0}>>::{closure#0}>::{closure#1}, core::result::Result<(), anyhow::Error>>
[INFO] [stdout]    6: <std::thread::local::LocalKey<core::cell::Cell<usize>>>::with::<<async_std::task::builder::Builder>::blocking<async_redis_session_v2::tests::prefixes::{closure#0}, core::result::Result<(), anyhow::Error>>::{closure#0}, core::result::Result<(), anyhow::Error>>
[INFO] [stdout]    7: <async_std::task::builder::Builder>::blocking::<async_redis_session_v2::tests::prefixes::{closure#0}, core::result::Result<(), anyhow::Error>>
[INFO] [stdout]    8: <async_redis_session_v2::tests::prefixes::{closure#0} as core::ops::function::FnOnce<()>>::call_once
[INFO] [stdout]    9: test::__rust_begin_short_backtrace::<core::result::Result<(), alloc::string::String>, fn() -> core::result::Result<(), alloc::string::String>>
[INFO] [stdout]   10: test::run_test::{closure#0}
[INFO] [stdout]   11: std::sys::backtrace::__rust_begin_short_backtrace::<test::run_test::{closure#1}, ()>
[INFO] [stdout]   12: <std::thread::lifecycle::spawn_unchecked<test::run_test::{closure#1}, ()>::{closure#1} as core::ops::function::FnOnce<()>>::call_once::{shim:vtable#0}
[INFO] [stdout]   13: <std::sys::thread::unix::Thread>::new::thread_start
[INFO] [stdout]   14: <unknown>
[INFO] [stdout]   15: clone
[INFO] [stdout] stack backtrace:
[INFO] [stdout]    0:     0x584fd68d2a91 - <<std[70759c8f55707aa4]::sys::backtrace::BacktraceLock>::print::DisplayBacktrace as core[df12db4294e9bfd3]::fmt::Display>::fmt
[INFO] [stdout]    1:     0x584fd68e89aa - core[df12db4294e9bfd3]::fmt::write
[INFO] [stdout]    2:     0x584fd68d78cc - <alloc[2182bb758b4b3781]::vec::Vec<u8> as core[df12db4294e9bfd3]::io::write::Write>::write_fmt
[INFO] [stdout]    3:     0x584fd68adbf6 - std[70759c8f55707aa4]::panicking::default_hook::{closure#0}
[INFO] [stdout]    4:     0x584fd68caa39 - std[70759c8f55707aa4]::panicking::default_hook
[INFO] [stdout]    5:     0x584fd67fca30 - test[9d35eded1c95d3be]::test_main_inner::<test[9d35eded1c95d3be]::test_main_static::{closure#0}>::{closure#0}
[INFO] [stdout]    6:     0x584fd68cad62 - std[70759c8f55707aa4]::panicking::panic_with_hook
[INFO] [stdout]    7:     0x584fd68adca2 - std[70759c8f55707aa4]::panicking::panic_handler::{closure#0}
[INFO] [stdout]    8:     0x584fd68a63b9 - std[70759c8f55707aa4]::sys::backtrace::__rust_end_short_backtrace::<std[70759c8f55707aa4]::panicking::panic_handler::{closure#0}, !>
[INFO] [stdout]    9:     0x584fd68aeb9d - __rustc[8fa7c3cbc660c2b3]::rust_begin_unwind
[INFO] [stdout]   10:     0x584fd68e90dc - core[df12db4294e9bfd3]::panicking::panic_fmt
[INFO] [stdout]   11:     0x584fd68e8eb2 - core[df12db4294e9bfd3]::result::unwrap_failed
[INFO] [stdout]   12:     0x584fd67c3156 - async_redis_session_v2[50d33455136ff78]::tests::test_store::{closure#0}
[INFO] [stdout]   13:     0x584fd67b245c - <std[70759c8f55707aa4]::thread::local::LocalKey<core[df12db4294e9bfd3]::cell::Cell<*const async_std[d7e4062a351e1a25]::task::task_locals_wrapper::TaskLocalsWrapper>>>::with::<<async_std[d7e4062a351e1a25]::task::task_locals_wrapper::TaskLocalsWrapper>::set_current<<async_std[d7e4062a351e1a25]::task::builder::SupportTaskLocals<async_redis_session_v2[50d33455136ff78]::tests::prefixes::{closure#0}> as core[df12db4294e9bfd3]::future::future::Future>::poll::{closure#0}, core[df12db4294e9bfd3]::task::poll::Poll<core[df12db4294e9bfd3]::result::Result<(), anyhow[8c366fa371e7d33d]::Error>>>::{closure#0}, core[df12db4294e9bfd3]::task::poll::Poll<core[df12db4294e9bfd3]::result::Result<(), anyhow[8c366fa371e7d33d]::Error>>>
[INFO] [stdout]   14:     0x584fd67d647c - <futures_lite[ab3b2cbb366dbff1]::future::Or<async_std[d7e4062a351e1a25]::task::builder::SupportTaskLocals<async_redis_session_v2[50d33455136ff78]::tests::prefixes::{closure#0}>, <async_executor[54412152318b98eb]::State>::run<core[df12db4294e9bfd3]::result::Result<(), anyhow[8c366fa371e7d33d]::Error>, async_std[d7e4062a351e1a25]::task::builder::SupportTaskLocals<async_redis_session_v2[50d33455136ff78]::tests::prefixes::{closure#0}>>::{closure#0}::{closure#0}> as core[df12db4294e9bfd3]::future::future::Future>::poll
[INFO] [stdout]   15:     0x584fd67ba226 - <std[70759c8f55707aa4]::thread::local::LocalKey<core[df12db4294e9bfd3]::cell::RefCell<(parking[bb0b0b8fa49f1c1a]::Parker, core[df12db4294e9bfd3]::task::wake::Waker, alloc[2182bb758b4b3781]::sync::Arc<core[df12db4294e9bfd3]::sync::atomic::Atomic<bool>>)>>>::with::<async_io[b58e030392ec6aab]::driver::block_on<core[df12db4294e9bfd3]::result::Result<(), anyhow[8c366fa371e7d33d]::Error>, <async_executor[54412152318b98eb]::LocalExecutor>::run<core[df12db4294e9bfd3]::result::Result<(), anyhow[8c366fa371e7d33d]::Error>, async_std[d7e4062a351e1a25]::task::builder::SupportTaskLocals<async_redis_session_v2[50d33455136ff78]::tests::prefixes::{closure#0}>>::{closure#0}>::{closure#1}, core[df12db4294e9bfd3]::result::Result<(), anyhow[8c366fa371e7d33d]::Error>>
[INFO] [stdout]   16:     0x584fd67b50a8 - <std[70759c8f55707aa4]::thread::local::LocalKey<core[df12db4294e9bfd3]::cell::Cell<usize>>>::with::<<async_std[d7e4062a351e1a25]::task::builder::Builder>::blocking<async_redis_session_v2[50d33455136ff78]::tests::prefixes::{closure#0}, core[df12db4294e9bfd3]::result::Result<(), anyhow[8c366fa371e7d33d]::Error>>::{closure#0}, core[df12db4294e9bfd3]::result::Result<(), anyhow[8c366fa371e7d33d]::Error>>
[INFO] [stdout]   17:     0x584fd67d766b - <async_std[d7e4062a351e1a25]::task::builder::Builder>::blocking::<async_redis_session_v2[50d33455136ff78]::tests::prefixes::{closure#0}, core[df12db4294e9bfd3]::result::Result<(), anyhow[8c366fa371e7d33d]::Error>>
[INFO] [stdout]   18:     0x584fd67cbcfd - <async_redis_session_v2[50d33455136ff78]::tests::prefixes::{closure#0} as core[df12db4294e9bfd3]::ops::function::FnOnce<()>>::call_once
[INFO] [stdout]   19:     0x584fd67efd1b - test[9d35eded1c95d3be]::__rust_begin_short_backtrace::<core[df12db4294e9bfd3]::result::Result<(), alloc[2182bb758b4b3781]::string::String>, fn() -> core[df12db4294e9bfd3]::result::Result<(), alloc[2182bb758b4b3781]::string::String>>
[INFO] [stdout]   20:     0x584fd67fd385 - test[9d35eded1c95d3be]::run_test::{closure#0}
[INFO] [stdout]   21:     0x584fd67f6c44 - std[70759c8f55707aa4]::sys::backtrace::__rust_begin_short_backtrace::<test[9d35eded1c95d3be]::run_test::{closure#1}, ()>
[INFO] [stdout]   22:     0x584fd68004e2 - <std[70759c8f55707aa4]::thread::lifecycle::spawn_unchecked<test[9d35eded1c95d3be]::run_test::{closure#1}, ()>::{closure#1} as core[df12db4294e9bfd3]::ops::function::FnOnce<()>>::call_once::{shim:vtable#0}
[INFO] [stdout]   23:     0x584fd68d1fb9 - <std[70759c8f55707aa4]::sys::thread::unix::Thread>::new::thread_start
[INFO] [stdout]   24:     0x7f36e45acdfa - <unknown>
[INFO] [stdout]   25:     0x7f36e46403d4 - clone
[INFO] [stdout]   26:                0x0 - <unknown>
[INFO] [stdout] 
[INFO] [stdout] ---- tests::destroying_a_single_session stdout ----
[INFO] [stdout] 
[INFO] [stdout] thread 'tests::destroying_a_single_session' (1890) panicked at src/lib.rs:173:35:
[INFO] [stdout] called `Result::unwrap()` on an `Err` value: Connection refused (os error 111)
[INFO] [stdout] 
[INFO] [stdout] Stack backtrace:
[INFO] [stdout]    0: <anyhow::Error as core::convert::From<redis::types::RedisError>>::from
[INFO] [stdout]    1: <async_redis_session_v2::RedisSessionStore as async_session::session_store::SessionStore>::clear_store::{closure#0}
[INFO] [stdout]    2: async_redis_session_v2::tests::test_store::{closure#0}
[INFO] [stdout]    3: <std::thread::local::LocalKey<core::cell::Cell<*const async_std::task::task_locals_wrapper::TaskLocalsWrapper>>>::with::<<async_std::task::task_locals_wrapper::TaskLocalsWrapper>::set_current<<async_std::task::builder::SupportTaskLocals<async_redis_session_v2::tests::destroying_a_single_session::{closure#0}> as core::future::future::Future>::poll::{closure#0}, core::task::poll::Poll<core::result::Result<(), anyhow::Error>>>::{closure#0}, core::task::poll::Poll<core::result::Result<(), anyhow::Error>>>
[INFO] [stdout]    4: <futures_lite::future::Or<async_std::task::builder::SupportTaskLocals<async_redis_session_v2::tests::destroying_a_single_session::{closure#0}>, <async_executor::State>::run<core::result::Result<(), anyhow::Error>, async_std::task::builder::SupportTaskLocals<async_redis_session_v2::tests::destroying_a_single_session::{closure#0}>>::{closure#0}::{closure#0}> as core::future::future::Future>::poll
[INFO] [stdout]    5: <std::thread::local::LocalKey<core::cell::RefCell<(parking::Parker, core::task::wake::Waker, alloc::sync::Arc<core::sync::atomic::Atomic<bool>>)>>>::with::<async_io::driver::block_on<core::result::Result<(), anyhow::Error>, <async_executor::LocalExecutor>::run<core::result::Result<(), anyhow::Error>, async_std::task::builder::SupportTaskLocals<async_redis_session_v2::tests::destroying_a_single_session::{closure#0}>>::{closure#0}>::{closure#1}, core::result::Result<(), anyhow::Error>>
[INFO] [stdout]    6: <std::thread::local::LocalKey<core::cell::Cell<usize>>>::with::<<async_std::task::builder::Builder>::blocking<async_redis_session_v2::tests::destroying_a_single_session::{closure#0}, core::result::Result<(), anyhow::Error>>::{closure#0}, core::result::Result<(), anyhow::Error>>
[INFO] [stdout]    7: <async_std::task::builder::Builder>::blocking::<async_redis_session_v2::tests::destroying_a_single_session::{closure#0}, core::result::Result<(), anyhow::Error>>
[INFO] [stdout]    8: <async_redis_session_v2::tests::destroying_a_single_session::{closure#0} as core::ops::function::FnOnce<()>>::call_once
[INFO] [stdout]    9: test::__rust_begin_short_backtrace::<core::result::Result<(), alloc::string::String>, fn() -> core::result::Result<(), alloc::string::String>>
[INFO] [stdout]   10: test::run_test::{closure#0}
[INFO] [stdout]   11: std::sys::backtrace::__rust_begin_short_backtrace::<test::run_test::{closure#1}, ()>
[INFO] [stdout]   12: <std::thread::lifecycle::spawn_unchecked<test::run_test::{closure#1}, ()>::{closure#1} as core::ops::function::FnOnce<()>>::call_once::{shim:vtable#0}
[INFO] [stdout]   13: <std::sys::thread::unix::Thread>::new::thread_start
[INFO] [stdout]   14: <unknown>
[INFO] [stdout]   15: clone
[INFO] [stdout] stack backtrace:
[INFO] [stdout]    0:     0x584fd68d2a91 - <<std[70759c8f55707aa4]::sys::backtrace::BacktraceLock>::print::DisplayBacktrace as core[df12db4294e9bfd3]::fmt::Display>::fmt
[INFO] [stdout]    1:     0x584fd68e89aa - core[df12db4294e9bfd3]::fmt::write
[INFO] [stdout]    2:     0x584fd68d78cc - <alloc[2182bb758b4b3781]::vec::Vec<u8> as core[df12db4294e9bfd3]::io::write::Write>::write_fmt
[INFO] [stdout]    3:     0x584fd68adbf6 - std[70759c8f55707aa4]::panicking::default_hook::{closure#0}
[INFO] [stdout]    4:     0x584fd68caa39 - std[70759c8f55707aa4]::panicking::default_hook
[INFO] [stdout]    5:     0x584fd67fca30 - test[9d35eded1c95d3be]::test_main_inner::<test[9d35eded1c95d3be]::test_main_static::{closure#0}>::{closure#0}
[INFO] [stdout]    6:     0x584fd68cad62 - std[70759c8f55707aa4]::panicking::panic_with_hook
[INFO] [stdout]    7:     0x584fd68adca2 - std[70759c8f55707aa4]::panicking::panic_handler::{closure#0}
[INFO] [stdout]    8:     0x584fd68a63b9 - std[70759c8f55707aa4]::sys::backtrace::__rust_end_short_backtrace::<std[70759c8f55707aa4]::panicking::panic_handler::{closure#0}, !>
[INFO] [stdout]    9:     0x584fd68aeb9d - __rustc[8fa7c3cbc660c2b3]::rust_begin_unwind
[INFO] [stdout]   10:     0x584fd68e90dc - core[df12db4294e9bfd3]::panicking::panic_fmt
[INFO] [stdout]   11:     0x584fd68e8eb2 - core[df12db4294e9bfd3]::result::unwrap_failed
[INFO] [stdout]   12:     0x584fd67c3156 - async_redis_session_v2[50d33455136ff78]::tests::test_store::{closure#0}
[INFO] [stdout]   13:     0x584fd67aea7b - <std[70759c8f55707aa4]::thread::local::LocalKey<core[df12db4294e9bfd3]::cell::Cell<*const async_std[d7e4062a351e1a25]::task::task_locals_wrapper::TaskLocalsWrapper>>>::with::<<async_std[d7e4062a351e1a25]::task::task_locals_wrapper::TaskLocalsWrapper>::set_current<<async_std[d7e4062a351e1a25]::task::builder::SupportTaskLocals<async_redis_session_v2[50d33455136ff78]::tests::destroying_a_single_session::{closure#0}> as core[df12db4294e9bfd3]::future::future::Future>::poll::{closure#0}, core[df12db4294e9bfd3]::task::poll::Poll<core[df12db4294e9bfd3]::result::Result<(), anyhow[8c366fa371e7d33d]::Error>>>::{closure#0}, core[df12db4294e9bfd3]::task::poll::Poll<core[df12db4294e9bfd3]::result::Result<(), anyhow[8c366fa371e7d33d]::Error>>>
[INFO] [stdout]   14:     0x584fd67d5fbc - <futures_lite[ab3b2cbb366dbff1]::future::Or<async_std[d7e4062a351e1a25]::task::builder::SupportTaskLocals<async_redis_session_v2[50d33455136ff78]::tests::destroying_a_single_session::{closure#0}>, <async_executor[54412152318b98eb]::State>::run<core[df12db4294e9bfd3]::result::Result<(), anyhow[8c366fa371e7d33d]::Error>, async_std[d7e4062a351e1a25]::task::builder::SupportTaskLocals<async_redis_session_v2[50d33455136ff78]::tests::destroying_a_single_session::{closure#0}>>::{closure#0}::{closure#0}> as core[df12db4294e9bfd3]::future::future::Future>::poll
[INFO] [stdout]   15:     0x584fd67b7587 - <std[70759c8f55707aa4]::thread::local::LocalKey<core[df12db4294e9bfd3]::cell::RefCell<(parking[bb0b0b8fa49f1c1a]::Parker, core[df12db4294e9bfd3]::task::wake::Waker, alloc[2182bb758b4b3781]::sync::Arc<core[df12db4294e9bfd3]::sync::atomic::Atomic<bool>>)>>>::with::<async_io[b58e030392ec6aab]::driver::block_on<core[df12db4294e9bfd3]::result::Result<(), anyhow[8c366fa371e7d33d]::Error>, <async_executor[54412152318b98eb]::LocalExecutor>::run<core[df12db4294e9bfd3]::result::Result<(), anyhow[8c366fa371e7d33d]::Error>, async_std[d7e4062a351e1a25]::task::builder::SupportTaskLocals<async_redis_session_v2[50d33455136ff78]::tests::destroying_a_single_session::{closure#0}>>::{closure#0}>::{closure#1}, core[df12db4294e9bfd3]::result::Result<(), anyhow[8c366fa371e7d33d]::Error>>
[INFO] [stdout]   16:     0x584fd67b4609 - <std[70759c8f55707aa4]::thread::local::LocalKey<core[df12db4294e9bfd3]::cell::Cell<usize>>>::with::<<async_std[d7e4062a351e1a25]::task::builder::Builder>::blocking<async_redis_session_v2[50d33455136ff78]::tests::destroying_a_single_session::{closure#0}, core[df12db4294e9bfd3]::result::Result<(), anyhow[8c366fa371e7d33d]::Error>>::{closure#0}, core[df12db4294e9bfd3]::result::Result<(), anyhow[8c366fa371e7d33d]::Error>>
[INFO] [stdout]   17:     0x584fd67d6c6b - <async_std[d7e4062a351e1a25]::task::builder::Builder>::blocking::<async_redis_session_v2[50d33455136ff78]::tests::destroying_a_single_session::{closure#0}, core[df12db4294e9bfd3]::result::Result<(), anyhow[8c366fa371e7d33d]::Error>>
[INFO] [stdout]   18:     0x584fd67cb9bd - <async_redis_session_v2[50d33455136ff78]::tests::destroying_a_single_session::{closure#0} as core[df12db4294e9bfd3]::ops::function::FnOnce<()>>::call_once
[INFO] [stdout]   19:     0x584fd67efd1b - test[9d35eded1c95d3be]::__rust_begin_short_backtrace::<core[df12db4294e9bfd3]::result::Result<(), alloc[2182bb758b4b3781]::string::String>, fn() -> core[df12db4294e9bfd3]::result::Result<(), alloc[2182bb758b4b3781]::string::String>>
[INFO] [stdout]   20:     0x584fd67fd385 - test[9d35eded1c95d3be]::run_test::{closure#0}
[INFO] [stdout]   21:     0x584fd67f6c44 - std[70759c8f55707aa4]::sys::backtrace::__rust_begin_short_backtrace::<test[9d35eded1c95d3be]::run_test::{closure#1}, ()>
[INFO] [stdout]   22:     0x584fd68004e2 - <std[70759c8f55707aa4]::thread::lifecycle::spawn_unchecked<test[9d35eded1c95d3be]::run_test::{closure#1}, ()>::{closure#1} as core[df12db4294e9bfd3]::ops::function::FnOnce<()>>::call_once::{shim:vtable#0}
[INFO] [stdout]   23:     0x584fd68d1fb9 - <std[70759c8f55707aa4]::sys::thread::unix::Thread>::new::thread_start
[INFO] [stdout]   24:     0x7f36e45acdfa - <unknown>
[INFO] [stdout]   25:     0x7f36e46403d4 - clone
[INFO] [stdout]   26:                0x0 - <unknown>
[INFO] [stdout] 
[INFO] [stdout] ---- tests::updating_a_session stdout ----
[INFO] [stdout] 
[INFO] [stdout] thread 'tests::updating_a_session' (1892) panicked at src/lib.rs:173:35:
[INFO] [stdout] called `Result::unwrap()` on an `Err` value: Connection refused (os error 111)
[INFO] [stdout] 
[INFO] [stdout] Stack backtrace:
[INFO] [stdout]    0: <anyhow::Error as core::convert::From<redis::types::RedisError>>::from
[INFO] [stdout]    1: <async_redis_session_v2::RedisSessionStore as async_session::session_store::SessionStore>::clear_store::{closure#0}
[INFO] [stdout]    2: async_redis_session_v2::tests::test_store::{closure#0}
[INFO] [stdout]    3: <std::thread::local::LocalKey<core::cell::Cell<*const async_std::task::task_locals_wrapper::TaskLocalsWrapper>>>::with::<<async_std::task::task_locals_wrapper::TaskLocalsWrapper>::set_current<<async_std::task::builder::SupportTaskLocals<async_redis_session_v2::tests::updating_a_session::{closure#0}> as core::future::future::Future>::poll::{closure#0}, core::task::poll::Poll<core::result::Result<(), anyhow::Error>>>::{closure#0}, core::task::poll::Poll<core::result::Result<(), anyhow::Error>>>
[INFO] [stdout]    4: <futures_lite::future::Or<async_std::task::builder::SupportTaskLocals<async_redis_session_v2::tests::updating_a_session::{closure#0}>, <async_executor::State>::run<core::result::Result<(), anyhow::Error>, async_std::task::builder::SupportTaskLocals<async_redis_session_v2::tests::updating_a_session::{closure#0}>>::{closure#0}::{closure#0}> as core::future::future::Future>::poll
[INFO] [stdout]    5: <std::thread::local::LocalKey<core::cell::RefCell<(parking::Parker, core::task::wake::Waker, alloc::sync::Arc<core::sync::atomic::Atomic<bool>>)>>>::with::<async_io::driver::block_on<core::result::Result<(), anyhow::Error>, <async_executor::LocalExecutor>::run<core::result::Result<(), anyhow::Error>, async_std::task::builder::SupportTaskLocals<async_redis_session_v2::tests::updating_a_session::{closure#0}>>::{closure#0}>::{closure#1}, core::result::Result<(), anyhow::Error>>
[INFO] [stdout]    6: <std::thread::local::LocalKey<core::cell::Cell<usize>>>::with::<<async_std::task::builder::Builder>::blocking<async_redis_session_v2::tests::updating_a_session::{closure#0}, core::result::Result<(), anyhow::Error>>::{closure#0}, core::result::Result<(), anyhow::Error>>
[INFO] [stdout]    7: <async_std::task::builder::Builder>::blocking::<async_redis_session_v2::tests::updating_a_session::{closure#0}, core::result::Result<(), anyhow::Error>>
[INFO] [stdout]    8: <async_redis_session_v2::tests::updating_a_session::{closure#0} as core::ops::function::FnOnce<()>>::call_once
[INFO] [stdout]    9: test::__rust_begin_short_backtrace::<core::result::Result<(), alloc::string::String>, fn() -> core::result::Result<(), alloc::string::String>>
[INFO] [stdout]   10: test::run_test::{closure#0}
[INFO] [stdout]   11: std::sys::backtrace::__rust_begin_short_backtrace::<test::run_test::{closure#1}, ()>
[INFO] [stdout]   12: <std::thread::lifecycle::spawn_unchecked<test::run_test::{closure#1}, ()>::{closure#1} as core::ops::function::FnOnce<()>>::call_once::{shim:vtable#0}
[INFO] [stdout]   13: <std::sys::thread::unix::Thread>::new::thread_start
[INFO] [stdout]   14: <unknown>
[INFO] [stdout]   15: clone
[INFO] [stdout] stack backtrace:
[INFO] [stdout]    0:     0x584fd68d2a91 - <<std[70759c8f55707aa4]::sys::backtrace::BacktraceLock>::print::DisplayBacktrace as core[df12db4294e9bfd3]::fmt::Display>::fmt
[INFO] [stdout]    1:     0x584fd68e89aa - core[df12db4294e9bfd3]::fmt::write
[INFO] [stdout]    2:     0x584fd68d78cc - <alloc[2182bb758b4b3781]::vec::Vec<u8> as core[df12db4294e9bfd3]::io::write::Write>::write_fmt
[INFO] [stdout]    3:     0x584fd68adbf6 - std[70759c8f55707aa4]::panicking::default_hook::{closure#0}
[INFO] [stdout]    4:     0x584fd68caa39 - std[70759c8f55707aa4]::panicking::default_hook
[INFO] [stdout]    5:     0x584fd67fca30 - test[9d35eded1c95d3be]::test_main_inner::<test[9d35eded1c95d3be]::test_main_static::{closure#0}>::{closure#0}
[INFO] [stdout]    6:     0x584fd68cad62 - std[70759c8f55707aa4]::panicking::panic_with_hook
[INFO] [stdout]    7:     0x584fd68adca2 - std[70759c8f55707aa4]::panicking::panic_handler::{closure#0}
[INFO] [stdout]    8:     0x584fd68a63b9 - std[70759c8f55707aa4]::sys::backtrace::__rust_end_short_backtrace::<std[70759c8f55707aa4]::panicking::panic_handler::{closure#0}, !>
[INFO] [stdout]    9:     0x584fd68aeb9d - __rustc[8fa7c3cbc660c2b3]::rust_begin_unwind
[INFO] [stdout]   10:     0x584fd68e90dc - core[df12db4294e9bfd3]::panicking::panic_fmt
[INFO] [stdout]   11:     0x584fd68e8eb2 - core[df12db4294e9bfd3]::result::unwrap_failed
[INFO] [stdout]   12:     0x584fd67c3156 - async_redis_session_v2[50d33455136ff78]::tests::test_store::{closure#0}
[INFO] [stdout]   13:     0x584fd67ad4b2 - <std[70759c8f55707aa4]::thread::local::LocalKey<core[df12db4294e9bfd3]::cell::Cell<*const async_std[d7e4062a351e1a25]::task::task_locals_wrapper::TaskLocalsWrapper>>>::with::<<async_std[d7e4062a351e1a25]::task::task_locals_wrapper::TaskLocalsWrapper>::set_current<<async_std[d7e4062a351e1a25]::task::builder::SupportTaskLocals<async_redis_session_v2[50d33455136ff78]::tests::updating_a_session::{closure#0}> as core[df12db4294e9bfd3]::future::future::Future>::poll::{closure#0}, core[df12db4294e9bfd3]::task::poll::Poll<core[df12db4294e9bfd3]::result::Result<(), anyhow[8c366fa371e7d33d]::Error>>>::{closure#0}, core[df12db4294e9bfd3]::task::poll::Poll<core[df12db4294e9bfd3]::result::Result<(), anyhow[8c366fa371e7d33d]::Error>>>
[INFO] [stdout]   14:     0x584fd67d5d7c - <futures_lite[ab3b2cbb366dbff1]::future::Or<async_std[d7e4062a351e1a25]::task::builder::SupportTaskLocals<async_redis_session_v2[50d33455136ff78]::tests::updating_a_session::{closure#0}>, <async_executor[54412152318b98eb]::State>::run<core[df12db4294e9bfd3]::result::Result<(), anyhow[8c366fa371e7d33d]::Error>, async_std[d7e4062a351e1a25]::task::builder::SupportTaskLocals<async_redis_session_v2[50d33455136ff78]::tests::updating_a_session::{closure#0}>>::{closure#0}::{closure#0}> as core[df12db4294e9bfd3]::future::future::Future>::poll
[INFO] [stdout]   15:     0x584fd67b5f46 - <std[70759c8f55707aa4]::thread::local::LocalKey<core[df12db4294e9bfd3]::cell::RefCell<(parking[bb0b0b8fa49f1c1a]::Parker, core[df12db4294e9bfd3]::task::wake::Waker, alloc[2182bb758b4b3781]::sync::Arc<core[df12db4294e9bfd3]::sync::atomic::Atomic<bool>>)>>>::with::<async_io[b58e030392ec6aab]::driver::block_on<core[df12db4294e9bfd3]::result::Result<(), anyhow[8c366fa371e7d33d]::Error>, <async_executor[54412152318b98eb]::LocalExecutor>::run<core[df12db4294e9bfd3]::result::Result<(), anyhow[8c366fa371e7d33d]::Error>, async_std[d7e4062a351e1a25]::task::builder::SupportTaskLocals<async_redis_session_v2[50d33455136ff78]::tests::updating_a_session::{closure#0}>>::{closure#0}>::{closure#1}, core[df12db4294e9bfd3]::result::Result<(), anyhow[8c366fa371e7d33d]::Error>>
[INFO] [stdout]   16:     0x584fd67b4089 - <std[70759c8f55707aa4]::thread::local::LocalKey<core[df12db4294e9bfd3]::cell::Cell<usize>>>::with::<<async_std[d7e4062a351e1a25]::task::builder::Builder>::blocking<async_redis_session_v2[50d33455136ff78]::tests::updating_a_session::{closure#0}, core[df12db4294e9bfd3]::result::Result<(), anyhow[8c366fa371e7d33d]::Error>>::{closure#0}, core[df12db4294e9bfd3]::result::Result<(), anyhow[8c366fa371e7d33d]::Error>>
[INFO] [stdout]   17:     0x584fd67d676b - <async_std[d7e4062a351e1a25]::task::builder::Builder>::blocking::<async_redis_session_v2[50d33455136ff78]::tests::updating_a_session::{closure#0}, core[df12db4294e9bfd3]::result::Result<(), anyhow[8c366fa371e7d33d]::Error>>
[INFO] [stdout]   18:     0x584fd67cb81d - <async_redis_session_v2[50d33455136ff78]::tests::updating_a_session::{closure#0} as core[df12db4294e9bfd3]::ops::function::FnOnce<()>>::call_once
[INFO] [stdout]   19:     0x584fd67efd1b - test[9d35eded1c95d3be]::__rust_begin_short_backtrace::<core[df12db4294e9bfd3]::result::Result<(), alloc[2182bb758b4b3781]::string::String>, fn() -> core[df12db4294e9bfd3]::result::Result<(), alloc[2182bb758b4b3781]::string::String>>
[INFO] [stdout]   20:     0x584fd67fd385 - test[9d35eded1c95d3be]::run_test::{closure#0}
[INFO] [stdout]   21:     0x584fd67f6c44 - std[70759c8f55707aa4]::sys::backtrace::__rust_begin_short_backtrace::<test[9d35eded1c95d3be]::run_test::{closure#1}, ()>
[INFO] [stdout]   22:     0x584fd68004e2 - <std[70759c8f55707aa4]::thread::lifecycle::spawn_unchecked<test[9d35eded1c95d3be]::run_test::{closure#1}, ()>::{closure#1} as core[df12db4294e9bfd3]::ops::function::FnOnce<()>>::call_once::{shim:vtable#0}
[INFO] [stdout]   23:     0x584fd68d1fb9 - <std[70759c8f55707aa4]::sys::thread::unix::Thread>::new::thread_start
[INFO] [stdout]   24:     0x7f36e45acdfa - <unknown>
[INFO] [stdout]   25:     0x7f36e46403d4 - clone
[INFO] [stdout]   26:                0x0 - <unknown>
[INFO] [stdout] 
[INFO] [stdout] ---- tests::updating_a_session_extending_expiry stdout ----
[INFO] [stdout] 
[INFO] [stdout] thread 'tests::updating_a_session_extending_expiry' (1893) panicked at src/lib.rs:173:35:
[INFO] [stdout] called `Result::unwrap()` on an `Err` value: Connection refused (os error 111)
[INFO] [stdout] 
[INFO] [stdout] Stack backtrace:
[INFO] [stdout]    0: <anyhow::Error as core::convert::From<redis::types::RedisError>>::from
[INFO] [stdout]    1: <async_redis_session_v2::RedisSessionStore as async_session::session_store::SessionStore>::clear_store::{closure#0}
[INFO] [stdout]    2: async_redis_session_v2::tests::test_store::{closure#0}
[INFO] [stdout]    3: <std::thread::local::LocalKey<core::cell::Cell<*const async_std::task::task_locals_wrapper::TaskLocalsWrapper>>>::with::<<async_std::task::task_locals_wrapper::TaskLocalsWrapper>::set_current<<async_std::task::builder::SupportTaskLocals<async_redis_session_v2::tests::updating_a_session_extending_expiry::{closure#0}> as core::future::future::Future>::poll::{closure#0}, core::task::poll::Poll<core::result::Result<(), anyhow::Error>>>::{closure#0}, core::task::poll::Poll<core::result::Result<(), anyhow::Error>>>
[INFO] [stdout]    4: <futures_lite::future::Or<async_std::task::builder::SupportTaskLocals<async_redis_session_v2::tests::updating_a_session_extending_expiry::{closure#0}>, <async_executor::State>::run<core::result::Result<(), anyhow::Error>, async_std::task::builder::SupportTaskLocals<async_redis_session_v2::tests::updating_a_session_extending_expiry::{closure#0}>>::{closure#0}::{closure#0}> as core::future::future::Future>::poll
[INFO] [stdout]    5: <std::thread::local::LocalKey<core::cell::RefCell<(parking::Parker, core::task::wake::Waker, alloc::sync::Arc<core::sync::atomic::Atomic<bool>>)>>>::with::<async_io::driver::block_on<core::result::Result<(), anyhow::Error>, <async_executor::LocalExecutor>::run<core::result::Result<(), anyhow::Error>, async_std::task::builder::SupportTaskLocals<async_redis_session_v2::tests::updating_a_session_extending_expiry::{closure#0}>>::{closure#0}>::{closure#1}, core::result::Result<(), anyhow::Error>>
[INFO] [stdout]    6: <std::thread::local::LocalKey<core::cell::Cell<usize>>>::with::<<async_std::task::builder::Builder>::blocking<async_redis_session_v2::tests::updating_a_session_extending_expiry::{closure#0}, core::result::Result<(), anyhow::Error>>::{closure#0}, core::result::Result<(), anyhow::Error>>
[INFO] [stdout]    7: <async_std::task::builder::Builder>::blocking::<async_redis_session_v2::tests::updating_a_session_extending_expiry::{closure#0}, core::result::Result<(), anyhow::Error>>
[INFO] [stdout]    8: <async_redis_session_v2::tests::updating_a_session_extending_expiry::{closure#0} as core::ops::function::FnOnce<()>>::call_once
[INFO] [stdout]    9: test::__rust_begin_short_backtrace::<core::result::Result<(), alloc::string::String>, fn() -> core::result::Result<(), alloc::string::String>>
[INFO] [stdout]   10: test::run_test::{closure#0}
[INFO] [stdout]   11: std::sys::backtrace::__rust_begin_short_backtrace::<test::run_test::{closure#1}, ()>
[INFO] [stdout]   12: <std::thread::lifecycle::spawn_unchecked<test::run_test::{closure#1}, ()>::{closure#1} as core::ops::function::FnOnce<()>>::call_once::{shim:vtable#0}
[INFO] [stdout]   13: <std::sys::thread::unix::Thread>::new::thread_start
[INFO] [stdout]   14: <unknown>
[INFO] [stdout]   15: clone
[INFO] [stdout] stack backtrace:
[INFO] [stdout]    0:     0x584fd68d2a91 - <<std[70759c8f55707aa4]::sys::backtrace::BacktraceLock>::print::DisplayBacktrace as core[df12db4294e9bfd3]::fmt::Display>::fmt
[INFO] [stdout]    1:     0x584fd68e89aa - core[df12db4294e9bfd3]::fmt::write
[INFO] [stdout]    2:     0x584fd68d78cc - <alloc[2182bb758b4b3781]::vec::Vec<u8> as core[df12db4294e9bfd3]::io::write::Write>::write_fmt
[INFO] [stdout]    3:     0x584fd68adbf6 - std[70759c8f55707aa4]::panicking::default_hook::{closure#0}
[INFO] [stdout]    4:     0x584fd68caa39 - std[70759c8f55707aa4]::panicking::default_hook
[INFO] [stdout]    5:     0x584fd67fca30 - test[9d35eded1c95d3be]::test_main_inner::<test[9d35eded1c95d3be]::test_main_static::{closure#0}>::{closure#0}
[INFO] [stdout]    6:     0x584fd68cad62 - std[70759c8f55707aa4]::panicking::panic_with_hook
[INFO] [stdout]    7:     0x584fd68adca2 - std[70759c8f55707aa4]::panicking::panic_handler::{closure#0}
[INFO] [stdout]    8:     0x584fd68a63b9 - std[70759c8f55707aa4]::sys::backtrace::__rust_end_short_backtrace::<std[70759c8f55707aa4]::panicking::panic_handler::{closure#0}, !>
[INFO] [stdout]    9:     0x584fd68aeb9d - __rustc[8fa7c3cbc660c2b3]::rust_begin_unwind
[INFO] [stdout]   10:     0x584fd68e90dc - core[df12db4294e9bfd3]::panicking::panic_fmt
[INFO] [stdout]   11:     0x584fd68e8eb2 - core[df12db4294e9bfd3]::result::unwrap_failed
[INFO] [stdout]   12:     0x584fd67c3156 - async_redis_session_v2[50d33455136ff78]::tests::test_store::{closure#0}
[INFO] [stdout]   13:     0x584fd67b0978 - <std[70759c8f55707aa4]::thread::local::LocalKey<core[df12db4294e9bfd3]::cell::Cell<*const async_std[d7e4062a351e1a25]::task::task_locals_wrapper::TaskLocalsWrapper>>>::with::<<async_std[d7e4062a351e1a25]::task::task_locals_wrapper::TaskLocalsWrapper>::set_current<<async_std[d7e4062a351e1a25]::task::builder::SupportTaskLocals<async_redis_session_v2[50d33455136ff78]::tests::updating_a_session_extending_expiry::{closure#0}> as core[df12db4294e9bfd3]::future::future::Future>::poll::{closure#0}, core[df12db4294e9bfd3]::task::poll::Poll<core[df12db4294e9bfd3]::result::Result<(), anyhow[8c366fa371e7d33d]::Error>>>::{closure#0}, core[df12db4294e9bfd3]::task::poll::Poll<core[df12db4294e9bfd3]::result::Result<(), anyhow[8c366fa371e7d33d]::Error>>>
[INFO] [stdout]   14:     0x584fd67d620e - <futures_lite[ab3b2cbb366dbff1]::future::Or<async_std[d7e4062a351e1a25]::task::builder::SupportTaskLocals<async_redis_session_v2[50d33455136ff78]::tests::updating_a_session_extending_expiry::{closure#0}>, <async_executor[54412152318b98eb]::State>::run<core[df12db4294e9bfd3]::result::Result<(), anyhow[8c366fa371e7d33d]::Error>, async_std[d7e4062a351e1a25]::task::builder::SupportTaskLocals<async_redis_session_v2[50d33455136ff78]::tests::updating_a_session_extending_expiry::{closure#0}>>::{closure#0}::{closure#0}> as core[df12db4294e9bfd3]::future::future::Future>::poll
[INFO] [stdout]   15:     0x584fd67b8bd3 - <std[70759c8f55707aa4]::thread::local::LocalKey<core[df12db4294e9bfd3]::cell::RefCell<(parking[bb0b0b8fa49f1c1a]::Parker, core[df12db4294e9bfd3]::task::wake::Waker, alloc[2182bb758b4b3781]::sync::Arc<core[df12db4294e9bfd3]::sync::atomic::Atomic<bool>>)>>>::with::<async_io[b58e030392ec6aab]::driver::block_on<core[df12db4294e9bfd3]::result::Result<(), anyhow[8c366fa371e7d33d]::Error>, <async_executor[54412152318b98eb]::LocalExecutor>::run<core[df12db4294e9bfd3]::result::Result<(), anyhow[8c366fa371e7d33d]::Error>, async_std[d7e4062a351e1a25]::task::builder::SupportTaskLocals<async_redis_session_v2[50d33455136ff78]::tests::updating_a_session_extending_expiry::{closure#0}>>::{closure#0}>::{closure#1}, core[df12db4294e9bfd3]::result::Result<(), anyhow[8c366fa371e7d33d]::Error>>
[INFO] [stdout]   16:     0x584fd67b4b29 - <std[70759c8f55707aa4]::thread::local::LocalKey<core[df12db4294e9bfd3]::cell::Cell<usize>>>::with::<<async_std[d7e4062a351e1a25]::task::builder::Builder>::blocking<async_redis_session_v2[50d33455136ff78]::tests::updating_a_session_extending_expiry::{closure#0}, core[df12db4294e9bfd3]::result::Result<(), anyhow[8c366fa371e7d33d]::Error>>::{closure#0}, core[df12db4294e9bfd3]::result::Result<(), anyhow[8c366fa371e7d33d]::Error>>
[INFO] [stdout]   17:     0x584fd67d716b - <async_std[d7e4062a351e1a25]::task::builder::Builder>::blocking::<async_redis_session_v2[50d33455136ff78]::tests::updating_a_session_extending_expiry::{closure#0}, core[df12db4294e9bfd3]::result::Result<(), anyhow[8c366fa371e7d33d]::Error>>
[INFO] [stdout]   18:     0x584fd67cbb60 - <async_redis_session_v2[50d33455136ff78]::tests::updating_a_session_extending_expiry::{closure#0} as core[df12db4294e9bfd3]::ops::function::FnOnce<()>>::call_once
[INFO] [stdout]   19:     0x584fd67efd1b - test[9d35eded1c95d3be]::__rust_begin_short_backtrace::<core[df12db4294e9bfd3]::result::Result<(), alloc[2182bb758b4b3781]::string::String>, fn() -> core[df12db4294e9bfd3]::result::Result<(), alloc[2182bb758b4b3781]::string::String>>
[INFO] [stdout]   20:     0x584fd67fd385 - test[9d35eded1c95d3be]::run_test::{closure#0}
[INFO] [stdout]   21:     0x584fd67f6c44 - std[70759c8f55707aa4]::sys::backtrace::__rust_begin_short_backtrace::<test[9d35eded1c95d3be]::run_test::{closure#1}, ()>
[INFO] [stdout]   22:     0x584fd68004e2 - <std[70759c8f55707aa4]::thread::lifecycle::spawn_unchecked<test[9d35eded1c95d3be]::run_test::{closure#1}, ()>::{closure#1} as core[df12db4294e9bfd3]::ops::function::FnOnce<()>>::call_once::{shim:vtable#0}
[INFO] [stdout]   23:     0x584fd68d1fb9 - <std[70759c8f55707aa4]::sys::thread::unix::Thread>::new::thread_start
[INFO] [stdout]   24:     0x7f36e45acdfa - <unknown>
[INFO] [stdout]   25:     0x7f36e46403d4 - clone
[INFO] [stdout]   26:                0x0 - <unknown>
[INFO] [stdout] 
[INFO] [stdout] 
[INFO] [stdout] failures:
[INFO] [stdout]     tests::clearing_the_whole_store
[INFO] [stdout]     tests::creating_a_new_session_with_expiry
[INFO] [stdout]     tests::creating_a_new_session_with_no_expiry
[INFO] [stdout]     tests::destroying_a_single_session
[INFO] [stdout]     tests::prefixes
[INFO] [stdout]     tests::updating_a_session
[INFO] [stdout]     tests::updating_a_session_extending_expiry
[INFO] [stdout] 
[INFO] [stdout] test result: FAILED. 0 passed; 7 failed; 0 ignored; 0 measured; 0 filtered out; finished in 0.02s
[INFO] [stdout] 
[INFO] [stderr] error: test failed, to rerun pass `--lib`
[INFO] running `Command { std: "docker" "inspect" "a25757211a780abd618d78465c15b3f039af21314f6e78f7d5db5ea92c49a5f8", kill_on_drop: false }`
[INFO] running `Command { std: "docker" "rm" "-f" "a25757211a780abd618d78465c15b3f039af21314f6e78f7d5db5ea92c49a5f8", kill_on_drop: false }`
[INFO] [stdout] a25757211a780abd618d78465c15b3f039af21314f6e78f7d5db5ea92c49a5f8
