[INFO] fetching crate async-fred-session 0.1.5...
[INFO] testing async-fred-session-0.1.5 against 1.99.0-beta.8+cargoflags=--release for beta-release-1.100-2
[INFO] extracting crate async-fred-session 0.1.5 into /workspace/builds/worker-7-tc1/source
[INFO] started tweaking crates.io crate async-fred-session 0.1.5
[INFO] finished tweaking crates.io crate async-fred-session 0.1.5
[INFO] tweaked toml for crates.io crate async-fred-session 0.1.5 written to /workspace/builds/worker-7-tc1/source/Cargo.toml
[INFO] validating manifest of crates.io crate async-fred-session 0.1.5 on toolchain 1.99.0-beta.8
[INFO] running `Command { std: CARGO_HOME="/workspace/cargo-home" RUSTUP_HOME="/workspace/rustup-home" "/workspace/cargo-home/bin/cargo" "+1.99.0-beta.8" "metadata" "--manifest-path" "Cargo.toml" "--no-deps", kill_on_drop: false }`
[INFO] running `Command { std: CARGO_HOME="/workspace/cargo-home" RUSTUP_HOME="/workspace/rustup-home" "/workspace/cargo-home/bin/cargo" "+1.99.0-beta.8" "generate-lockfile" "--manifest-path" "Cargo.toml", kill_on_drop: false }`
[INFO] [stderr]     Updating crates.io index
[INFO] [stderr]      Locking 141 packages to highest compatible versions
[INFO] [stderr]       Adding fred v6.3.2 (available: v10.1.0)
[INFO] [stderr]       Adding generic-array v0.14.7 (available: v0.14.9)
[INFO] [stderr]       Adding subtle v2.4.1 (available: v2.6.1)
[INFO] running `Command { std: CARGO_HOME="/workspace/cargo-home" RUSTUP_HOME="/workspace/rustup-home" "/workspace/cargo-home/bin/cargo" "+1.99.0-beta.8" "fetch" "--manifest-path" "Cargo.toml", kill_on_drop: false }`
[INFO] [stderr]  Downloading crates ...
[INFO] [stderr]   Downloaded async-session v3.0.0
[INFO] [stderr]   Downloaded arcstr v1.2.0
[INFO] [stderr]   Downloaded redis-protocol v4.1.0
[INFO] [stderr]   Downloaded fred v6.3.2
[INFO] [stderr]   Downloaded tokio v1.53.3
[INFO] running `Command { std: "docker" "create" "-v" "/var/lib/crater-agent-workspace/builds/worker-7-tc1/source:/opt/rustwide/workdir:ro,Z" "-v" "/var/lib/crater-agent-workspace/builds/worker-7-tc1/target:/opt/rustwide/target:rw,Z" "-v" "/var/lib/crater-agent-workspace/cargo-home:/opt/rustwide/cargo-home:ro,Z" "-v" "/var/lib/crater-agent-workspace/rustup-home:/opt/rustwide/rustup-home:ro,Z" "-m" "1610612736" "--network" "none" "ghcr.io/rust-lang/crates-build-env/linux@sha256:77db811e55d90add9212f6832c23229e3de5f1c1f9905e8cb07319ea15df73ac" "sleep" "infinity", kill_on_drop: false }`
[INFO] [stdout] f795060b9459687470a7c2e0ad7e6359948ab38261a09ec8dc0a7c7945402580
[INFO] running `Command { std: "docker" "start" "f795060b9459687470a7c2e0ad7e6359948ab38261a09ec8dc0a7c7945402580", kill_on_drop: false }`
[INFO] running `Command { std: "docker" "inspect" "f795060b9459687470a7c2e0ad7e6359948ab38261a09ec8dc0a7c7945402580", kill_on_drop: false }`
[INFO] running `Command { std: "docker" "exec" "-e" "SOURCE_DIR=/opt/rustwide/workdir" "-e" "CARGO_HOME=/opt/rustwide/cargo-home" "-e" "RUSTUP_HOME=/opt/rustwide/rustup-home" "-e" "CARGO_TARGET_DIR=/opt/rustwide/target" "-w" "/opt/rustwide/workdir" "--user" "0:0" "f795060b9459687470a7c2e0ad7e6359948ab38261a09ec8dc0a7c7945402580" "/opt/rustwide/cargo-home/bin/cargo" "+1.99.0-beta.8" "metadata" "--no-deps" "--format-version=1", kill_on_drop: false }`
[INFO] running `Command { std: "docker" "inspect" "f795060b9459687470a7c2e0ad7e6359948ab38261a09ec8dc0a7c7945402580", kill_on_drop: false }`
[INFO] running `Command { std: "docker" "exec" "-e" "SOURCE_DIR=/opt/rustwide/workdir" "-e" "CARGO_HOME=/opt/rustwide/cargo-home" "-e" "RUSTUP_HOME=/opt/rustwide/rustup-home" "-e" "CARGO_TARGET_DIR=/opt/rustwide/target" "-e" "CARGO_INCREMENTAL=0" "-e" "RUST_BACKTRACE=full" "-e" "RUSTFLAGS=--cap-lints=warn" "-e" "RUSTDOCFLAGS=--cap-lints=warn" "-w" "/opt/rustwide/workdir" "--user" "0:0" "f795060b9459687470a7c2e0ad7e6359948ab38261a09ec8dc0a7c7945402580" "/opt/rustwide/cargo-home/bin/cargo" "+1.99.0-beta.8" "build" "--frozen" "--message-format=json" "--release", kill_on_drop: false }`
[INFO] [stderr]    Compiling unicode-ident v1.0.27
[INFO] [stderr]    Compiling libc v0.2.191
[INFO] [stderr]    Compiling smallvec v1.16.3
[INFO] [stderr]    Compiling zerocopy v0.8.63
[INFO] [stderr]    Compiling futures-io v0.3.34
[INFO] [stderr]    Compiling slab v0.4.12
[INFO] [stderr]    Compiling subtle v2.4.1
[INFO] [stderr]    Compiling futures-channel v0.3.34
[INFO] [stderr]    Compiling serde v1.0.229
[INFO] [stderr]    Compiling find-msvc-tools v0.1.14
[INFO] [stderr]    Compiling digest v0.9.0
[INFO] [stderr]    Compiling crc16 v0.4.0
[INFO] [stderr]    Compiling crypto-common v0.1.7
[INFO] [stderr]    Compiling anyhow v1.0.104
[INFO] [stderr]    Compiling percent-encoding v2.3.2
[INFO] [stderr]    Compiling serde_json v1.0.154
[INFO] [stderr]    Compiling either v1.19.0
[INFO] [stderr]    Compiling nom v7.1.3
[INFO] [stderr]    Compiling crypto-mac v0.8.0
[INFO] [stderr]    Compiling proc-macro2 v1.0.107
[INFO] [stderr]    Compiling cc v1.8.0
[INFO] [stderr]    Compiling crypto-mac v0.11.1
[INFO] [stderr]    Compiling form_urlencoded v1.2.2
[INFO] [stderr]    Compiling digest v0.10.7
[INFO] [stderr]    Compiling block-buffer v0.9.0
[INFO] [stderr]    Compiling arrayvec v0.5.2
[INFO] [stderr]    Compiling constant_time_eq v0.1.5
[INFO] [stderr]    Compiling sha2 v0.9.9
[INFO] [stderr]    Compiling async-lock v2.8.0
[INFO] [stderr]    Compiling sha-1 v0.10.1
[INFO] [stderr]    Compiling arc-swap v1.9.2
[INFO] [stderr]    Compiling hmac v0.11.0
[INFO] [stderr]    Compiling float-cmp v0.9.0
[INFO] [stderr]    Compiling base64 v0.13.1
[INFO] [stderr]    Compiling bytes-utils v0.1.4
[INFO] [stderr]    Compiling lazy_static v1.5.1
[INFO] [stderr]    Compiling semver v1.0.28
[INFO] [stderr]    Compiling arcstr v1.2.0
[INFO] [stderr]    Compiling quote v1.0.47
[INFO] [stderr]    Compiling syn v3.0.9
[INFO] [stderr]    Compiling blake3 v0.3.8
[INFO] [stderr]    Compiling getrandom v0.2.17
[INFO] [stderr]    Compiling socket2 v0.6.5
[INFO] [stderr]    Compiling mio v1.2.4
[INFO] [stderr]    Compiling parking_lot_core v0.9.12
[INFO] [stderr]    Compiling rand_core v0.6.4
[INFO] [stderr]    Compiling parking_lot v0.12.5
[INFO] [stderr]    Compiling ppv-lite86 v0.2.21
[INFO] [stderr]    Compiling rand_chacha v0.3.1
[INFO] [stderr]    Compiling rand v0.8.8
[INFO] [stderr]    Compiling synstructure v0.14.0
[INFO] [stderr]    Compiling zerovec-derive v0.11.6
[INFO] [stderr]    Compiling displaydoc v0.2.7
[INFO] [stderr]    Compiling futures-macro v0.3.34
[INFO] [stderr]    Compiling serde_derive v1.0.229
[INFO] [stderr]    Compiling tokio-macros v2.7.2
[INFO] [stderr]    Compiling async-trait v0.1.92
[INFO] [stderr]    Compiling zerofrom-derive v0.1.8
[INFO] [stderr]    Compiling yoke-derive v0.8.4
[INFO] [stderr]    Compiling tokio v1.53.3
[INFO] [stderr]    Compiling futures-util v0.3.34
[INFO] [stderr]    Compiling zerofrom v0.1.8
[INFO] [stderr]    Compiling yoke v0.8.3
[INFO] [stderr]    Compiling zerovec v0.11.8
[INFO] [stderr]    Compiling zerotrie v0.2.5
[INFO] [stderr]    Compiling tinystr v0.8.4
[INFO] [stderr]    Compiling potential_utf v0.1.6
[INFO] [stderr]    Compiling icu_collections v2.3.0
[INFO] [stderr]    Compiling icu_locale_core v2.3.0
[INFO] [stderr]    Compiling icu_provider v2.3.1
[INFO] [stderr]    Compiling tokio-stream v0.1.19
[INFO] [stderr]    Compiling tokio-util v0.7.20
[INFO] [stderr]    Compiling chrono v0.4.45
[INFO] [stderr]    Compiling bincode v1.3.3
[INFO] [stderr]    Compiling icu_properties v2.3.0
[INFO] [stderr]    Compiling icu_normalizer v2.3.0
[INFO] [stderr]    Compiling idna_adapter v1.2.2
[INFO] [stderr]    Compiling idna v1.1.0
[INFO] [stderr]    Compiling futures-executor v0.3.34
[INFO] [stderr]    Compiling async-session v3.0.0
[INFO] [stderr]    Compiling futures v0.3.34
[INFO] [stderr]    Compiling cookie-factory v0.3.3
[INFO] [stderr]    Compiling url v2.5.8
[INFO] [stderr]    Compiling redis-protocol v4.1.0
[INFO] [stderr]    Compiling fred v6.3.2
[INFO] [stderr]    Compiling async-fred-session v0.1.5 (/opt/rustwide/workdir)
[INFO] [stdout] warning: this function depends on never type fallback being `()`
[INFO] [stdout]    --> src/lib.rs:106:1
[INFO] [stdout]     |
[INFO] [stdout] 106 | #[async_trait]
[INFO] [stdout]     | ^^^^^^^^^^^^^^
[INFO] [stdout]     |
[INFO] [stdout]     = help: specify the types explicitly
[INFO] [stdout] note: in edition 2024, the requirement `!: fred::types::FromRedis` will fail
[INFO] [stdout]    --> src/lib.rs:125:19
[INFO] [stdout]     |
[INFO] [stdout] 125 |         self.pool.set(id, string, expiration, None, false).await?;
[INFO] [stdout]     |                   ^^^
[INFO] [stdout]     = warning: this was previously accepted by the compiler but is being phased out; it will become a hard error in Rust 2024 and in a future release in all editions!
[INFO] [stdout]     = note: for more information, see <https://doc.rust-lang.org/edition-guide/rust-2024/never-type-fallback.html>
[INFO] [stdout]     = note: `#[warn(dependency_on_unit_never_type_fallback)]` (part of `#[warn(rust_2024_compatibility)]`) on by default
[INFO] [stdout] help: use `()` annotations to avoid fallback changes
[INFO] [stdout]     |
[INFO] [stdout] 125 |         self.pool.set::<(), _, _>(id, string, expiration, None, false).await?;
[INFO] [stdout]     |                      ++++++++++++
[INFO] [stdout] 
[INFO] [stdout] 
[INFO] [stderr]     Finished `release` profile [optimized] target(s) in 2m 01s
[INFO] [stderr] warning: the following packages contain code that will be rejected by a future version of Rust: async-fred-session v0.1.5 (/opt/rustwide/workdir)
[INFO] [stderr] note: to see what the problems were, use the option `--future-incompat-report`, or run `cargo report future-incompatibilities --id 8`
[INFO] running `Command { std: "docker" "inspect" "f795060b9459687470a7c2e0ad7e6359948ab38261a09ec8dc0a7c7945402580", kill_on_drop: false }`
[INFO] running `Command { std: "docker" "exec" "-e" "SOURCE_DIR=/opt/rustwide/workdir" "-e" "CARGO_HOME=/opt/rustwide/cargo-home" "-e" "RUSTUP_HOME=/opt/rustwide/rustup-home" "-e" "CARGO_TARGET_DIR=/opt/rustwide/target" "-e" "CARGO_INCREMENTAL=0" "-e" "RUST_BACKTRACE=full" "-e" "RUSTFLAGS=--cap-lints=warn" "-e" "RUSTDOCFLAGS=--cap-lints=warn" "-w" "/opt/rustwide/workdir" "--user" "0:0" "f795060b9459687470a7c2e0ad7e6359948ab38261a09ec8dc0a7c7945402580" "/opt/rustwide/cargo-home/bin/cargo" "+1.99.0-beta.8" "test" "--frozen" "--no-run" "--message-format=json" "--release", kill_on_drop: false }`
[INFO] [stderr]    Compiling async-fred-session v0.1.5 (/opt/rustwide/workdir)
[INFO] [stdout] warning: this function depends on never type fallback being `()`
[INFO] [stdout]    --> src/lib.rs:106:1
[INFO] [stdout]     |
[INFO] [stdout] 106 | #[async_trait]
[INFO] [stdout]     | ^^^^^^^^^^^^^^
[INFO] [stdout]     |
[INFO] [stdout]     = help: specify the types explicitly
[INFO] [stdout] note: in edition 2024, the requirement `!: fred::types::FromRedis` will fail
[INFO] [stdout]    --> src/lib.rs:125:19
[INFO] [stdout]     |
[INFO] [stdout] 125 |         self.pool.set(id, string, expiration, None, false).await?;
[INFO] [stdout]     |                   ^^^
[INFO] [stdout]     = warning: this was previously accepted by the compiler but is being phased out; it will become a hard error in Rust 2024 and in a future release in all editions!
[INFO] [stdout]     = note: for more information, see <https://doc.rust-lang.org/edition-guide/rust-2024/never-type-fallback.html>
[INFO] [stdout]     = note: `#[warn(dependency_on_unit_never_type_fallback)]` (part of `#[warn(rust_2024_compatibility)]`) on by default
[INFO] [stdout] help: use `()` annotations to avoid fallback changes
[INFO] [stdout]     |
[INFO] [stdout] 125 |         self.pool.set::<(), _, _>(id, string, expiration, None, false).await?;
[INFO] [stdout]     |                      ++++++++++++
[INFO] [stdout] 
[INFO] [stdout] 
[INFO] [stdout] warning: this function depends on never type fallback being `()`
[INFO] [stdout]    --> src/lib.rs:106:1
[INFO] [stdout]     |
[INFO] [stdout] 106 | #[async_trait]
[INFO] [stdout]     | ^^^^^^^^^^^^^^
[INFO] [stdout]     |
[INFO] [stdout]     = help: specify the types explicitly
[INFO] [stdout] note: in edition 2024, the requirement `!: FromRedis` will fail
[INFO] [stdout]    --> src/lib.rs:125:19
[INFO] [stdout]     |
[INFO] [stdout] 125 |         self.pool.set(id, string, expiration, None, false).await?;
[INFO] [stdout]     |                   ^^^
[INFO] [stdout]     = warning: this was previously accepted by the compiler but is being phased out; it will become a hard error in Rust 2024 and in a future release in all editions!
[INFO] [stdout]     = note: for more information, see <https://doc.rust-lang.org/edition-guide/rust-2024/never-type-fallback.html>
[INFO] [stdout]     = note: `#[warn(dependency_on_unit_never_type_fallback)]` (part of `#[warn(rust_2024_compatibility)]`) on by default
[INFO] [stdout] help: use `()` annotations to avoid fallback changes
[INFO] [stdout]     |
[INFO] [stdout] 125 |         self.pool.set::<(), _, _>(id, string, expiration, None, false).await?;
[INFO] [stdout]     |                      ++++++++++++
[INFO] [stdout] 
[INFO] [stdout] 
[INFO] [stderr]     Finished `release` profile [optimized] target(s) in 6.15s
[INFO] [stderr] warning: the following packages contain code that will be rejected by a future version of Rust: async-fred-session v0.1.5 (/opt/rustwide/workdir)
[INFO] [stderr] note: to see what the problems were, use the option `--future-incompat-report`, or run `cargo report future-incompatibilities --id 9`
[INFO] running `Command { std: "docker" "inspect" "f795060b9459687470a7c2e0ad7e6359948ab38261a09ec8dc0a7c7945402580", kill_on_drop: false }`
[INFO] running `Command { std: "docker" "exec" "-e" "SOURCE_DIR=/opt/rustwide/workdir" "-e" "CARGO_HOME=/opt/rustwide/cargo-home" "-e" "RUSTUP_HOME=/opt/rustwide/rustup-home" "-e" "CARGO_TARGET_DIR=/opt/rustwide/target" "-e" "CARGO_INCREMENTAL=0" "-e" "RUST_BACKTRACE=full" "-e" "RUSTFLAGS=--cap-lints=warn" "-e" "RUSTDOCFLAGS=--cap-lints=warn" "-w" "/opt/rustwide/workdir" "--user" "0:0" "f795060b9459687470a7c2e0ad7e6359948ab38261a09ec8dc0a7c7945402580" "/opt/rustwide/cargo-home/bin/cargo" "+1.99.0-beta.8" "test" "--frozen" "--release", kill_on_drop: false }`
[INFO] [stderr] warning: this function depends on never type fallback being `()`
[INFO] [stderr]    --> src/lib.rs:106:1
[INFO] [stderr]     |
[INFO] [stderr] 106 | #[async_trait]
[INFO] [stderr]     | ^^^^^^^^^^^^^^
[INFO] [stderr]     |
[INFO] [stderr]     = help: specify the types explicitly
[INFO] [stderr] note: in edition 2024, the requirement `!: fred::types::FromRedis` will fail
[INFO] [stderr]    --> src/lib.rs:125:19
[INFO] [stderr]     |
[INFO] [stderr] 125 |         self.pool.set(id, string, expiration, None, false).await?;
[INFO] [stderr]     |                   ^^^
[INFO] [stderr]     = warning: this was previously accepted by the compiler but is being phased out; it will become a hard error in Rust 2024 and in a future release in all editions!
[INFO] [stderr]     = note: for more information, see <https://doc.rust-lang.org/edition-guide/rust-2024/never-type-fallback.html>
[INFO] [stderr]     = note: `#[warn(dependency_on_unit_never_type_fallback)]` (part of `#[warn(rust_2024_compatibility)]`) on by default
[INFO] [stderr] help: use `()` annotations to avoid fallback changes
[INFO] [stderr]     |
[INFO] [stderr] 125 |         self.pool.set::<(), _, _>(id, string, expiration, None, false).await?;
[INFO] [stderr]     |                      ++++++++++++
[INFO] [stderr] 
[INFO] [stderr] warning: this function depends on never type fallback being `()`
[INFO] [stderr]    --> src/lib.rs:106:1
[INFO] [stderr]     |
[INFO] [stderr] 106 | #[async_trait]
[INFO] [stderr]     | ^^^^^^^^^^^^^^
[INFO] [stderr]     |
[INFO] [stderr]     = help: specify the types explicitly
[INFO] [stderr] note: in edition 2024, the requirement `!: FromRedis` will fail
[INFO] [stderr]    --> src/lib.rs:125:19
[INFO] [stderr]     |
[INFO] [stderr] 125 |         self.pool.set(id, string, expiration, None, false).await?;
[INFO] [stderr]     |                   ^^^
[INFO] [stderr]     = warning: this was previously accepted by the compiler but is being phased out; it will become a hard error in Rust 2024 and in a future release in all editions!
[INFO] [stderr]     = note: for more information, see <https://doc.rust-lang.org/edition-guide/rust-2024/never-type-fallback.html>
[INFO] [stderr]     = note: `#[warn(dependency_on_unit_never_type_fallback)]` (part of `#[warn(rust_2024_compatibility)]`) on by default
[INFO] [stderr] help: use `()` annotations to avoid fallback changes
[INFO] [stderr]     |
[INFO] [stderr] 125 |         self.pool.set::<(), _, _>(id, string, expiration, None, false).await?;
[INFO] [stderr]     |                      ++++++++++++
[INFO] [stderr] 
[INFO] [stderr] warning: `async-fred-session` (lib) generated 1 warning (run `cargo fix --lib -p async-fred-session` to apply 1 suggestion)
[INFO] [stderr] warning: `async-fred-session` (lib test) generated 1 warning (run `cargo fix --lib -p async-fred-session --tests` to apply 1 suggestion)
[INFO] [stderr]     Finished `release` profile [optimized] target(s) in 0.13s
[INFO] [stderr] warning: the following packages contain code that will be rejected by a future version of Rust: async-fred-session v0.1.5 (/opt/rustwide/workdir)
[INFO] [stderr] note: to see what the problems were, use the option `--future-incompat-report`, or run `cargo report future-incompatibilities --id 9`
[INFO] [stderr]      Running unittests src/lib.rs (/opt/rustwide/target/release/deps/async_fred_session-4da77b1716c603d6)
[INFO] [stdout] 
[INFO] [stdout] running 6 tests
[INFO] [stdout] test tests::updating_a_session_extending_expiry ... FAILED
[INFO] [stdout] test tests::clearing_the_whole_store ... FAILED
[INFO] [stdout] test tests::destroying_a_single_session ... FAILED
[INFO] [stdout] test tests::creating_a_new_session_with_expiry ... FAILED
[INFO] [stdout] test tests::updating_a_session ... FAILED
[INFO] [stdout] test tests::creating_a_new_session_with_no_expiry ... FAILED
[INFO] [stderr] error: test failed, to rerun pass `--lib`
[INFO] [stdout] 
[INFO] [stdout] failures:
[INFO] [stdout] 
[INFO] [stdout] ---- tests::updating_a_session_extending_expiry stdout ----
[INFO] [stdout] 
[INFO] [stdout] thread 'tests::updating_a_session_extending_expiry' (1614) panicked at src/lib.rs:156:39:
[INFO] [stdout] called `Result::unwrap()` on an `Err` value: Redis Error - kind: IO, details: Os { code: 111, kind: ConnectionRefused, message: "Connection refused" }
[INFO] [stdout] stack backtrace:
[INFO] [stdout]    0:     0x6371a350b021 - <<std[70759c8f55707aa4]::sys::backtrace::BacktraceLock>::print::DisplayBacktrace as core[df12db4294e9bfd3]::fmt::Display>::fmt
[INFO] [stdout]    1:     0x6371a352256a - core[df12db4294e9bfd3]::fmt::write
[INFO] [stdout]    2:     0x6371a350ff5c - <alloc[2182bb758b4b3781]::vec::Vec<u8> as core[df12db4294e9bfd3]::io::write::Write>::write_fmt
[INFO] [stdout]    3:     0x6371a34e6376 - std[70759c8f55707aa4]::panicking::default_hook::{closure#0}
[INFO] [stdout]    4:     0x6371a3503109 - std[70759c8f55707aa4]::panicking::default_hook
[INFO] [stdout]    5:     0x6371a3340580 - test[9d35eded1c95d3be]::test_main_inner::<test[9d35eded1c95d3be]::test_main_static::{closure#0}>::{closure#0}
[INFO] [stdout]    6:     0x6371a3503432 - std[70759c8f55707aa4]::panicking::panic_with_hook
[INFO] [stdout]    7:     0x6371a34e6422 - std[70759c8f55707aa4]::panicking::panic_handler::{closure#0}
[INFO] [stdout]    8:     0x6371a34deb39 - std[70759c8f55707aa4]::sys::backtrace::__rust_end_short_backtrace::<std[70759c8f55707aa4]::panicking::panic_handler::{closure#0}, !>
[INFO] [stdout]    9:     0x6371a34e731d - __rustc[8fa7c3cbc660c2b3]::rust_begin_unwind
[INFO] [stdout]   10:     0x6371a3522ccc - core[df12db4294e9bfd3]::panicking::panic_fmt
[INFO] [stdout]   11:     0x6371a3522aa2 - core[df12db4294e9bfd3]::result::unwrap_failed
[INFO] [stdout]   12:     0x6371a331459a - async_fred_session[31b57da636854884]::tests::create_session_store::{closure#0}
[INFO] [stdout]   13:     0x6371a33179a8 - async_fred_session[31b57da636854884]::tests::updating_a_session_extending_expiry::{closure#0}
[INFO] [stdout]   14:     0x6371a331d708 - <tokio[8b9631265fc1217c]::runtime::scheduler::current_thread::Context>::enter::<core[df12db4294e9bfd3]::task::poll::Poll<core[df12db4294e9bfd3]::result::Result<(), anyhow[8c366fa371e7d33d]::Error>>, <tokio[8b9631265fc1217c]::runtime::scheduler::current_thread::CoreGuard>::block_on<core[df12db4294e9bfd3]::pin::Pin<&mut core[df12db4294e9bfd3]::pin::Pin<&mut dyn core[df12db4294e9bfd3]::future::future::Future<Output = core[df12db4294e9bfd3]::result::Result<(), anyhow[8c366fa371e7d33d]::Error>>>>>::{closure#0}::{closure#0}>
[INFO] [stdout]   15:     0x6371a332a9e7 - <tokio[8b9631265fc1217c]::runtime::context::scoped::Scoped<tokio[8b9631265fc1217c]::runtime::scheduler::Context>>::set::<<tokio[8b9631265fc1217c]::runtime::scheduler::current_thread::CoreGuard>::enter<<tokio[8b9631265fc1217c]::runtime::scheduler::current_thread::CoreGuard>::block_on<core[df12db4294e9bfd3]::pin::Pin<&mut core[df12db4294e9bfd3]::pin::Pin<&mut dyn core[df12db4294e9bfd3]::future::future::Future<Output = core[df12db4294e9bfd3]::result::Result<(), anyhow[8c366fa371e7d33d]::Error>>>>>::{closure#0}, core[df12db4294e9bfd3]::option::Option<core[df12db4294e9bfd3]::result::Result<(), anyhow[8c366fa371e7d33d]::Error>>>::{closure#0}, (alloc[2182bb758b4b3781]::boxed::Box<tokio[8b9631265fc1217c]::runtime::scheduler::current_thread::Core>, core[df12db4294e9bfd3]::option::Option<core[df12db4294e9bfd3]::result::Result<(), anyhow[8c366fa371e7d33d]::Error>>)>
[INFO] [stdout]   16:     0x6371a331d33c - <tokio[8b9631265fc1217c]::runtime::scheduler::current_thread::CurrentThread>::block_on::<core[df12db4294e9bfd3]::pin::Pin<&mut dyn core[df12db4294e9bfd3]::future::future::Future<Output = core[df12db4294e9bfd3]::result::Result<(), anyhow[8c366fa371e7d33d]::Error>>>>
[INFO] [stdout]   17:     0x6371a332a8b2 - <tokio[8b9631265fc1217c]::runtime::runtime::Runtime>::block_on::<core[df12db4294e9bfd3]::pin::Pin<&mut dyn core[df12db4294e9bfd3]::future::future::Future<Output = core[df12db4294e9bfd3]::result::Result<(), anyhow[8c366fa371e7d33d]::Error>>>>
[INFO] [stdout]   18:     0x6371a331995b - async_fred_session[31b57da636854884]::tests::updating_a_session_extending_expiry
[INFO] [stdout]   19:     0x6371a3323f0f - <async_fred_session[31b57da636854884]::tests::updating_a_session_extending_expiry::{closure#0} as core[df12db4294e9bfd3]::ops::function::FnOnce<()>>::call_once
[INFO] [stdout]   20:     0x6371a333386b - test[9d35eded1c95d3be]::__rust_begin_short_backtrace::<core[df12db4294e9bfd3]::result::Result<(), alloc[2182bb758b4b3781]::string::String>, fn() -> core[df12db4294e9bfd3]::result::Result<(), alloc[2182bb758b4b3781]::string::String>>
[INFO] [stdout]   21:     0x6371a3340ed5 - test[9d35eded1c95d3be]::run_test::{closure#0}
[INFO] [stdout]   22:     0x6371a333a794 - std[70759c8f55707aa4]::sys::backtrace::__rust_begin_short_backtrace::<test[9d35eded1c95d3be]::run_test::{closure#1}, ()>
[INFO] [stdout]   23:     0x6371a3344032 - <std[70759c8f55707aa4]::thread::lifecycle::spawn_unchecked<test[9d35eded1c95d3be]::run_test::{closure#1}, ()>::{closure#1} as core[df12db4294e9bfd3]::ops::function::FnOnce<()>>::call_once::{shim:vtable#0}
[INFO] [stdout]   24:     0x6371a350a579 - <std[70759c8f55707aa4]::sys::thread::unix::Thread>::new::thread_start
[INFO] [stdout]   25:     0x7bbed0667dfa - <unknown>
[INFO] [stdout]   26:     0x7bbed06fb3d4 - clone
[INFO] [stdout]   27:                0x0 - <unknown>
[INFO] [stdout] 
[INFO] [stdout] ---- tests::clearing_the_whole_store stdout ----
[INFO] [stdout] 
[INFO] [stdout] thread 'tests::clearing_the_whole_store' (1609) panicked at src/lib.rs:156:39:
[INFO] [stdout] called `Result::unwrap()` on an `Err` value: Redis Error - kind: IO, details: Os { code: 111, kind: ConnectionRefused, message: "Connection refused" }
[INFO] [stdout] stack backtrace:
[INFO] [stdout]    0:     0x6371a350b021 - <<std[70759c8f55707aa4]::sys::backtrace::BacktraceLock>::print::DisplayBacktrace as core[df12db4294e9bfd3]::fmt::Display>::fmt
[INFO] [stdout]    1:     0x6371a352256a - core[df12db4294e9bfd3]::fmt::write
[INFO] [stdout]    2:     0x6371a350ff5c - <alloc[2182bb758b4b3781]::vec::Vec<u8> as core[df12db4294e9bfd3]::io::write::Write>::write_fmt
[INFO] [stdout]    3:     0x6371a34e6376 - std[70759c8f55707aa4]::panicking::default_hook::{closure#0}
[INFO] [stdout]    4:     0x6371a3503109 - std[70759c8f55707aa4]::panicking::default_hook
[INFO] [stdout]    5:     0x6371a3340580 - test[9d35eded1c95d3be]::test_main_inner::<test[9d35eded1c95d3be]::test_main_static::{closure#0}>::{closure#0}
[INFO] [stdout]    6:     0x6371a3503432 - std[70759c8f55707aa4]::panicking::panic_with_hook
[INFO] [stdout]    7:     0x6371a34e6422 - std[70759c8f55707aa4]::panicking::panic_handler::{closure#0}
[INFO] [stdout]    8:     0x6371a34deb39 - std[70759c8f55707aa4]::sys::backtrace::__rust_end_short_backtrace::<std[70759c8f55707aa4]::panicking::panic_handler::{closure#0}, !>
[INFO] [stdout]    9:     0x6371a34e731d - __rustc[8fa7c3cbc660c2b3]::rust_begin_unwind
[INFO] [stdout]   10:     0x6371a3522ccc - core[df12db4294e9bfd3]::panicking::panic_fmt
[INFO] [stdout]   11:     0x6371a3522aa2 - core[df12db4294e9bfd3]::result::unwrap_failed
[INFO] [stdout]   12:     0x6371a331459a - async_fred_session[31b57da636854884]::tests::create_session_store::{closure#0}
[INFO] [stdout]   13:     0x6371a3315586 - async_fred_session[31b57da636854884]::tests::clearing_the_whole_store::{closure#0}
[INFO] [stdout]   14:     0x6371a331d708 - <tokio[8b9631265fc1217c]::runtime::scheduler::current_thread::Context>::enter::<core[df12db4294e9bfd3]::task::poll::Poll<core[df12db4294e9bfd3]::result::Result<(), anyhow[8c366fa371e7d33d]::Error>>, <tokio[8b9631265fc1217c]::runtime::scheduler::current_thread::CoreGuard>::block_on<core[df12db4294e9bfd3]::pin::Pin<&mut core[df12db4294e9bfd3]::pin::Pin<&mut dyn core[df12db4294e9bfd3]::future::future::Future<Output = core[df12db4294e9bfd3]::result::Result<(), anyhow[8c366fa371e7d33d]::Error>>>>>::{closure#0}::{closure#0}>
[INFO] [stdout]   15:     0x6371a332a9e7 - <tokio[8b9631265fc1217c]::runtime::context::scoped::Scoped<tokio[8b9631265fc1217c]::runtime::scheduler::Context>>::set::<<tokio[8b9631265fc1217c]::runtime::scheduler::current_thread::CoreGuard>::enter<<tokio[8b9631265fc1217c]::runtime::scheduler::current_thread::CoreGuard>::block_on<core[df12db4294e9bfd3]::pin::Pin<&mut core[df12db4294e9bfd3]::pin::Pin<&mut dyn core[df12db4294e9bfd3]::future::future::Future<Output = core[df12db4294e9bfd3]::result::Result<(), anyhow[8c366fa371e7d33d]::Error>>>>>::{closure#0}, core[df12db4294e9bfd3]::option::Option<core[df12db4294e9bfd3]::result::Result<(), anyhow[8c366fa371e7d33d]::Error>>>::{closure#0}, (alloc[2182bb758b4b3781]::boxed::Box<tokio[8b9631265fc1217c]::runtime::scheduler::current_thread::Core>, core[df12db4294e9bfd3]::option::Option<core[df12db4294e9bfd3]::result::Result<(), anyhow[8c366fa371e7d33d]::Error>>)>
[INFO] [stdout]   16:     0x6371a331d33c - <tokio[8b9631265fc1217c]::runtime::scheduler::current_thread::CurrentThread>::block_on::<core[df12db4294e9bfd3]::pin::Pin<&mut dyn core[df12db4294e9bfd3]::future::future::Future<Output = core[df12db4294e9bfd3]::result::Result<(), anyhow[8c366fa371e7d33d]::Error>>>>
[INFO] [stdout]   17:     0x6371a332a8b2 - <tokio[8b9631265fc1217c]::runtime::runtime::Runtime>::block_on::<core[df12db4294e9bfd3]::pin::Pin<&mut dyn core[df12db4294e9bfd3]::future::future::Future<Output = core[df12db4294e9bfd3]::result::Result<(), anyhow[8c366fa371e7d33d]::Error>>>>
[INFO] [stdout]   18:     0x6371a331956b - async_fred_session[31b57da636854884]::tests::clearing_the_whole_store
[INFO] [stdout]   19:     0x6371a3323cff - <async_fred_session[31b57da636854884]::tests::clearing_the_whole_store::{closure#0} as core[df12db4294e9bfd3]::ops::function::FnOnce<()>>::call_once
[INFO] [stdout]   20:     0x6371a333386b - test[9d35eded1c95d3be]::__rust_begin_short_backtrace::<core[df12db4294e9bfd3]::result::Result<(), alloc[2182bb758b4b3781]::string::String>, fn() -> core[df12db4294e9bfd3]::result::Result<(), alloc[2182bb758b4b3781]::string::String>>
[INFO] [stdout]   21:     0x6371a3340ed5 - test[9d35eded1c95d3be]::run_test::{closure#0}
[INFO] [stdout]   22:     0x6371a333a794 - std[70759c8f55707aa4]::sys::backtrace::__rust_begin_short_backtrace::<test[9d35eded1c95d3be]::run_test::{closure#1}, ()>
[INFO] [stdout]   23:     0x6371a3344032 - <std[70759c8f55707aa4]::thread::lifecycle::spawn_unchecked<test[9d35eded1c95d3be]::run_test::{closure#1}, ()>::{closure#1} as core[df12db4294e9bfd3]::ops::function::FnOnce<()>>::call_once::{shim:vtable#0}
[INFO] [stdout]   24:     0x6371a350a579 - <std[70759c8f55707aa4]::sys::thread::unix::Thread>::new::thread_start
[INFO] [stdout]   25:     0x7bbed0667dfa - <unknown>
[INFO] [stdout]   26:     0x7bbed06fb3d4 - clone
[INFO] [stdout]   27:                0x0 - <unknown>
[INFO] [stdout] 
[INFO] [stdout] ---- tests::destroying_a_single_session stdout ----
[INFO] [stdout] 
[INFO] [stdout] thread 'tests::destroying_a_single_session' (1612) panicked at src/lib.rs:156:39:
[INFO] [stdout] called `Result::unwrap()` on an `Err` value: Redis Error - kind: IO, details: Os { code: 111, kind: ConnectionRefused, message: "Connection refused" }
[INFO] [stdout] stack backtrace:
[INFO] [stdout]    0:     0x6371a350b021 - <<std[70759c8f55707aa4]::sys::backtrace::BacktraceLock>::print::DisplayBacktrace as core[df12db4294e9bfd3]::fmt::Display>::fmt
[INFO] [stdout]    1:     0x6371a352256a - core[df12db4294e9bfd3]::fmt::write
[INFO] [stdout]    2:     0x6371a350ff5c - <alloc[2182bb758b4b3781]::vec::Vec<u8> as core[df12db4294e9bfd3]::io::write::Write>::write_fmt
[INFO] [stdout]    3:     0x6371a34e6376 - std[70759c8f55707aa4]::panicking::default_hook::{closure#0}
[INFO] [stdout]    4:     0x6371a3503109 - std[70759c8f55707aa4]::panicking::default_hook
[INFO] [stdout]    5:     0x6371a3340580 - test[9d35eded1c95d3be]::test_main_inner::<test[9d35eded1c95d3be]::test_main_static::{closure#0}>::{closure#0}
[INFO] [stdout]    6:     0x6371a3503432 - std[70759c8f55707aa4]::panicking::panic_with_hook
[INFO] [stdout]    7:     0x6371a34e6422 - std[70759c8f55707aa4]::panicking::panic_handler::{closure#0}
[INFO] [stdout]    8:     0x6371a34deb39 - std[70759c8f55707aa4]::sys::backtrace::__rust_end_short_backtrace::<std[70759c8f55707aa4]::panicking::panic_handler::{closure#0}, !>
[INFO] [stdout]    9:     0x6371a34e731d - __rustc[8fa7c3cbc660c2b3]::rust_begin_unwind
[INFO] [stdout]   10:     0x6371a3522ccc - core[df12db4294e9bfd3]::panicking::panic_fmt
[INFO] [stdout]   11:     0x6371a3522aa2 - core[df12db4294e9bfd3]::result::unwrap_failed
[INFO] [stdout]   12:     0x6371a331459a - async_fred_session[31b57da636854884]::tests::create_session_store::{closure#0}
[INFO] [stdout]   13:     0x6371a3315bb8 - async_fred_session[31b57da636854884]::tests::destroying_a_single_session::{closure#0}
[INFO] [stdout]   14:     0x6371a331d708 - <tokio[8b9631265fc1217c]::runtime::scheduler::current_thread::Context>::enter::<core[df12db4294e9bfd3]::task::poll::Poll<core[df12db4294e9bfd3]::result::Result<(), anyhow[8c366fa371e7d33d]::Error>>, <tokio[8b9631265fc1217c]::runtime::scheduler::current_thread::CoreGuard>::block_on<core[df12db4294e9bfd3]::pin::Pin<&mut core[df12db4294e9bfd3]::pin::Pin<&mut dyn core[df12db4294e9bfd3]::future::future::Future<Output = core[df12db4294e9bfd3]::result::Result<(), anyhow[8c366fa371e7d33d]::Error>>>>>::{closure#0}::{closure#0}>
[INFO] [stdout]   15:     0x6371a332a9e7 - <tokio[8b9631265fc1217c]::runtime::context::scoped::Scoped<tokio[8b9631265fc1217c]::runtime::scheduler::Context>>::set::<<tokio[8b9631265fc1217c]::runtime::scheduler::current_thread::CoreGuard>::enter<<tokio[8b9631265fc1217c]::runtime::scheduler::current_thread::CoreGuard>::block_on<core[df12db4294e9bfd3]::pin::Pin<&mut core[df12db4294e9bfd3]::pin::Pin<&mut dyn core[df12db4294e9bfd3]::future::future::Future<Output = core[df12db4294e9bfd3]::result::Result<(), anyhow[8c366fa371e7d33d]::Error>>>>>::{closure#0}, core[df12db4294e9bfd3]::option::Option<core[df12db4294e9bfd3]::result::Result<(), anyhow[8c366fa371e7d33d]::Error>>>::{closure#0}, (alloc[2182bb758b4b3781]::boxed::Box<tokio[8b9631265fc1217c]::runtime::scheduler::current_thread::Core>, core[df12db4294e9bfd3]::option::Option<core[df12db4294e9bfd3]::result::Result<(), anyhow[8c366fa371e7d33d]::Error>>)>
[INFO] [stdout]   16:     0x6371a331d33c - <tokio[8b9631265fc1217c]::runtime::scheduler::current_thread::CurrentThread>::block_on::<core[df12db4294e9bfd3]::pin::Pin<&mut dyn core[df12db4294e9bfd3]::future::future::Future<Output = core[df12db4294e9bfd3]::result::Result<(), anyhow[8c366fa371e7d33d]::Error>>>>
[INFO] [stdout]   17:     0x6371a332a8b2 - <tokio[8b9631265fc1217c]::runtime::runtime::Runtime>::block_on::<core[df12db4294e9bfd3]::pin::Pin<&mut dyn core[df12db4294e9bfd3]::future::future::Future<Output = core[df12db4294e9bfd3]::result::Result<(), anyhow[8c366fa371e7d33d]::Error>>>>
[INFO] [stdout]   18:     0x6371a33196bb - async_fred_session[31b57da636854884]::tests::destroying_a_single_session
[INFO] [stdout]   19:     0x6371a3323daf - <async_fred_session[31b57da636854884]::tests::destroying_a_single_session::{closure#0} as core[df12db4294e9bfd3]::ops::function::FnOnce<()>>::call_once
[INFO] [stdout]   20:     0x6371a333386b - test[9d35eded1c95d3be]::__rust_begin_short_backtrace::<core[df12db4294e9bfd3]::result::Result<(), alloc[2182bb758b4b3781]::string::String>, fn() -> core[df12db4294e9bfd3]::result::Result<(), alloc[2182bb758b4b3781]::string::String>>
[INFO] [stdout]   21:     0x6371a3340ed5 - test[9d35eded1c95d3be]::run_test::{closure#0}
[INFO] [stdout]   22:     0x6371a333a794 - std[70759c8f55707aa4]::sys::backtrace::__rust_begin_short_backtrace::<test[9d35eded1c95d3be]::run_test::{closure#1}, ()>
[INFO] [stdout]   23:     0x6371a3344032 - <std[70759c8f55707aa4]::thread::lifecycle::spawn_unchecked<test[9d35eded1c95d3be]::run_test::{closure#1}, ()>::{closure#1} as core[df12db4294e9bfd3]::ops::function::FnOnce<()>>::call_once::{shim:vtable#0}
[INFO] [stdout]   24:     0x6371a350a579 - <std[70759c8f55707aa4]::sys::thread::unix::Thread>::new::thread_start
[INFO] [stdout]   25:     0x7bbed0667dfa - <unknown>
[INFO] [stdout]   26:     0x7bbed06fb3d4 - clone
[INFO] [stdout]   27:                0x0 - <unknown>
[INFO] [stdout] 
[INFO] [stdout] ---- tests::creating_a_new_session_with_expiry stdout ----
[INFO] [stdout] 
[INFO] [stdout] thread 'tests::creating_a_new_session_with_expiry' (1610) panicked at src/lib.rs:156:39:
[INFO] [stdout] called `Result::unwrap()` on an `Err` value: Redis Error - kind: IO, details: Os { code: 111, kind: ConnectionRefused, message: "Connection refused" }
[INFO] [stdout] stack backtrace:
[INFO] [stdout]    0:     0x6371a350b021 - <<std[70759c8f55707aa4]::sys::backtrace::BacktraceLock>::print::DisplayBacktrace as core[df12db4294e9bfd3]::fmt::Display>::fmt
[INFO] [stdout]    1:     0x6371a352256a - core[df12db4294e9bfd3]::fmt::write
[INFO] [stdout]    2:     0x6371a350ff5c - <alloc[2182bb758b4b3781]::vec::Vec<u8> as core[df12db4294e9bfd3]::io::write::Write>::write_fmt
[INFO] [stdout]    3:     0x6371a34e6376 - std[70759c8f55707aa4]::panicking::default_hook::{closure#0}
[INFO] [stdout]    4:     0x6371a3503109 - std[70759c8f55707aa4]::panicking::default_hook
[INFO] [stdout]    5:     0x6371a3340580 - test[9d35eded1c95d3be]::test_main_inner::<test[9d35eded1c95d3be]::test_main_static::{closure#0}>::{closure#0}
[INFO] [stdout]    6:     0x6371a3503432 - std[70759c8f55707aa4]::panicking::panic_with_hook
[INFO] [stdout]    7:     0x6371a34e6422 - std[70759c8f55707aa4]::panicking::panic_handler::{closure#0}
[INFO] [stdout]    8:     0x6371a34deb39 - std[70759c8f55707aa4]::sys::backtrace::__rust_end_short_backtrace::<std[70759c8f55707aa4]::panicking::panic_handler::{closure#0}, !>
[INFO] [stdout]    9:     0x6371a34e731d - __rustc[8fa7c3cbc660c2b3]::rust_begin_unwind
[INFO] [stdout]   10:     0x6371a3522ccc - core[df12db4294e9bfd3]::panicking::panic_fmt
[INFO] [stdout]   11:     0x6371a3522aa2 - core[df12db4294e9bfd3]::result::unwrap_failed
[INFO] [stdout]   12:     0x6371a331459a - async_fred_session[31b57da636854884]::tests::create_session_store::{closure#0}
[INFO] [stdout]   13:     0x6371a3316c38 - async_fred_session[31b57da636854884]::tests::creating_a_new_session_with_expiry::{closure#0}
[INFO] [stdout]   14:     0x6371a331d708 - <tokio[8b9631265fc1217c]::runtime::scheduler::current_thread::Context>::enter::<core[df12db4294e9bfd3]::task::poll::Poll<core[df12db4294e9bfd3]::result::Result<(), anyhow[8c366fa371e7d33d]::Error>>, <tokio[8b9631265fc1217c]::runtime::scheduler::current_thread::CoreGuard>::block_on<core[df12db4294e9bfd3]::pin::Pin<&mut core[df12db4294e9bfd3]::pin::Pin<&mut dyn core[df12db4294e9bfd3]::future::future::Future<Output = core[df12db4294e9bfd3]::result::Result<(), anyhow[8c366fa371e7d33d]::Error>>>>>::{closure#0}::{closure#0}>
[INFO] [stdout]   15:     0x6371a332a9e7 - <tokio[8b9631265fc1217c]::runtime::context::scoped::Scoped<tokio[8b9631265fc1217c]::runtime::scheduler::Context>>::set::<<tokio[8b9631265fc1217c]::runtime::scheduler::current_thread::CoreGuard>::enter<<tokio[8b9631265fc1217c]::runtime::scheduler::current_thread::CoreGuard>::block_on<core[df12db4294e9bfd3]::pin::Pin<&mut core[df12db4294e9bfd3]::pin::Pin<&mut dyn core[df12db4294e9bfd3]::future::future::Future<Output = core[df12db4294e9bfd3]::result::Result<(), anyhow[8c366fa371e7d33d]::Error>>>>>::{closure#0}, core[df12db4294e9bfd3]::option::Option<core[df12db4294e9bfd3]::result::Result<(), anyhow[8c366fa371e7d33d]::Error>>>::{closure#0}, (alloc[2182bb758b4b3781]::boxed::Box<tokio[8b9631265fc1217c]::runtime::scheduler::current_thread::Core>, core[df12db4294e9bfd3]::option::Option<core[df12db4294e9bfd3]::result::Result<(), anyhow[8c366fa371e7d33d]::Error>>)>
[INFO] [stdout]   16:     0x6371a331d33c - <tokio[8b9631265fc1217c]::runtime::scheduler::current_thread::CurrentThread>::block_on::<core[df12db4294e9bfd3]::pin::Pin<&mut dyn core[df12db4294e9bfd3]::future::future::Future<Output = core[df12db4294e9bfd3]::result::Result<(), anyhow[8c366fa371e7d33d]::Error>>>>
[INFO] [stdout]   17:     0x6371a332a8b2 - <tokio[8b9631265fc1217c]::runtime::runtime::Runtime>::block_on::<core[df12db4294e9bfd3]::pin::Pin<&mut dyn core[df12db4294e9bfd3]::future::future::Future<Output = core[df12db4294e9bfd3]::result::Result<(), anyhow[8c366fa371e7d33d]::Error>>>>
[INFO] [stdout]   18:     0x6371a331980b - async_fred_session[31b57da636854884]::tests::creating_a_new_session_with_expiry
[INFO] [stdout]   19:     0x6371a3323e5f - <async_fred_session[31b57da636854884]::tests::creating_a_new_session_with_expiry::{closure#0} as core[df12db4294e9bfd3]::ops::function::FnOnce<()>>::call_once
[INFO] [stdout]   20:     0x6371a333386b - test[9d35eded1c95d3be]::__rust_begin_short_backtrace::<core[df12db4294e9bfd3]::result::Result<(), alloc[2182bb758b4b3781]::string::String>, fn() -> core[df12db4294e9bfd3]::result::Result<(), alloc[2182bb758b4b3781]::string::String>>
[INFO] [stdout]   21:     0x6371a3340ed5 - test[9d35eded1c95d3be]::run_test::{closure#0}
[INFO] [stdout]   22:     0x6371a333a794 - std[70759c8f55707aa4]::sys::backtrace::__rust_begin_short_backtrace::<test[9d35eded1c95d3be]::run_test::{closure#1}, ()>
[INFO] [stdout]   23:     0x6371a3344032 - <std[70759c8f55707aa4]::thread::lifecycle::spawn_unchecked<test[9d35eded1c95d3be]::run_test::{closure#1}, ()>::{closure#1} as core[df12db4294e9bfd3]::ops::function::FnOnce<()>>::call_once::{shim:vtable#0}
[INFO] [stdout]   24:     0x6371a350a579 - <std[70759c8f55707aa4]::sys::thread::unix::Thread>::new::thread_start
[INFO] [stdout]   25:     0x7bbed0667dfa - <unknown>
[INFO] [stdout]   26:     0x7bbed06fb3d4 - clone
[INFO] [stdout]   27:                0x0 - <unknown>
[INFO] [stdout] 
[INFO] [stdout] ---- tests::updating_a_session stdout ----
[INFO] [stdout] 
[INFO] [stdout] thread 'tests::updating_a_session' (1613) panicked at src/lib.rs:156:39:
[INFO] [stdout] called `Result::unwrap()` on an `Err` value: Redis Error - kind: IO, details: Os { code: 111, kind: ConnectionRefused, message: "Connection refused" }
[INFO] [stdout] stack backtrace:
[INFO] [stdout]    0:     0x6371a350b021 - <<std[70759c8f55707aa4]::sys::backtrace::BacktraceLock>::print::DisplayBacktrace as core[df12db4294e9bfd3]::fmt::Display>::fmt
[INFO] [stdout]    1:     0x6371a352256a - core[df12db4294e9bfd3]::fmt::write
[INFO] [stdout]    2:     0x6371a350ff5c - <alloc[2182bb758b4b3781]::vec::Vec<u8> as core[df12db4294e9bfd3]::io::write::Write>::write_fmt
[INFO] [stdout]    3:     0x6371a34e6376 - std[70759c8f55707aa4]::panicking::default_hook::{closure#0}
[INFO] [stdout]    4:     0x6371a3503109 - std[70759c8f55707aa4]::panicking::default_hook
[INFO] [stdout]    5:     0x6371a3340580 - test[9d35eded1c95d3be]::test_main_inner::<test[9d35eded1c95d3be]::test_main_static::{closure#0}>::{closure#0}
[INFO] [stdout]    6:     0x6371a3503432 - std[70759c8f55707aa4]::panicking::panic_with_hook
[INFO] [stdout]    7:     0x6371a34e6422 - std[70759c8f55707aa4]::panicking::panic_handler::{closure#0}
[INFO] [stdout]    8:     0x6371a34deb39 - std[70759c8f55707aa4]::sys::backtrace::__rust_end_short_backtrace::<std[70759c8f55707aa4]::panicking::panic_handler::{closure#0}, !>
[INFO] [stdout]    9:     0x6371a34e731d - __rustc[8fa7c3cbc660c2b3]::rust_begin_unwind
[INFO] [stdout]   10:     0x6371a3522ccc - core[df12db4294e9bfd3]::panicking::panic_fmt
[INFO] [stdout]   11:     0x6371a3522aa2 - core[df12db4294e9bfd3]::result::unwrap_failed
[INFO] [stdout]   12:     0x6371a331459a - async_fred_session[31b57da636854884]::tests::create_session_store::{closure#0}
[INFO] [stdout]   13:     0x6371a33147f8 - async_fred_session[31b57da636854884]::tests::updating_a_session::{closure#0}
[INFO] [stdout]   14:     0x6371a331d708 - <tokio[8b9631265fc1217c]::runtime::scheduler::current_thread::Context>::enter::<core[df12db4294e9bfd3]::task::poll::Poll<core[df12db4294e9bfd3]::result::Result<(), anyhow[8c366fa371e7d33d]::Error>>, <tokio[8b9631265fc1217c]::runtime::scheduler::current_thread::CoreGuard>::block_on<core[df12db4294e9bfd3]::pin::Pin<&mut core[df12db4294e9bfd3]::pin::Pin<&mut dyn core[df12db4294e9bfd3]::future::future::Future<Output = core[df12db4294e9bfd3]::result::Result<(), anyhow[8c366fa371e7d33d]::Error>>>>>::{closure#0}::{closure#0}>
[INFO] [stdout]   15:     0x6371a332a9e7 - <tokio[8b9631265fc1217c]::runtime::context::scoped::Scoped<tokio[8b9631265fc1217c]::runtime::scheduler::Context>>::set::<<tokio[8b9631265fc1217c]::runtime::scheduler::current_thread::CoreGuard>::enter<<tokio[8b9631265fc1217c]::runtime::scheduler::current_thread::CoreGuard>::block_on<core[df12db4294e9bfd3]::pin::Pin<&mut core[df12db4294e9bfd3]::pin::Pin<&mut dyn core[df12db4294e9bfd3]::future::future::Future<Output = core[df12db4294e9bfd3]::result::Result<(), anyhow[8c366fa371e7d33d]::Error>>>>>::{closure#0}, core[df12db4294e9bfd3]::option::Option<core[df12db4294e9bfd3]::result::Result<(), anyhow[8c366fa371e7d33d]::Error>>>::{closure#0}, (alloc[2182bb758b4b3781]::boxed::Box<tokio[8b9631265fc1217c]::runtime::scheduler::current_thread::Core>, core[df12db4294e9bfd3]::option::Option<core[df12db4294e9bfd3]::result::Result<(), anyhow[8c366fa371e7d33d]::Error>>)>
[INFO] [stdout]   16:     0x6371a331d33c - <tokio[8b9631265fc1217c]::runtime::scheduler::current_thread::CurrentThread>::block_on::<core[df12db4294e9bfd3]::pin::Pin<&mut dyn core[df12db4294e9bfd3]::future::future::Future<Output = core[df12db4294e9bfd3]::result::Result<(), anyhow[8c366fa371e7d33d]::Error>>>>
[INFO] [stdout]   17:     0x6371a332a8b2 - <tokio[8b9631265fc1217c]::runtime::runtime::Runtime>::block_on::<core[df12db4294e9bfd3]::pin::Pin<&mut dyn core[df12db4294e9bfd3]::future::future::Future<Output = core[df12db4294e9bfd3]::result::Result<(), anyhow[8c366fa371e7d33d]::Error>>>>
[INFO] [stdout]   18:     0x6371a331941b - async_fred_session[31b57da636854884]::tests::updating_a_session
[INFO] [stdout]   19:     0x6371a3323c4f - <async_fred_session[31b57da636854884]::tests::updating_a_session::{closure#0} as core[df12db4294e9bfd3]::ops::function::FnOnce<()>>::call_once
[INFO] [stdout]   20:     0x6371a333386b - test[9d35eded1c95d3be]::__rust_begin_short_backtrace::<core[df12db4294e9bfd3]::result::Result<(), alloc[2182bb758b4b3781]::string::String>, fn() -> core[df12db4294e9bfd3]::result::Result<(), alloc[2182bb758b4b3781]::string::String>>
[INFO] [stdout]   21:     0x6371a3340ed5 - test[9d35eded1c95d3be]::run_test::{closure#0}
[INFO] [stdout]   22:     0x6371a333a794 - std[70759c8f55707aa4]::sys::backtrace::__rust_begin_short_backtrace::<test[9d35eded1c95d3be]::run_test::{closure#1}, ()>
[INFO] [stdout]   23:     0x6371a3344032 - <std[70759c8f55707aa4]::thread::lifecycle::spawn_unchecked<test[9d35eded1c95d3be]::run_test::{closure#1}, ()>::{closure#1} as core[df12db4294e9bfd3]::ops::function::FnOnce<()>>::call_once::{shim:vtable#0}
[INFO] [stdout]   24:     0x6371a350a579 - <std[70759c8f55707aa4]::sys::thread::unix::Thread>::new::thread_start
[INFO] [stdout]   25:     0x7bbed0667dfa - <unknown>
[INFO] [stdout]   26:     0x7bbed06fb3d4 - clone
[INFO] [stdout]   27:                0x0 - <unknown>
[INFO] [stdout] 
[INFO] [stdout] ---- tests::creating_a_new_session_with_no_expiry stdout ----
[INFO] [stdout] 
[INFO] [stdout] thread 'tests::creating_a_new_session_with_no_expiry' (1611) panicked at src/lib.rs:156:39:
[INFO] [stdout] called `Result::unwrap()` on an `Err` value: Redis Error - kind: IO, details: Os { code: 111, kind: ConnectionRefused, message: "Connection refused" }
[INFO] [stdout] stack backtrace:
[INFO] [stdout]    0:     0x6371a350b021 - <<std[70759c8f55707aa4]::sys::backtrace::BacktraceLock>::print::DisplayBacktrace as core[df12db4294e9bfd3]::fmt::Display>::fmt
[INFO] [stdout]    1:     0x6371a352256a - core[df12db4294e9bfd3]::fmt::write
[INFO] [stdout]    2:     0x6371a350ff5c - <alloc[2182bb758b4b3781]::vec::Vec<u8> as core[df12db4294e9bfd3]::io::write::Write>::write_fmt
[INFO] [stdout]    3:     0x6371a34e6376 - std[70759c8f55707aa4]::panicking::default_hook::{closure#0}
[INFO] [stdout]    4:     0x6371a3503109 - std[70759c8f55707aa4]::panicking::default_hook
[INFO] [stdout]    5:     0x6371a3340580 - test[9d35eded1c95d3be]::test_main_inner::<test[9d35eded1c95d3be]::test_main_static::{closure#0}>::{closure#0}
[INFO] [stdout]    6:     0x6371a3503432 - std[70759c8f55707aa4]::panicking::panic_with_hook
[INFO] [stdout]    7:     0x6371a34e6422 - std[70759c8f55707aa4]::panicking::panic_handler::{closure#0}
[INFO] [stdout]    8:     0x6371a34deb39 - std[70759c8f55707aa4]::sys::backtrace::__rust_end_short_backtrace::<std[70759c8f55707aa4]::panicking::panic_handler::{closure#0}, !>
[INFO] [stdout]    9:     0x6371a34e731d - __rustc[8fa7c3cbc660c2b3]::rust_begin_unwind
[INFO] [stdout]   10:     0x6371a3522ccc - core[df12db4294e9bfd3]::panicking::panic_fmt
[INFO] [stdout]   11:     0x6371a3522aa2 - core[df12db4294e9bfd3]::result::unwrap_failed
[INFO] [stdout]   12:     0x6371a331459a - async_fred_session[31b57da636854884]::tests::create_session_store::{closure#0}
[INFO] [stdout]   13:     0x6371a3318b18 - async_fred_session[31b57da636854884]::tests::creating_a_new_session_with_no_expiry::{closure#0}
[INFO] [stdout]   14:     0x6371a331d708 - <tokio[8b9631265fc1217c]::runtime::scheduler::current_thread::Context>::enter::<core[df12db4294e9bfd3]::task::poll::Poll<core[df12db4294e9bfd3]::result::Result<(), anyhow[8c366fa371e7d33d]::Error>>, <tokio[8b9631265fc1217c]::runtime::scheduler::current_thread::CoreGuard>::block_on<core[df12db4294e9bfd3]::pin::Pin<&mut core[df12db4294e9bfd3]::pin::Pin<&mut dyn core[df12db4294e9bfd3]::future::future::Future<Output = core[df12db4294e9bfd3]::result::Result<(), anyhow[8c366fa371e7d33d]::Error>>>>>::{closure#0}::{closure#0}>
[INFO] [stdout]   15:     0x6371a332a9e7 - <tokio[8b9631265fc1217c]::runtime::context::scoped::Scoped<tokio[8b9631265fc1217c]::runtime::scheduler::Context>>::set::<<tokio[8b9631265fc1217c]::runtime::scheduler::current_thread::CoreGuard>::enter<<tokio[8b9631265fc1217c]::runtime::scheduler::current_thread::CoreGuard>::block_on<core[df12db4294e9bfd3]::pin::Pin<&mut core[df12db4294e9bfd3]::pin::Pin<&mut dyn core[df12db4294e9bfd3]::future::future::Future<Output = core[df12db4294e9bfd3]::result::Result<(), anyhow[8c366fa371e7d33d]::Error>>>>>::{closure#0}, core[df12db4294e9bfd3]::option::Option<core[df12db4294e9bfd3]::result::Result<(), anyhow[8c366fa371e7d33d]::Error>>>::{closure#0}, (alloc[2182bb758b4b3781]::boxed::Box<tokio[8b9631265fc1217c]::runtime::scheduler::current_thread::Core>, core[df12db4294e9bfd3]::option::Option<core[df12db4294e9bfd3]::result::Result<(), anyhow[8c366fa371e7d33d]::Error>>)>
[INFO] [stdout]   16:     0x6371a331d33c - <tokio[8b9631265fc1217c]::runtime::scheduler::current_thread::CurrentThread>::block_on::<core[df12db4294e9bfd3]::pin::Pin<&mut dyn core[df12db4294e9bfd3]::future::future::Future<Output = core[df12db4294e9bfd3]::result::Result<(), anyhow[8c366fa371e7d33d]::Error>>>>
[INFO] [stdout]   17:     0x6371a332a8b2 - <tokio[8b9631265fc1217c]::runtime::runtime::Runtime>::block_on::<core[df12db4294e9bfd3]::pin::Pin<&mut dyn core[df12db4294e9bfd3]::future::future::Future<Output = core[df12db4294e9bfd3]::result::Result<(), anyhow[8c366fa371e7d33d]::Error>>>>
[INFO] [stdout]   18:     0x6371a3319aab - async_fred_session[31b57da636854884]::tests::creating_a_new_session_with_no_expiry
[INFO] [stdout]   19:     0x6371a3323fbf - <async_fred_session[31b57da636854884]::tests::creating_a_new_session_with_no_expiry::{closure#0} as core[df12db4294e9bfd3]::ops::function::FnOnce<()>>::call_once
[INFO] [stdout]   20:     0x6371a333386b - test[9d35eded1c95d3be]::__rust_begin_short_backtrace::<core[df12db4294e9bfd3]::result::Result<(), alloc[2182bb758b4b3781]::string::String>, fn() -> core[df12db4294e9bfd3]::result::Result<(), alloc[2182bb758b4b3781]::string::String>>
[INFO] [stdout]   21:     0x6371a3340ed5 - test[9d35eded1c95d3be]::run_test::{closure#0}
[INFO] [stdout]   22:     0x6371a333a794 - std[70759c8f55707aa4]::sys::backtrace::__rust_begin_short_backtrace::<test[9d35eded1c95d3be]::run_test::{closure#1}, ()>
[INFO] [stdout]   23:     0x6371a3344032 - <std[70759c8f55707aa4]::thread::lifecycle::spawn_unchecked<test[9d35eded1c95d3be]::run_test::{closure#1}, ()>::{closure#1} as core[df12db4294e9bfd3]::ops::function::FnOnce<()>>::call_once::{shim:vtable#0}
[INFO] [stdout]   24:     0x6371a350a579 - <std[70759c8f55707aa4]::sys::thread::unix::Thread>::new::thread_start
[INFO] [stdout]   25:     0x7bbed0667dfa - <unknown>
[INFO] [stdout]   26:     0x7bbed06fb3d4 - clone
[INFO] [stdout]   27:                0x0 - <unknown>
[INFO] [stdout] 
[INFO] [stdout] 
[INFO] [stdout] failures:
[INFO] [stdout]     tests::clearing_the_whole_store
[INFO] [stdout]     tests::creating_a_new_session_with_expiry
[INFO] [stdout]     tests::creating_a_new_session_with_no_expiry
[INFO] [stdout]     tests::destroying_a_single_session
[INFO] [stdout]     tests::updating_a_session
[INFO] [stdout]     tests::updating_a_session_extending_expiry
[INFO] [stdout] 
[INFO] [stdout] test result: FAILED. 0 passed; 6 failed; 0 ignored; 0 measured; 0 filtered out; finished in 0.04s
[INFO] [stdout] 
[INFO] running `Command { std: "docker" "inspect" "f795060b9459687470a7c2e0ad7e6359948ab38261a09ec8dc0a7c7945402580", kill_on_drop: false }`
[INFO] running `Command { std: "docker" "rm" "-f" "f795060b9459687470a7c2e0ad7e6359948ab38261a09ec8dc0a7c7945402580", kill_on_drop: false }`
[INFO] [stdout] f795060b9459687470a7c2e0ad7e6359948ab38261a09ec8dc0a7c7945402580
