[INFO] cloning repository https://github.com/zxzinn/django-makemessages-rs
[INFO] running `Command { std: "git" "-c" "credential.helper=" "-c" "credential.helper=/workspace/cargo-home/bin/git-credential-null" "clone" "--bare" "https://github.com/zxzinn/django-makemessages-rs" "/workspace/cache/git-repos/https%3A%2F%2Fgithub.com%2Fzxzinn%2Fdjango-makemessages-rs", kill_on_drop: false }`
[INFO] [stderr] Cloning into bare repository '/workspace/cache/git-repos/https%3A%2F%2Fgithub.com%2Fzxzinn%2Fdjango-makemessages-rs'...
[INFO] running `Command { std: "git" "rev-parse" "HEAD", kill_on_drop: false }`
[INFO] [stdout] 9ddd386e6701b519e6c0acc8498289ab32982444
[INFO] testing zxzinn/django-makemessages-rs against 1.100.0-beta.1+cargoflags=--release for beta-release-1.100-2
[INFO] running `Command { std: "git" "clone" "/workspace/cache/git-repos/https%3A%2F%2Fgithub.com%2Fzxzinn%2Fdjango-makemessages-rs" "/workspace/builds/worker-3-tc2/source", kill_on_drop: false }`
[INFO] [stderr] Cloning into '/workspace/builds/worker-3-tc2/source'...
[INFO] [stderr] done.
[INFO] started tweaking git repo https://github.com/zxzinn/django-makemessages-rs
[INFO] finished tweaking git repo https://github.com/zxzinn/django-makemessages-rs
[INFO] tweaked toml for git repo https://github.com/zxzinn/django-makemessages-rs written to /workspace/builds/worker-3-tc2/source/Cargo.toml
[INFO] validating manifest of git repo https://github.com/zxzinn/django-makemessages-rs on toolchain 1.100.0-beta.1
[INFO] running `Command { std: CARGO_HOME="/workspace/cargo-home" RUSTUP_HOME="/workspace/rustup-home" "/workspace/cargo-home/bin/cargo" "+1.100.0-beta.1" "metadata" "--manifest-path" "Cargo.toml" "--no-deps", kill_on_drop: false }`
[INFO] crate git repo https://github.com/zxzinn/django-makemessages-rs already has a lockfile, it will not be regenerated
[INFO] running `Command { std: CARGO_HOME="/workspace/cargo-home" RUSTUP_HOME="/workspace/rustup-home" "/workspace/cargo-home/bin/cargo" "+1.100.0-beta.1" "fetch" "--manifest-path" "Cargo.toml", kill_on_drop: false }`
[INFO] running `Command { std: "docker" "create" "-v" "/var/lib/crater-agent-workspace/builds/worker-3-tc2/source:/opt/rustwide/workdir:ro,Z" "-v" "/var/lib/crater-agent-workspace/builds/worker-3-tc2/target:/opt/rustwide/target:rw,Z" "-v" "/var/lib/crater-agent-workspace/cargo-home:/opt/rustwide/cargo-home:ro,Z" "-v" "/var/lib/crater-agent-workspace/rustup-home:/opt/rustwide/rustup-home:ro,Z" "-m" "1610612736" "--network" "none" "ghcr.io/rust-lang/crates-build-env/linux@sha256:77db811e55d90add9212f6832c23229e3de5f1c1f9905e8cb07319ea15df73ac" "sleep" "infinity", kill_on_drop: false }`
[INFO] [stdout] 6e8c06427748a5123df05ef0a52a9c5204d2e67540ae3d507b0d94dc9c89c98e
[INFO] running `Command { std: "docker" "start" "6e8c06427748a5123df05ef0a52a9c5204d2e67540ae3d507b0d94dc9c89c98e", kill_on_drop: false }`
[INFO] running `Command { std: "docker" "inspect" "6e8c06427748a5123df05ef0a52a9c5204d2e67540ae3d507b0d94dc9c89c98e", kill_on_drop: false }`
[INFO] running `Command { std: "docker" "exec" "-e" "SOURCE_DIR=/opt/rustwide/workdir" "-e" "CARGO_HOME=/opt/rustwide/cargo-home" "-e" "RUSTUP_HOME=/opt/rustwide/rustup-home" "-e" "CARGO_TARGET_DIR=/opt/rustwide/target" "-w" "/opt/rustwide/workdir" "--user" "0:0" "6e8c06427748a5123df05ef0a52a9c5204d2e67540ae3d507b0d94dc9c89c98e" "/opt/rustwide/cargo-home/bin/cargo" "+1.100.0-beta.1" "metadata" "--no-deps" "--format-version=1", kill_on_drop: false }`
[INFO] running `Command { std: "docker" "inspect" "6e8c06427748a5123df05ef0a52a9c5204d2e67540ae3d507b0d94dc9c89c98e", kill_on_drop: false }`
[INFO] running `Command { std: "docker" "exec" "-e" "SOURCE_DIR=/opt/rustwide/workdir" "-e" "CARGO_HOME=/opt/rustwide/cargo-home" "-e" "RUSTUP_HOME=/opt/rustwide/rustup-home" "-e" "CARGO_TARGET_DIR=/opt/rustwide/target" "-e" "CARGO_INCREMENTAL=0" "-e" "RUST_BACKTRACE=full" "-e" "RUSTFLAGS=--cap-lints=warn" "-e" "RUSTDOCFLAGS=--cap-lints=warn" "-w" "/opt/rustwide/workdir" "--user" "0:0" "6e8c06427748a5123df05ef0a52a9c5204d2e67540ae3d507b0d94dc9c89c98e" "/opt/rustwide/cargo-home/bin/cargo" "+1.100.0-beta.1" "build" "--frozen" "--message-format=json" "--release", kill_on_drop: false }`
[INFO] [stderr]    Compiling memchr v2.8.0
[INFO] [stderr]    Compiling proc-macro2 v1.0.106
[INFO] [stderr]    Compiling quote v1.0.45
[INFO] [stderr]    Compiling regex-syntax v0.8.10
[INFO] [stderr]    Compiling anyhow v1.0.102
[INFO] [stderr]    Compiling clap_lex v1.0.0
[INFO] [stderr]    Compiling bit-vec v0.8.0
[INFO] [stderr]    Compiling either v1.15.0
[INFO] [stderr]    Compiling rayon v1.11.0
[INFO] [stderr]    Compiling clap_builder v4.5.60
[INFO] [stderr]    Compiling aho-corasick v1.1.4
[INFO] [stderr]    Compiling bstr v1.12.1
[INFO] [stderr]    Compiling bit-set v0.8.0
[INFO] [stderr]    Compiling syn v2.0.117
[INFO] [stderr]    Compiling regex-automata v0.4.14
[INFO] [stderr]    Compiling clap_derive v4.5.55
[INFO] [stderr]    Compiling clap v4.5.60
[INFO] [stderr]    Compiling globset v0.4.18
[INFO] [stderr]    Compiling regex v1.12.3
[INFO] [stderr]    Compiling fancy-regex v0.17.0
[INFO] [stderr]    Compiling ignore v0.4.25
[INFO] [stderr]    Compiling django-makemessages-rs v0.8.0 (/opt/rustwide/workdir)
[INFO] [stderr]     Finished `release` profile [optimized] target(s) in 59.88s
[INFO] running `Command { std: "docker" "inspect" "6e8c06427748a5123df05ef0a52a9c5204d2e67540ae3d507b0d94dc9c89c98e", kill_on_drop: false }`
[INFO] running `Command { std: "docker" "exec" "-e" "SOURCE_DIR=/opt/rustwide/workdir" "-e" "CARGO_HOME=/opt/rustwide/cargo-home" "-e" "RUSTUP_HOME=/opt/rustwide/rustup-home" "-e" "CARGO_TARGET_DIR=/opt/rustwide/target" "-e" "CARGO_INCREMENTAL=0" "-e" "RUST_BACKTRACE=full" "-e" "RUSTFLAGS=--cap-lints=warn" "-e" "RUSTDOCFLAGS=--cap-lints=warn" "-w" "/opt/rustwide/workdir" "--user" "0:0" "6e8c06427748a5123df05ef0a52a9c5204d2e67540ae3d507b0d94dc9c89c98e" "/opt/rustwide/cargo-home/bin/cargo" "+1.100.0-beta.1" "test" "--frozen" "--no-run" "--message-format=json" "--release", kill_on_drop: false }`
[INFO] [stderr]    Compiling django-makemessages-rs v0.8.0 (/opt/rustwide/workdir)
[INFO] [stderr]     Finished `release` profile [optimized] target(s) in 33.76s
[INFO] running `Command { std: "docker" "inspect" "6e8c06427748a5123df05ef0a52a9c5204d2e67540ae3d507b0d94dc9c89c98e", kill_on_drop: false }`
[INFO] running `Command { std: "docker" "exec" "-e" "SOURCE_DIR=/opt/rustwide/workdir" "-e" "CARGO_HOME=/opt/rustwide/cargo-home" "-e" "RUSTUP_HOME=/opt/rustwide/rustup-home" "-e" "CARGO_TARGET_DIR=/opt/rustwide/target" "-e" "CARGO_INCREMENTAL=0" "-e" "RUST_BACKTRACE=full" "-e" "RUSTFLAGS=--cap-lints=warn" "-e" "RUSTDOCFLAGS=--cap-lints=warn" "-w" "/opt/rustwide/workdir" "--user" "0:0" "6e8c06427748a5123df05ef0a52a9c5204d2e67540ae3d507b0d94dc9c89c98e" "/opt/rustwide/cargo-home/bin/cargo" "+1.100.0-beta.1" "test" "--frozen" "--release", kill_on_drop: false }`
[INFO] [stderr]     Finished `release` profile [optimized] target(s) in 0.06s
[INFO] [stderr]      Running unittests src/main.rs (/opt/rustwide/target/release/build/django-makemessages-rs/b812c1dbb60056a8/out/django_makemessages_rs-b812c1dbb60056a8)
[INFO] [stdout] 
[INFO] [stdout] running 95 tests
[INFO] [stdout] test extractor::tests::test_blocktrans_inside_comment_block_skipped ... ok
[INFO] [stdout] test extractor::tests::test_blocktrans_var_keeps_filters_and_dots ... ok
[INFO] [stdout] test extractor::tests::test_constant_not_extracted_inside_blocktrans_body ... ok
[INFO] [stdout] test extractor::tests::test_constant_in_var_and_block_tag ... ok
[INFO] [stdout] test extractor::tests::test_blocktrans_trimmed_collapses ... ok
[INFO] [stdout] test extractor::tests::test_extract_file_routes_email_to_template ... ok
[INFO] [stdout] test extractor::tests::test_constant_in_filter_argument ... ok
[INFO] [stdout] test extractor::tests::test_extract_file_routes_py_to_python ... ok
[INFO] [stdout] test extractor::tests::test_blocktrans_preserves_surrounding_whitespace ... ok
[INFO] [stdout] test extractor::tests::test_blocktrans_with_context ... ok
[INFO] [stdout] test extractor::tests::test_blocktrans_plural_with_context ... ok
[INFO] [stdout] test extractor::tests::test_custom_keyword_extracted ... ok
[INFO] [stdout] test extractor::tests::test_entries_are_in_source_order ... ok
[INFO] [stdout] test extractor::tests::test_custom_keyword_with_context_argnums ... ok
[INFO] [stdout] test extractor::tests::test_expression_argument_is_not_a_msgid ... ok
[INFO] [stdout] test extractor::tests::test_bare_variable_argument_ignored ... ok
[INFO] [stdout] test extractor::tests::test_extract_template_blocktrans_plural ... ok
[INFO] [stdout] test extractor::tests::test_extract_template_blocktrans ... ok
[INFO] [stdout] test extractor::tests::test_extract_template_trans ... ok
[INFO] [stdout] test extractor::tests::test_extract_template_translate ... ok
[INFO] [stdout] test extractor::tests::test_template_block_translator_comment ... ok
[INFO] [stdout] test extractor::tests::test_template_blocktranslate_trimmed ... ok
[INFO] [stdout] test extractor::tests::test_percent_in_filter_arg_not_doubled ... ok
[INFO] [stdout] test extractor::tests::test_template_comment_preserves_line_numbers ... ok
[INFO] [stdout] test extractor::tests::test_template_comment_block_skipped ... ok
[INFO] [stdout] test extractor::tests::test_template_inline_comment_skipped ... ok
[INFO] [stdout] test extractor::tests::test_template_inline_translator_comment ... ok
[INFO] [stdout] test extractor::tests::test_template_mixed_comments_and_content ... ok
[INFO] [stdout] test extractor::tests::test_template_percent_escape ... ok
[INFO] [stdout] test extractor::tests::test_template_var_not_double_escaped ... ok
[INFO] [stdout] test extractor::tests::test_trans_with_context ... ok
[INFO] [stdout] test extractor::tests::test_trans_without_context_has_none ... ok
[INFO] [stdout] test extractor::tests::test_same_line_implicit_concat ... ok
[INFO] [stdout] test extractor::tests::test_python_translator_comment ... ok
[INFO] [stdout] test keywords::tests::test_bare_name ... ok
[INFO] [stdout] test keywords::tests::test_context_plural_spec ... ok
[INFO] [stdout] test keywords::tests::test_context_spec ... ok
[INFO] [stdout] test keywords::tests::test_argnums_match_django ... ok
[INFO] [stdout] test keywords::tests::test_detect_alias_keeps_argnums ... ok
[INFO] [stdout] test keywords::tests::test_detect_multiple_and_parenthesized ... ok
[INFO] [stdout] test keywords::tests::test_detect_simple_alias ... ok
[INFO] [stdout] test keywords::tests::test_djangojs_omits_lazy_context_variants ... ok
[INFO] [stdout] test keywords::tests::test_non_first_msgid ... ok
[INFO] [stdout] test keywords::tests::test_other_module_ignored ... ok
[INFO] [stdout] test keywords::tests::test_plain_import_is_not_an_alias ... ok
[INFO] [stdout] test keywords::tests::test_plural_spec ... ok
[INFO] [stdout] test keywords::tests::test_total_count_suffix_ignored ... ok
[INFO] [stdout] test plural_forms::tests::test_cjk_locales_have_one_plural ... ok
[INFO] [stdout] test plural_forms::tests::test_falls_back_to_base_language ... ok
[INFO] [stdout] test plural_forms::tests::test_french_uses_greater_than_one ... ok
[INFO] [stdout] test plural_forms::tests::test_table_is_sorted_for_binary_search ... ok
[INFO] [stdout] test plural_forms::tests::test_unknown_locale_uses_default ... ok
[INFO] [stdout] test po::tests::test_custom_width_wraps_earlier_than_default ... ok
[INFO] [stdout] test po::tests::test_format_po_string_simple ... ok
[INFO] [stdout] test po::tests::test_location_mode_file_strips_line_numbers_and_dedups ... ok
[INFO] [stdout] test po::tests::test_location_mode_never_omits_location_line ... ok
[INFO] [stdout] test extractor::tests::test_python_percent_formatting_after_call ... ok
[INFO] [stdout] test keywords::tests::test_malformed_specs_rejected ... ok
[INFO] [stdout] test po::tests::test_no_flag_removes_only_named_flag ... ok
[INFO] [stdout] test po::tests::test_merge_preserves_translations ... ok
[INFO] [stdout] test po::tests::test_no_wrap_keeps_single_line ... ok
[INFO] [stdout] test po::tests::test_no_obsolete_drops_entry ... ok
[INFO] [stdout] test po::tests::test_obsolete_entry_has_no_location_line ... ok
[INFO] [stdout] test po::tests::test_obsolete_entry_is_preserved ... ok
[INFO] [stdout] test po::tests::test_no_flag_drops_line_when_all_removed ... ok
[INFO] [stdout] test po::tests::test_obsolete_survives_round_trip ... ok
[INFO] [stdout] test po::tests::test_translator_comment_emitted ... ok
[INFO] [stdout] test po::tests::test_untranslated_finds_only_empty_msgstr ... ok
[INFO] [stdout] test po::tests::test_parse_simple_po ... ok
[INFO] [stdout] test extractor::tests::test_extract_pgettext ... ok
[INFO] [stdout] test po::tests::test_untranslated_obsolete_is_not_kept ... ok
[INFO] [stdout] test po::tests::test_untranslated_skips_header ... ok
[INFO] [stdout] test po::tests::test_untranslated_skips_obsolete ... ok
[INFO] [stdout] test po::tests::test_untranslated_skips_wrapped_translation ... ok
[INFO] [stdout] test po::tests::test_width_zero_never_wraps ... ok
[INFO] [stdout] test po::tests::test_wrap_references_breaks_at_80 ... ok
[INFO] [stdout] test po::tests::test_wrap_references_short_fits_one_line ... ok
[INFO] [stdout] test tests::test_invalid_locales ... ok
[INFO] [stdout] test po::tests::test_wrap_references_exact_80_wraps ... ok
[INFO] [stdout] test po::tests::test_untranslated_reports_plural_index ... ok
[INFO] [stdout] test tests::test_valid_locales ... ok
[INFO] [stdout] test tests::test_suggestion_keeps_tail_after_two_chars ... ok
[INFO] [stdout] test tests::test_suggests_canonical_form ... ok
[INFO] [stdout] test extractor::tests::test_triple_quoted_python_string ... ok
[INFO] [stdout] test extractor::tests::test_underscore_not_in_word ... ok
[INFO] [stdout] test extractor::tests::test_extract_ngettext ... ok
[INFO] [stdout] test extractor::tests::test_python_escaped_quotes_in_single_quoted ... ok
[INFO] [stdout] test extractor::tests::test_extract_implicit_concat ... ok
[INFO] [stdout] test extractor::tests::test_python_non_translator_comment_ignored ... ok
[INFO] [stdout] test extractor::tests::test_gettext_noop ... ok
[INFO] [stdout] test extractor::tests::test_extract_gettext ... ok
[INFO] [stdout] test extractor::tests::test_js_file_uses_python_scanner ... ok
[INFO] [stdout] test extractor::tests::test_literal_concat_still_extracted ... ok
[INFO] [stdout] test extractor::tests::test_nested_call_argument_ignored ... ok
[INFO] [stdout] test extractor::tests::test_underscore_not_in_method ... ok
[INFO] [stdout] 
[INFO] [stdout] test result: ok. 95 passed; 0 failed; 0 ignored; 0 measured; 0 filtered out; finished in 0.09s
[INFO] [stdout] 
[INFO] [stderr]      Running tests/cli.rs (/opt/rustwide/target/release/build/django-makemessages-rs/1cf787650a31245e/out/cli-1cf787650a31245e)
[INFO] [stdout] 
[INFO] [stdout] running 21 tests
[INFO] [stdout] test default_ignore_patterns_skip_dotdirs ... FAILED
[INFO] [stdout] test invalid_locale_is_reported_and_skipped ... FAILED
[INFO] [stdout] test exclude_skips_a_locale ... FAILED
[INFO] [stdout] test compile_produces_a_readable_mo ... FAILED
[INFO] [stdout] test ignore_pattern_excludes_a_directory ... FAILED
[INFO] [stdout] test force_po_writes_an_empty_catalog ... FAILED
[INFO] [stdout] test no_untranslated_fails_then_passes ... FAILED
[INFO] [stdout] test default_layout_keeps_one_catalog ... FAILED
[INFO] [stdout] test dry_run_leaves_tree_untouched ... FAILED
[INFO] [stdout] test all_processes_every_existing_locale ... FAILED
[INFO] [stdout] test no_untranslated_ignores_the_header ... FAILED
[INFO] [stdout] test check_exits_nonzero_when_out_of_sync ... FAILED
[INFO] [stdout] test compile_is_skipped_for_check_and_dry_run ... FAILED
[INFO] [stdout] test rejects_unknown_domain ... FAILED
[INFO] [stdout] test requires_a_locale_selector ... FAILED
[INFO] [stdout] test width_zero_disables_wrapping ... FAILED
[INFO] [stdout] test per_app_locale_splits_by_app ... FAILED
[INFO] [stdout] test check_exits_zero_when_in_sync ... FAILED
[INFO] [stdout] test obsolete_entries_survive_by_default ... FAILED
[INFO] [stdout] test all_ignores_exclude_like_django ... FAILED
[INFO] [stdout] test djangojs_domain_extracts_js_and_names_the_file ... FAILED
[INFO] [stdout] 
[INFO] [stdout] failures:
[INFO] [stdout] 
[INFO] [stdout] ---- default_ignore_patterns_skip_dotdirs stdout ----
[INFO] [stdout] 
[INFO] [stdout] thread 'default_ignore_patterns_skip_dotdirs' (585) panicked at tests/cli.rs:47:14:
[INFO] [stdout] failed to run binary: Os { code: 2, kind: NotFound, message: "No such file or directory" }
[INFO] [stdout] stack backtrace:
[INFO] [stdout]    0:     0x60304f572ec7 - <unknown>
[INFO] [stdout]    1:     0x60304f55b27a - <unknown>
[INFO] [stdout]    2:     0x60304f57247b - <unknown>
[INFO] [stdout]    3:     0x60304f571f5f - <unknown>
[INFO] [stdout]    4:     0x60304f571b8a - <unknown>
[INFO] [stdout]    5:     0x60304f5716c5 - <unknown>
[INFO] [stdout]    6:     0x60304f598471 - <unknown>
[INFO] [stdout]    7:     0x60304f598429 - <unknown>
[INFO] [stdout]    8:     0x60304f59892c - <unknown>
[INFO] [stdout]    9:     0x60304f55b10b - <unknown>
[INFO] [stdout]   10:     0x60304f55e3d1 - <unknown>
[INFO] [stdout]   11:     0x60304f554131 - <unknown>
[INFO] [stdout]   12:     0x60304f559459 - <unknown>
[INFO] [stdout]   13:     0x60304f5b22db - <unknown>
[INFO] [stdout]   14:     0x60304f5ae2a1 - <unknown>
[INFO] [stdout]   15:     0x60304f5ada8c - <unknown>
[INFO] [stdout]   16:     0x60304f5cd72c - <unknown>
[INFO] [stdout]   17:     0x60304f59a1a4 - <unknown>
[INFO] [stdout]   18:     0x79c1cf59cdfa - <unknown>
[INFO] [stdout]   19:     0x79c1cf6303d4 - clone
[INFO] [stdout]   20:                0x0 - <unknown>
[INFO] [stdout] 
[INFO] [stdout] ---- invalid_locale_is_reported_and_skipped stdout ----
[INFO] [stdout] 
[INFO] [stdout] thread 'invalid_locale_is_reported_and_skipped' (592) panicked at tests/cli.rs:47:14:
[INFO] [stdout] failed to run binary: Os { code: 2, kind: NotFound, message: "No such file or directory" }
[INFO] [stdout] stack backtrace:
[INFO] [stdout]    0:     0x60304f572ec7 - <unknown>
[INFO] [stdout]    1:     0x60304f55b27a - <unknown>
[INFO] [stdout]    2:     0x60304f57247b - <unknown>
[INFO] [stdout]    3:     0x60304f571f5f - <unknown>
[INFO] [stdout]    4:     0x60304f571b8a - <unknown>
[INFO] [stdout]    5:     0x60304f5716c5 - <unknown>
[INFO] [stdout]    6:     0x60304f598471 - <unknown>
[INFO] [stdout]    7:     0x60304f598429 - <unknown>
[INFO] [stdout]    8:     0x60304f59892c - <unknown>
[INFO] [stdout]    9:     0x60304f55b10b - <unknown>
[INFO] [stdout]   10:     0x60304f55e3d1 - <unknown>
[INFO] [stdout]   11:     0x60304f554131 - <unknown>
[INFO] [stdout]   12:     0x60304f559678 - <unknown>
[INFO] [stdout]   13:     0x60304f5b22db - <unknown>
[INFO] [stdout]   14:     0x60304f5ae2a1 - <unknown>
[INFO] [stdout]   15:     0x60304f5ada8c - <unknown>
[INFO] [stdout]   16:     0x60304f5cd72c - <unknown>
[INFO] [stdout]   17:     0x60304f59a1a4 - <unknown>
[INFO] [stdout]   18:     0x79c1cf59cdfa - <unknown>
[INFO] [stdout]   19:     0x79c1cf6303d4 - clone
[INFO] [stdout]   20:                0x0 - <unknown>
[INFO] [stdout] 
[INFO] [stdout] ---- exclude_skips_a_locale stdout ----
[INFO] [stdout] 
[INFO] [stdout] thread 'exclude_skips_a_locale' (589) panicked at tests/cli.rs:47:14:
[INFO] [stdout] failed to run binary: Os { code: 2, kind: NotFound, message: "No such file or directory" }
[INFO] [stdout] stack backtrace:
[INFO] [stdout]    0:     0x60304f572ec7 - <unknown>
[INFO] [stdout]    1:     0x60304f55b27a - <unknown>
[INFO] [stdout]    2:     0x60304f57247b - <unknown>
[INFO] [stdout]    3:     0x60304f571f5f - <unknown>
[INFO] [stdout]    4:     0x60304f571b8a - <unknown>
[INFO] [stdout]    5:     0x60304f5716c5 - <unknown>
[INFO] [stdout]    6:     0x60304f598471 - <unknown>
[INFO] [stdout]    7:     0x60304f598429 - <unknown>
[INFO] [stdout]    8:     0x60304f59892c - <unknown>
[INFO] [stdout]    9:     0x60304f55b10b - <unknown>
[INFO] [stdout]   10:     0x60304f55e3d1 - <unknown>
[INFO] [stdout]   11:     0x60304f554131 - <unknown>
[INFO] [stdout]   12:     0x60304f555d27 - <unknown>
[INFO] [stdout]   13:     0x60304f5b22db - <unknown>
[INFO] [stdout]   14:     0x60304f5ae2a1 - <unknown>
[INFO] [stdout]   15:     0x60304f5ada8c - <unknown>
[INFO] [stdout]   16:     0x60304f5cd72c - <unknown>
[INFO] [stdout]   17:     0x60304f59a1a4 - <unknown>
[INFO] [stdout]   18:     0x79c1cf59cdfa - <unknown>
[INFO] [stdout]   19:     0x79c1cf6303d4 - clone
[INFO] [stdout]   20:                0x0 - <unknown>
[INFO] [stdout] 
[INFO] [stdout] ---- compile_produces_a_readable_mo stdout ----
[INFO] [stdout] 
[INFO] [stdout] thread 'compile_produces_a_readable_mo' (584) panicked at tests/cli.rs:47:14:
[INFO] [stdout] failed to run binary: Os { code: 2, kind: NotFound, message: "No such file or directory" }
[INFO] [stdout] stack backtrace:
[INFO] [stdout]    0:     0x60304f572ec7 - <unknown>
[INFO] [stdout]    1:     0x60304f55b27a - <unknown>
[INFO] [stdout]    2:     0x60304f57247b - <unknown>
[INFO] [stdout]    3:     0x60304f571f5f - <unknown>
[INFO] [stdout]    4:     0x60304f571b8a - <unknown>
[INFO] [stdout]    5:     0x60304f5716c5 - <unknown>
[INFO] [stdout]    6:     0x60304f598471 - <unknown>
[INFO] [stdout]    7:     0x60304f598429 - <unknown>
[INFO] [stdout]    8:     0x60304f59892c - <unknown>
[INFO] [stdout]    9:     0x60304f55b10b - <unknown>
[INFO] [stdout]   10:     0x60304f55e3d1 - <unknown>
[INFO] [stdout]   11:     0x60304f554131 - <unknown>
[INFO] [stdout]   12:     0x60304f5571ec - <unknown>
[INFO] [stdout]   13:     0x60304f5b22db - <unknown>
[INFO] [stdout]   14:     0x60304f5ae2a1 - <unknown>
[INFO] [stdout]   15:     0x60304f5ada8c - <unknown>
[INFO] [stdout]   16:     0x60304f5cd72c - <unknown>
[INFO] [stdout]   17:     0x60304f59a1a4 - <unknown>
[INFO] [stdout]   18:     0x79c1cf59cdfa - <unknown>
[INFO] [stdout]   19:     0x79c1cf6303d4 - clone
[INFO] [stdout]   20:                0x0 - <unknown>
[INFO] [stdout] 
[INFO] [stdout] ---- ignore_pattern_excludes_a_directory stdout ----
[INFO] [stdout] 
[INFO] [stdout] thread 'ignore_pattern_excludes_a_directory' (591) panicked at tests/cli.rs:47:14:
[INFO] [stdout] failed to run binary: Os { code: 2, kind: NotFound, message: "No such file or directory" }
[INFO] [stdout] stack backtrace:
[INFO] [stdout]    0:     0x60304f572ec7 - <unknown>
[INFO] [stdout]    1:     0x60304f55b27a - <unknown>
[INFO] [stdout]    2:     0x60304f57247b - <unknown>
[INFO] [stdout]    3:     0x60304f571f5f - <unknown>
[INFO] [stdout]    4:     0x60304f571b8a - <unknown>
[INFO] [stdout]    5:     0x60304f5716c5 - <unknown>
[INFO] [stdout]    6:     0x60304f598471 - <unknown>
[INFO] [stdout]    7:     0x60304f598429 - <unknown>
[INFO] [stdout]    8:     0x60304f59892c - <unknown>
[INFO] [stdout]    9:     0x60304f55b10b - <unknown>
[INFO] [stdout]   10:     0x60304f55e3d1 - <unknown>
[INFO] [stdout]   11:     0x60304f554131 - <unknown>
[INFO] [stdout]   12:     0x60304f558bd9 - <unknown>
[INFO] [stdout]   13:     0x60304f5b22db - <unknown>
[INFO] [stdout]   14:     0x60304f5ae2a1 - <unknown>
[INFO] [stdout]   15:     0x60304f5ada8c - <unknown>
[INFO] [stdout]   16:     0x60304f5cd72c - <unknown>
[INFO] [stdout]   17:     0x60304f59a1a4 - <unknown>
[INFO] [stdout]   18:     0x79c1cf59cdfa - <unknown>
[INFO] [stdout]   19:     0x79c1cf6303d4 - clone
[INFO] [stdout]   20:                0x0 - <unknown>
[INFO] [stdout] 
[INFO] [stdout] ---- force_po_writes_an_empty_catalog stdout ----
[INFO] [stdout] 
[INFO] [stdout] thread 'force_po_writes_an_empty_catalog' (590) panicked at tests/cli.rs:47:14:
[INFO] [stdout] failed to run binary: Os { code: 2, kind: NotFound, message: "No such file or directory" }
[INFO] [stdout] stack backtrace:
[INFO] [stdout]    0:     0x60304f572ec7 - <unknown>
[INFO] [stdout]    1:     0x60304f55b27a - <unknown>
[INFO] [stdout]    2:     0x60304f57247b - <unknown>
[INFO] [stdout]    3:     0x60304f571f5f - <unknown>
[INFO] [stdout]    4:     0x60304f571b8a - <unknown>
[INFO] [stdout]    5:     0x60304f5716c5 - <unknown>
[INFO] [stdout]    6:     0x60304f598471 - <unknown>
[INFO] [stdout]    7:     0x60304f598429 - <unknown>
[INFO] [stdout]    8:     0x60304f59892c - <unknown>
[INFO] [stdout]    9:     0x60304f55b10b - <unknown>
[INFO] [stdout]   10:     0x60304f55e3d1 - <unknown>
[INFO] [stdout]   11:     0x60304f554131 - <unknown>
[INFO] [stdout]   12:     0x60304f557dab - <unknown>
[INFO] [stdout]   13:     0x60304f5b22db - <unknown>
[INFO] [stdout]   14:     0x60304f5ae2a1 - <unknown>
[INFO] [stdout]   15:     0x60304f5ada8c - <unknown>
[INFO] [stdout]   16:     0x60304f5cd72c - <unknown>
[INFO] [stdout]   17:     0x60304f59a1a4 - <unknown>
[INFO] [stdout]   18:     0x79c1cf59cdfa - <unknown>
[INFO] [stdout]   19:     0x79c1cf6303d4 - clone
[INFO] [stdout]   20:                0x0 - <unknown>
[INFO] [stdout] 
[INFO] [stdout] ---- no_untranslated_fails_then_passes stdout ----
[INFO] [stdout] 
[INFO] [stdout] thread 'no_untranslated_fails_then_passes' (593) panicked at tests/cli.rs:47:14:
[INFO] [stdout] failed to run binary: Os { code: 2, kind: NotFound, message: "No such file or directory" }
[INFO] [stdout] stack backtrace:
[INFO] [stdout]    0:     0x60304f572ec7 - <unknown>
[INFO] [stdout]    1:     0x60304f55b27a - <unknown>
[INFO] [stdout]    2:     0x60304f57247b - <unknown>
[INFO] [stdout]    3:     0x60304f571f5f - <unknown>
[INFO] [stdout]    4:     0x60304f571b8a - <unknown>
[INFO] [stdout]    5:     0x60304f5716c5 - <unknown>
[INFO] [stdout]    6:     0x60304f598471 - <unknown>
[INFO] [stdout]    7:     0x60304f598429 - <unknown>
[INFO] [stdout]    8:     0x60304f59892c - <unknown>
[INFO] [stdout]    9:     0x60304f55b10b - <unknown>
[INFO] [stdout]   10:     0x60304f55e3d1 - <unknown>
[INFO] [stdout]   11:     0x60304f554131 - <unknown>
[INFO] [stdout]   12:     0x60304f557fc6 - <unknown>
[INFO] [stdout]   13:     0x60304f5b22db - <unknown>
[INFO] [stdout]   14:     0x60304f5ae2a1 - <unknown>
[INFO] [stdout]   15:     0x60304f5ada8c - <unknown>
[INFO] [stdout]   16:     0x60304f5cd72c - <unknown>
[INFO] [stdout]   17:     0x60304f59a1a4 - <unknown>
[INFO] [stdout]   18:     0x79c1cf59cdfa - <unknown>
[INFO] [stdout]   19:     0x79c1cf6303d4 - clone
[INFO] [stdout]   20:                0x0 - <unknown>
[INFO] [stdout] 
[INFO] [stdout] ---- default_layout_keeps_one_catalog stdout ----
[INFO] [stdout] 
[INFO] [stdout] thread 'default_layout_keeps_one_catalog' (586) panicked at tests/cli.rs:47:14:
[INFO] [stdout] failed to run binary: Os { code: 2, kind: NotFound, message: "No such file or directory" }
[INFO] [stdout] stack backtrace:
[INFO] [stdout]    0:     0x60304f572ec7 - <unknown>
[INFO] [stdout]    1:     0x60304f55b27a - <unknown>
[INFO] [stdout]    2:     0x60304f57247b - <unknown>
[INFO] [stdout]    3:     0x60304f571f5f - <unknown>
[INFO] [stdout]    4:     0x60304f571b8a - <unknown>
[INFO] [stdout]    5:     0x60304f5716c5 - <unknown>
[INFO] [stdout]    6:     0x60304f598471 - <unknown>
[INFO] [stdout]    7:     0x60304f598429 - <unknown>
[INFO] [stdout]    8:     0x60304f59892c - <unknown>
[INFO] [stdout]    9:     0x60304f55b10b - <unknown>
[INFO] [stdout]   10:     0x60304f55e3d1 - <unknown>
[INFO] [stdout]   11:     0x60304f554131 - <unknown>
[INFO] [stdout]   12:     0x60304f557b88 - <unknown>
[INFO] [stdout]   13:     0x60304f5b22db - <unknown>
[INFO] [stdout]   14:     0x60304f5ae2a1 - <unknown>
[INFO] [stdout]   15:     0x60304f5ada8c - <unknown>
[INFO] [stdout]   16:     0x60304f5cd72c - <unknown>
[INFO] [stdout]   17:     0x60304f59a1a4 - <unknown>
[INFO] [stdout]   18:     0x79c1cf59cdfa - <unknown>
[INFO] [stdout]   19:     0x79c1cf6303d4 - clone
[INFO] [stdout]   20:                0x0 - <unknown>
[INFO] [stdout] 
[INFO] [stdout] ---- dry_run_leaves_tree_untouched stdout ----
[INFO] [stdout] 
[INFO] [stdout] thread 'dry_run_leaves_tree_untouched' (588) panicked at tests/cli.rs:47:14:
[INFO] [stdout] failed to run binary: Os { code: 2, kind: NotFound, message: "No such file or directory" }
[INFO] [stdout] stack backtrace:
[INFO] [stdout]    0:     0x60304f572ec7 - <unknown>
[INFO] [stdout]    1:     0x60304f55b27a - <unknown>
[INFO] [stdout]    2:     0x60304f57247b - <unknown>
[INFO] [stdout]    3:     0x60304f571f5f - <unknown>
[INFO] [stdout]    4:     0x60304f571b8a - <unknown>
[INFO] [stdout]    5:     0x60304f5716c5 - <unknown>
[INFO] [stdout]    6:     0x60304f598471 - <unknown>
[INFO] [stdout]    7:     0x60304f598429 - <unknown>
[INFO] [stdout]    8:     0x60304f59892c - <unknown>
[INFO] [stdout]    9:     0x60304f55b10b - <unknown>
[INFO] [stdout]   10:     0x60304f55e3d1 - <unknown>
[INFO] [stdout]   11:     0x60304f554131 - <unknown>
[INFO] [stdout]   12:     0x60304f556eb5 - <unknown>
[INFO] [stdout]   13:     0x60304f5b22db - <unknown>
[INFO] [stdout]   14:     0x60304f5ae2a1 - <unknown>
[INFO] [stdout]   15:     0x60304f5ada8c - <unknown>
[INFO] [stdout]   16:     0x60304f5cd72c - <unknown>
[INFO] [stdout]   17:     0x60304f59a1a4 - <unknown>
[INFO] [stdout]   18:     0x79c1cf59cdfa - <unknown>
[INFO] [stdout]   19:     0x79c1cf6303d4 - clone
[INFO] [stdout]   20:                0x0 - <unknown>
[INFO] [stdout] 
[INFO] [stdout] ---- all_processes_every_existing_locale stdout ----
[INFO] [stdout] 
[INFO] [stdout] thread 'all_processes_every_existing_locale' (580) panicked at tests/cli.rs:47:14:
[INFO] [stdout] failed to run binary: Os { code: 2, kind: NotFound, message: "No such file or directory" }
[INFO] [stdout] stack backtrace:
[INFO] [stdout]    0:     0x60304f572ec7 - <unknown>
[INFO] [stdout]    1:     0x60304f55b27a - <unknown>
[INFO] [stdout]    2:     0x60304f57247b - <unknown>
[INFO] [stdout]    3:     0x60304f571f5f - <unknown>
[INFO] [stdout]    4:     0x60304f571b8a - <unknown>
[INFO] [stdout]    5:     0x60304f5716c5 - <unknown>
[INFO] [stdout]    6:     0x60304f598471 - <unknown>
[INFO] [stdout]    7:     0x60304f598429 - <unknown>
[INFO] [stdout]    8:     0x60304f59892c - <unknown>
[INFO] [stdout]    9:     0x60304f55b10b - <unknown>
[INFO] [stdout]   10:     0x60304f55e3d1 - <unknown>
[INFO] [stdout]   11:     0x60304f554131 - <unknown>
[INFO] [stdout]   12:     0x60304f55888a - <unknown>
[INFO] [stdout]   13:     0x60304f5b22db - <unknown>
[INFO] [stdout]   14:     0x60304f5ae2a1 - <unknown>
[INFO] [stdout]   15:     0x60304f5ada8c - <unknown>
[INFO] [stdout]   16:     0x60304f5cd72c - <unknown>
[INFO] [stdout]   17:     0x60304f59a1a4 - <unknown>
[INFO] [stdout]   18:     0x79c1cf59cdfa - <unknown>
[INFO] [stdout]   19:     0x79c1cf6303d4 - clone
[INFO] [stdout]   20:                0x0 - <unknown>
[INFO] [stdout] 
[INFO] [stdout] ---- no_untranslated_ignores_the_header stdout ----
[INFO] [stdout] 
[INFO] [stdout] thread 'no_untranslated_ignores_the_header' (594) panicked at tests/cli.rs:47:14:
[INFO] [stdout] failed to run binary: Os { code: 2, kind: NotFound, message: "No such file or directory" }
[INFO] [stdout] stack backtrace:
[INFO] [stdout]    0:     0x60304f572ec7 - <unknown>
[INFO] [stdout]    1:     0x60304f55b27a - <unknown>
[INFO] [stdout]    2:     0x60304f57247b - <unknown>
[INFO] [stdout]    3:     0x60304f571f5f - <unknown>
[INFO] [stdout]    4:     0x60304f571b8a - <unknown>
[INFO] [stdout]    5:     0x60304f5716c5 - <unknown>
[INFO] [stdout]    6:     0x60304f598471 - <unknown>
[INFO] [stdout]    7:     0x60304f598429 - <unknown>
[INFO] [stdout]    8:     0x60304f59892c - <unknown>
[INFO] [stdout]    9:     0x60304f55b10b - <unknown>
[INFO] [stdout]   10:     0x60304f55e3d1 - <unknown>
[INFO] [stdout]   11:     0x60304f554131 - <unknown>
[INFO] [stdout]   12:     0x60304f558448 - <unknown>
[INFO] [stdout]   13:     0x60304f5b22db - <unknown>
[INFO] [stdout]   14:     0x60304f5ae2a1 - <unknown>
[INFO] [stdout]   15:     0x60304f5ada8c - <unknown>
[INFO] [stdout]   16:     0x60304f5cd72c - <unknown>
[INFO] [stdout]   17:     0x60304f59a1a4 - <unknown>
[INFO] [stdout]   18:     0x79c1cf59cdfa - <unknown>
[INFO] [stdout]   19:     0x79c1cf6303d4 - clone
[INFO] [stdout]   20:                0x0 - <unknown>
[INFO] [stdout] 
[INFO] [stdout] ---- check_exits_nonzero_when_out_of_sync stdout ----
[INFO] [stdout] 
[INFO] [stdout] thread 'check_exits_nonzero_when_out_of_sync' (581) panicked at tests/cli.rs:47:14:
[INFO] [stdout] failed to run binary: Os { code: 2, kind: NotFound, message: "No such file or directory" }
[INFO] [stdout] stack backtrace:
[INFO] [stdout]    0:     0x60304f572ec7 - <unknown>
[INFO] [stdout]    1:     0x60304f55b27a - <unknown>
[INFO] [stdout]    2:     0x60304f57247b - <unknown>
[INFO] [stdout]    3:     0x60304f571f5f - <unknown>
[INFO] [stdout]    4:     0x60304f571b8a - <unknown>
[INFO] [stdout]    5:     0x60304f5716c5 - <unknown>
[INFO] [stdout]    6:     0x60304f598471 - <unknown>
[INFO] [stdout]    7:     0x60304f598429 - <unknown>
[INFO] [stdout]    8:     0x60304f59892c - <unknown>
[INFO] [stdout]    9:     0x60304f55b10b - <unknown>
[INFO] [stdout]   10:     0x60304f55e3d1 - <unknown>
[INFO] [stdout]   11:     0x60304f554131 - <unknown>
[INFO] [stdout]   12:     0x60304f55924f - <unknown>
[INFO] [stdout]   13:     0x60304f5b22db - <unknown>
[INFO] [stdout]   14:     0x60304f5ae2a1 - <unknown>
[INFO] [stdout]   15:     0x60304f5ada8c - <unknown>
[INFO] [stdout]   16:     0x60304f5cd72c - <unknown>
[INFO] [stdout]   17:     0x60304f59a1a4 - <unknown>
[INFO] [stdout]   18:     0x79c1cf59cdfa - <unknown>
[INFO] [stdout]   19:     0x79c1cf6303d4 - clone
[INFO] [stdout]   20:                0x0 - <unknown>
[INFO] [stdout] 
[INFO] [stdout] ---- compile_is_skipped_for_check_and_dry_run stdout ----
[INFO] [stdout] 
[INFO] [stdout] thread 'compile_is_skipped_for_check_and_dry_run' (583) panicked at tests/cli.rs:47:14:
[INFO] [stdout] failed to run binary: Os { code: 2, kind: NotFound, message: "No such file or directory" }
[INFO] [stdout] stack backtrace:
[INFO] [stdout]    0:     0x60304f572ec7 - <unknown>
[INFO] [stdout]    1:     0x60304f55b27a - <unknown>
[INFO] [stdout]    2:     0x60304f57247b - <unknown>
[INFO] [stdout]    3:     0x60304f571f5f - <unknown>
[INFO] [stdout]    4:     0x60304f571b8a - <unknown>
[INFO] [stdout]    5:     0x60304f5716c5 - <unknown>
[INFO] [stdout]    6:     0x60304f598471 - <unknown>
[INFO] [stdout]    7:     0x60304f598429 - <unknown>
[INFO] [stdout]    8:     0x60304f59892c - <unknown>
[INFO] [stdout]    9:     0x60304f55b10b - <unknown>
[INFO] [stdout]   10:     0x60304f55e3d1 - <unknown>
[INFO] [stdout]   11:     0x60304f554131 - <unknown>
[INFO] [stdout]   12:     0x60304f5598c8 - <unknown>
[INFO] [stdout]   13:     0x60304f5b22db - <unknown>
[INFO] [stdout]   14:     0x60304f5ae2a1 - <unknown>
[INFO] [stdout]   15:     0x60304f5ada8c - <unknown>
[INFO] [stdout]   16:     0x60304f5cd72c - <unknown>
[INFO] [stdout]   17:     0x60304f59a1a4 - <unknown>
[INFO] [stdout]   18:     0x79c1cf59cdfa - <unknown>
[INFO] [stdout]   19:     0x79c1cf6303d4 - clone
[INFO] [stdout]   20:                0x0 - <unknown>
[INFO] [stdout] 
[INFO] [stdout] ---- rejects_unknown_domain stdout ----
[INFO] [stdout] 
[INFO] [stdout] thread 'rejects_unknown_domain' (611) panicked at tests/cli.rs:47:14:
[INFO] [stdout] failed to run binary: Os { code: 2, kind: NotFound, message: "No such file or directory" }
[INFO] [stdout] stack backtrace:
[INFO] [stdout]    0:     0x60304f572ec7 - <unknown>
[INFO] [stdout]    1:     0x60304f55b27a - <unknown>
[INFO] [stdout]    2:     0x60304f57247b - <unknown>
[INFO] [stdout]    3:     0x60304f571f5f - <unknown>
[INFO] [stdout]    4:     0x60304f571b8a - <unknown>
[INFO] [stdout]    5:     0x60304f5716c5 - <unknown>
[INFO] [stdout]    6:     0x60304f598471 - <unknown>
[INFO] [stdout]    7:     0x60304f598429 - <unknown>
[INFO] [stdout]    8:     0x60304f59892c - <unknown>
[INFO] [stdout]    9:     0x60304f55b10b - <unknown>
[INFO] [stdout]   10:     0x60304f55e3d1 - <unknown>
[INFO] [stdout]   11:     0x60304f554131 - <unknown>
[INFO] [stdout]   12:     0x60304f555f64 - <unknown>
[INFO] [stdout]   13:     0x60304f5b22db - <unknown>
[INFO] [stdout]   14:     0x60304f5ae2a1 - <unknown>
[INFO] [stdout]   15:     0x60304f5ada8c - <unknown>
[INFO] [stdout]   16:     0x60304f5cd72c - <unknown>
[INFO] [stdout]   17:     0x60304f59a1a4 - <unknown>
[INFO] [stdout]   18:     0x79c1cf59cdfa - <unknown>
[INFO] [stdout]   19:     0x79c1cf6303d4 - clone
[INFO] [stdout]   20:                0x0 - <unknown>
[INFO] [stdout] 
[INFO] [stdout] ---- requires_a_locale_selector stdout ----
[INFO] [stdout] 
[INFO] [stdout] thread 'requires_a_locale_selector' (612) panicked at tests/cli.rs:47:14:
[INFO] [stdout] failed to run binary: Os { code: 2, kind: NotFound, message: "No such file or directory" }
[INFO] [stdout] stack backtrace:
[INFO] [stdout]    0:     0x60304f572ec7 - <unknown>
[INFO] [stdout]    1:     0x60304f55b27a - <unknown>
[INFO] [stdout]    2:     0x60304f57247b - <unknown>
[INFO] [stdout]    3:     0x60304f571f5f - <unknown>
[INFO] [stdout]    4:     0x60304f571b8a - <unknown>
[INFO] [stdout]    5:     0x60304f5716c5 - <unknown>
[INFO] [stdout]    6:     0x60304f598471 - <unknown>
[INFO] [stdout]    7:     0x60304f598429 - <unknown>
[INFO] [stdout]    8:     0x60304f59892c - <unknown>
[INFO] [stdout]    9:     0x60304f55b10b - <unknown>
[INFO] [stdout]   10:     0x60304f55e3d1 - <unknown>
[INFO] [stdout]   11:     0x60304f554131 - <unknown>
[INFO] [stdout]   12:     0x60304f556174 - <unknown>
[INFO] [stdout]   13:     0x60304f5b22db - <unknown>
[INFO] [stdout]   14:     0x60304f5ae2a1 - <unknown>
[INFO] [stdout]   15:     0x60304f5ada8c - <unknown>
[INFO] [stdout]   16:     0x60304f5cd72c - <unknown>
[INFO] [stdout]   17:     0x60304f59a1a4 - <unknown>
[INFO] [stdout]   18:     0x79c1cf59cdfa - <unknown>
[INFO] [stdout]   19:     0x79c1cf6303d4 - clone
[INFO] [stdout]   20:                0x0 - <unknown>
[INFO] [stdout] 
[INFO] [stdout] ---- width_zero_disables_wrapping stdout ----
[INFO] [stdout] 
[INFO] [stdout] thread 'width_zero_disables_wrapping' (613) panicked at tests/cli.rs:47:14:
[INFO] [stdout] failed to run binary: Os { code: 2, kind: NotFound, message: "No such file or directory" }
[INFO] [stdout] stack backtrace:
[INFO] [stdout]    0:     0x60304f572ec7 - <unknown>
[INFO] [stdout]    1:     0x60304f55b27a - <unknown>
[INFO] [stdout]    2:     0x60304f57247b - <unknown>
[INFO] [stdout]    3:     0x60304f571f5f - <unknown>
[INFO] [stdout]    4:     0x60304f571b8a - <unknown>
[INFO] [stdout]    5:     0x60304f5716c5 - <unknown>
[INFO] [stdout]    6:     0x60304f598471 - <unknown>
[INFO] [stdout]    7:     0x60304f598429 - <unknown>
[INFO] [stdout]    8:     0x60304f59892c - <unknown>
[INFO] [stdout]    9:     0x60304f55b10b - <unknown>
[INFO] [stdout]   10:     0x60304f55e3d1 - <unknown>
[INFO] [stdout]   11:     0x60304f554131 - <unknown>
[INFO] [stdout]   12:     0x60304f556805 - <unknown>
[INFO] [stdout]   13:     0x60304f5b22db - <unknown>
[INFO] [stdout]   14:     0x60304f5ae2a1 - <unknown>
[INFO] [stdout]   15:     0x60304f5ada8c - <unknown>
[INFO] [stdout]   16:     0x60304f5cd72c - <unknown>
[INFO] [stdout]   17:     0x60304f59a1a4 - <unknown>
[INFO] [stdout]   18:     0x79c1cf59cdfa - <unknown>
[INFO] [stdout]   19:     0x79c1cf6303d4 - clone
[INFO] [stdout]   20:                0x0 - <unknown>
[INFO] [stdout] 
[INFO] [stdout] ---- per_app_locale_splits_by_app stdout ----
[INFO] [stdout] 
[INFO] [stdout] thread 'per_app_locale_splits_by_app' (610) panicked at tests/cli.rs:47:14:
[INFO] [stdout] failed to run binary: Os { code: 2, kind: NotFound, message: "No such file or directory" }
[INFO] [stdout] stack backtrace:
[INFO] [stdout]    0:     0x60304f572ec7 - <unknown>
[INFO] [stdout]    1:     0x60304f55b27a - <unknown>
[INFO] [stdout]    2:     0x60304f57247b - <unknown>
[INFO] [stdout]    3:     0x60304f571f5f - <unknown>
[INFO] [stdout]    4:     0x60304f571b8a - <unknown>
[INFO] [stdout]    5:     0x60304f5716c5 - <unknown>
[INFO] [stdout]    6:     0x60304f598471 - <unknown>
[INFO] [stdout]    7:     0x60304f598429 - <unknown>
[INFO] [stdout]    8:     0x60304f59892c - <unknown>
[INFO] [stdout]    9:     0x60304f55b10b - <unknown>
[INFO] [stdout]   10:     0x60304f55e3d1 - <unknown>
[INFO] [stdout]   11:     0x60304f554131 - <unknown>
[INFO] [stdout]   12:     0x60304f556404 - <unknown>
[INFO] [stdout]   13:     0x60304f5b22db - <unknown>
[INFO] [stdout]   14:     0x60304f5ae2a1 - <unknown>
[INFO] [stdout]   15:     0x60304f5ada8c - <unknown>
[INFO] [stdout]   16:     0x60304f5cd72c - <unknown>
[INFO] [stdout]   17:     0x60304f59a1a4 - <unknown>
[INFO] [stdout]   18:     0x79c1cf59cdfa - <unknown>
[INFO] [stdout]   19:     0x79c1cf6303d4 - clone
[INFO] [stdout]   20:                0x0 - <unknown>
[INFO] [stdout] 
[INFO] [stdout] ---- check_exits_zero_when_in_sync stdout ----
[INFO] [stdout] 
[INFO] [stdout] thread 'check_exits_zero_when_in_sync' (582) panicked at tests/cli.rs:47:14:
[INFO] [stdout] failed to run binary: Os { code: 2, kind: NotFound, message: "No such file or directory" }
[INFO] [stdout] stack backtrace:
[INFO] [stdout]    0:     0x60304f572ec7 - <unknown>
[INFO] [stdout]    1:     0x60304f55b27a - <unknown>
[INFO] [stdout]    2:     0x60304f57247b - <unknown>
[INFO] [stdout]    3:     0x60304f571f5f - <unknown>
[INFO] [stdout]    4:     0x60304f571b8a - <unknown>
[INFO] [stdout]    5:     0x60304f5716c5 - <unknown>
[INFO] [stdout]    6:     0x60304f598471 - <unknown>
[INFO] [stdout]    7:     0x60304f598429 - <unknown>
[INFO] [stdout]    8:     0x60304f59892c - <unknown>
[INFO] [stdout]    9:     0x60304f55b10b - <unknown>
[INFO] [stdout]   10:     0x60304f55e3d1 - <unknown>
[INFO] [stdout]   11:     0x60304f554131 - <unknown>
[INFO] [stdout]   12:     0x60304f556c66 - <unknown>
[INFO] [stdout]   13:     0x60304f5b22db - <unknown>
[INFO] [stdout]   14:     0x60304f5ae2a1 - <unknown>
[INFO] [stdout]   15:     0x60304f5ada8c - <unknown>
[INFO] [stdout]   16:     0x60304f5cd72c - <unknown>
[INFO] [stdout]   17:     0x60304f59a1a4 - <unknown>
[INFO] [stdout]   18:     0x79c1cf59cdfa - <unknown>
[INFO] [stdout]   19:     0x79c1cf6303d4 - clone
[INFO] [stdout]   20:                0x0 - <unknown>
[INFO] [stdout] 
[INFO] [stdout] ---- obsolete_entries_survive_by_default stdout ----
[INFO] [stdout] 
[INFO] [stdout] thread 'obsolete_entries_survive_by_default' (601) panicked at tests/cli.rs:47:14:
[INFO] [stdout] failed to run binary: Os { code: 2, kind: NotFound, message: "No such file or directory" }
[INFO] [stdout] stack backtrace:
[INFO] [stdout]    0:     0x60304f572ec7 - <unknown>
[INFO] [stdout]    1:     0x60304f55b27a - <unknown>
[INFO] [stdout]    2:     0x60304f57247b - <unknown>
[INFO] [stdout]    3:     0x60304f571f5f - <unknown>
[INFO] [stdout]    4:     0x60304f571b8a - <unknown>
[INFO] [stdout]    5:     0x60304f5716c5 - <unknown>
[INFO] [stdout]    6:     0x60304f598471 - <unknown>
[INFO] [stdout]    7:     0x60304f598429 - <unknown>
[INFO] [stdout]    8:     0x60304f59892c - <unknown>
[INFO] [stdout]    9:     0x60304f55b10b - <unknown>
[INFO] [stdout]   10:     0x60304f55e3d1 - <unknown>
[INFO] [stdout]   11:     0x60304f554131 - <unknown>
[INFO] [stdout]   12:     0x60304f558de6 - <unknown>
[INFO] [stdout]   13:     0x60304f5b22db - <unknown>
[INFO] [stdout]   14:     0x60304f5ae2a1 - <unknown>
[INFO] [stdout]   15:     0x60304f5ada8c - <unknown>
[INFO] [stdout]   16:     0x60304f5cd72c - <unknown>
[INFO] [stdout]   17:     0x60304f59a1a4 - <unknown>
[INFO] [stdout]   18:     0x79c1cf59cdfa - <unknown>
[INFO] [stdout]   19:     0x79c1cf6303d4 - clone
[INFO] [stdout]   20:                0x0 - <unknown>
[INFO] [stdout] 
[INFO] [stdout] ---- all_ignores_exclude_like_django stdout ----
[INFO] [stdout] 
[INFO] [stdout] thread 'all_ignores_exclude_like_django' (579) panicked at tests/cli.rs:47:14:
[INFO] [stdout] failed to run binary: Os { code: 2, kind: NotFound, message: "No such file or directory" }
[INFO] [stdout] stack backtrace:
[INFO] [stdout]    0:     0x60304f572ec7 - <unknown>
[INFO] [stdout]    1:     0x60304f55b27a - <unknown>
[INFO] [stdout]    2:     0x60304f57247b - <unknown>
[INFO] [stdout]    3:     0x60304f571f5f - <unknown>
[INFO] [stdout]    4:     0x60304f571b8a - <unknown>
[INFO] [stdout]    5:     0x60304f5716c5 - <unknown>
[INFO] [stdout]    6:     0x60304f598471 - <unknown>
[INFO] [stdout]    7:     0x60304f598429 - <unknown>
[INFO] [stdout]    8:     0x60304f59892c - <unknown>
[INFO] [stdout]    9:     0x60304f55b10b - <unknown>
[INFO] [stdout]   10:     0x60304f55e3d1 - <unknown>
[INFO] [stdout]   11:     0x60304f554131 - <unknown>
[INFO] [stdout]   12:     0x60304f557959 - <unknown>
[INFO] [stdout]   13:     0x60304f5b22db - <unknown>
[INFO] [stdout]   14:     0x60304f5ae2a1 - <unknown>
[INFO] [stdout]   15:     0x60304f5ada8c - <unknown>
[INFO] [stdout]   16:     0x60304f5cd72c - <unknown>
[INFO] [stdout]   17:     0x60304f59a1a4 - <unknown>
[INFO] [stdout]   18:     0x79c1cf59cdfa - <unknown>
[INFO] [stdout]   19:     0x79c1cf6303d4 - clone
[INFO] [stdout]   20:                0x0 - <unknown>
[INFO] [stdout] 
[INFO] [stdout] ---- djangojs_domain_extracts_js_and_names_the_file stdout ----
[INFO] [stdout] 
[INFO] [stdout] thread 'djangojs_domain_extracts_js_and_names_the_file' (587) panicked at tests/cli.rs:47:14:
[INFO] [stdout] failed to run binary: Os { code: 2, kind: NotFound, message: "No such file or directory" }
[INFO] [stdout] stack backtrace:
[INFO] [stdout]    0:     0x60304f572ec7 - <unknown>
[INFO] [stdout]    1:     0x60304f55b27a - <unknown>
[INFO] [stdout]    2:     0x60304f57247b - <unknown>
[INFO] [stdout]    3:     0x60304f571f5f - <unknown>
[INFO] [stdout]    4:     0x60304f571b8a - <unknown>
[INFO] [stdout]    5:     0x60304f5716c5 - <unknown>
[INFO] [stdout]    6:     0x60304f598471 - <unknown>
[INFO] [stdout]    7:     0x60304f598429 - <unknown>
[INFO] [stdout]    8:     0x60304f59892c - <unknown>
[INFO] [stdout]    9:     0x60304f55b10b - <unknown>
[INFO] [stdout]   10:     0x60304f55e3d1 - <unknown>
[INFO] [stdout]   11:     0x60304f554131 - <unknown>
[INFO] [stdout]   12:     0x60304f559a2f - <unknown>
[INFO] [stdout]   13:     0x60304f5b22db - <unknown>
[INFO] [stdout]   14:     0x60304f5ae2a1 - <unknown>
[INFO] [stdout]   15:     0x60304f5ada8c - <unknown>
[INFO] [stdout]   16:     0x60304f5cd72c - <unknown>
[INFO] [stdout]   17:     0x60304f59a1a4 - <unknown>
[INFO] [stdout]   18:     0x79c1cf59cdfa - <unknown>
[INFO] [stdout]   19:     0x79c1cf6303d4 - clone
[INFO] [stdout]   20:                0x0 - <unknown>
[INFO] [stdout] 
[INFO] [stdout] 
[INFO] [stdout] failures:
[INFO] [stdout]     all_ignores_exclude_like_django
[INFO] [stdout]     all_processes_every_existing_locale
[INFO] [stdout]     check_exits_nonzero_when_out_of_sync
[INFO] [stdout]     check_exits_zero_when_in_sync
[INFO] [stdout]     compile_is_skipped_for_check_and_dry_run
[INFO] [stdout]     compile_produces_a_readable_mo
[INFO] [stdout]     default_ignore_patterns_skip_dotdirs
[INFO] [stdout]     default_layout_keeps_one_catalog
[INFO] [stdout]     djangojs_domain_extracts_js_and_names_the_file
[INFO] [stdout]     dry_run_leaves_tree_untouched
[INFO] [stdout]     exclude_skips_a_locale
[INFO] [stdout]     force_po_writes_an_empty_catalog
[INFO] [stdout]     ignore_pattern_excludes_a_directory
[INFO] [stdout]     invalid_locale_is_reported_and_skipped
[INFO] [stdout]     no_untranslated_fails_then_passes
[INFO] [stdout]     no_untranslated_ignores_the_header
[INFO] [stdout]     obsolete_entries_survive_by_default
[INFO] [stdout]     per_app_locale_splits_by_app
[INFO] [stdout]     rejects_unknown_domain
[INFO] [stdout]     requires_a_locale_selector
[INFO] [stdout]     width_zero_disables_wrapping
[INFO] [stdout] 
[INFO] [stdout] test result: FAILED. 0 passed; 21 failed; 0 ignored; 0 measured; 0 filtered out; finished in 0.02s
[INFO] [stdout] 
[INFO] [stderr] error: test failed, to rerun pass `--test cli`
[INFO] running `Command { std: "docker" "inspect" "6e8c06427748a5123df05ef0a52a9c5204d2e67540ae3d507b0d94dc9c89c98e", kill_on_drop: false }`
[INFO] running `Command { std: "docker" "rm" "-f" "6e8c06427748a5123df05ef0a52a9c5204d2e67540ae3d507b0d94dc9c89c98e", kill_on_drop: false }`
[INFO] [stdout] 6e8c06427748a5123df05ef0a52a9c5204d2e67540ae3d507b0d94dc9c89c98e
