[INFO] cloning repository https://github.com/ybzhang-nxu/egg-simplify
[INFO] running `Command { std: "git" "-c" "credential.helper=" "-c" "credential.helper=/workspace/cargo-home/bin/git-credential-null" "clone" "--bare" "https://github.com/ybzhang-nxu/egg-simplify" "/workspace/cache/git-repos/https%3A%2F%2Fgithub.com%2Fybzhang-nxu%2Fegg-simplify", kill_on_drop: false }`
[INFO] [stderr] Cloning into bare repository '/workspace/cache/git-repos/https%3A%2F%2Fgithub.com%2Fybzhang-nxu%2Fegg-simplify'...
[INFO] running `Command { std: "git" "rev-parse" "HEAD", kill_on_drop: false }`
[INFO] [stdout] 7a4cf5b80dfd0879c2e0389d9a445af2aff3994b
[INFO] testing ybzhang-nxu/egg-simplify against 1.100.0-beta.1+cargoflags=--release for beta-release-1.100-2
[INFO] running `Command { std: "git" "clone" "/workspace/cache/git-repos/https%3A%2F%2Fgithub.com%2Fybzhang-nxu%2Fegg-simplify" "/workspace/builds/worker-2-tc2/source", kill_on_drop: false }`
[INFO] [stderr] Cloning into '/workspace/builds/worker-2-tc2/source'...
[INFO] [stderr] done.
[INFO] started tweaking git repo https://github.com/ybzhang-nxu/egg-simplify
[INFO] finished tweaking git repo https://github.com/ybzhang-nxu/egg-simplify
[INFO] tweaked toml for git repo https://github.com/ybzhang-nxu/egg-simplify written to /workspace/builds/worker-2-tc2/source/Cargo.toml
[INFO] validating manifest of git repo https://github.com/ybzhang-nxu/egg-simplify on toolchain 1.100.0-beta.1
[INFO] running `Command { std: CARGO_HOME="/workspace/cargo-home" RUSTUP_HOME="/workspace/rustup-home" "/workspace/cargo-home/bin/cargo" "+1.100.0-beta.1" "metadata" "--manifest-path" "Cargo.toml" "--no-deps", kill_on_drop: false }`
[INFO] crate git repo https://github.com/ybzhang-nxu/egg-simplify already has a lockfile, it will not be regenerated
[INFO] running `Command { std: CARGO_HOME="/workspace/cargo-home" RUSTUP_HOME="/workspace/rustup-home" "/workspace/cargo-home/bin/cargo" "+1.100.0-beta.1" "fetch" "--manifest-path" "Cargo.toml", kill_on_drop: false }`
[INFO] [stderr]     Blocking waiting for file lock on package cache
[INFO] [stderr]     Updating crates.io index
[INFO] [stderr]     Blocking waiting for file lock on package cache
[ERROR] error running command: no output for 300 seconds
[INFO] testing ybzhang-nxu/egg-simplify against 1.100.0-beta.1+cargoflags=--release for beta-release-1.100-2
[INFO] running `Command { std: "git" "clone" "/workspace/cache/git-repos/https%3A%2F%2Fgithub.com%2Fybzhang-nxu%2Fegg-simplify" "/workspace/builds/worker-2-tc2/source", kill_on_drop: false }`
[INFO] [stderr] Cloning into '/workspace/builds/worker-2-tc2/source'...
[INFO] [stderr] done.
[INFO] started tweaking git repo https://github.com/ybzhang-nxu/egg-simplify
[INFO] finished tweaking git repo https://github.com/ybzhang-nxu/egg-simplify
[INFO] tweaked toml for git repo https://github.com/ybzhang-nxu/egg-simplify written to /workspace/builds/worker-2-tc2/source/Cargo.toml
[INFO] validating manifest of git repo https://github.com/ybzhang-nxu/egg-simplify on toolchain 1.100.0-beta.1
[INFO] running `Command { std: CARGO_HOME="/workspace/cargo-home" RUSTUP_HOME="/workspace/rustup-home" "/workspace/cargo-home/bin/cargo" "+1.100.0-beta.1" "metadata" "--manifest-path" "Cargo.toml" "--no-deps", kill_on_drop: false }`
[INFO] crate git repo https://github.com/ybzhang-nxu/egg-simplify already has a lockfile, it will not be regenerated
[INFO] running `Command { std: CARGO_HOME="/workspace/cargo-home" RUSTUP_HOME="/workspace/rustup-home" "/workspace/cargo-home/bin/cargo" "+1.100.0-beta.1" "fetch" "--manifest-path" "Cargo.toml", kill_on_drop: false }`
[INFO] [stderr]     Blocking waiting for file lock on package cache
[ERROR] error running command: no output for 300 seconds
[INFO] testing ybzhang-nxu/egg-simplify against 1.100.0-beta.1+cargoflags=--release for beta-release-1.100-2
[INFO] running `Command { std: "git" "clone" "/workspace/cache/git-repos/https%3A%2F%2Fgithub.com%2Fybzhang-nxu%2Fegg-simplify" "/workspace/builds/worker-2-tc2/source", kill_on_drop: false }`
[INFO] [stderr] Cloning into '/workspace/builds/worker-2-tc2/source'...
[INFO] [stderr] done.
[INFO] started tweaking git repo https://github.com/ybzhang-nxu/egg-simplify
[INFO] finished tweaking git repo https://github.com/ybzhang-nxu/egg-simplify
[INFO] tweaked toml for git repo https://github.com/ybzhang-nxu/egg-simplify written to /workspace/builds/worker-2-tc2/source/Cargo.toml
[INFO] validating manifest of git repo https://github.com/ybzhang-nxu/egg-simplify on toolchain 1.100.0-beta.1
[INFO] running `Command { std: CARGO_HOME="/workspace/cargo-home" RUSTUP_HOME="/workspace/rustup-home" "/workspace/cargo-home/bin/cargo" "+1.100.0-beta.1" "metadata" "--manifest-path" "Cargo.toml" "--no-deps", kill_on_drop: false }`
[INFO] crate git repo https://github.com/ybzhang-nxu/egg-simplify already has a lockfile, it will not be regenerated
[INFO] running `Command { std: CARGO_HOME="/workspace/cargo-home" RUSTUP_HOME="/workspace/rustup-home" "/workspace/cargo-home/bin/cargo" "+1.100.0-beta.1" "fetch" "--manifest-path" "Cargo.toml", kill_on_drop: false }`
[INFO] [stderr]     Blocking waiting for file lock on package cache
[INFO] [stderr]     Blocking waiting for file lock on package cache
[ERROR] error running command: no output for 300 seconds
[INFO] testing ybzhang-nxu/egg-simplify against 1.100.0-beta.1+cargoflags=--release for beta-release-1.100-2
[INFO] running `Command { std: "git" "clone" "/workspace/cache/git-repos/https%3A%2F%2Fgithub.com%2Fybzhang-nxu%2Fegg-simplify" "/workspace/builds/worker-2-tc2/source", kill_on_drop: false }`
[INFO] [stderr] Cloning into '/workspace/builds/worker-2-tc2/source'...
[INFO] [stderr] done.
[INFO] started tweaking git repo https://github.com/ybzhang-nxu/egg-simplify
[INFO] finished tweaking git repo https://github.com/ybzhang-nxu/egg-simplify
[INFO] tweaked toml for git repo https://github.com/ybzhang-nxu/egg-simplify written to /workspace/builds/worker-2-tc2/source/Cargo.toml
[INFO] validating manifest of git repo https://github.com/ybzhang-nxu/egg-simplify on toolchain 1.100.0-beta.1
[INFO] running `Command { std: CARGO_HOME="/workspace/cargo-home" RUSTUP_HOME="/workspace/rustup-home" "/workspace/cargo-home/bin/cargo" "+1.100.0-beta.1" "metadata" "--manifest-path" "Cargo.toml" "--no-deps", kill_on_drop: false }`
[INFO] crate git repo https://github.com/ybzhang-nxu/egg-simplify already has a lockfile, it will not be regenerated
[INFO] running `Command { std: CARGO_HOME="/workspace/cargo-home" RUSTUP_HOME="/workspace/rustup-home" "/workspace/cargo-home/bin/cargo" "+1.100.0-beta.1" "fetch" "--manifest-path" "Cargo.toml", kill_on_drop: false }`
[INFO] [stderr]     Blocking waiting for file lock on package cache
[ERROR] error running command: no output for 300 seconds
[INFO] testing ybzhang-nxu/egg-simplify against 1.100.0-beta.1+cargoflags=--release for beta-release-1.100-2
[INFO] running `Command { std: "git" "clone" "/workspace/cache/git-repos/https%3A%2F%2Fgithub.com%2Fybzhang-nxu%2Fegg-simplify" "/workspace/builds/worker-2-tc2/source", kill_on_drop: false }`
[INFO] [stderr] Cloning into '/workspace/builds/worker-2-tc2/source'...
[INFO] [stderr] done.
[INFO] started tweaking git repo https://github.com/ybzhang-nxu/egg-simplify
[INFO] finished tweaking git repo https://github.com/ybzhang-nxu/egg-simplify
[INFO] tweaked toml for git repo https://github.com/ybzhang-nxu/egg-simplify written to /workspace/builds/worker-2-tc2/source/Cargo.toml
[INFO] validating manifest of git repo https://github.com/ybzhang-nxu/egg-simplify on toolchain 1.100.0-beta.1
[INFO] running `Command { std: CARGO_HOME="/workspace/cargo-home" RUSTUP_HOME="/workspace/rustup-home" "/workspace/cargo-home/bin/cargo" "+1.100.0-beta.1" "metadata" "--manifest-path" "Cargo.toml" "--no-deps", kill_on_drop: false }`
[INFO] crate git repo https://github.com/ybzhang-nxu/egg-simplify already has a lockfile, it will not be regenerated
[INFO] running `Command { std: CARGO_HOME="/workspace/cargo-home" RUSTUP_HOME="/workspace/rustup-home" "/workspace/cargo-home/bin/cargo" "+1.100.0-beta.1" "fetch" "--manifest-path" "Cargo.toml", kill_on_drop: false }`
[INFO] [stderr]     Blocking waiting for file lock on package cache
[INFO] [stderr]     Blocking waiting for file lock on package cache
[INFO] [stderr]  Downloading crates ...
[INFO] [stderr]   Downloaded proc-macro2 v1.0.104
[INFO] [stderr]   Downloaded symbolic_expressions v5.0.3
[INFO] [stderr]   Downloaded symbol_table v0.2.0
[INFO] [stderr]   Downloaded zmij v1.0.10
[INFO] [stderr]   Downloaded egg v0.9.5
[INFO] [stderr]   Downloaded serde_json v1.0.148
[INFO] running `Command { std: "docker" "create" "-v" "/var/lib/crater-agent-workspace/builds/worker-2-tc2/source:/opt/rustwide/workdir:ro,Z" "-v" "/var/lib/crater-agent-workspace/builds/worker-2-tc2/target:/opt/rustwide/target:rw,Z" "-v" "/var/lib/crater-agent-workspace/cargo-home:/opt/rustwide/cargo-home:ro,Z" "-v" "/var/lib/crater-agent-workspace/rustup-home:/opt/rustwide/rustup-home:ro,Z" "-m" "1610612736" "--network" "none" "ghcr.io/rust-lang/crates-build-env/linux@sha256:77db811e55d90add9212f6832c23229e3de5f1c1f9905e8cb07319ea15df73ac" "sleep" "infinity", kill_on_drop: false }`
[INFO] [stdout] d44830a4b1ec5fd1bd08f9d0f9483dc2635a5cb0f36d2b1a2020689c62055fec
[INFO] running `Command { std: "docker" "start" "d44830a4b1ec5fd1bd08f9d0f9483dc2635a5cb0f36d2b1a2020689c62055fec", kill_on_drop: false }`
[INFO] running `Command { std: "docker" "inspect" "d44830a4b1ec5fd1bd08f9d0f9483dc2635a5cb0f36d2b1a2020689c62055fec", kill_on_drop: false }`
[INFO] running `Command { std: "docker" "exec" "-e" "SOURCE_DIR=/opt/rustwide/workdir" "-e" "CARGO_HOME=/opt/rustwide/cargo-home" "-e" "RUSTUP_HOME=/opt/rustwide/rustup-home" "-e" "CARGO_TARGET_DIR=/opt/rustwide/target" "-w" "/opt/rustwide/workdir" "--user" "0:0" "d44830a4b1ec5fd1bd08f9d0f9483dc2635a5cb0f36d2b1a2020689c62055fec" "/opt/rustwide/cargo-home/bin/cargo" "+1.100.0-beta.1" "metadata" "--no-deps" "--format-version=1", kill_on_drop: false }`
[INFO] running `Command { std: "docker" "inspect" "d44830a4b1ec5fd1bd08f9d0f9483dc2635a5cb0f36d2b1a2020689c62055fec", kill_on_drop: false }`
[INFO] running `Command { std: "docker" "exec" "-e" "SOURCE_DIR=/opt/rustwide/workdir" "-e" "CARGO_HOME=/opt/rustwide/cargo-home" "-e" "RUSTUP_HOME=/opt/rustwide/rustup-home" "-e" "CARGO_TARGET_DIR=/opt/rustwide/target" "-e" "CARGO_INCREMENTAL=0" "-e" "RUST_BACKTRACE=full" "-e" "RUSTFLAGS=--cap-lints=warn" "-e" "RUSTDOCFLAGS=--cap-lints=warn" "-w" "/opt/rustwide/workdir" "--user" "0:0" "d44830a4b1ec5fd1bd08f9d0f9483dc2635a5cb0f36d2b1a2020689c62055fec" "/opt/rustwide/cargo-home/bin/cargo" "+1.100.0-beta.1" "build" "--frozen" "--message-format=json" "--release", kill_on_drop: false }`
[INFO] [stderr]    Compiling proc-macro2 v1.0.104
[INFO] [stderr]    Compiling quote v1.0.42
[INFO] [stderr]    Compiling num-traits v0.2.19
[INFO] [stderr]    Compiling libc v0.2.179
[INFO] [stderr]    Compiling serde_core v1.0.228
[INFO] [stderr]    Compiling serde v1.0.228
[INFO] [stderr]    Compiling once_cell v1.21.3
[INFO] [stderr]    Compiling indexmap v1.9.3
[INFO] [stderr]    Compiling symbolic_expressions v5.0.3
[INFO] [stderr]    Compiling smallvec v1.15.1
[INFO] [stderr]    Compiling instant v0.1.13
[INFO] [stderr]    Compiling fxhash v0.2.1
[INFO] [stderr]    Compiling env_logger v0.9.3
[INFO] [stderr]    Compiling anstyle-parse v0.2.7
[INFO] [stderr]    Compiling anstyle-query v1.1.5
[INFO] [stderr]    Compiling anstyle v1.0.13
[INFO] [stderr]    Compiling colorchoice v1.0.4
[INFO] [stderr]    Compiling is_terminal_polyfill v1.70.2
[INFO] [stderr]    Compiling strsim v0.11.1
[INFO] [stderr]    Compiling clap_lex v0.7.6
[INFO] [stderr]    Compiling anstream v0.6.21
[INFO] [stderr]    Compiling clap_builder v4.5.54
[INFO] [stderr]    Compiling syn v2.0.113
[INFO] [stderr]    Compiling num-integer v0.1.46
[INFO] [stderr]    Compiling getrandom v0.2.16
[INFO] [stderr]    Compiling ahash v0.7.8
[INFO] [stderr]    Compiling num-bigint v0.4.6
[INFO] [stderr]    Compiling hashbrown v0.12.3
[INFO] [stderr]    Compiling symbol_table v0.2.0
[INFO] [stderr]    Compiling num-rational v0.4.2
[INFO] [stderr]    Compiling thiserror-impl v1.0.69
[INFO] [stderr]    Compiling clap_derive v4.5.49
[INFO] [stderr]    Compiling thiserror v1.0.69
[INFO] [stderr]    Compiling mpl-ir v0.1.1 (/opt/rustwide/workdir/crates/ir)
[INFO] [stderr]    Compiling egg v0.9.5
[INFO] [stderr]    Compiling mpl-symbol v0.1.1 (/opt/rustwide/workdir/crates/symbol)
[INFO] [stderr]    Compiling mpl-verify v0.1.1 (/opt/rustwide/workdir/crates/verify)
[INFO] [stderr]    Compiling clap v4.5.54
[INFO] [stderr]    Compiling mpl-rewrite v0.1.2 (/opt/rustwide/workdir/crates/rewrite)
[INFO] [stderr]    Compiling mpl-rewrite-symbol v0.1.1 (/opt/rustwide/workdir/crates/rewrite-symbol)
[INFO] [stderr]    Compiling mpl-simplify v0.1.2 (/opt/rustwide/workdir/crates/cli)
[INFO] [stderr]     Finished `release` profile [optimized] target(s) in 22.53s
[INFO] running `Command { std: "docker" "inspect" "d44830a4b1ec5fd1bd08f9d0f9483dc2635a5cb0f36d2b1a2020689c62055fec", kill_on_drop: false }`
[INFO] running `Command { std: "docker" "exec" "-e" "SOURCE_DIR=/opt/rustwide/workdir" "-e" "CARGO_HOME=/opt/rustwide/cargo-home" "-e" "RUSTUP_HOME=/opt/rustwide/rustup-home" "-e" "CARGO_TARGET_DIR=/opt/rustwide/target" "-e" "CARGO_INCREMENTAL=0" "-e" "RUST_BACKTRACE=full" "-e" "RUSTFLAGS=--cap-lints=warn" "-e" "RUSTDOCFLAGS=--cap-lints=warn" "-w" "/opt/rustwide/workdir" "--user" "0:0" "d44830a4b1ec5fd1bd08f9d0f9483dc2635a5cb0f36d2b1a2020689c62055fec" "/opt/rustwide/cargo-home/bin/cargo" "+1.100.0-beta.1" "test" "--frozen" "--no-run" "--message-format=json" "--release", kill_on_drop: false }`
[INFO] [stderr]    Compiling libc v0.2.179
[INFO] [stderr]    Compiling memchr v2.7.6
[INFO] [stderr]    Compiling predicates-core v1.0.9
[INFO] [stderr]    Compiling normalize-line-endings v0.3.0
[INFO] [stderr]    Compiling difflib v0.4.0
[INFO] [stderr]    Compiling assert_cmd v2.1.1
[INFO] [stderr]    Compiling termtree v0.5.1
[INFO] [stderr]    Compiling zerocopy v0.8.31
[INFO] [stderr]    Compiling zmij v1.0.10
[INFO] [stderr]    Compiling serde_json v1.0.148
[INFO] [stderr]    Compiling serde_derive v1.0.228
[INFO] [stderr]    Compiling float-cmp v0.10.0
[INFO] [stderr]    Compiling zerocopy-derive v0.8.31
[INFO] [stderr]    Compiling crossbeam-epoch v0.9.18
[INFO] [stderr]    Compiling either v1.15.0
[INFO] [stderr]    Compiling rayon-core v1.13.0
[INFO] [stderr]    Compiling plotters-backend v0.3.7
[INFO] [stderr]    Compiling ciborium-io v0.2.2
[INFO] [stderr]    Compiling cast v0.3.0
[INFO] [stderr]    Compiling oorandom v11.1.5
[INFO] [stderr]    Compiling anes v0.1.6
[INFO] [stderr]    Compiling predicates-tree v1.0.12
[INFO] [stderr]    Compiling itertools v0.10.5
[INFO] [stderr]    Compiling plotters-svg v0.3.7
[INFO] [stderr]    Compiling crossbeam-deque v0.8.6
[INFO] [stderr]    Compiling aho-corasick v1.1.4
[INFO] [stderr]    Compiling plotters v0.3.7
[INFO] [stderr]    Compiling rayon v1.11.0
[INFO] [stderr]    Compiling getrandom v0.2.16
[INFO] [stderr]    Compiling wait-timeout v0.2.1
[INFO] [stderr]    Compiling is-terminal v0.4.17
[INFO] [stderr]    Compiling ahash v0.7.8
[INFO] [stderr]    Compiling hashbrown v0.12.3
[INFO] [stderr]    Compiling regex-automata v0.4.13
[INFO] [stderr]    Compiling serde v1.0.228
[INFO] [stderr]    Compiling criterion-plot v0.5.0
[INFO] [stderr]    Compiling indexmap v1.9.3
[INFO] [stderr]    Compiling symbol_table v0.2.0
[INFO] [stderr]    Compiling num-rational v0.4.2
[INFO] [stderr]    Compiling tinytemplate v1.2.1
[INFO] [stderr]    Compiling egg v0.9.5
[INFO] [stderr]    Compiling mpl-ir v0.1.1 (/opt/rustwide/workdir/crates/ir)
[INFO] [stderr]    Compiling mpl-symbol v0.1.1 (/opt/rustwide/workdir/crates/symbol)
[INFO] [stderr]    Compiling mpl-verify v0.1.1 (/opt/rustwide/workdir/crates/verify)
[INFO] [stderr]    Compiling half v2.7.1
[INFO] [stderr]    Compiling ciborium-ll v0.2.2
[INFO] [stderr]    Compiling ciborium v0.2.2
[INFO] [stderr]    Compiling mpl-rewrite v0.1.2 (/opt/rustwide/workdir/crates/rewrite)
[INFO] [stderr]    Compiling mpl-rewrite-symbol v0.1.1 (/opt/rustwide/workdir/crates/rewrite-symbol)
[INFO] [stderr]    Compiling regex v1.12.2
[INFO] [stderr]    Compiling bstr v1.12.1
[INFO] [stderr]    Compiling predicates v3.1.3
[INFO] [stderr]    Compiling criterion v0.5.1
[INFO] [stderr]    Compiling mpl-simplify v0.1.2 (/opt/rustwide/workdir/crates/cli)
[INFO] [stderr]     Finished `release` profile [optimized] target(s) in 21.75s
[INFO] running `Command { std: "docker" "inspect" "d44830a4b1ec5fd1bd08f9d0f9483dc2635a5cb0f36d2b1a2020689c62055fec", kill_on_drop: false }`
[INFO] running `Command { std: "docker" "exec" "-e" "SOURCE_DIR=/opt/rustwide/workdir" "-e" "CARGO_HOME=/opt/rustwide/cargo-home" "-e" "RUSTUP_HOME=/opt/rustwide/rustup-home" "-e" "CARGO_TARGET_DIR=/opt/rustwide/target" "-e" "CARGO_INCREMENTAL=0" "-e" "RUST_BACKTRACE=full" "-e" "RUSTFLAGS=--cap-lints=warn" "-e" "RUSTDOCFLAGS=--cap-lints=warn" "-w" "/opt/rustwide/workdir" "--user" "0:0" "d44830a4b1ec5fd1bd08f9d0f9483dc2635a5cb0f36d2b1a2020689c62055fec" "/opt/rustwide/cargo-home/bin/cargo" "+1.100.0-beta.1" "test" "--frozen" "--release", kill_on_drop: false }`
[INFO] [stderr]     Finished `release` profile [optimized] target(s) in 0.06s
[INFO] [stderr]      Running unittests src/lib.rs (/opt/rustwide/target/release/build/mpl-ir/9aa8d89c44580432/out/mpl_ir-9aa8d89c44580432)
[INFO] [stdout] 
[INFO] [stdout] running 19 tests
[INFO] [stdout] test tests::mul_zero_nested ... ok
[INFO] [stdout] test tests::mul_zero_constant ... ok
[INFO] [stdout] test tests::mul_zero_absorbs_all ... ok
[INFO] [stdout] test tests::normalize_div_mul_simplifies ... ok
[INFO] [stdout] test tests::negation_basic ... ok
[INFO] [stdout] test tests::normalize_div_basic ... ok
[INFO] [stdout] test tests::normalize_example_add ... ok
[INFO] [stdout] test tests::normalize_div_nary ... ok
[INFO] [stdout] test tests::normalize_nary_add_basic ... ok
[INFO] [stdout] test tests::normalize_nary_mul_basic ... ok
[INFO] [stdout] test tests::normalize_pow_basic ... ok
[INFO] [stdout] test tests::normalize_pow_combine_mul ... ok
[INFO] [stdout] test tests::normalize_pow_negative_exponent ... ok
[INFO] [stdout] test tests::normalize_pow_nesting ... ok
[INFO] [stdout] test tests::normalize_roundtrip_is_stable ... ok
[INFO] [stdout] test tests::normalize_roundtrip_li2_is_stable ... ok
[INFO] [stdout] test tests::normalize_roundtrip_log_is_stable ... ok
[INFO] [stdout] test tests::parse_rational_literal ... ok
[INFO] [stdout] test tests::pow_zero_negative_exponent_kept ... ok
[INFO] [stdout] 
[INFO] [stdout] test result: ok. 19 passed; 0 failed; 0 ignored; 0 measured; 0 filtered out; finished in 0.00s
[INFO] [stdout] 
[INFO] [stderr]      Running unittests src/lib.rs (/opt/rustwide/target/release/build/mpl-rewrite/a261c9011c5bfbd0/out/mpl_rewrite-a261c9011c5bfbd0)
[INFO] [stdout] 
[INFO] [stdout] running 3 tests
[INFO] [stdout] test tests::lower_lift_roundtrip ... ok
[INFO] [stdout] test tests::safe_mode_keeps_simple_form ... ok
[INFO] [stdout] test tests::aggressive_factoring_changes_shape ... ok
[INFO] [stdout] 
[INFO] [stdout] test result: ok. 3 passed; 0 failed; 0 ignored; 0 measured; 0 filtered out; finished in 0.00s
[INFO] [stdout] 
[INFO] [stderr]      Running unittests src/lib.rs (/opt/rustwide/target/release/build/mpl-rewrite-symbol/b8b2d795ba99937f/out/mpl_rewrite_symbol-b8b2d795ba99937f)
[INFO] [stdout] 
[INFO] [stdout] running 12 tests
[INFO] [stdout] test analysis::tests::merge_prefers_smaller_repr_then_lex ... ok
[INFO] [stdout] test cache::tests::interner_reuses_arc ... ok
[INFO] [stdout] test analysis::tests::expr_ast_size_counts_nodes ... ok
[INFO] [stdout] test error::tests::weight_fingerprint_roundtrips ... ok
[INFO] [stdout] test extractor::tests::symbol_cost_orders_by_penalty_then_size_then_tie ... ok
[INFO] [stdout] test error::tests::unknown_fingerprint_compares ... ok
[INFO] [stdout] test fingerprint::tests::fingerprint_stable_repeated ... ok
[INFO] [stdout] test fingerprint::tests::fuel_zero_returns_unknown ... ok
[INFO] [stdout] test hash::tests::stable_hash_is_deterministic ... ok
[INFO] [stdout] test cache::tests::expr_key_is_stable ... ok
[INFO] [stdout] test hash::tests::stable_hash_matches_bytes ... ok
[INFO] [stdout] test tests::simplify_smoke ... ok
[INFO] [stdout] 
[INFO] [stdout] test result: ok. 12 passed; 0 failed; 0 ignored; 0 measured; 0 filtered out; finished in 0.00s
[INFO] [stdout] 
[INFO] [stderr]      Running unittests src/bin/symbol_param_scan.rs (/opt/rustwide/target/release/build/mpl-rewrite-symbol/c5ef001cd1a2eeee/out/symbol_param_scan-c5ef001cd1a2eeee)
[INFO] [stdout] 
[INFO] [stdout] running 0 tests
[INFO] [stdout] 
[INFO] [stdout] test result: ok. 0 passed; 0 failed; 0 ignored; 0 measured; 0 filtered out; finished in 0.00s
[INFO] [stdout] 
[INFO] [stderr]      Running unittests src/bin/symbol_simplify.rs (/opt/rustwide/target/release/build/mpl-rewrite-symbol/98de6b003267529e/out/symbol_simplify-98de6b003267529e)
[INFO] [stdout] 
[INFO] [stdout] running 0 tests
[INFO] [stdout] 
[INFO] [stdout] test result: ok. 0 passed; 0 failed; 0 ignored; 0 measured; 0 filtered out; finished in 0.00s
[INFO] [stdout] 
[INFO] [stderr]      Running tests/cross_process.rs (/opt/rustwide/target/release/build/mpl-rewrite-symbol/c22863250e1070ad/out/cross_process-c22863250e1070ad)
[INFO] [stdout] 
[INFO] [stdout] running 1 test
[INFO] [stdout] test simplify_is_deterministic_across_processes ... ok
[INFO] [stdout] 
[INFO] [stdout] test result: ok. 1 passed; 0 failed; 0 ignored; 0 measured; 0 filtered out; finished in 0.07s
[INFO] [stdout] 
[INFO] [stderr]      Running tests/fingerprint_redlines.rs (/opt/rustwide/target/release/build/mpl-rewrite-symbol/43b33ecae70868fa/out/fingerprint_redlines-43b33ecae70868fa)
[INFO] [stdout] 
[INFO] [stdout] running 5 tests
[INFO] [stdout] test golden_expr_hashes_cover_weight_2_3_4 ... ok
[INFO] [stdout] test unknown_fingerprint_distinguishes_expr_hash ... ok
[INFO] [stdout] test fingerprint_is_stable_over_100_runs_with_cache ... ok
[INFO] [stdout] test weight_limit_keeps_weight0_information ... ok
[INFO] [stdout] test fingerprint_is_stable_over_100_runs_without_cache ... ok
[INFO] [stdout] 
[INFO] [stdout] test result: ok. 5 passed; 0 failed; 0 ignored; 0 measured; 0 filtered out; finished in 0.00s
[INFO] [stdout] 
[INFO] [stderr]      Running unittests src/main.rs (/opt/rustwide/target/release/build/mpl-simplify/8515cf3129c76d10/out/mpl_simplify-8515cf3129c76d10)
[INFO] [stdout] 
[INFO] [stdout] running 0 tests
[INFO] [stdout] 
[INFO] [stdout] test result: ok. 0 passed; 0 failed; 0 ignored; 0 measured; 0 filtered out; finished in 0.00s
[INFO] [stdout] 
[INFO] [stderr]      Running ../../tests/cli.rs (/opt/rustwide/target/release/build/mpl-simplify/46dce4e2ac56035b/out/cli-46dce4e2ac56035b)
[INFO] [stdout] 
[INFO] [stdout] running 12 tests
[INFO] [stdout] test cli_check_integrable_log_log ... FAILED
[INFO] [stdout] test cli_div_mul_simplifies ... FAILED
[INFO] [stdout] test cli_normalize_basic ... FAILED
[INFO] [stdout] test cli_pow_nesting_simplifies ... FAILED
[INFO] [stdout] test cli_rational_literal ... FAILED
[INFO] [stdout] test cli_simplify_aggressive_factors ... FAILED
[INFO] [stdout] test cli_simplify_default_path_unchanged ... FAILED
[INFO] [stdout] test cli_simplify_guard_blocks_li2_factoring ... FAILED
[INFO] [stdout] test cli_simplify_no_rewrite_beats_symbol_aware ... FAILED
[INFO] [stdout] test cli_symbol_fuel_requires_symbol_aware ... FAILED
[INFO] [stdout] test cli_symbol_li2_contains_tensor ... FAILED
[INFO] [stdout] test cli_simplify_symbol_aware_deterministic_across_processes ... ok
[INFO] [stdout] 
[INFO] [stdout] failures:
[INFO] [stdout] 
[INFO] [stdout] ---- cli_check_integrable_log_log stdout ----
[INFO] [stdout] 
[INFO] [stdout] thread 'cli_check_integrable_log_log' (2614) panicked at crates/cli/../../tests/cli.rs:75:5:
[INFO] [stdout] binary not found at /opt/rustwide/target/release/build/mpl-simplify/46dce4e2ac56035b/mpl-simplify
[INFO] [stdout] stack backtrace:
[INFO] [stdout]    0:     0x5764a9a1bd01 - <<std[617be2ca0a6fd877]::sys::backtrace::BacktraceLock>::print::DisplayBacktrace as core[a373ad73a504971]::fmt::Display>::fmt
[INFO] [stdout]    1:     0x5764a9a31e2a - core[a373ad73a504971]::fmt::write
[INFO] [stdout]    2:     0x5764a9a2137c - <alloc[2e1b2a31b91974c5]::vec::Vec<u8> as core[a373ad73a504971]::io::write::Write>::write_fmt
[INFO] [stdout]    3:     0x5764a99f7a16 - std[617be2ca0a6fd877]::panicking::default_hook::{closure#0}
[INFO] [stdout]    4:     0x5764a9a14319 - std[617be2ca0a6fd877]::panicking::default_hook
[INFO] [stdout]    5:     0x5764a99a1c80 - test[aada8e7e76ba119b]::test_main_inner::{closure#0}
[INFO] [stdout]    6:     0x5764a9a144d2 - std[617be2ca0a6fd877]::panicking::panic_with_hook
[INFO] [stdout]    7:     0x5764a99f7ac2 - std[617be2ca0a6fd877]::panicking::panic_handler::{closure#0}
[INFO] [stdout]    8:     0x5764a99f07d9 - std[617be2ca0a6fd877]::sys::backtrace::__rust_end_short_backtrace::<std[617be2ca0a6fd877]::panicking::panic_handler::{closure#0}, !>
[INFO] [stdout]    9:     0x5764a99f86cd - __rustc[ea4f61d10b84890b]::rust_begin_unwind
[INFO] [stdout]   10:     0x5764a9a325dc - core[a373ad73a504971]::panicking::panic_fmt
[INFO] [stdout]   11:     0x5764a9992e47 - <cli[3e0b5682442a0b8f]::cli_check_integrable_log_log::{closure#0} as core[a373ad73a504971]::ops::function::FnOnce<()>>::call_once
[INFO] [stdout]   12:     0x5764a99950cb - test[aada8e7e76ba119b]::__rust_begin_short_backtrace::<core[a373ad73a504971]::result::Result<(), alloc[2e1b2a31b91974c5]::string::String>, fn() -> core[a373ad73a504971]::result::Result<(), alloc[2e1b2a31b91974c5]::string::String>>
[INFO] [stdout]   13:     0x5764a99a22a5 - test[aada8e7e76ba119b]::run_test::{closure#0}
[INFO] [stdout]   14:     0x5764a999bb94 - std[617be2ca0a6fd877]::sys::backtrace::__rust_begin_short_backtrace::<test[aada8e7e76ba119b]::run_test::{closure#1}, ()>
[INFO] [stdout]   15:     0x5764a99a5332 - <std[617be2ca0a6fd877]::thread::lifecycle::spawn_unchecked<test[aada8e7e76ba119b]::run_test::{closure#1}, ()>::{closure#1} as core[a373ad73a504971]::ops::function::FnOnce<()>>::call_once::{shim:vtable#0}
[INFO] [stdout]   16:     0x5764a9a1b4df - <std[617be2ca0a6fd877]::sys::thread::unix::Thread>::new::thread_start
[INFO] [stdout]   17:     0x75bae8bcbdfa - <unknown>
[INFO] [stdout]   18:     0x75bae8c5f3d4 - clone
[INFO] [stdout]   19:                0x0 - <unknown>
[INFO] [stdout] 
[INFO] [stdout] ---- cli_div_mul_simplifies stdout ----
[INFO] [stdout] 
[INFO] [stdout] thread 'cli_div_mul_simplifies' (2615) panicked at crates/cli/../../tests/cli.rs:46:5:
[INFO] [stdout] binary not found at /opt/rustwide/target/release/build/mpl-simplify/46dce4e2ac56035b/mpl-simplify
[INFO] [stdout] stack backtrace:
[INFO] [stdout]    0:     0x5764a9a1bd01 - <<std[617be2ca0a6fd877]::sys::backtrace::BacktraceLock>::print::DisplayBacktrace as core[a373ad73a504971]::fmt::Display>::fmt
[INFO] [stdout]    1:     0x5764a9a31e2a - core[a373ad73a504971]::fmt::write
[INFO] [stdout]    2:     0x5764a9a2137c - <alloc[2e1b2a31b91974c5]::vec::Vec<u8> as core[a373ad73a504971]::io::write::Write>::write_fmt
[INFO] [stdout]    3:     0x5764a99f7a16 - std[617be2ca0a6fd877]::panicking::default_hook::{closure#0}
[INFO] [stdout]    4:     0x5764a9a14319 - std[617be2ca0a6fd877]::panicking::default_hook
[INFO] [stdout]    5:     0x5764a99a1c80 - test[aada8e7e76ba119b]::test_main_inner::{closure#0}
[INFO] [stdout]    6:     0x5764a9a144d2 - std[617be2ca0a6fd877]::panicking::panic_with_hook
[INFO] [stdout]    7:     0x5764a99f7ac2 - std[617be2ca0a6fd877]::panicking::panic_handler::{closure#0}
[INFO] [stdout]    8:     0x5764a99f07d9 - std[617be2ca0a6fd877]::sys::backtrace::__rust_end_short_backtrace::<std[617be2ca0a6fd877]::panicking::panic_handler::{closure#0}, !>
[INFO] [stdout]    9:     0x5764a99f86cd - __rustc[ea4f61d10b84890b]::rust_begin_unwind
[INFO] [stdout]   10:     0x5764a9a325dc - core[a373ad73a504971]::panicking::panic_fmt
[INFO] [stdout]   11:     0x5764a99925ef - <cli[3e0b5682442a0b8f]::cli_div_mul_simplifies::{closure#0} as core[a373ad73a504971]::ops::function::FnOnce<()>>::call_once
[INFO] [stdout]   12:     0x5764a99950cb - test[aada8e7e76ba119b]::__rust_begin_short_backtrace::<core[a373ad73a504971]::result::Result<(), alloc[2e1b2a31b91974c5]::string::String>, fn() -> core[a373ad73a504971]::result::Result<(), alloc[2e1b2a31b91974c5]::string::String>>
[INFO] [stdout]   13:     0x5764a99a22a5 - test[aada8e7e76ba119b]::run_test::{closure#0}
[INFO] [stdout]   14:     0x5764a999bb94 - std[617be2ca0a6fd877]::sys::backtrace::__rust_begin_short_backtrace::<test[aada8e7e76ba119b]::run_test::{closure#1}, ()>
[INFO] [stdout]   15:     0x5764a99a5332 - <std[617be2ca0a6fd877]::thread::lifecycle::spawn_unchecked<test[aada8e7e76ba119b]::run_test::{closure#1}, ()>::{closure#1} as core[a373ad73a504971]::ops::function::FnOnce<()>>::call_once::{shim:vtable#0}
[INFO] [stdout]   16:     0x5764a9a1b4df - <std[617be2ca0a6fd877]::sys::thread::unix::Thread>::new::thread_start
[INFO] [stdout]   17:     0x75bae8bcbdfa - <unknown>
[INFO] [stdout]   18:     0x75bae8c5f3d4 - clone
[INFO] [stdout]   19:                0x0 - <unknown>
[INFO] [stdout] 
[INFO] [stdout] ---- cli_normalize_basic stdout ----
[INFO] [stdout] 
[INFO] [stdout] thread 'cli_normalize_basic' (2616) panicked at crates/cli/../../tests/cli.rs:24:5:
[INFO] [stdout] binary not found at /opt/rustwide/target/release/build/mpl-simplify/46dce4e2ac56035b/mpl-simplify
[INFO] [stdout] stack backtrace:
[INFO] [stdout]    0:     0x5764a9a1bd01 - <<std[617be2ca0a6fd877]::sys::backtrace::BacktraceLock>::print::DisplayBacktrace as core[a373ad73a504971]::fmt::Display>::fmt
[INFO] [stdout]    1:     0x5764a9a31e2a - core[a373ad73a504971]::fmt::write
[INFO] [stdout]    2:     0x5764a9a2137c - <alloc[2e1b2a31b91974c5]::vec::Vec<u8> as core[a373ad73a504971]::io::write::Write>::write_fmt
[INFO] [stdout]    3:     0x5764a99f7a16 - std[617be2ca0a6fd877]::panicking::default_hook::{closure#0}
[INFO] [stdout]    4:     0x5764a9a14319 - std[617be2ca0a6fd877]::panicking::default_hook
[INFO] [stdout]    5:     0x5764a99a1c80 - test[aada8e7e76ba119b]::test_main_inner::{closure#0}
[INFO] [stdout]    6:     0x5764a9a144d2 - std[617be2ca0a6fd877]::panicking::panic_with_hook
[INFO] [stdout]    7:     0x5764a99f7ac2 - std[617be2ca0a6fd877]::panicking::panic_handler::{closure#0}
[INFO] [stdout]    8:     0x5764a99f07d9 - std[617be2ca0a6fd877]::sys::backtrace::__rust_end_short_backtrace::<std[617be2ca0a6fd877]::panicking::panic_handler::{closure#0}, !>
[INFO] [stdout]    9:     0x5764a99f86cd - __rustc[ea4f61d10b84890b]::rust_begin_unwind
[INFO] [stdout]   10:     0x5764a9a325dc - core[a373ad73a504971]::panicking::panic_fmt
[INFO] [stdout]   11:     0x5764a9991d60 - <cli[3e0b5682442a0b8f]::cli_normalize_basic::{closure#0} as core[a373ad73a504971]::ops::function::FnOnce<()>>::call_once
[INFO] [stdout]   12:     0x5764a99950cb - test[aada8e7e76ba119b]::__rust_begin_short_backtrace::<core[a373ad73a504971]::result::Result<(), alloc[2e1b2a31b91974c5]::string::String>, fn() -> core[a373ad73a504971]::result::Result<(), alloc[2e1b2a31b91974c5]::string::String>>
[INFO] [stdout]   13:     0x5764a99a22a5 - test[aada8e7e76ba119b]::run_test::{closure#0}
[INFO] [stdout]   14:     0x5764a999bb94 - std[617be2ca0a6fd877]::sys::backtrace::__rust_begin_short_backtrace::<test[aada8e7e76ba119b]::run_test::{closure#1}, ()>
[INFO] [stdout]   15:     0x5764a99a5332 - <std[617be2ca0a6fd877]::thread::lifecycle::spawn_unchecked<test[aada8e7e76ba119b]::run_test::{closure#1}, ()>::{closure#1} as core[a373ad73a504971]::ops::function::FnOnce<()>>::call_once::{shim:vtable#0}
[INFO] [stdout]   16:     0x5764a9a1b4df - <std[617be2ca0a6fd877]::sys::thread::unix::Thread>::new::thread_start
[INFO] [stdout]   17:     0x75bae8bcbdfa - <unknown>
[INFO] [stdout]   18:     0x75bae8c5f3d4 - clone
[INFO] [stdout]   19:                0x0 - <unknown>
[INFO] [stdout] 
[INFO] [stdout] ---- cli_pow_nesting_simplifies stdout ----
[INFO] [stdout] 
[INFO] [stdout] thread 'cli_pow_nesting_simplifies' (2617) panicked at crates/cli/../../tests/cli.rs:55:5:
[INFO] [stdout] binary not found at /opt/rustwide/target/release/build/mpl-simplify/46dce4e2ac56035b/mpl-simplify
[INFO] [stdout] stack backtrace:
[INFO] [stdout]    0:     0x5764a9a1bd01 - <<std[617be2ca0a6fd877]::sys::backtrace::BacktraceLock>::print::DisplayBacktrace as core[a373ad73a504971]::fmt::Display>::fmt
[INFO] [stdout]    1:     0x5764a9a31e2a - core[a373ad73a504971]::fmt::write
[INFO] [stdout]    2:     0x5764a9a2137c - <alloc[2e1b2a31b91974c5]::vec::Vec<u8> as core[a373ad73a504971]::io::write::Write>::write_fmt
[INFO] [stdout]    3:     0x5764a99f7a16 - std[617be2ca0a6fd877]::panicking::default_hook::{closure#0}
[INFO] [stdout]    4:     0x5764a9a14319 - std[617be2ca0a6fd877]::panicking::default_hook
[INFO] [stdout]    5:     0x5764a99a1c80 - test[aada8e7e76ba119b]::test_main_inner::{closure#0}
[INFO] [stdout]    6:     0x5764a9a144d2 - std[617be2ca0a6fd877]::panicking::panic_with_hook
[INFO] [stdout]    7:     0x5764a99f7ac2 - std[617be2ca0a6fd877]::panicking::panic_handler::{closure#0}
[INFO] [stdout]    8:     0x5764a99f07d9 - std[617be2ca0a6fd877]::sys::backtrace::__rust_end_short_backtrace::<std[617be2ca0a6fd877]::panicking::panic_handler::{closure#0}, !>
[INFO] [stdout]    9:     0x5764a99f86cd - __rustc[ea4f61d10b84890b]::rust_begin_unwind
[INFO] [stdout]   10:     0x5764a9a325dc - core[a373ad73a504971]::panicking::panic_fmt
[INFO] [stdout]   11:     0x5764a9992a39 - <cli[3e0b5682442a0b8f]::cli_pow_nesting_simplifies::{closure#0} as core[a373ad73a504971]::ops::function::FnOnce<()>>::call_once
[INFO] [stdout]   12:     0x5764a99950cb - test[aada8e7e76ba119b]::__rust_begin_short_backtrace::<core[a373ad73a504971]::result::Result<(), alloc[2e1b2a31b91974c5]::string::String>, fn() -> core[a373ad73a504971]::result::Result<(), alloc[2e1b2a31b91974c5]::string::String>>
[INFO] [stdout]   13:     0x5764a99a22a5 - test[aada8e7e76ba119b]::run_test::{closure#0}
[INFO] [stdout]   14:     0x5764a999bb94 - std[617be2ca0a6fd877]::sys::backtrace::__rust_begin_short_backtrace::<test[aada8e7e76ba119b]::run_test::{closure#1}, ()>
[INFO] [stdout]   15:     0x5764a99a5332 - <std[617be2ca0a6fd877]::thread::lifecycle::spawn_unchecked<test[aada8e7e76ba119b]::run_test::{closure#1}, ()>::{closure#1} as core[a373ad73a504971]::ops::function::FnOnce<()>>::call_once::{shim:vtable#0}
[INFO] [stdout]   16:     0x5764a9a1b4df - <std[617be2ca0a6fd877]::sys::thread::unix::Thread>::new::thread_start
[INFO] [stdout]   17:     0x75bae8bcbdfa - <unknown>
[INFO] [stdout]   18:     0x75bae8c5f3d4 - clone
[INFO] [stdout]   19:                0x0 - <unknown>
[INFO] [stdout] 
[INFO] [stdout] ---- cli_rational_literal stdout ----
[INFO] [stdout] 
[INFO] [stdout] thread 'cli_rational_literal' (2618) panicked at crates/cli/../../tests/cli.rs:35:5:
[INFO] [stdout] binary not found at /opt/rustwide/target/release/build/mpl-simplify/46dce4e2ac56035b/mpl-simplify
[INFO] [stdout] stack backtrace:
[INFO] [stdout]    0:     0x5764a9a1bd01 - <<std[617be2ca0a6fd877]::sys::backtrace::BacktraceLock>::print::DisplayBacktrace as core[a373ad73a504971]::fmt::Display>::fmt
[INFO] [stdout]    1:     0x5764a9a31e2a - core[a373ad73a504971]::fmt::write
[INFO] [stdout]    2:     0x5764a9a2137c - <alloc[2e1b2a31b91974c5]::vec::Vec<u8> as core[a373ad73a504971]::io::write::Write>::write_fmt
[INFO] [stdout]    3:     0x5764a99f7a16 - std[617be2ca0a6fd877]::panicking::default_hook::{closure#0}
[INFO] [stdout]    4:     0x5764a9a14319 - std[617be2ca0a6fd877]::panicking::default_hook
[INFO] [stdout]    5:     0x5764a99a1c80 - test[aada8e7e76ba119b]::test_main_inner::{closure#0}
[INFO] [stdout]    6:     0x5764a9a144d2 - std[617be2ca0a6fd877]::panicking::panic_with_hook
[INFO] [stdout]    7:     0x5764a99f7ac2 - std[617be2ca0a6fd877]::panicking::panic_handler::{closure#0}
[INFO] [stdout]    8:     0x5764a99f07d9 - std[617be2ca0a6fd877]::sys::backtrace::__rust_end_short_backtrace::<std[617be2ca0a6fd877]::panicking::panic_handler::{closure#0}, !>
[INFO] [stdout]    9:     0x5764a99f86cd - __rustc[ea4f61d10b84890b]::rust_begin_unwind
[INFO] [stdout]   10:     0x5764a9a325dc - core[a373ad73a504971]::panicking::panic_fmt
[INFO] [stdout]   11:     0x5764a99921a5 - <cli[3e0b5682442a0b8f]::cli_rational_literal::{closure#0} as core[a373ad73a504971]::ops::function::FnOnce<()>>::call_once
[INFO] [stdout]   12:     0x5764a99950cb - test[aada8e7e76ba119b]::__rust_begin_short_backtrace::<core[a373ad73a504971]::result::Result<(), alloc[2e1b2a31b91974c5]::string::String>, fn() -> core[a373ad73a504971]::result::Result<(), alloc[2e1b2a31b91974c5]::string::String>>
[INFO] [stdout]   13:     0x5764a99a22a5 - test[aada8e7e76ba119b]::run_test::{closure#0}
[INFO] [stdout]   14:     0x5764a999bb94 - std[617be2ca0a6fd877]::sys::backtrace::__rust_begin_short_backtrace::<test[aada8e7e76ba119b]::run_test::{closure#1}, ()>
[INFO] [stdout]   15:     0x5764a99a5332 - <std[617be2ca0a6fd877]::thread::lifecycle::spawn_unchecked<test[aada8e7e76ba119b]::run_test::{closure#1}, ()>::{closure#1} as core[a373ad73a504971]::ops::function::FnOnce<()>>::call_once::{shim:vtable#0}
[INFO] [stdout]   16:     0x5764a9a1b4df - <std[617be2ca0a6fd877]::sys::thread::unix::Thread>::new::thread_start
[INFO] [stdout]   17:     0x75bae8bcbdfa - <unknown>
[INFO] [stdout]   18:     0x75bae8c5f3d4 - clone
[INFO] [stdout]   19:                0x0 - <unknown>
[INFO] [stdout] 
[INFO] [stdout] ---- cli_simplify_aggressive_factors stdout ----
[INFO] [stdout] 
[INFO] [stdout] thread 'cli_simplify_aggressive_factors' (2619) panicked at crates/cli/../../tests/cli.rs:84:5:
[INFO] [stderr] error: test failed, to rerun pass `-p mpl-simplify --test cli`
[INFO] [stdout] binary not found at /opt/rustwide/target/release/build/mpl-simplify/46dce4e2ac56035b/mpl-simplify
[INFO] [stdout] stack backtrace:
[INFO] [stdout]    0:     0x5764a9a1bd01 - <<std[617be2ca0a6fd877]::sys::backtrace::BacktraceLock>::print::DisplayBacktrace as core[a373ad73a504971]::fmt::Display>::fmt
[INFO] [stdout]    1:     0x5764a9a31e2a - core[a373ad73a504971]::fmt::write
[INFO] [stdout]    2:     0x5764a9a2137c - <alloc[2e1b2a31b91974c5]::vec::Vec<u8> as core[a373ad73a504971]::io::write::Write>::write_fmt
[INFO] [stdout]    3:     0x5764a99f7a16 - std[617be2ca0a6fd877]::panicking::default_hook::{closure#0}
[INFO] [stdout]    4:     0x5764a9a14319 - std[617be2ca0a6fd877]::panicking::default_hook
[INFO] [stdout]    5:     0x5764a99a1c80 - test[aada8e7e76ba119b]::test_main_inner::{closure#0}
[INFO] [stdout]    6:     0x5764a9a144d2 - std[617be2ca0a6fd877]::panicking::panic_with_hook
[INFO] [stdout]    7:     0x5764a99f7ac2 - std[617be2ca0a6fd877]::panicking::panic_handler::{closure#0}
[INFO] [stdout]    8:     0x5764a99f07d9 - std[617be2ca0a6fd877]::sys::backtrace::__rust_end_short_backtrace::<std[617be2ca0a6fd877]::panicking::panic_handler::{closure#0}, !>
[INFO] [stdout]    9:     0x5764a99f86cd - __rustc[ea4f61d10b84890b]::rust_begin_unwind
[INFO] [stdout]   10:     0x5764a9a325dc - core[a373ad73a504971]::panicking::panic_fmt
[INFO] [stdout]   11:     0x5764a999366c - <cli[3e0b5682442a0b8f]::cli_simplify_aggressive_factors::{closure#0} as core[a373ad73a504971]::ops::function::FnOnce<()>>::call_once
[INFO] [stdout]   12:     0x5764a99950cb - test[aada8e7e76ba119b]::__rust_begin_short_backtrace::<core[a373ad73a504971]::result::Result<(), alloc[2e1b2a31b91974c5]::string::String>, fn() -> core[a373ad73a504971]::result::Result<(), alloc[2e1b2a31b91974c5]::string::String>>
[INFO] [stdout]   13:     0x5764a99a22a5 - test[aada8e7e76ba119b]::run_test::{closure#0}
[INFO] [stdout]   14:     0x5764a999bb94 - std[617be2ca0a6fd877]::sys::backtrace::__rust_begin_short_backtrace::<test[aada8e7e76ba119b]::run_test::{closure#1}, ()>
[INFO] [stdout]   15:     0x5764a99a5332 - <std[617be2ca0a6fd877]::thread::lifecycle::spawn_unchecked<test[aada8e7e76ba119b]::run_test::{closure#1}, ()>::{closure#1} as core[a373ad73a504971]::ops::function::FnOnce<()>>::call_once::{shim:vtable#0}
[INFO] [stdout]   16:     0x5764a9a1b4df - <std[617be2ca0a6fd877]::sys::thread::unix::Thread>::new::thread_start
[INFO] [stdout]   17:     0x75bae8bcbdfa - <unknown>
[INFO] [stdout]   18:     0x75bae8c5f3d4 - clone
[INFO] [stdout]   19:                0x0 - <unknown>
[INFO] [stdout] 
[INFO] [stdout] ---- cli_simplify_default_path_unchanged stdout ----
[INFO] [stdout] 
[INFO] [stdout] thread 'cli_simplify_default_path_unchanged' (2620) panicked at crates/cli/../../tests/cli.rs:112:5:
[INFO] [stdout] binary not found at /opt/rustwide/target/release/build/mpl-simplify/46dce4e2ac56035b/mpl-simplify
[INFO] [stdout] stack backtrace:
[INFO] [stdout]    0:     0x5764a9a1bd01 - <<std[617be2ca0a6fd877]::sys::backtrace::BacktraceLock>::print::DisplayBacktrace as core[a373ad73a504971]::fmt::Display>::fmt
[INFO] [stdout]    1:     0x5764a9a31e2a - core[a373ad73a504971]::fmt::write
[INFO] [stdout]    2:     0x5764a9a2137c - <alloc[2e1b2a31b91974c5]::vec::Vec<u8> as core[a373ad73a504971]::io::write::Write>::write_fmt
[INFO] [stdout]    3:     0x5764a99f7a16 - std[617be2ca0a6fd877]::panicking::default_hook::{closure#0}
[INFO] [stdout]    4:     0x5764a9a14319 - std[617be2ca0a6fd877]::panicking::default_hook
[INFO] [stdout]    5:     0x5764a99a1c80 - test[aada8e7e76ba119b]::test_main_inner::{closure#0}
[INFO] [stdout]    6:     0x5764a9a144d2 - std[617be2ca0a6fd877]::panicking::panic_with_hook
[INFO] [stdout]    7:     0x5764a99f7ac2 - std[617be2ca0a6fd877]::panicking::panic_handler::{closure#0}
[INFO] [stdout]    8:     0x5764a99f07d9 - std[617be2ca0a6fd877]::sys::backtrace::__rust_end_short_backtrace::<std[617be2ca0a6fd877]::panicking::panic_handler::{closure#0}, !>
[INFO] [stdout]    9:     0x5764a99f86cd - __rustc[ea4f61d10b84890b]::rust_begin_unwind
[INFO] [stdout]   10:     0x5764a9a325dc - core[a373ad73a504971]::panicking::panic_fmt
[INFO] [stdout]   11:     0x5764a9993a91 - <cli[3e0b5682442a0b8f]::cli_simplify_default_path_unchanged::{closure#0} as core[a373ad73a504971]::ops::function::FnOnce<()>>::call_once
[INFO] [stdout]   12:     0x5764a99950cb - test[aada8e7e76ba119b]::__rust_begin_short_backtrace::<core[a373ad73a504971]::result::Result<(), alloc[2e1b2a31b91974c5]::string::String>, fn() -> core[a373ad73a504971]::result::Result<(), alloc[2e1b2a31b91974c5]::string::String>>
[INFO] [stdout]   13:     0x5764a99a22a5 - test[aada8e7e76ba119b]::run_test::{closure#0}
[INFO] [stdout]   14:     0x5764a999bb94 - std[617be2ca0a6fd877]::sys::backtrace::__rust_begin_short_backtrace::<test[aada8e7e76ba119b]::run_test::{closure#1}, ()>
[INFO] [stdout]   15:     0x5764a99a5332 - <std[617be2ca0a6fd877]::thread::lifecycle::spawn_unchecked<test[aada8e7e76ba119b]::run_test::{closure#1}, ()>::{closure#1} as core[a373ad73a504971]::ops::function::FnOnce<()>>::call_once::{shim:vtable#0}
[INFO] [stdout]   16:     0x5764a9a1b4df - <std[617be2ca0a6fd877]::sys::thread::unix::Thread>::new::thread_start
[INFO] [stdout]   17:     0x75bae8bcbdfa - <unknown>
[INFO] [stdout]   18:     0x75bae8c5f3d4 - clone
[INFO] [stdout]   19:                0x0 - <unknown>
[INFO] [stdout] 
[INFO] [stdout] ---- cli_simplify_guard_blocks_li2_factoring stdout ----
[INFO] [stdout] 
[INFO] [stdout] thread 'cli_simplify_guard_blocks_li2_factoring' (2621) panicked at crates/cli/../../tests/cli.rs:94:5:
[INFO] [stdout] binary not found at /opt/rustwide/target/release/build/mpl-simplify/46dce4e2ac56035b/mpl-simplify
[INFO] [stdout] stack backtrace:
[INFO] [stdout]    0:     0x5764a9a1bd01 - <<std[617be2ca0a6fd877]::sys::backtrace::BacktraceLock>::print::DisplayBacktrace as core[a373ad73a504971]::fmt::Display>::fmt
[INFO] [stdout]    1:     0x5764a9a31e2a - core[a373ad73a504971]::fmt::write
[INFO] [stdout]    2:     0x5764a9a2137c - <alloc[2e1b2a31b91974c5]::vec::Vec<u8> as core[a373ad73a504971]::io::write::Write>::write_fmt
[INFO] [stdout]    3:     0x5764a99f7a16 - std[617be2ca0a6fd877]::panicking::default_hook::{closure#0}
[INFO] [stdout]    4:     0x5764a9a14319 - std[617be2ca0a6fd877]::panicking::default_hook
[INFO] [stdout]    5:     0x5764a99a1c80 - test[aada8e7e76ba119b]::test_main_inner::{closure#0}
[INFO] [stdout]    6:     0x5764a9a144d2 - std[617be2ca0a6fd877]::panicking::panic_with_hook
[INFO] [stdout]    7:     0x5764a99f7ac2 - std[617be2ca0a6fd877]::panicking::panic_handler::{closure#0}
[INFO] [stdout]    8:     0x5764a99f07d9 - std[617be2ca0a6fd877]::sys::backtrace::__rust_end_short_backtrace::<std[617be2ca0a6fd877]::panicking::panic_handler::{closure#0}, !>
[INFO] [stdout]    9:     0x5764a99f86cd - __rustc[ea4f61d10b84890b]::rust_begin_unwind
[INFO] [stdout]   10:     0x5764a9a325dc - core[a373ad73a504971]::panicking::panic_fmt
[INFO] [stdout]   11:     0x5764a999440a - <cli[3e0b5682442a0b8f]::cli_simplify_guard_blocks_li2_factoring::{closure#0} as core[a373ad73a504971]::ops::function::FnOnce<()>>::call_once
[INFO] [stdout]   12:     0x5764a99950cb - test[aada8e7e76ba119b]::__rust_begin_short_backtrace::<core[a373ad73a504971]::result::Result<(), alloc[2e1b2a31b91974c5]::string::String>, fn() -> core[a373ad73a504971]::result::Result<(), alloc[2e1b2a31b91974c5]::string::String>>
[INFO] [stdout]   13:     0x5764a99a22a5 - test[aada8e7e76ba119b]::run_test::{closure#0}
[INFO] [stdout]   14:     0x5764a999bb94 - std[617be2ca0a6fd877]::sys::backtrace::__rust_begin_short_backtrace::<test[aada8e7e76ba119b]::run_test::{closure#1}, ()>
[INFO] [stdout]   15:     0x5764a99a5332 - <std[617be2ca0a6fd877]::thread::lifecycle::spawn_unchecked<test[aada8e7e76ba119b]::run_test::{closure#1}, ()>::{closure#1} as core[a373ad73a504971]::ops::function::FnOnce<()>>::call_once::{shim:vtable#0}
[INFO] [stdout]   16:     0x5764a9a1b4df - <std[617be2ca0a6fd877]::sys::thread::unix::Thread>::new::thread_start
[INFO] [stdout]   17:     0x75bae8bcbdfa - <unknown>
[INFO] [stdout]   18:     0x75bae8c5f3d4 - clone
[INFO] [stdout]   19:                0x0 - <unknown>
[INFO] [stdout] 
[INFO] [stdout] ---- cli_simplify_no_rewrite_beats_symbol_aware stdout ----
[INFO] [stdout] 
[INFO] [stdout] thread 'cli_simplify_no_rewrite_beats_symbol_aware' (2622) panicked at crates/cli/../../tests/cli.rs:123:5:
[INFO] [stdout] binary not found at /opt/rustwide/target/release/build/mpl-simplify/46dce4e2ac56035b/mpl-simplify
[INFO] [stdout] stack backtrace:
[INFO] [stdout]    0:     0x5764a9a1bd01 - <<std[617be2ca0a6fd877]::sys::backtrace::BacktraceLock>::print::DisplayBacktrace as core[a373ad73a504971]::fmt::Display>::fmt
[INFO] [stdout]    1:     0x5764a9a31e2a - core[a373ad73a504971]::fmt::write
[INFO] [stdout]    2:     0x5764a9a2137c - <alloc[2e1b2a31b91974c5]::vec::Vec<u8> as core[a373ad73a504971]::io::write::Write>::write_fmt
[INFO] [stdout]    3:     0x5764a99f7a16 - std[617be2ca0a6fd877]::panicking::default_hook::{closure#0}
[INFO] [stdout]    4:     0x5764a9a14319 - std[617be2ca0a6fd877]::panicking::default_hook
[INFO] [stdout]    5:     0x5764a99a1c80 - test[aada8e7e76ba119b]::test_main_inner::{closure#0}
[INFO] [stdout]    6:     0x5764a9a144d2 - std[617be2ca0a6fd877]::panicking::panic_with_hook
[INFO] [stdout]    7:     0x5764a99f7ac2 - std[617be2ca0a6fd877]::panicking::panic_handler::{closure#0}
[INFO] [stdout]    8:     0x5764a99f07d9 - std[617be2ca0a6fd877]::sys::backtrace::__rust_end_short_backtrace::<std[617be2ca0a6fd877]::panicking::panic_handler::{closure#0}, !>
[INFO] [stdout]    9:     0x5764a99f86cd - __rustc[ea4f61d10b84890b]::rust_begin_unwind
[INFO] [stdout]   10:     0x5764a9a325dc - core[a373ad73a504971]::panicking::panic_fmt
[INFO] [stdout]   11:     0x5764a99948b5 - <cli[3e0b5682442a0b8f]::cli_simplify_no_rewrite_beats_symbol_aware::{closure#0} as core[a373ad73a504971]::ops::function::FnOnce<()>>::call_once
[INFO] [stdout]   12:     0x5764a99950cb - test[aada8e7e76ba119b]::__rust_begin_short_backtrace::<core[a373ad73a504971]::result::Result<(), alloc[2e1b2a31b91974c5]::string::String>, fn() -> core[a373ad73a504971]::result::Result<(), alloc[2e1b2a31b91974c5]::string::String>>
[INFO] [stdout]   13:     0x5764a99a22a5 - test[aada8e7e76ba119b]::run_test::{closure#0}
[INFO] [stdout]   14:     0x5764a999bb94 - std[617be2ca0a6fd877]::sys::backtrace::__rust_begin_short_backtrace::<test[aada8e7e76ba119b]::run_test::{closure#1}, ()>
[INFO] [stdout]   15:     0x5764a99a5332 - <std[617be2ca0a6fd877]::thread::lifecycle::spawn_unchecked<test[aada8e7e76ba119b]::run_test::{closure#1}, ()>::{closure#1} as core[a373ad73a504971]::ops::function::FnOnce<()>>::call_once::{shim:vtable#0}
[INFO] [stdout]   16:     0x5764a9a1b4df - <std[617be2ca0a6fd877]::sys::thread::unix::Thread>::new::thread_start
[INFO] [stdout]   17:     0x75bae8bcbdfa - <unknown>
[INFO] [stdout]   18:     0x75bae8c5f3d4 - clone
[INFO] [stdout]   19:                0x0 - <unknown>
[INFO] [stdout] 
[INFO] [stdout] ---- cli_symbol_fuel_requires_symbol_aware stdout ----
[INFO] [stdout] 
[INFO] [stdout] thread 'cli_symbol_fuel_requires_symbol_aware' (2624) panicked at crates/cli/../../tests/cli.rs:141:5:
[INFO] [stdout] binary not found at /opt/rustwide/target/release/build/mpl-simplify/46dce4e2ac56035b/mpl-simplify
[INFO] [stdout] stack backtrace:
[INFO] [stdout]    0:     0x5764a9a1bd01 - <<std[617be2ca0a6fd877]::sys::backtrace::BacktraceLock>::print::DisplayBacktrace as core[a373ad73a504971]::fmt::Display>::fmt
[INFO] [stdout]    1:     0x5764a9a31e2a - core[a373ad73a504971]::fmt::write
[INFO] [stdout]    2:     0x5764a9a2137c - <alloc[2e1b2a31b91974c5]::vec::Vec<u8> as core[a373ad73a504971]::io::write::Write>::write_fmt
[INFO] [stdout]    3:     0x5764a99f7a16 - std[617be2ca0a6fd877]::panicking::default_hook::{closure#0}
[INFO] [stdout]    4:     0x5764a9a14319 - std[617be2ca0a6fd877]::panicking::default_hook
[INFO] [stdout]    5:     0x5764a99a1c80 - test[aada8e7e76ba119b]::test_main_inner::{closure#0}
[INFO] [stdout]    6:     0x5764a9a144d2 - std[617be2ca0a6fd877]::panicking::panic_with_hook
[INFO] [stdout]    7:     0x5764a99f7ac2 - std[617be2ca0a6fd877]::panicking::panic_handler::{closure#0}
[INFO] [stdout]    8:     0x5764a99f07d9 - std[617be2ca0a6fd877]::sys::backtrace::__rust_end_short_backtrace::<std[617be2ca0a6fd877]::panicking::panic_handler::{closure#0}, !>
[INFO] [stdout]    9:     0x5764a99f86cd - __rustc[ea4f61d10b84890b]::rust_begin_unwind
[INFO] [stdout]   10:     0x5764a9a325dc - core[a373ad73a504971]::panicking::panic_fmt
[INFO] [stdout]   11:     0x5764a9993ec4 - <cli[3e0b5682442a0b8f]::cli_symbol_fuel_requires_symbol_aware::{closure#0} as core[a373ad73a504971]::ops::function::FnOnce<()>>::call_once
[INFO] [stdout]   12:     0x5764a99950cb - test[aada8e7e76ba119b]::__rust_begin_short_backtrace::<core[a373ad73a504971]::result::Result<(), alloc[2e1b2a31b91974c5]::string::String>, fn() -> core[a373ad73a504971]::result::Result<(), alloc[2e1b2a31b91974c5]::string::String>>
[INFO] [stdout]   13:     0x5764a99a22a5 - test[aada8e7e76ba119b]::run_test::{closure#0}
[INFO] [stdout]   14:     0x5764a999bb94 - std[617be2ca0a6fd877]::sys::backtrace::__rust_begin_short_backtrace::<test[aada8e7e76ba119b]::run_test::{closure#1}, ()>
[INFO] [stdout]   15:     0x5764a99a5332 - <std[617be2ca0a6fd877]::thread::lifecycle::spawn_unchecked<test[aada8e7e76ba119b]::run_test::{closure#1}, ()>::{closure#1} as core[a373ad73a504971]::ops::function::FnOnce<()>>::call_once::{shim:vtable#0}
[INFO] [stdout]   16:     0x5764a9a1b4df - <std[617be2ca0a6fd877]::sys::thread::unix::Thread>::new::thread_start
[INFO] [stdout]   17:     0x75bae8bcbdfa - <unknown>
[INFO] [stdout]   18:     0x75bae8c5f3d4 - clone
[INFO] [stdout]   19:                0x0 - <unknown>
[INFO] [stdout] 
[INFO] [stdout] ---- cli_symbol_li2_contains_tensor stdout ----
[INFO] [stdout] 
[INFO] [stdout] thread 'cli_symbol_li2_contains_tensor' (2625) panicked at crates/cli/../../tests/cli.rs:66:5:
[INFO] [stdout] binary not found at /opt/rustwide/target/release/build/mpl-simplify/46dce4e2ac56035b/mpl-simplify
[INFO] [stdout] stack backtrace:
[INFO] [stdout]    0:     0x5764a9a1bd01 - <<std[617be2ca0a6fd877]::sys::backtrace::BacktraceLock>::print::DisplayBacktrace as core[a373ad73a504971]::fmt::Display>::fmt
[INFO] [stdout]    1:     0x5764a9a31e2a - core[a373ad73a504971]::fmt::write
[INFO] [stdout]    2:     0x5764a9a2137c - <alloc[2e1b2a31b91974c5]::vec::Vec<u8> as core[a373ad73a504971]::io::write::Write>::write_fmt
[INFO] [stdout]    3:     0x5764a99f7a16 - std[617be2ca0a6fd877]::panicking::default_hook::{closure#0}
[INFO] [stdout]    4:     0x5764a9a14319 - std[617be2ca0a6fd877]::panicking::default_hook
[INFO] [stdout]    5:     0x5764a99a1c80 - test[aada8e7e76ba119b]::test_main_inner::{closure#0}
[INFO] [stdout]    6:     0x5764a9a144d2 - std[617be2ca0a6fd877]::panicking::panic_with_hook
[INFO] [stdout]    7:     0x5764a99f7ac2 - std[617be2ca0a6fd877]::panicking::panic_handler::{closure#0}
[INFO] [stdout]    8:     0x5764a99f07d9 - std[617be2ca0a6fd877]::sys::backtrace::__rust_end_short_backtrace::<std[617be2ca0a6fd877]::panicking::panic_handler::{closure#0}, !>
[INFO] [stdout]    9:     0x5764a99f86cd - __rustc[ea4f61d10b84890b]::rust_begin_unwind
[INFO] [stdout]   10:     0x5764a9a325dc - core[a373ad73a504971]::panicking::panic_fmt
[INFO] [stdout]   11:     0x5764a9993245 - <cli[3e0b5682442a0b8f]::cli_symbol_li2_contains_tensor::{closure#0} as core[a373ad73a504971]::ops::function::FnOnce<()>>::call_once
[INFO] [stdout]   12:     0x5764a99950cb - test[aada8e7e76ba119b]::__rust_begin_short_backtrace::<core[a373ad73a504971]::result::Result<(), alloc[2e1b2a31b91974c5]::string::String>, fn() -> core[a373ad73a504971]::result::Result<(), alloc[2e1b2a31b91974c5]::string::String>>
[INFO] [stdout]   13:     0x5764a99a22a5 - test[aada8e7e76ba119b]::run_test::{closure#0}
[INFO] [stdout]   14:     0x5764a999bb94 - std[617be2ca0a6fd877]::sys::backtrace::__rust_begin_short_backtrace::<test[aada8e7e76ba119b]::run_test::{closure#1}, ()>
[INFO] [stdout]   15:     0x5764a99a5332 - <std[617be2ca0a6fd877]::thread::lifecycle::spawn_unchecked<test[aada8e7e76ba119b]::run_test::{closure#1}, ()>::{closure#1} as core[a373ad73a504971]::ops::function::FnOnce<()>>::call_once::{shim:vtable#0}
[INFO] [stdout]   16:     0x5764a9a1b4df - <std[617be2ca0a6fd877]::sys::thread::unix::Thread>::new::thread_start
[INFO] [stdout]   17:     0x75bae8bcbdfa - <unknown>
[INFO] [stdout]   18:     0x75bae8c5f3d4 - clone
[INFO] [stdout]   19:                0x0 - <unknown>
[INFO] [stdout] 
[INFO] [stdout] 
[INFO] [stdout] failures:
[INFO] [stdout]     cli_check_integrable_log_log
[INFO] [stdout]     cli_div_mul_simplifies
[INFO] [stdout]     cli_normalize_basic
[INFO] [stdout]     cli_pow_nesting_simplifies
[INFO] [stdout]     cli_rational_literal
[INFO] [stdout]     cli_simplify_aggressive_factors
[INFO] [stdout]     cli_simplify_default_path_unchanged
[INFO] [stdout]     cli_simplify_guard_blocks_li2_factoring
[INFO] [stdout]     cli_simplify_no_rewrite_beats_symbol_aware
[INFO] [stdout]     cli_symbol_fuel_requires_symbol_aware
[INFO] [stdout]     cli_symbol_li2_contains_tensor
[INFO] [stdout] 
[INFO] [stdout] test result: FAILED. 1 passed; 11 failed; 0 ignored; 0 measured; 0 filtered out; finished in 0.08s
[INFO] [stdout] 
[INFO] running `Command { std: "docker" "inspect" "d44830a4b1ec5fd1bd08f9d0f9483dc2635a5cb0f36d2b1a2020689c62055fec", kill_on_drop: false }`
[INFO] running `Command { std: "docker" "rm" "-f" "d44830a4b1ec5fd1bd08f9d0f9483dc2635a5cb0f36d2b1a2020689c62055fec", kill_on_drop: false }`
[INFO] [stdout] d44830a4b1ec5fd1bd08f9d0f9483dc2635a5cb0f36d2b1a2020689c62055fec
