[INFO] cloning repository https://github.com/whot/git-afterthought
[INFO] running `Command { std: "git" "-c" "credential.helper=" "-c" "credential.helper=/workspace/cargo-home/bin/git-credential-null" "clone" "--bare" "https://github.com/whot/git-afterthought" "/workspace/cache/git-repos/https%3A%2F%2Fgithub.com%2Fwhot%2Fgit-afterthought", kill_on_drop: false }`
[INFO] [stderr] Cloning into bare repository '/workspace/cache/git-repos/https%3A%2F%2Fgithub.com%2Fwhot%2Fgit-afterthought'...
[INFO] running `Command { std: "git" "rev-parse" "HEAD", kill_on_drop: false }`
[INFO] [stdout] 278fa8b0ae2db1131242e773de43bc4f2cd5dcf9
[INFO] testing whot/git-afterthought against 1.100.0-beta.1+cargoflags=--release for beta-release-1.100-2
[INFO] running `Command { std: "git" "clone" "/workspace/cache/git-repos/https%3A%2F%2Fgithub.com%2Fwhot%2Fgit-afterthought" "/workspace/builds/worker-5-tc2/source", kill_on_drop: false }`
[INFO] [stderr] Cloning into '/workspace/builds/worker-5-tc2/source'...
[INFO] [stderr] done.
[INFO] started tweaking git repo https://github.com/whot/git-afterthought
[INFO] finished tweaking git repo https://github.com/whot/git-afterthought
[INFO] tweaked toml for git repo https://github.com/whot/git-afterthought written to /workspace/builds/worker-5-tc2/source/Cargo.toml
[INFO] validating manifest of git repo https://github.com/whot/git-afterthought on toolchain 1.100.0-beta.1
[INFO] running `Command { std: CARGO_HOME="/workspace/cargo-home" RUSTUP_HOME="/workspace/rustup-home" "/workspace/cargo-home/bin/cargo" "+1.100.0-beta.1" "metadata" "--manifest-path" "Cargo.toml" "--no-deps", kill_on_drop: false }`
[INFO] crate git repo https://github.com/whot/git-afterthought already has a lockfile, it will not be regenerated
[INFO] running `Command { std: CARGO_HOME="/workspace/cargo-home" RUSTUP_HOME="/workspace/rustup-home" "/workspace/cargo-home/bin/cargo" "+1.100.0-beta.1" "fetch" "--manifest-path" "Cargo.toml", kill_on_drop: false }`
[INFO] running `Command { std: "docker" "create" "-v" "/var/lib/crater-agent-workspace/builds/worker-5-tc2/source:/opt/rustwide/workdir:ro,Z" "-v" "/var/lib/crater-agent-workspace/builds/worker-5-tc2/target:/opt/rustwide/target:rw,Z" "-v" "/var/lib/crater-agent-workspace/cargo-home:/opt/rustwide/cargo-home:ro,Z" "-v" "/var/lib/crater-agent-workspace/rustup-home:/opt/rustwide/rustup-home:ro,Z" "-m" "1610612736" "--network" "none" "ghcr.io/rust-lang/crates-build-env/linux@sha256:77db811e55d90add9212f6832c23229e3de5f1c1f9905e8cb07319ea15df73ac" "sleep" "infinity", kill_on_drop: false }`
[INFO] [stdout] 599f431689579de8429e789bcc2a0131a8c7bfe63349f2ba1878eb8223462202
[INFO] running `Command { std: "docker" "start" "599f431689579de8429e789bcc2a0131a8c7bfe63349f2ba1878eb8223462202", kill_on_drop: false }`
[INFO] running `Command { std: "docker" "inspect" "599f431689579de8429e789bcc2a0131a8c7bfe63349f2ba1878eb8223462202", kill_on_drop: false }`
[INFO] running `Command { std: "docker" "exec" "-e" "SOURCE_DIR=/opt/rustwide/workdir" "-e" "CARGO_HOME=/opt/rustwide/cargo-home" "-e" "RUSTUP_HOME=/opt/rustwide/rustup-home" "-e" "CARGO_TARGET_DIR=/opt/rustwide/target" "-w" "/opt/rustwide/workdir" "--user" "0:0" "599f431689579de8429e789bcc2a0131a8c7bfe63349f2ba1878eb8223462202" "/opt/rustwide/cargo-home/bin/cargo" "+1.100.0-beta.1" "metadata" "--no-deps" "--format-version=1", kill_on_drop: false }`
[INFO] running `Command { std: "docker" "inspect" "599f431689579de8429e789bcc2a0131a8c7bfe63349f2ba1878eb8223462202", kill_on_drop: false }`
[INFO] running `Command { std: "docker" "exec" "-e" "SOURCE_DIR=/opt/rustwide/workdir" "-e" "CARGO_HOME=/opt/rustwide/cargo-home" "-e" "RUSTUP_HOME=/opt/rustwide/rustup-home" "-e" "CARGO_TARGET_DIR=/opt/rustwide/target" "-e" "CARGO_INCREMENTAL=0" "-e" "RUST_BACKTRACE=full" "-e" "RUSTFLAGS=--cap-lints=warn" "-e" "RUSTDOCFLAGS=--cap-lints=warn" "-w" "/opt/rustwide/workdir" "--user" "0:0" "599f431689579de8429e789bcc2a0131a8c7bfe63349f2ba1878eb8223462202" "/opt/rustwide/cargo-home/bin/cargo" "+1.100.0-beta.1" "build" "--frozen" "--message-format=json" "--release", kill_on_drop: false }`
[INFO] [stderr]    Compiling libc v0.2.184
[INFO] [stderr]    Compiling rustix v1.1.4
[INFO] [stderr]    Compiling num-traits v0.2.19
[INFO] [stderr]    Compiling bitflags v2.11.0
[INFO] [stderr]    Compiling syn v2.0.117
[INFO] [stderr]    Compiling anyhow v1.0.102
[INFO] [stderr]    Compiling linux-raw-sys v0.12.1
[INFO] [stderr]    Compiling fastrand v2.4.0
[INFO] [stderr]    Compiling once_cell v1.21.4
[INFO] [stderr]    Compiling sha2 v0.10.9
[INFO] [stderr]    Compiling jobserver v0.1.34
[INFO] [stderr]    Compiling cc v1.2.59
[INFO] [stderr]    Compiling getrandom v0.4.2
[INFO] [stderr]    Compiling tempfile v3.27.0
[INFO] [stderr]    Compiling libz-sys v1.1.28
[INFO] [stderr]    Compiling openssl-sys v0.9.112
[INFO] [stderr]    Compiling libssh2-sys v0.3.1
[INFO] [stderr]    Compiling libgit2-sys v0.17.0+1.8.1
[INFO] [stderr]    Compiling synstructure v0.13.2
[INFO] [stderr]    Compiling zerofrom-derive v0.1.7
[INFO] [stderr]    Compiling yoke-derive v0.8.2
[INFO] [stderr]    Compiling zerovec-derive v0.11.3
[INFO] [stderr]    Compiling displaydoc v0.2.5
[INFO] [stderr]    Compiling serde_derive v1.0.228
[INFO] [stderr]    Compiling clap_derive v4.6.0
[INFO] [stderr]    Compiling zerofrom v0.1.7
[INFO] [stderr]    Compiling yoke v0.8.2
[INFO] [stderr]    Compiling zerovec v0.11.6
[INFO] [stderr]    Compiling zerotrie v0.2.4
[INFO] [stderr]    Compiling tinystr v0.8.3
[INFO] [stderr]    Compiling potential_utf v0.1.5
[INFO] [stderr]    Compiling icu_locale_core v2.2.0
[INFO] [stderr]    Compiling icu_collections v2.2.0
[INFO] [stderr]    Compiling clap v4.6.0
[INFO] [stderr]    Compiling icu_provider v2.2.0
[INFO] [stderr]    Compiling serde v1.0.228
[INFO] [stderr]    Compiling icu_normalizer v2.2.0
[INFO] [stderr]    Compiling icu_properties v2.2.0
[INFO] [stderr]    Compiling chrono v0.4.44
[INFO] [stderr]    Compiling idna_adapter v1.2.1
[INFO] [stderr]    Compiling idna v1.1.0
[INFO] [stderr]    Compiling url v2.5.8
[INFO] [stderr]    Compiling git2 v0.19.0
[INFO] [stderr]    Compiling git-afterthought v0.1.0 (/opt/rustwide/workdir)
[INFO] [stderr]     Finished `release` profile [optimized] target(s) in 1m 21s
[INFO] running `Command { std: "docker" "inspect" "599f431689579de8429e789bcc2a0131a8c7bfe63349f2ba1878eb8223462202", kill_on_drop: false }`
[INFO] running `Command { std: "docker" "exec" "-e" "SOURCE_DIR=/opt/rustwide/workdir" "-e" "CARGO_HOME=/opt/rustwide/cargo-home" "-e" "RUSTUP_HOME=/opt/rustwide/rustup-home" "-e" "CARGO_TARGET_DIR=/opt/rustwide/target" "-e" "CARGO_INCREMENTAL=0" "-e" "RUST_BACKTRACE=full" "-e" "RUSTFLAGS=--cap-lints=warn" "-e" "RUSTDOCFLAGS=--cap-lints=warn" "-w" "/opt/rustwide/workdir" "--user" "0:0" "599f431689579de8429e789bcc2a0131a8c7bfe63349f2ba1878eb8223462202" "/opt/rustwide/cargo-home/bin/cargo" "+1.100.0-beta.1" "test" "--frozen" "--no-run" "--message-format=json" "--release", kill_on_drop: false }`
[INFO] [stderr]    Compiling predicates-core v1.0.10
[INFO] [stderr]    Compiling regex-automata v0.4.14
[INFO] [stderr]    Compiling termtree v0.5.1
[INFO] [stderr]    Compiling difflib v0.4.0
[INFO] [stderr]    Compiling assert_cmd v2.2.0
[INFO] [stderr]    Compiling wait-timeout v0.2.1
[INFO] [stderr]    Compiling predicates-tree v1.0.13
[INFO] [stderr]    Compiling predicates v3.1.4
[INFO] [stderr]    Compiling bstr v1.12.1
[INFO] [stderr]    Compiling git-afterthought v0.1.0 (/opt/rustwide/workdir)
[INFO] [stdout] warning: unused variable: `finalize_out`
[INFO] [stdout]    --> tests/integration_tests.rs:198:9
[INFO] [stdout]     |
[INFO] [stdout] 198 |     let finalize_out = run_afterthought_ok(&repo, &["set", "finalize"]);
[INFO] [stdout]     |         ^^^^^^^^^^^^ help: if this is intentional, prefix it with an underscore: `_finalize_out`
[INFO] [stdout]     |
[INFO] [stdout]     = note: `#[warn(unused_variables)]` (part of `#[warn(unused)]`) on by default
[INFO] [stdout] 
[INFO] [stdout] 
[INFO] [stdout] warning: method `offset` is never used
[INFO] [stdout]    --> tests/../src/afterthought.rs:111:12
[INFO] [stdout]     |
[INFO] [stdout] 109 | impl DriftResult {
[INFO] [stdout]     | ---------------- method in this implementation
[INFO] [stdout] 110 |     /// The total line offset (positive = shifted down).
[INFO] [stdout] 111 |     pub fn offset(&self) -> i64 {
[INFO] [stdout]     |            ^^^^^^
[INFO] [stdout]     |
[INFO] [stdout]     = note: `#[warn(dead_code)]` (part of `#[warn(unused)]`) on by default
[INFO] [stdout] 
[INFO] [stdout] 
[INFO] [stdout] warning: unused variable: `commit`
[INFO] [stdout]    --> src/commands/commit.rs:387:14
[INFO] [stdout]     |
[INFO] [stdout] 387 |         let (commit, ann) = split_on_marker(msg);
[INFO] [stdout]     |              ^^^^^^ help: if this is intentional, prefix it with an underscore: `_commit`
[INFO] [stdout]     |
[INFO] [stdout]     = note: `#[warn(unused_variables)]` (part of `#[warn(unused)]`) on by default
[INFO] [stdout] 
[INFO] [stdout] 
[INFO] [stdout] warning: unused variable: `ann`
[INFO] [stdout]    --> src/commands/commit.rs:387:22
[INFO] [stdout]     |
[INFO] [stdout] 387 |         let (commit, ann) = split_on_marker(msg);
[INFO] [stdout]     |                      ^^^ help: if this is intentional, prefix it with an underscore: `_ann`
[INFO] [stdout] 
[INFO] [stdout] 
[INFO] [stderr]     Finished `release` profile [optimized] target(s) in 9.86s
[INFO] running `Command { std: "docker" "inspect" "599f431689579de8429e789bcc2a0131a8c7bfe63349f2ba1878eb8223462202", kill_on_drop: false }`
[INFO] running `Command { std: "docker" "exec" "-e" "SOURCE_DIR=/opt/rustwide/workdir" "-e" "CARGO_HOME=/opt/rustwide/cargo-home" "-e" "RUSTUP_HOME=/opt/rustwide/rustup-home" "-e" "CARGO_TARGET_DIR=/opt/rustwide/target" "-e" "CARGO_INCREMENTAL=0" "-e" "RUST_BACKTRACE=full" "-e" "RUSTFLAGS=--cap-lints=warn" "-e" "RUSTDOCFLAGS=--cap-lints=warn" "-w" "/opt/rustwide/workdir" "--user" "0:0" "599f431689579de8429e789bcc2a0131a8c7bfe63349f2ba1878eb8223462202" "/opt/rustwide/cargo-home/bin/cargo" "+1.100.0-beta.1" "test" "--frozen" "--release", kill_on_drop: false }`
[INFO] [stderr] warning: method `offset` is never used
[INFO] [stderr]    --> tests/../src/afterthought.rs:111:12
[INFO] [stderr]     |
[INFO] [stderr] 109 | impl DriftResult {
[INFO] [stderr]     | ---------------- method in this implementation
[INFO] [stderr] 110 |     /// The total line offset (positive = shifted down).
[INFO] [stderr] 111 |     pub fn offset(&self) -> i64 {
[INFO] [stderr]     |            ^^^^^^
[INFO] [stderr]     |
[INFO] [stderr]     = note: `#[warn(dead_code)]` (part of `#[warn(unused)]`) on by default
[INFO] [stderr] 
[INFO] [stderr] warning: unused variable: `finalize_out`
[INFO] [stderr]    --> tests/integration_tests.rs:198:9
[INFO] [stderr]     |
[INFO] [stderr] 198 |     let finalize_out = run_afterthought_ok(&repo, &["set", "finalize"]);
[INFO] [stderr]     |         ^^^^^^^^^^^^ help: if this is intentional, prefix it with an underscore: `_finalize_out`
[INFO] [stderr]     |
[INFO] [stderr]     = note: `#[warn(unused_variables)]` (part of `#[warn(unused)]`) on by default
[INFO] [stderr] 
[INFO] [stderr] warning: unused variable: `commit`
[INFO] [stderr]    --> src/commands/commit.rs:387:14
[INFO] [stderr]     |
[INFO] [stderr] 387 |         let (commit, ann) = split_on_marker(msg);
[INFO] [stderr]     |              ^^^^^^ help: if this is intentional, prefix it with an underscore: `_commit`
[INFO] [stderr]     |
[INFO] [stderr]     = note: `#[warn(unused_variables)]` (part of `#[warn(unused)]`) on by default
[INFO] [stderr] 
[INFO] [stderr] warning: unused variable: `ann`
[INFO] [stderr]    --> src/commands/commit.rs:387:22
[INFO] [stderr]     |
[INFO] [stderr] 387 |         let (commit, ann) = split_on_marker(msg);
[INFO] [stderr]     |                      ^^^ help: if this is intentional, prefix it with an underscore: `_ann`
[INFO] [stderr] 
[INFO] [stderr] warning: `git-afterthought` (test "unit_tests") generated 1 warning
[INFO] [stderr] warning: `git-afterthought` (test "integration_tests") generated 1 warning (run `cargo fix --test "integration_tests" -p git-afterthought` to apply 1 suggestion)
[INFO] [stderr] warning: `git-afterthought` (bin "git-afterthought" test) generated 2 warnings (run `cargo fix --bin "git-afterthought" -p git-afterthought --tests` to apply 2 suggestions)
[INFO] [stderr]     Finished `release` profile [optimized] target(s) in 0.13s
[INFO] [stderr]      Running unittests src/main.rs (/opt/rustwide/target/release/build/git-afterthought/3f3ce5e472db03a7/out/git_afterthought-3f3ce5e472db03a7)
[INFO] [stdout] 
[INFO] [stdout] running 16 tests
[INFO] [stdout] test commands::add_patch::tests::test_each_hunk_has_file_header ... ok
[INFO] [stdout] test commands::commit::tests::test_split_on_marker_present ... ok
[INFO] [stdout] test commands::commit::tests::test_extract_args_with_m_flag ... ok
[INFO] [stdout] test commands::commit::tests::test_extract_args_with_message_equals ... ok
[INFO] [stdout] test commands::commit::tests::test_has_m_flag ... ok
[INFO] [stdout] test commands::commit::tests::test_split_on_marker_absent ... ok
[INFO] [stdout] test commands::commit::tests::test_split_on_marker_case_insensitive ... ok
[INFO] [stdout] test commands::add_patch::tests::test_hunk_to_patch ... ok
[INFO] [stdout] test commands::add_patch::tests::test_parse_diff_hunks ... ok
[INFO] [stdout] test commands::commit::tests::test_split_on_marker_multiline_afterthought ... ok
[INFO] [stdout] test commands::commit::tests::test_split_on_marker_empty_afterthought ... ok
[INFO] [stdout] test commands::commit::tests::test_extract_args_no_marker ... ok
[INFO] [stdout] test commands::commit::tests::test_split_on_marker_must_be_own_line ... ok
[INFO] [stdout] test commands::commit::tests::test_extract_args_with_am_combined ... ok
[INFO] [stdout] test commands::commit::tests::test_split_on_marker_with_whitespace ... ok
[INFO] [stderr]      Running tests/integration_tests.rs (/opt/rustwide/target/release/build/git-afterthought/967444297ae758b8/out/integration_tests-967444297ae758b8)
[INFO] [stdout] test commands::add_patch::tests::test_parse_hunk_header ... ok
[INFO] [stdout] 
[INFO] [stdout] test result: ok. 16 passed; 0 failed; 0 ignored; 0 measured; 0 filtered out; finished in 0.00s
[INFO] [stdout] 
[INFO] [stdout] 
[INFO] [stdout] running 22 tests
[INFO] [stdout] test test_init_installs_pre_push_hook ... FAILED
[INFO] [stdout] test test_commit_with_afterthoughts ... FAILED
[INFO] [stdout] test test_private_finalize_and_list ... FAILED
[INFO] [stdout] test test_afterthought_with_reply ... FAILED
[INFO] [stdout] test test_log_with_afterthoughts ... FAILED
[INFO] [stdout] test test_patch_roundtrip ... FAILED
[INFO] [stdout] test test_add_and_status ... FAILED
[INFO] [stdout] test test_private_add_and_status ... FAILED
[INFO] [stdout] test test_finalize_empty_fails ... FAILED
[INFO] [stdout] test test_multiple_sets ... FAILED
[INFO] [stdout] test test_init_appends_to_existing_hook ... FAILED
[INFO] [stdout] test test_private_separate_staging ... FAILED
[INFO] [stdout] test test_private_push_refused ... FAILED
[INFO] [stdout] test test_add_without_file ... FAILED
[INFO] [stdout] test test_commit_with_private_afterthoughts ... FAILED
[INFO] [stdout] test test_set_show ... FAILED
[INFO] [stdout] test test_remove_afterthought ... FAILED
[INFO] [stdout] test test_commit_without_afterthoughts ... FAILED
[INFO] [stdout] test test_reset_specific ... FAILED
[INFO] [stdout] test test_finalize_and_list ... FAILED
[INFO] [stdout] test test_private_remove ... FAILED
[INFO] [stdout] test test_show_afterthought ... FAILED
[INFO] [stdout] 
[INFO] [stdout] failures:
[INFO] [stdout] 
[INFO] [stdout] ---- test_init_installs_pre_push_hook stdout ----
[INFO] [stdout] 
[INFO] [stdout] thread 'test_init_installs_pre_push_hook' (2149) panicked at tests/integration_tests.rs:55:10:
[INFO] [stdout] failed to run git-afterthought: Os { code: 2, kind: NotFound, message: "No such file or directory" }
[INFO] [stdout] stack backtrace:
[INFO] [stdout]    0:     0x5f564cb82051 - <<std[617be2ca0a6fd877]::sys::backtrace::BacktraceLock>::print::DisplayBacktrace as core[a373ad73a504971]::fmt::Display>::fmt
[INFO] [stdout]    1:     0x5f564cb9635a - core[a373ad73a504971]::fmt::write
[INFO] [stdout]    2:     0x5f564cb8653c - <alloc[2e1b2a31b91974c5]::vec::Vec<u8> as core[a373ad73a504971]::io::write::Write>::write_fmt
[INFO] [stdout]    3:     0x5f564cb5c786 - std[617be2ca0a6fd877]::panicking::default_hook::{closure#0}
[INFO] [stdout]    4:     0x5f564cb79879 - std[617be2ca0a6fd877]::panicking::default_hook
[INFO] [stdout]    5:     0x5f564cb14880 - test[aada8e7e76ba119b]::test_main_inner::{closure#0}
[INFO] [stdout]    6:     0x5f564cb79a32 - std[617be2ca0a6fd877]::panicking::panic_with_hook
[INFO] [stdout]    7:     0x5f564cb5c832 - std[617be2ca0a6fd877]::panicking::panic_handler::{closure#0}
[INFO] [stdout]    8:     0x5f564cb551f9 - std[617be2ca0a6fd877]::sys::backtrace::__rust_end_short_backtrace::<std[617be2ca0a6fd877]::panicking::panic_handler::{closure#0}, !>
[INFO] [stdout]    9:     0x5f564cb5d43d - __rustc[ea4f61d10b84890b]::rust_begin_unwind
[INFO] [stdout]   10:     0x5f564cb96a8c - core[a373ad73a504971]::panicking::panic_fmt
[INFO] [stdout]   11:     0x5f564cb96862 - core[a373ad73a504971]::result::unwrap_failed
[INFO] [stdout]   12:     0x5f564cafe316 - integration_tests[93b039678bd498c4]::run_afterthought
[INFO] [stdout]   13:     0x5f564cafe46f - integration_tests[93b039678bd498c4]::run_afterthought_ok
[INFO] [stdout]   14:     0x5f564cb03ec6 - <integration_tests[93b039678bd498c4]::test_init_installs_pre_push_hook::{closure#0} as core[a373ad73a504971]::ops::function::FnOnce<()>>::call_once
[INFO] [stdout]   15:     0x5f564cb07ccb - test[aada8e7e76ba119b]::__rust_begin_short_backtrace::<core[a373ad73a504971]::result::Result<(), alloc[2e1b2a31b91974c5]::string::String>, fn() -> core[a373ad73a504971]::result::Result<(), alloc[2e1b2a31b91974c5]::string::String>>
[INFO] [stdout]   16:     0x5f564cb14ea5 - test[aada8e7e76ba119b]::run_test::{closure#0}
[INFO] [stdout]   17:     0x5f564cb0e794 - std[617be2ca0a6fd877]::sys::backtrace::__rust_begin_short_backtrace::<test[aada8e7e76ba119b]::run_test::{closure#1}, ()>
[INFO] [stdout]   18:     0x5f564cb17f32 - <std[617be2ca0a6fd877]::thread::lifecycle::spawn_unchecked<test[aada8e7e76ba119b]::run_test::{closure#1}, ()>::{closure#1} as core[a373ad73a504971]::ops::function::FnOnce<()>>::call_once::{shim:vtable#0}
[INFO] [stdout]   19:     0x5f564cb8136f - <std[617be2ca0a6fd877]::sys::thread::unix::Thread>::new::thread_start
[INFO] [stdout]   20:     0x7d69181e8dfa - <unknown>
[INFO] [stdout]   21:     0x7d691827c3d4 - clone
[INFO] [stdout]   22:                0x0 - <unknown>
[INFO] [stdout] 
[INFO] [stdout] ---- test_commit_with_afterthoughts stdout ----
[INFO] [stdout] 
[INFO] [stdout] thread 'test_commit_with_afterthoughts' (2143) panicked at tests/integration_tests.rs:55:10:
[INFO] [stdout] failed to run git-afterthought: Os { code: 2, kind: NotFound, message: "No such file or directory" }
[INFO] [stdout] stack backtrace:
[INFO] [stdout]    0:     0x5f564cb82051 - <<std[617be2ca0a6fd877]::sys::backtrace::BacktraceLock>::print::DisplayBacktrace as core[a373ad73a504971]::fmt::Display>::fmt
[INFO] [stdout]    1:     0x5f564cb9635a - core[a373ad73a504971]::fmt::write
[INFO] [stdout]    2:     0x5f564cb8653c - <alloc[2e1b2a31b91974c5]::vec::Vec<u8> as core[a373ad73a504971]::io::write::Write>::write_fmt
[INFO] [stdout]    3:     0x5f564cb5c786 - std[617be2ca0a6fd877]::panicking::default_hook::{closure#0}
[INFO] [stdout]    4:     0x5f564cb79879 - std[617be2ca0a6fd877]::panicking::default_hook
[INFO] [stdout]    5:     0x5f564cb14880 - test[aada8e7e76ba119b]::test_main_inner::{closure#0}
[INFO] [stdout]    6:     0x5f564cb79a32 - std[617be2ca0a6fd877]::panicking::panic_with_hook
[INFO] [stdout]    7:     0x5f564cb5c832 - std[617be2ca0a6fd877]::panicking::panic_handler::{closure#0}
[INFO] [stdout]    8:     0x5f564cb551f9 - std[617be2ca0a6fd877]::sys::backtrace::__rust_end_short_backtrace::<std[617be2ca0a6fd877]::panicking::panic_handler::{closure#0}, !>
[INFO] [stdout]    9:     0x5f564cb5d43d - __rustc[ea4f61d10b84890b]::rust_begin_unwind
[INFO] [stdout]   10:     0x5f564cb96a8c - core[a373ad73a504971]::panicking::panic_fmt
[INFO] [stdout]   11:     0x5f564cb96862 - core[a373ad73a504971]::result::unwrap_failed
[INFO] [stdout]   12:     0x5f564cafe316 - integration_tests[93b039678bd498c4]::run_afterthought
[INFO] [stdout]   13:     0x5f564cafe46f - integration_tests[93b039678bd498c4]::run_afterthought_ok
[INFO] [stdout]   14:     0x5f564cb0368e - <integration_tests[93b039678bd498c4]::test_commit_with_afterthoughts::{closure#0} as core[a373ad73a504971]::ops::function::FnOnce<()>>::call_once
[INFO] [stdout]   15:     0x5f564cb07ccb - test[aada8e7e76ba119b]::__rust_begin_short_backtrace::<core[a373ad73a504971]::result::Result<(), alloc[2e1b2a31b91974c5]::string::String>, fn() -> core[a373ad73a504971]::result::Result<(), alloc[2e1b2a31b91974c5]::string::String>>
[INFO] [stdout]   16:     0x5f564cb14ea5 - test[aada8e7e76ba119b]::run_test::{closure#0}
[INFO] [stdout]   17:     0x5f564cb0e794 - std[617be2ca0a6fd877]::sys::backtrace::__rust_begin_short_backtrace::<test[aada8e7e76ba119b]::run_test::{closure#1}, ()>
[INFO] [stdout]   18:     0x5f564cb17f32 - <std[617be2ca0a6fd877]::thread::lifecycle::spawn_unchecked<test[aada8e7e76ba119b]::run_test::{closure#1}, ()>::{closure#1} as core[a373ad73a504971]::ops::function::FnOnce<()>>::call_once::{shim:vtable#0}
[INFO] [stdout]   19:     0x5f564cb8136f - <std[617be2ca0a6fd877]::sys::thread::unix::Thread>::new::thread_start
[INFO] [stdout]   20:     0x7d69181e8dfa - <unknown>
[INFO] [stdout]   21:     0x7d691827c3d4 - clone
[INFO] [stdout]   22:                0x0 - <unknown>
[INFO] [stdout] 
[INFO] [stdout] ---- test_private_finalize_and_list stdout ----
[INFO] [stdout] 
[INFO] [stdout] thread 'test_private_finalize_and_list' (2154) panicked at tests/integration_tests.rs:55:10:
[INFO] [stdout] failed to run git-afterthought: Os { code: 2, kind: NotFound, message: "No such file or directory" }
[INFO] [stdout] stack backtrace:
[INFO] [stdout]    0:     0x5f564cb82051 - <<std[617be2ca0a6fd877]::sys::backtrace::BacktraceLock>::print::DisplayBacktrace as core[a373ad73a504971]::fmt::Display>::fmt
[INFO] [stdout]    1:     0x5f564cb9635a - core[a373ad73a504971]::fmt::write
[INFO] [stdout]    2:     0x5f564cb8653c - <alloc[2e1b2a31b91974c5]::vec::Vec<u8> as core[a373ad73a504971]::io::write::Write>::write_fmt
[INFO] [stdout]    3:     0x5f564cb5c786 - std[617be2ca0a6fd877]::panicking::default_hook::{closure#0}
[INFO] [stdout]    4:     0x5f564cb79879 - std[617be2ca0a6fd877]::panicking::default_hook
[INFO] [stdout]    5:     0x5f564cb14880 - test[aada8e7e76ba119b]::test_main_inner::{closure#0}
[INFO] [stdout]    6:     0x5f564cb79a32 - std[617be2ca0a6fd877]::panicking::panic_with_hook
[INFO] [stdout]    7:     0x5f564cb5c832 - std[617be2ca0a6fd877]::panicking::panic_handler::{closure#0}
[INFO] [stdout]    8:     0x5f564cb551f9 - std[617be2ca0a6fd877]::sys::backtrace::__rust_end_short_backtrace::<std[617be2ca0a6fd877]::panicking::panic_handler::{closure#0}, !>
[INFO] [stdout]    9:     0x5f564cb5d43d - __rustc[ea4f61d10b84890b]::rust_begin_unwind
[INFO] [stdout]   10:     0x5f564cb96a8c - core[a373ad73a504971]::panicking::panic_fmt
[INFO] [stdout]   11:     0x5f564cb96862 - core[a373ad73a504971]::result::unwrap_failed
[INFO] [stdout]   12:     0x5f564cafe316 - integration_tests[93b039678bd498c4]::run_afterthought
[INFO] [stdout]   13:     0x5f564cafe46f - integration_tests[93b039678bd498c4]::run_afterthought_ok
[INFO] [stdout]   14:     0x5f564cb03baa - <integration_tests[93b039678bd498c4]::test_private_finalize_and_list::{closure#0} as core[a373ad73a504971]::ops::function::FnOnce<()>>::call_once
[INFO] [stdout]   15:     0x5f564cb07ccb - test[aada8e7e76ba119b]::__rust_begin_short_backtrace::<core[a373ad73a504971]::result::Result<(), alloc[2e1b2a31b91974c5]::string::String>, fn() -> core[a373ad73a504971]::result::Result<(), alloc[2e1b2a31b91974c5]::string::String>>
[INFO] [stdout]   16:     0x5f564cb14ea5 - test[aada8e7e76ba119b]::run_test::{closure#0}
[INFO] [stdout]   17:     0x5f564cb0e794 - std[617be2ca0a6fd877]::sys::backtrace::__rust_begin_short_backtrace::<test[aada8e7e76ba119b]::run_test::{closure#1}, ()>
[INFO] [stdout]   18:     0x5f564cb17f32 - <std[617be2ca0a6fd877]::thread::lifecycle::spawn_unchecked<test[aada8e7e76ba119b]::run_test::{closure#1}, ()>::{closure#1} as core[a373ad73a504971]::ops::function::FnOnce<()>>::call_once::{shim:vtable#0}
[INFO] [stdout]   19:     0x5f564cb8136f - <std[617be2ca0a6fd877]::sys::thread::unix::Thread>::new::thread_start
[INFO] [stdout]   20:     0x7d69181e8dfa - <unknown>
[INFO] [stdout]   21:     0x7d691827c3d4 - clone
[INFO] [stdout]   22:                0x0 - <unknown>
[INFO] [stdout] 
[INFO] [stdout] ---- test_afterthought_with_reply stdout ----
[INFO] [stdout] 
[INFO] [stdout] thread 'test_afterthought_with_reply' (2142) panicked at tests/integration_tests.rs:55:10:
[INFO] [stdout] failed to run git-afterthought: Os { code: 2, kind: NotFound, message: "No such file or directory" }
[INFO] [stdout] stack backtrace:
[INFO] [stdout]    0:     0x5f564cb82051 - <<std[617be2ca0a6fd877]::sys::backtrace::BacktraceLock>::print::DisplayBacktrace as core[a373ad73a504971]::fmt::Display>::fmt
[INFO] [stdout]    1:     0x5f564cb9635a - core[a373ad73a504971]::fmt::write
[INFO] [stdout]    2:     0x5f564cb8653c - <alloc[2e1b2a31b91974c5]::vec::Vec<u8> as core[a373ad73a504971]::io::write::Write>::write_fmt
[INFO] [stdout]    3:     0x5f564cb5c786 - std[617be2ca0a6fd877]::panicking::default_hook::{closure#0}
[INFO] [stdout]    4:     0x5f564cb79879 - std[617be2ca0a6fd877]::panicking::default_hook
[INFO] [stdout]    5:     0x5f564cb14880 - test[aada8e7e76ba119b]::test_main_inner::{closure#0}
[INFO] [stdout]    6:     0x5f564cb79a32 - std[617be2ca0a6fd877]::panicking::panic_with_hook
[INFO] [stdout]    7:     0x5f564cb5c832 - std[617be2ca0a6fd877]::panicking::panic_handler::{closure#0}
[INFO] [stdout]    8:     0x5f564cb551f9 - std[617be2ca0a6fd877]::sys::backtrace::__rust_end_short_backtrace::<std[617be2ca0a6fd877]::panicking::panic_handler::{closure#0}, !>
[INFO] [stdout]    9:     0x5f564cb5d43d - __rustc[ea4f61d10b84890b]::rust_begin_unwind
[INFO] [stdout]   10:     0x5f564cb96a8c - core[a373ad73a504971]::panicking::panic_fmt
[INFO] [stdout]   11:     0x5f564cb96862 - core[a373ad73a504971]::result::unwrap_failed
[INFO] [stdout]   12:     0x5f564cafe316 - integration_tests[93b039678bd498c4]::run_afterthought
[INFO] [stdout]   13:     0x5f564cafe46f - integration_tests[93b039678bd498c4]::run_afterthought_ok
[INFO] [stdout]   14:     0x5f564cb02bb2 - <integration_tests[93b039678bd498c4]::test_afterthought_with_reply::{closure#0} as core[a373ad73a504971]::ops::function::FnOnce<()>>::call_once
[INFO] [stdout]   15:     0x5f564cb07ccb - test[aada8e7e76ba119b]::__rust_begin_short_backtrace::<core[a373ad73a504971]::result::Result<(), alloc[2e1b2a31b91974c5]::string::String>, fn() -> core[a373ad73a504971]::result::Result<(), alloc[2e1b2a31b91974c5]::string::String>>
[INFO] [stdout]   16:     0x5f564cb14ea5 - test[aada8e7e76ba119b]::run_test::{closure#0}
[INFO] [stdout]   17:     0x5f564cb0e794 - std[617be2ca0a6fd877]::sys::backtrace::__rust_begin_short_backtrace::<test[aada8e7e76ba119b]::run_test::{closure#1}, ()>
[INFO] [stdout]   18:     0x5f564cb17f32 - <std[617be2ca0a6fd877]::thread::lifecycle::spawn_unchecked<test[aada8e7e76ba119b]::run_test::{closure#1}, ()>::{closure#1} as core[a373ad73a504971]::ops::function::FnOnce<()>>::call_once::{shim:vtable#0}
[INFO] [stdout]   19:     0x5f564cb8136f - <std[617be2ca0a6fd877]::sys::thread::unix::Thread>::new::thread_start
[INFO] [stdout]   20:     0x7d69181e8dfa - <unknown>
[INFO] [stdout]   21:     0x7d691827c3d4 - clone
[INFO] [stdout]   22:                0x0 - <unknown>
[INFO] [stdout] 
[INFO] [stdout] ---- test_log_with_afterthoughts stdout ----
[INFO] [stdout] 
[INFO] [stdout] thread 'test_log_with_afterthoughts' (2150) panicked at tests/integration_tests.rs:55:10:
[INFO] [stdout] failed to run git-afterthought: Os { code: 2, kind: NotFound, message: "No such file or directory" }
[INFO] [stdout] stack backtrace:
[INFO] [stdout]    0:     0x5f564cb82051 - <<std[617be2ca0a6fd877]::sys::backtrace::BacktraceLock>::print::DisplayBacktrace as core[a373ad73a504971]::fmt::Display>::fmt
[INFO] [stdout]    1:     0x5f564cb9635a - core[a373ad73a504971]::fmt::write
[INFO] [stdout]    2:     0x5f564cb8653c - <alloc[2e1b2a31b91974c5]::vec::Vec<u8> as core[a373ad73a504971]::io::write::Write>::write_fmt
[INFO] [stdout]    3:     0x5f564cb5c786 - std[617be2ca0a6fd877]::panicking::default_hook::{closure#0}
[INFO] [stdout]    4:     0x5f564cb79879 - std[617be2ca0a6fd877]::panicking::default_hook
[INFO] [stdout]    5:     0x5f564cb14880 - test[aada8e7e76ba119b]::test_main_inner::{closure#0}
[INFO] [stdout]    6:     0x5f564cb79a32 - std[617be2ca0a6fd877]::panicking::panic_with_hook
[INFO] [stdout]    7:     0x5f564cb5c832 - std[617be2ca0a6fd877]::panicking::panic_handler::{closure#0}
[INFO] [stdout]    8:     0x5f564cb551f9 - std[617be2ca0a6fd877]::sys::backtrace::__rust_end_short_backtrace::<std[617be2ca0a6fd877]::panicking::panic_handler::{closure#0}, !>
[INFO] [stdout]    9:     0x5f564cb5d43d - __rustc[ea4f61d10b84890b]::rust_begin_unwind
[INFO] [stdout]   10:     0x5f564cb96a8c - core[a373ad73a504971]::panicking::panic_fmt
[INFO] [stdout]   11:     0x5f564cb96862 - core[a373ad73a504971]::result::unwrap_failed
[INFO] [stdout]   12:     0x5f564cafe316 - integration_tests[93b039678bd498c4]::run_afterthought
[INFO] [stdout]   13:     0x5f564cafe46f - integration_tests[93b039678bd498c4]::run_afterthought_ok
[INFO] [stdout]   14:     0x5f564cb02340 - <integration_tests[93b039678bd498c4]::test_log_with_afterthoughts::{closure#0} as core[a373ad73a504971]::ops::function::FnOnce<()>>::call_once
[INFO] [stdout]   15:     0x5f564cb07ccb - test[aada8e7e76ba119b]::__rust_begin_short_backtrace::<core[a373ad73a504971]::result::Result<(), alloc[2e1b2a31b91974c5]::string::String>, fn() -> core[a373ad73a504971]::result::Result<(), alloc[2e1b2a31b91974c5]::string::String>>
[INFO] [stdout]   16:     0x5f564cb14ea5 - test[aada8e7e76ba119b]::run_test::{closure#0}
[INFO] [stdout]   17:     0x5f564cb0e794 - std[617be2ca0a6fd877]::sys::backtrace::__rust_begin_short_backtrace::<test[aada8e7e76ba119b]::run_test::{closure#1}, ()>
[INFO] [stdout]   18:     0x5f564cb17f32 - <std[617be2ca0a6fd877]::thread::lifecycle::spawn_unchecked<test[aada8e7e76ba119b]::run_test::{closure#1}, ()>::{closure#1} as core[a373ad73a504971]::ops::function::FnOnce<()>>::call_once::{shim:vtable#0}
[INFO] [stdout]   19:     0x5f564cb8136f - <std[617be2ca0a6fd877]::sys::thread::unix::Thread>::new::thread_start
[INFO] [stdout]   20:     0x7d69181e8dfa - <unknown>
[INFO] [stdout]   21:     0x7d691827c3d4 - clone
[INFO] [stdout]   22:                0x0 - <unknown>
[INFO] [stdout] 
[INFO] [stdout] ---- test_patch_roundtrip stdout ----
[INFO] [stdout] 
[INFO] [stdout] thread 'test_patch_roundtrip' (2152) panicked at tests/integration_tests.rs:55:10:
[INFO] [stdout] failed to run git-afterthought: Os { code: 2, kind: NotFound, message: "No such file or directory" }
[INFO] [stdout] stack backtrace:
[INFO] [stdout]    0:     0x5f564cb82051 - <<std[617be2ca0a6fd877]::sys::backtrace::BacktraceLock>::print::DisplayBacktrace as core[a373ad73a504971]::fmt::Display>::fmt
[INFO] [stdout]    1:     0x5f564cb9635a - core[a373ad73a504971]::fmt::write
[INFO] [stdout]    2:     0x5f564cb8653c - <alloc[2e1b2a31b91974c5]::vec::Vec<u8> as core[a373ad73a504971]::io::write::Write>::write_fmt
[INFO] [stdout]    3:     0x5f564cb5c786 - std[617be2ca0a6fd877]::panicking::default_hook::{closure#0}
[INFO] [stdout]    4:     0x5f564cb79879 - std[617be2ca0a6fd877]::panicking::default_hook
[INFO] [stdout]    5:     0x5f564cb14880 - test[aada8e7e76ba119b]::test_main_inner::{closure#0}
[INFO] [stdout]    6:     0x5f564cb79a32 - std[617be2ca0a6fd877]::panicking::panic_with_hook
[INFO] [stdout]    7:     0x5f564cb5c832 - std[617be2ca0a6fd877]::panicking::panic_handler::{closure#0}
[INFO] [stdout]    8:     0x5f564cb551f9 - std[617be2ca0a6fd877]::sys::backtrace::__rust_end_short_backtrace::<std[617be2ca0a6fd877]::panicking::panic_handler::{closure#0}, !>
[INFO] [stdout]    9:     0x5f564cb5d43d - __rustc[ea4f61d10b84890b]::rust_begin_unwind
[INFO] [stdout]   10:     0x5f564cb96a8c - core[a373ad73a504971]::panicking::panic_fmt
[INFO] [stdout]   11:     0x5f564cb96862 - core[a373ad73a504971]::result::unwrap_failed
[INFO] [stdout]   12:     0x5f564cafe316 - integration_tests[93b039678bd498c4]::run_afterthought
[INFO] [stdout]   13:     0x5f564cafe46f - integration_tests[93b039678bd498c4]::run_afterthought_ok
[INFO] [stdout]   14:     0x5f564cb0065e - <integration_tests[93b039678bd498c4]::test_patch_roundtrip::{closure#0} as core[a373ad73a504971]::ops::function::FnOnce<()>>::call_once
[INFO] [stdout]   15:     0x5f564cb07ccb - test[aada8e7e76ba119b]::__rust_begin_short_backtrace::<core[a373ad73a504971]::result::Result<(), alloc[2e1b2a31b91974c5]::string::String>, fn() -> core[a373ad73a504971]::result::Result<(), alloc[2e1b2a31b91974c5]::string::String>>
[INFO] [stdout]   16:     0x5f564cb14ea5 - test[aada8e7e76ba119b]::run_test::{closure#0}
[INFO] [stdout]   17:     0x5f564cb0e794 - std[617be2ca0a6fd877]::sys::backtrace::__rust_begin_short_backtrace::<test[aada8e7e76ba119b]::run_test::{closure#1}, ()>
[INFO] [stdout]   18:     0x5f564cb17f32 - <std[617be2ca0a6fd877]::thread::lifecycle::spawn_unchecked<test[aada8e7e76ba119b]::run_test::{closure#1}, ()>::{closure#1} as core[a373ad73a504971]::ops::function::FnOnce<()>>::call_once::{shim:vtable#0}
[INFO] [stdout]   19:     0x5f564cb8136f - <std[617be2ca0a6fd877]::sys::thread::unix::Thread>::new::thread_start
[INFO] [stdout]   20:     0x7d69181e8dfa - <unknown>
[INFO] [stdout]   21:     0x7d691827c3d4 - clone
[INFO] [stdout]   22:                0x0 - <unknown>
[INFO] [stdout] 
[INFO] [stdout] ---- test_add_and_status stdout ----
[INFO] [stdout] 
[INFO] [stdout] thread 'test_add_and_status' (2140) panicked at tests/integration_tests.rs:55:10:
[INFO] [stdout] failed to run git-afterthought: Os { code: 2, kind: NotFound, message: "No such file or directory" }
[INFO] [stdout] stack backtrace:
[INFO] [stdout]    0:     0x5f564cb82051 - <<std[617be2ca0a6fd877]::sys::backtrace::BacktraceLock>::print::DisplayBacktrace as core[a373ad73a504971]::fmt::Display>::fmt
[INFO] [stdout]    1:     0x5f564cb9635a - core[a373ad73a504971]::fmt::write
[INFO] [stdout]    2:     0x5f564cb8653c - <alloc[2e1b2a31b91974c5]::vec::Vec<u8> as core[a373ad73a504971]::io::write::Write>::write_fmt
[INFO] [stdout]    3:     0x5f564cb5c786 - std[617be2ca0a6fd877]::panicking::default_hook::{closure#0}
[INFO] [stdout]    4:     0x5f564cb79879 - std[617be2ca0a6fd877]::panicking::default_hook
[INFO] [stdout]    5:     0x5f564cb14880 - test[aada8e7e76ba119b]::test_main_inner::{closure#0}
[INFO] [stdout]    6:     0x5f564cb79a32 - std[617be2ca0a6fd877]::panicking::panic_with_hook
[INFO] [stdout]    7:     0x5f564cb5c832 - std[617be2ca0a6fd877]::panicking::panic_handler::{closure#0}
[INFO] [stdout]    8:     0x5f564cb551f9 - std[617be2ca0a6fd877]::sys::backtrace::__rust_end_short_backtrace::<std[617be2ca0a6fd877]::panicking::panic_handler::{closure#0}, !>
[INFO] [stdout]    9:     0x5f564cb5d43d - __rustc[ea4f61d10b84890b]::rust_begin_unwind
[INFO] [stdout]   10:     0x5f564cb96a8c - core[a373ad73a504971]::panicking::panic_fmt
[INFO] [stdout]   11:     0x5f564cb96862 - core[a373ad73a504971]::result::unwrap_failed
[INFO] [stdout]   12:     0x5f564cafe316 - integration_tests[93b039678bd498c4]::run_afterthought
[INFO] [stdout]   13:     0x5f564cafe46f - integration_tests[93b039678bd498c4]::run_afterthought_ok
[INFO] [stdout]   14:     0x5f564caffc5a - <integration_tests[93b039678bd498c4]::test_add_and_status::{closure#0} as core[a373ad73a504971]::ops::function::FnOnce<()>>::call_once
[INFO] [stdout]   15:     0x5f564cb07ccb - test[aada8e7e76ba119b]::__rust_begin_short_backtrace::<core[a373ad73a504971]::result::Result<(), alloc[2e1b2a31b91974c5]::string::String>, fn() -> core[a373ad73a504971]::result::Result<(), alloc[2e1b2a31b91974c5]::string::String>>
[INFO] [stdout]   16:     0x5f564cb14ea5 - test[aada8e7e76ba119b]::run_test::{closure#0}
[INFO] [stdout]   17:     0x5f564cb0e794 - std[617be2ca0a6fd877]::sys::backtrace::__rust_begin_short_backtrace::<test[aada8e7e76ba119b]::run_test::{closure#1}, ()>
[INFO] [stdout]   18:     0x5f564cb17f32 - <std[617be2ca0a6fd877]::thread::lifecycle::spawn_unchecked<test[aada8e7e76ba119b]::run_test::{closure#1}, ()>::{closure#1} as core[a373ad73a504971]::ops::function::FnOnce<()>>::call_once::{shim:vtable#0}
[INFO] [stdout]   19:     0x5f564cb8136f - <std[617be2ca0a6fd877]::sys::thread::unix::Thread>::new::thread_start
[INFO] [stdout]   20:     0x7d69181e8dfa - <unknown>
[INFO] [stdout]   21:     0x7d691827c3d4 - clone
[INFO] [stdout]   22:                0x0 - <unknown>
[INFO] [stdout] 
[INFO] [stdout] ---- test_private_add_and_status stdout ----
[INFO] [stdout] 
[INFO] [stdout] thread 'test_private_add_and_status' (2153) panicked at tests/integration_tests.rs:55:10:
[INFO] [stdout] failed to run git-afterthought: Os { code: 2, kind: NotFound, message: "No such file or directory" }
[INFO] [stdout] stack backtrace:
[INFO] [stdout]    0:     0x5f564cb82051 - <<std[617be2ca0a6fd877]::sys::backtrace::BacktraceLock>::print::DisplayBacktrace as core[a373ad73a504971]::fmt::Display>::fmt
[INFO] [stdout]    1:     0x5f564cb9635a - core[a373ad73a504971]::fmt::write
[INFO] [stdout]    2:     0x5f564cb8653c - <alloc[2e1b2a31b91974c5]::vec::Vec<u8> as core[a373ad73a504971]::io::write::Write>::write_fmt
[INFO] [stdout]    3:     0x5f564cb5c786 - std[617be2ca0a6fd877]::panicking::default_hook::{closure#0}
[INFO] [stdout]    4:     0x5f564cb79879 - std[617be2ca0a6fd877]::panicking::default_hook
[INFO] [stdout]    5:     0x5f564cb14880 - test[aada8e7e76ba119b]::test_main_inner::{closure#0}
[INFO] [stdout]    6:     0x5f564cb79a32 - std[617be2ca0a6fd877]::panicking::panic_with_hook
[INFO] [stdout]    7:     0x5f564cb5c832 - std[617be2ca0a6fd877]::panicking::panic_handler::{closure#0}
[INFO] [stdout]    8:     0x5f564cb551f9 - std[617be2ca0a6fd877]::sys::backtrace::__rust_end_short_backtrace::<std[617be2ca0a6fd877]::panicking::panic_handler::{closure#0}, !>
[INFO] [stdout]    9:     0x5f564cb5d43d - __rustc[ea4f61d10b84890b]::rust_begin_unwind
[INFO] [stdout]   10:     0x5f564cb96a8c - core[a373ad73a504971]::panicking::panic_fmt
[INFO] [stdout]   11:     0x5f564cb96862 - core[a373ad73a504971]::result::unwrap_failed
[INFO] [stdout]   12:     0x5f564cafe316 - integration_tests[93b039678bd498c4]::run_afterthought
[INFO] [stdout]   13:     0x5f564cafe46f - integration_tests[93b039678bd498c4]::run_afterthought_ok
[INFO] [stdout]   14:     0x5f564cb0286e - <integration_tests[93b039678bd498c4]::test_private_add_and_status::{closure#0} as core[a373ad73a504971]::ops::function::FnOnce<()>>::call_once
[INFO] [stdout]   15:     0x5f564cb07ccb - test[aada8e7e76ba119b]::__rust_begin_short_backtrace::<core[a373ad73a504971]::result::Result<(), alloc[2e1b2a31b91974c5]::string::String>, fn() -> core[a373ad73a504971]::result::Result<(), alloc[2e1b2a31b91974c5]::string::String>>
[INFO] [stdout]   16:     0x5f564cb14ea5 - test[aada8e7e76ba119b]::run_test::{closure#0}
[INFO] [stdout]   17:     0x5f564cb0e794 - std[617be2ca0a6fd877]::sys::backtrace::__rust_begin_short_backtrace::<test[aada8e7e76ba119b]::run_test::{closure#1}, ()>
[INFO] [stdout]   18:     0x5f564cb17f32 - <std[617be2ca0a6fd877]::thread::lifecycle::spawn_unchecked<test[aada8e7e76ba119b]::run_test::{closure#1}, ()>::{closure#1} as core[a373ad73a504971]::ops::function::FnOnce<()>>::call_once::{shim:vtable#0}
[INFO] [stdout]   19:     0x5f564cb8136f - <std[617be2ca0a6fd877]::sys::thread::unix::Thread>::new::thread_start
[INFO] [stdout]   20:     0x7d69181e8dfa - <unknown>
[INFO] [stdout]   21:     0x7d691827c3d4 - clone
[INFO] [stdout]   22:                0x0 - <unknown>
[INFO] [stdout] 
[INFO] [stdout] ---- test_finalize_empty_fails stdout ----
[INFO] [stdout] 
[INFO] [stdout] thread 'test_finalize_empty_fails' (2147) panicked at tests/integration_tests.rs:55:10:
[INFO] [stdout] failed to run git-afterthought: Os { code: 2, kind: NotFound, message: "No such file or directory" }
[INFO] [stdout] stack backtrace:
[INFO] [stdout]    0:     0x5f564cb82051 - <<std[617be2ca0a6fd877]::sys::backtrace::BacktraceLock>::print::DisplayBacktrace as core[a373ad73a504971]::fmt::Display>::fmt
[INFO] [stdout]    1:     0x5f564cb9635a - core[a373ad73a504971]::fmt::write
[INFO] [stdout]    2:     0x5f564cb8653c - <alloc[2e1b2a31b91974c5]::vec::Vec<u8> as core[a373ad73a504971]::io::write::Write>::write_fmt
[INFO] [stdout]    3:     0x5f564cb5c786 - std[617be2ca0a6fd877]::panicking::default_hook::{closure#0}
[INFO] [stdout]    4:     0x5f564cb79879 - std[617be2ca0a6fd877]::panicking::default_hook
[INFO] [stdout]    5:     0x5f564cb14880 - test[aada8e7e76ba119b]::test_main_inner::{closure#0}
[INFO] [stdout]    6:     0x5f564cb79a32 - std[617be2ca0a6fd877]::panicking::panic_with_hook
[INFO] [stdout]    7:     0x5f564cb5c832 - std[617be2ca0a6fd877]::panicking::panic_handler::{closure#0}
[INFO] [stdout]    8:     0x5f564cb551f9 - std[617be2ca0a6fd877]::sys::backtrace::__rust_end_short_backtrace::<std[617be2ca0a6fd877]::panicking::panic_handler::{closure#0}, !>
[INFO] [stdout]    9:     0x5f564cb5d43d - __rustc[ea4f61d10b84890b]::rust_begin_unwind
[INFO] [stdout]   10:     0x5f564cb96a8c - core[a373ad73a504971]::panicking::panic_fmt
[INFO] [stdout]   11:     0x5f564cb96862 - core[a373ad73a504971]::result::unwrap_failed
[INFO] [stdout]   12:     0x5f564cafe316 - integration_tests[93b039678bd498c4]::run_afterthought
[INFO] [stdout]   13:     0x5f564cb01efd - <integration_tests[93b039678bd498c4]::test_finalize_empty_fails::{closure#0} as core[a373ad73a504971]::ops::function::FnOnce<()>>::call_once
[INFO] [stdout]   14:     0x5f564cb07ccb - test[aada8e7e76ba119b]::__rust_begin_short_backtrace::<core[a373ad73a504971]::result::Result<(), alloc[2e1b2a31b91974c5]::string::String>, fn() -> core[a373ad73a504971]::result::Result<(), alloc[2e1b2a31b91974c5]::string::String>>
[INFO] [stdout]   15:     0x5f564cb14ea5 - test[aada8e7e76ba119b]::run_test::{closure#0}
[INFO] [stdout]   16:     0x5f564cb0e794 - std[617be2ca0a6fd877]::sys::backtrace::__rust_begin_short_backtrace::<test[aada8e7e76ba119b]::run_test::{closure#1}, ()>
[INFO] [stdout]   17:     0x5f564cb17f32 - <std[617be2ca0a6fd877]::thread::lifecycle::spawn_unchecked<test[aada8e7e76ba119b]::run_test::{closure#1}, ()>::{closure#1} as core[a373ad73a504971]::ops::function::FnOnce<()>>::call_once::{shim:vtable#0}
[INFO] [stdout]   18:     0x5f564cb8136f - <std[617be2ca0a6fd877]::sys::thread::unix::Thread>::new::thread_start
[INFO] [stdout]   19:     0x7d69181e8dfa - <unknown>
[INFO] [stdout]   20:     0x7d691827c3d4 - clone
[INFO] [stdout]   21:                0x0 - <unknown>
[INFO] [stdout] 
[INFO] [stdout] ---- test_multiple_sets stdout ----
[INFO] [stdout] 
[INFO] [stdout] thread 'test_multiple_sets' (2151) panicked at tests/integration_tests.rs:55:10:
[INFO] [stdout] failed to run git-afterthought: Os { code: 2, kind: NotFound, message: "No such file or directory" }
[INFO] [stdout] stack backtrace:
[INFO] [stdout]    0:     0x5f564cb82051 - <<std[617be2ca0a6fd877]::sys::backtrace::BacktraceLock>::print::DisplayBacktrace as core[a373ad73a504971]::fmt::Display>::fmt
[INFO] [stdout]    1:     0x5f564cb9635a - core[a373ad73a504971]::fmt::write
[INFO] [stdout]    2:     0x5f564cb8653c - <alloc[2e1b2a31b91974c5]::vec::Vec<u8> as core[a373ad73a504971]::io::write::Write>::write_fmt
[INFO] [stdout]    3:     0x5f564cb5c786 - std[617be2ca0a6fd877]::panicking::default_hook::{closure#0}
[INFO] [stdout]    4:     0x5f564cb79879 - std[617be2ca0a6fd877]::panicking::default_hook
[INFO] [stdout]    5:     0x5f564cb14880 - test[aada8e7e76ba119b]::test_main_inner::{closure#0}
[INFO] [stdout]    6:     0x5f564cb79a32 - std[617be2ca0a6fd877]::panicking::panic_with_hook
[INFO] [stdout]    7:     0x5f564cb5c832 - std[617be2ca0a6fd877]::panicking::panic_handler::{closure#0}
[INFO] [stdout]    8:     0x5f564cb551f9 - std[617be2ca0a6fd877]::sys::backtrace::__rust_end_short_backtrace::<std[617be2ca0a6fd877]::panicking::panic_handler::{closure#0}, !>
[INFO] [stdout]    9:     0x5f564cb5d43d - __rustc[ea4f61d10b84890b]::rust_begin_unwind
[INFO] [stdout]   10:     0x5f564cb96a8c - core[a373ad73a504971]::panicking::panic_fmt
[INFO] [stdout]   11:     0x5f564cb96862 - core[a373ad73a504971]::result::unwrap_failed
[INFO] [stdout]   12:     0x5f564cafe316 - integration_tests[93b039678bd498c4]::run_afterthought
[INFO] [stdout]   13:     0x5f564cafe46f - integration_tests[93b039678bd498c4]::run_afterthought_ok
[INFO] [stdout]   14:     0x5f564caff8fb - <integration_tests[93b039678bd498c4]::test_multiple_sets::{closure#0} as core[a373ad73a504971]::ops::function::FnOnce<()>>::call_once
[INFO] [stdout]   15:     0x5f564cb07ccb - test[aada8e7e76ba119b]::__rust_begin_short_backtrace::<core[a373ad73a504971]::result::Result<(), alloc[2e1b2a31b91974c5]::string::String>, fn() -> core[a373ad73a504971]::result::Result<(), alloc[2e1b2a31b91974c5]::string::String>>
[INFO] [stdout]   16:     0x5f564cb14ea5 - test[aada8e7e76ba119b]::run_test::{closure#0}
[INFO] [stdout]   17:     0x5f564cb0e794 - std[617be2ca0a6fd877]::sys::backtrace::__rust_begin_short_backtrace::<test[aada8e7e76ba119b]::run_test::{closure#1}, ()>
[INFO] [stdout]   18:     0x5f564cb17f32 - <std[617be2ca0a6fd877]::thread::lifecycle::spawn_unchecked<test[aada8e7e76ba119b]::run_test::{closure#1}, ()>::{closure#1} as core[a373ad73a504971]::ops::function::FnOnce<()>>::call_once::{shim:vtable#0}
[INFO] [stdout]   19:     0x5f564cb8136f - <std[617be2ca0a6fd877]::sys::thread::unix::Thread>::new::thread_start
[INFO] [stdout]   20:     0x7d69181e8dfa - <unknown>
[INFO] [stdout]   21:     0x7d691827c3d4 - clone
[INFO] [stdout]   22:                0x0 - <unknown>
[INFO] [stdout] 
[INFO] [stdout] ---- test_init_appends_to_existing_hook stdout ----
[INFO] [stdout] 
[INFO] [stdout] thread 'test_init_appends_to_existing_hook' (2148) panicked at tests/integration_tests.rs:55:10:
[INFO] [stdout] failed to run git-afterthought: Os { code: 2, kind: NotFound, message: "No such file or directory" }
[INFO] [stdout] stack backtrace:
[INFO] [stdout]    0:     0x5f564cb82051 - <<std[617be2ca0a6fd877]::sys::backtrace::BacktraceLock>::print::DisplayBacktrace as core[a373ad73a504971]::fmt::Display>::fmt
[INFO] [stdout]    1:     0x5f564cb9635a - core[a373ad73a504971]::fmt::write
[INFO] [stdout]    2:     0x5f564cb8653c - <alloc[2e1b2a31b91974c5]::vec::Vec<u8> as core[a373ad73a504971]::io::write::Write>::write_fmt
[INFO] [stdout]    3:     0x5f564cb5c786 - std[617be2ca0a6fd877]::panicking::default_hook::{closure#0}
[INFO] [stdout]    4:     0x5f564cb79879 - std[617be2ca0a6fd877]::panicking::default_hook
[INFO] [stdout]    5:     0x5f564cb14880 - test[aada8e7e76ba119b]::test_main_inner::{closure#0}
[INFO] [stdout]    6:     0x5f564cb79a32 - std[617be2ca0a6fd877]::panicking::panic_with_hook
[INFO] [stdout]    7:     0x5f564cb5c832 - std[617be2ca0a6fd877]::panicking::panic_handler::{closure#0}
[INFO] [stdout]    8:     0x5f564cb551f9 - std[617be2ca0a6fd877]::sys::backtrace::__rust_end_short_backtrace::<std[617be2ca0a6fd877]::panicking::panic_handler::{closure#0}, !>
[INFO] [stdout]    9:     0x5f564cb5d43d - __rustc[ea4f61d10b84890b]::rust_begin_unwind
[INFO] [stdout]   10:     0x5f564cb96a8c - core[a373ad73a504971]::panicking::panic_fmt
[INFO] [stdout]   11:     0x5f564cb96862 - core[a373ad73a504971]::result::unwrap_failed
[INFO] [stdout]   12:     0x5f564cafe316 - integration_tests[93b039678bd498c4]::run_afterthought
[INFO] [stdout]   13:     0x5f564cafe46f - integration_tests[93b039678bd498c4]::run_afterthought_ok
[INFO] [stdout]   14:     0x5f564cb04795 - <integration_tests[93b039678bd498c4]::test_init_appends_to_existing_hook::{closure#0} as core[a373ad73a504971]::ops::function::FnOnce<()>>::call_once
[INFO] [stdout]   15:     0x5f564cb07ccb - test[aada8e7e76ba119b]::__rust_begin_short_backtrace::<core[a373ad73a504971]::result::Result<(), alloc[2e1b2a31b91974c5]::string::String>, fn() -> core[a373ad73a504971]::result::Result<(), alloc[2e1b2a31b91974c5]::string::String>>
[INFO] [stdout]   16:     0x5f564cb14ea5 - test[aada8e7e76ba119b]::run_test::{closure#0}
[INFO] [stdout]   17:     0x5f564cb0e794 - std[617be2ca0a6fd877]::sys::backtrace::__rust_begin_short_backtrace::<test[aada8e7e76ba119b]::run_test::{closure#1}, ()>
[INFO] [stdout]   18:     0x5f564cb17f32 - <std[617be2ca0a6fd877]::thread::lifecycle::spawn_unchecked<test[aada8e7e76ba119b]::run_test::{closure#1}, ()>::{closure#1} as core[a373ad73a504971]::ops::function::FnOnce<()>>::call_once::{shim:vtable#0}
[INFO] [stdout]   19:     0x5f564cb8136f - <std[617be2ca0a6fd877]::sys::thread::unix::Thread>::new::thread_start
[INFO] [stdout]   20:     0x7d69181e8dfa - <unknown>
[INFO] [stdout]   21:     0x7d691827c3d4 - clone
[INFO] [stdout]   22:                0x0 - <unknown>
[INFO] [stdout] 
[INFO] [stdout] ---- test_private_separate_staging stdout ----
[INFO] [stdout] 
[INFO] [stdout] thread 'test_private_separate_staging' (2241) panicked at tests/integration_tests.rs:55:10:
[INFO] [stdout] failed to run git-afterthought: Os { code: 2, kind: NotFound, message: "No such file or directory" }
[INFO] [stdout] stack backtrace:
[INFO] [stdout]    0:     0x5f564cb82051 - <<std[617be2ca0a6fd877]::sys::backtrace::BacktraceLock>::print::DisplayBacktrace as core[a373ad73a504971]::fmt::Display>::fmt
[INFO] [stdout]    1:     0x5f564cb9635a - core[a373ad73a504971]::fmt::write
[INFO] [stdout]    2:     0x5f564cb8653c - <alloc[2e1b2a31b91974c5]::vec::Vec<u8> as core[a373ad73a504971]::io::write::Write>::write_fmt
[INFO] [stdout]    3:     0x5f564cb5c786 - std[617be2ca0a6fd877]::panicking::default_hook::{closure#0}
[INFO] [stdout]    4:     0x5f564cb79879 - std[617be2ca0a6fd877]::panicking::default_hook
[INFO] [stdout]    5:     0x5f564cb14880 - test[aada8e7e76ba119b]::test_main_inner::{closure#0}
[INFO] [stdout]    6:     0x5f564cb79a32 - std[617be2ca0a6fd877]::panicking::panic_with_hook
[INFO] [stdout]    7:     0x5f564cb5c832 - std[617be2ca0a6fd877]::panicking::panic_handler::{closure#0}
[INFO] [stdout]    8:     0x5f564cb551f9 - std[617be2ca0a6fd877]::sys::backtrace::__rust_end_short_backtrace::<std[617be2ca0a6fd877]::panicking::panic_handler::{closure#0}, !>
[INFO] [stdout]    9:     0x5f564cb5d43d - __rustc[ea4f61d10b84890b]::rust_begin_unwind
[INFO] [stdout]   10:     0x5f564cb96a8c - core[a373ad73a504971]::panicking::panic_fmt
[INFO] [stdout]   11:     0x5f564cb96862 - core[a373ad73a504971]::result::unwrap_failed
[INFO] [stdout]   12:     0x5f564cafe316 - integration_tests[93b039678bd498c4]::run_afterthought
[INFO] [stdout]   13:     0x5f564cafe46f - integration_tests[93b039678bd498c4]::run_afterthought_ok
[INFO] [stdout]   14:     0x5f564cb031ce - <integration_tests[93b039678bd498c4]::test_private_separate_staging::{closure#0} as core[a373ad73a504971]::ops::function::FnOnce<()>>::call_once
[INFO] [stdout]   15:     0x5f564cb07ccb - test[aada8e7e76ba119b]::__rust_begin_short_backtrace::<core[a373ad73a504971]::result::Result<(), alloc[2e1b2a31b91974c5]::string::String>, fn() -> core[a373ad73a504971]::result::Result<(), alloc[2e1b2a31b91974c5]::string::String>>
[INFO] [stdout]   16:     0x5f564cb14ea5 - test[aada8e7e76ba119b]::run_test::{closure#0}
[INFO] [stdout]   17:     0x5f564cb0e794 - std[617be2ca0a6fd877]::sys::backtrace::__rust_begin_short_backtrace::<test[aada8e7e76ba119b]::run_test::{closure#1}, ()>
[INFO] [stdout]   18:     0x5f564cb17f32 - <std[617be2ca0a6fd877]::thread::lifecycle::spawn_unchecked<test[aada8e7e76ba119b]::run_test::{closure#1}, ()>::{closure#1} as core[a373ad73a504971]::ops::function::FnOnce<()>>::call_once::{shim:vtable#0}
[INFO] [stdout]   19:     0x5f564cb8136f - <std[617be2ca0a6fd877]::sys::thread::unix::Thread>::new::thread_start
[INFO] [stdout]   20:     0x7d69181e8dfa - <unknown>
[INFO] [stdout]   21:     0x7d691827c3d4 - clone
[INFO] [stdout]   22:                0x0 - <unknown>
[INFO] [stdout] 
[INFO] [stdout] ---- test_private_push_refused stdout ----
[INFO] [stdout] 
[INFO] [stdout] thread 'test_private_push_refused' (2155) panicked at tests/integration_tests.rs:55:10:
[INFO] [stdout] failed to run git-afterthought: Os { code: 2, kind: NotFound, message: "No such file or directory" }
[INFO] [stdout] stack backtrace:
[INFO] [stdout]    0:     0x5f564cb82051 - <<std[617be2ca0a6fd877]::sys::backtrace::BacktraceLock>::print::DisplayBacktrace as core[a373ad73a504971]::fmt::Display>::fmt
[INFO] [stdout]    1:     0x5f564cb9635a - core[a373ad73a504971]::fmt::write
[INFO] [stdout]    2:     0x5f564cb8653c - <alloc[2e1b2a31b91974c5]::vec::Vec<u8> as core[a373ad73a504971]::io::write::Write>::write_fmt
[INFO] [stdout]    3:     0x5f564cb5c786 - std[617be2ca0a6fd877]::panicking::default_hook::{closure#0}
[INFO] [stdout]    4:     0x5f564cb79879 - std[617be2ca0a6fd877]::panicking::default_hook
[INFO] [stdout]    5:     0x5f564cb14880 - test[aada8e7e76ba119b]::test_main_inner::{closure#0}
[INFO] [stdout]    6:     0x5f564cb79a32 - std[617be2ca0a6fd877]::panicking::panic_with_hook
[INFO] [stdout]    7:     0x5f564cb5c832 - std[617be2ca0a6fd877]::panicking::panic_handler::{closure#0}
[INFO] [stdout]    8:     0x5f564cb551f9 - std[617be2ca0a6fd877]::sys::backtrace::__rust_end_short_backtrace::<std[617be2ca0a6fd877]::panicking::panic_handler::{closure#0}, !>
[INFO] [stdout]    9:     0x5f564cb5d43d - __rustc[ea4f61d10b84890b]::rust_begin_unwind
[INFO] [stdout]   10:     0x5f564cb96a8c - core[a373ad73a504971]::panicking::panic_fmt
[INFO] [stdout]   11:     0x5f564cb96862 - core[a373ad73a504971]::result::unwrap_failed
[INFO] [stdout]   12:     0x5f564cafe316 - integration_tests[93b039678bd498c4]::run_afterthought
[INFO] [stdout]   13:     0x5f564cafe46f - integration_tests[93b039678bd498c4]::run_afterthought_ok
[INFO] [stdout]   14:     0x5f564cb020cb - <integration_tests[93b039678bd498c4]::test_private_push_refused::{closure#0} as core[a373ad73a504971]::ops::function::FnOnce<()>>::call_once
[INFO] [stdout]   15:     0x5f564cb07ccb - test[aada8e7e76ba119b]::__rust_begin_short_backtrace::<core[a373ad73a504971]::result::Result<(), alloc[2e1b2a31b91974c5]::string::String>, fn() -> core[a373ad73a504971]::result::Result<(), alloc[2e1b2a31b91974c5]::string::String>>
[INFO] [stdout]   16:     0x5f564cb14ea5 - test[aada8e7e76ba119b]::run_test::{closure#0}
[INFO] [stdout]   17:     0x5f564cb0e794 - std[617be2ca0a6fd877]::sys::backtrace::__rust_begin_short_backtrace::<test[aada8e7e76ba119b]::run_test::{closure#1}, ()>
[INFO] [stdout]   18:     0x5f564cb17f32 - <std[617be2ca0a6fd877]::thread::lifecycle::spawn_unchecked<test[aada8e7e76ba119b]::run_test::{closure#1}, ()>::{closure#1} as core[a373ad73a504971]::ops::function::FnOnce<()>>::call_once::{shim:vtable#0}
[INFO] [stdout]   19:     0x5f564cb8136f - <std[617be2ca0a6fd877]::sys::thread::unix::Thread>::new::thread_start
[INFO] [stdout]   20:     0x7d69181e8dfa - <unknown>
[INFO] [stdout]   21:     0x7d691827c3d4 - clone
[INFO] [stdout]   22:                0x0 - <unknown>
[INFO] [stdout] 
[INFO] [stdout] ---- test_add_without_file stdout ----
[INFO] [stdout] 
[INFO] [stdout] thread 'test_add_without_file' (2141) panicked at tests/integration_tests.rs:55:10:
[INFO] [stdout] failed to run git-afterthought: Os { code: 2, kind: NotFound, message: "No such file or directory" }
[INFO] [stdout] stack backtrace:
[INFO] [stdout]    0:     0x5f564cb82051 - <<std[617be2ca0a6fd877]::sys::backtrace::BacktraceLock>::print::DisplayBacktrace as core[a373ad73a504971]::fmt::Display>::fmt
[INFO] [stdout]    1:     0x5f564cb9635a - core[a373ad73a504971]::fmt::write
[INFO] [stdout]    2:     0x5f564cb8653c - <alloc[2e1b2a31b91974c5]::vec::Vec<u8> as core[a373ad73a504971]::io::write::Write>::write_fmt
[INFO] [stdout]    3:     0x5f564cb5c786 - std[617be2ca0a6fd877]::panicking::default_hook::{closure#0}
[INFO] [stdout]    4:     0x5f564cb79879 - std[617be2ca0a6fd877]::panicking::default_hook
[INFO] [stdout]    5:     0x5f564cb14880 - test[aada8e7e76ba119b]::test_main_inner::{closure#0}
[INFO] [stdout]    6:     0x5f564cb79a32 - std[617be2ca0a6fd877]::panicking::panic_with_hook
[INFO] [stdout]    7:     0x5f564cb5c832 - std[617be2ca0a6fd877]::panicking::panic_handler::{closure#0}
[INFO] [stdout]    8:     0x5f564cb551f9 - std[617be2ca0a6fd877]::sys::backtrace::__rust_end_short_backtrace::<std[617be2ca0a6fd877]::panicking::panic_handler::{closure#0}, !>
[INFO] [stdout]    9:     0x5f564cb5d43d - __rustc[ea4f61d10b84890b]::rust_begin_unwind
[INFO] [stdout]   10:     0x5f564cb96a8c - core[a373ad73a504971]::panicking::panic_fmt
[INFO] [stdout]   11:     0x5f564cb96862 - core[a373ad73a504971]::result::unwrap_failed
[INFO] [stdout]   12:     0x5f564cafe316 - integration_tests[93b039678bd498c4]::run_afterthought
[INFO] [stdout]   13:     0x5f564cafe46f - integration_tests[93b039678bd498c4]::run_afterthought_ok
[INFO] [stdout]   14:     0x5f564cb00f89 - <integration_tests[93b039678bd498c4]::test_add_without_file::{closure#0} as core[a373ad73a504971]::ops::function::FnOnce<()>>::call_once
[INFO] [stdout]   15:     0x5f564cb07ccb - test[aada8e7e76ba119b]::__rust_begin_short_backtrace::<core[a373ad73a504971]::result::Result<(), alloc[2e1b2a31b91974c5]::string::String>, fn() -> core[a373ad73a504971]::result::Result<(), alloc[2e1b2a31b91974c5]::string::String>>
[INFO] [stdout]   16:     0x5f564cb14ea5 - test[aada8e7e76ba119b]::run_test::{closure#0}
[INFO] [stdout]   17:     0x5f564cb0e794 - std[617be2ca0a6fd877]::sys::backtrace::__rust_begin_short_backtrace::<test[aada8e7e76ba119b]::run_test::{closure#1}, ()>
[INFO] [stdout]   18:     0x5f564cb17f32 - <std[617be2ca0a6fd877]::thread::lifecycle::spawn_unchecked<test[aada8e7e76ba119b]::run_test::{closure#1}, ()>::{closure#1} as core[a373ad73a504971]::ops::function::FnOnce<()>>::call_once::{shim:vtable#0}
[INFO] [stdout]   19:     0x5f564cb8136f - <std[617be2ca0a6fd877]::sys::thread::unix::Thread>::new::thread_start
[INFO] [stdout]   20:     0x7d69181e8dfa - <unknown>
[INFO] [stdout]   21:     0x7d691827c3d4 - clone
[INFO] [stdout]   22:                0x0 - <unknown>
[INFO] [stdout] 
[INFO] [stdout] ---- test_commit_with_private_afterthoughts stdout ----
[INFO] [stdout] 
[INFO] [stdout] thread 'test_commit_with_private_afterthoughts' (2144) panicked at tests/integration_tests.rs:55:10:
[INFO] [stdout] failed to run git-afterthought: Os { code: 2, kind: NotFound, message: "No such file or directory" }
[INFO] [stdout] stack backtrace:
[INFO] [stdout]    0:     0x5f564cb82051 - <<std[617be2ca0a6fd877]::sys::backtrace::BacktraceLock>::print::DisplayBacktrace as core[a373ad73a504971]::fmt::Display>::fmt
[INFO] [stdout]    1:     0x5f564cb9635a - core[a373ad73a504971]::fmt::write
[INFO] [stdout]    2:     0x5f564cb8653c - <alloc[2e1b2a31b91974c5]::vec::Vec<u8> as core[a373ad73a504971]::io::write::Write>::write_fmt
[INFO] [stdout]    3:     0x5f564cb5c786 - std[617be2ca0a6fd877]::panicking::default_hook::{closure#0}
[INFO] [stdout]    4:     0x5f564cb79879 - std[617be2ca0a6fd877]::panicking::default_hook
[INFO] [stdout]    5:     0x5f564cb14880 - test[aada8e7e76ba119b]::test_main_inner::{closure#0}
[INFO] [stdout]    6:     0x5f564cb79a32 - std[617be2ca0a6fd877]::panicking::panic_with_hook
[INFO] [stdout]    7:     0x5f564cb5c832 - std[617be2ca0a6fd877]::panicking::panic_handler::{closure#0}
[INFO] [stdout]    8:     0x5f564cb551f9 - std[617be2ca0a6fd877]::sys::backtrace::__rust_end_short_backtrace::<std[617be2ca0a6fd877]::panicking::panic_handler::{closure#0}, !>
[INFO] [stdout]    9:     0x5f564cb5d43d - __rustc[ea4f61d10b84890b]::rust_begin_unwind
[INFO] [stdout]   10:     0x5f564cb96a8c - core[a373ad73a504971]::panicking::panic_fmt
[INFO] [stdout]   11:     0x5f564cb96862 - core[a373ad73a504971]::result::unwrap_failed
[INFO] [stdout]   12:     0x5f564cafe316 - integration_tests[93b039678bd498c4]::run_afterthought
[INFO] [stdout]   13:     0x5f564cafe46f - integration_tests[93b039678bd498c4]::run_afterthought_ok
[INFO] [stdout]   14:     0x5f564cb04b05 - <integration_tests[93b039678bd498c4]::test_commit_with_private_afterthoughts::{closure#0} as core[a373ad73a504971]::ops::function::FnOnce<()>>::call_once
[INFO] [stdout]   15:     0x5f564cb07ccb - test[aada8e7e76ba119b]::__rust_begin_short_backtrace::<core[a373ad73a504971]::result::Result<(), alloc[2e1b2a31b91974c5]::string::String>, fn() -> core[a373ad73a504971]::result::Result<(), alloc[2e1b2a31b91974c5]::string::String>>
[INFO] [stdout]   16:     0x5f564cb14ea5 - test[aada8e7e76ba119b]::run_test::{closure#0}
[INFO] [stdout]   17:     0x5f564cb0e794 - std[617be2ca0a6fd877]::sys::backtrace::__rust_begin_short_backtrace::<test[aada8e7e76ba119b]::run_test::{closure#1}, ()>
[INFO] [stdout]   18:     0x5f564cb17f32 - <std[617be2ca0a6fd877]::thread::lifecycle::spawn_unchecked<test[aada8e7e76ba119b]::run_test::{closure#1}, ()>::{closure#1} as core[a373ad73a504971]::ops::function::FnOnce<()>>::call_once::{shim:vtable#0}
[INFO] [stdout]   19:     0x5f564cb8136f - <std[617be2ca0a6fd877]::sys::thread::unix::Thread>::new::thread_start
[INFO] [stdout]   20:     0x7d69181e8dfa - <unknown>
[INFO] [stdout]   21:     0x7d691827c3d4 - clone
[INFO] [stdout]   22:                0x0 - <unknown>
[INFO] [stdout] 
[INFO] [stdout] ---- test_set_show stdout ----
[INFO] [stdout] 
[INFO] [stdout] thread 'test_set_show' (2255) panicked at tests/integration_tests.rs:55:10:
[INFO] [stdout] failed to run git-afterthought: Os { code: 2, kind: NotFound, message: "No such file or directory" }
[INFO] [stdout] stack backtrace:
[INFO] [stdout]    0:     0x5f564cb82051 - <<std[617be2ca0a6fd877]::sys::backtrace::BacktraceLock>::print::DisplayBacktrace as core[a373ad73a504971]::fmt::Display>::fmt
[INFO] [stdout]    1:     0x5f564cb9635a - core[a373ad73a504971]::fmt::write
[INFO] [stdout]    2:     0x5f564cb8653c - <alloc[2e1b2a31b91974c5]::vec::Vec<u8> as core[a373ad73a504971]::io::write::Write>::write_fmt
[INFO] [stdout]    3:     0x5f564cb5c786 - std[617be2ca0a6fd877]::panicking::default_hook::{closure#0}
[INFO] [stdout]    4:     0x5f564cb79879 - std[617be2ca0a6fd877]::panicking::default_hook
[INFO] [stdout]    5:     0x5f564cb14880 - test[aada8e7e76ba119b]::test_main_inner::{closure#0}
[INFO] [stdout]    6:     0x5f564cb79a32 - std[617be2ca0a6fd877]::panicking::panic_with_hook
[INFO] [stdout]    7:     0x5f564cb5c832 - std[617be2ca0a6fd877]::panicking::panic_handler::{closure#0}
[INFO] [stdout]    8:     0x5f564cb551f9 - std[617be2ca0a6fd877]::sys::backtrace::__rust_end_short_backtrace::<std[617be2ca0a6fd877]::panicking::panic_handler::{closure#0}, !>
[INFO] [stdout]    9:     0x5f564cb5d43d - __rustc[ea4f61d10b84890b]::rust_begin_unwind
[INFO] [stdout]   10:     0x5f564cb96a8c - core[a373ad73a504971]::panicking::panic_fmt
[INFO] [stdout]   11:     0x5f564cb96862 - core[a373ad73a504971]::result::unwrap_failed
[INFO] [stdout]   12:     0x5f564cafe316 - integration_tests[93b039678bd498c4]::run_afterthought
[INFO] [stdout]   13:     0x5f564cafe46f - integration_tests[93b039678bd498c4]::run_afterthought_ok
[INFO] [stdout]   14:     0x5f564caff540 - <integration_tests[93b039678bd498c4]::test_set_show::{closure#0} as core[a373ad73a504971]::ops::function::FnOnce<()>>::call_once
[INFO] [stdout]   15:     0x5f564cb07ccb - test[aada8e7e76ba119b]::__rust_begin_short_backtrace::<core[a373ad73a504971]::result::Result<(), alloc[2e1b2a31b91974c5]::string::String>, fn() -> core[a373ad73a504971]::result::Result<(), alloc[2e1b2a31b91974c5]::string::String>>
[INFO] [stdout]   16:     0x5f564cb14ea5 - test[aada8e7e76ba119b]::run_test::{closure#0}
[INFO] [stdout]   17:     0x5f564cb0e794 - std[617be2ca0a6fd877]::sys::backtrace::__rust_begin_short_backtrace::<test[aada8e7e76ba119b]::run_test::{closure#1}, ()>
[INFO] [stdout]   18:     0x5f564cb17f32 - <std[617be2ca0a6fd877]::thread::lifecycle::spawn_unchecked<test[aada8e7e76ba119b]::run_test::{closure#1}, ()>::{closure#1} as core[a373ad73a504971]::ops::function::FnOnce<()>>::call_once::{shim:vtable#0}
[INFO] [stdout]   19:     0x5f564cb8136f - <std[617be2ca0a6fd877]::sys::thread::unix::Thread>::new::thread_start
[INFO] [stdout]   20:     0x7d69181e8dfa - <unknown>
[INFO] [stdout]   21:     0x7d691827c3d4 - clone
[INFO] [stdout]   22:                0x0 - <unknown>
[INFO] [stdout] 
[INFO] [stdout] ---- test_remove_afterthought stdout ----
[INFO] [stdout] 
[INFO] [stdout] thread 'test_remove_afterthought' (2242) panicked at tests/integration_tests.rs:55:10:
[INFO] [stdout] failed to run git-afterthought: Os { code: 2, kind: NotFound, message: "No such file or directory" }
[INFO] [stdout] stack backtrace:
[INFO] [stdout]    0:     0x5f564cb82051 - <<std[617be2ca0a6fd877]::sys::backtrace::BacktraceLock>::print::DisplayBacktrace as core[a373ad73a504971]::fmt::Display>::fmt
[INFO] [stdout]    1:     0x5f564cb9635a - core[a373ad73a504971]::fmt::write
[INFO] [stdout]    2:     0x5f564cb8653c - <alloc[2e1b2a31b91974c5]::vec::Vec<u8> as core[a373ad73a504971]::io::write::Write>::write_fmt
[INFO] [stdout]    3:     0x5f564cb5c786 - std[617be2ca0a6fd877]::panicking::default_hook::{closure#0}
[INFO] [stdout]    4:     0x5f564cb79879 - std[617be2ca0a6fd877]::panicking::default_hook
[INFO] [stdout]    5:     0x5f564cb14880 - test[aada8e7e76ba119b]::test_main_inner::{closure#0}
[INFO] [stdout]    6:     0x5f564cb79a32 - std[617be2ca0a6fd877]::panicking::panic_with_hook
[INFO] [stdout]    7:     0x5f564cb5c832 - std[617be2ca0a6fd877]::panicking::panic_handler::{closure#0}
[INFO] [stdout]    8:     0x5f564cb551f9 - std[617be2ca0a6fd877]::sys::backtrace::__rust_end_short_backtrace::<std[617be2ca0a6fd877]::panicking::panic_handler::{closure#0}, !>
[INFO] [stdout]    9:     0x5f564cb5d43d - __rustc[ea4f61d10b84890b]::rust_begin_unwind
[INFO] [stdout]   10:     0x5f564cb96a8c - core[a373ad73a504971]::panicking::panic_fmt
[INFO] [stdout]   11:     0x5f564cb96862 - core[a373ad73a504971]::result::unwrap_failed
[INFO] [stdout]   12:     0x5f564cafe316 - integration_tests[93b039678bd498c4]::run_afterthought
[INFO] [stdout]   13:     0x5f564cafe46f - integration_tests[93b039678bd498c4]::run_afterthought_ok
[INFO] [stdout]   14:     0x5f564cb01a70 - <integration_tests[93b039678bd498c4]::test_remove_afterthought::{closure#0} as core[a373ad73a504971]::ops::function::FnOnce<()>>::call_once
[INFO] [stdout]   15:     0x5f564cb07ccb - test[aada8e7e76ba119b]::__rust_begin_short_backtrace::<core[a373ad73a504971]::result::Result<(), alloc[2e1b2a31b91974c5]::string::String>, fn() -> core[a373ad73a504971]::result::Result<(), alloc[2e1b2a31b91974c5]::string::String>>
[INFO] [stdout]   16:     0x5f564cb14ea5 - test[aada8e7e76ba119b]::run_test::{closure#0}
[INFO] [stdout]   17:     0x5f564cb0e794 - std[617be2ca0a6fd877]::sys::backtrace::__rust_begin_short_backtrace::<test[aada8e7e76ba119b]::run_test::{closure#1}, ()>
[INFO] [stdout]   18:     0x5f564cb17f32 - <std[617be2ca0a6fd877]::thread::lifecycle::spawn_unchecked<test[aada8e7e76ba119b]::run_test::{closure#1}, ()>::{closure#1} as core[a373ad73a504971]::ops::function::FnOnce<()>>::call_once::{shim:vtable#0}
[INFO] [stdout]   19:     0x5f564cb8136f - <std[617be2ca0a6fd877]::sys::thread::unix::Thread>::new::thread_start
[INFO] [stdout]   20:     0x7d69181e8dfa - <unknown>
[INFO] [stdout]   21:     0x7d691827c3d4 - clone
[INFO] [stdout]   22:                0x0 - <unknown>
[INFO] [stdout] 
[INFO] [stdout] ---- test_commit_without_afterthoughts stdout ----
[INFO] [stdout] 
[INFO] [stdout] thread 'test_commit_without_afterthoughts' (2145) panicked at tests/integration_tests.rs:55:10:
[INFO] [stdout] failed to run git-afterthought: Os { code: 2, kind: NotFound, message: "No such file or directory" }
[INFO] [stdout] stack backtrace:
[INFO] [stdout]    0:     0x5f564cb82051 - <<std[617be2ca0a6fd877]::sys::backtrace::BacktraceLock>::print::DisplayBacktrace as core[a373ad73a504971]::fmt::Display>::fmt
[INFO] [stdout]    1:     0x5f564cb9635a - core[a373ad73a504971]::fmt::write
[INFO] [stdout]    2:     0x5f564cb8653c - <alloc[2e1b2a31b91974c5]::vec::Vec<u8> as core[a373ad73a504971]::io::write::Write>::write_fmt
[INFO] [stdout]    3:     0x5f564cb5c786 - std[617be2ca0a6fd877]::panicking::default_hook::{closure#0}
[INFO] [stdout]    4:     0x5f564cb79879 - std[617be2ca0a6fd877]::panicking::default_hook
[INFO] [stdout]    5:     0x5f564cb14880 - test[aada8e7e76ba119b]::test_main_inner::{closure#0}
[INFO] [stdout]    6:     0x5f564cb79a32 - std[617be2ca0a6fd877]::panicking::panic_with_hook
[INFO] [stdout]    7:     0x5f564cb5c832 - std[617be2ca0a6fd877]::panicking::panic_handler::{closure#0}
[INFO] [stdout]    8:     0x5f564cb551f9 - std[617be2ca0a6fd877]::sys::backtrace::__rust_end_short_backtrace::<std[617be2ca0a6fd877]::panicking::panic_handler::{closure#0}, !>
[INFO] [stdout]    9:     0x5f564cb5d43d - __rustc[ea4f61d10b84890b]::rust_begin_unwind
[INFO] [stdout]   10:     0x5f564cb96a8c - core[a373ad73a504971]::panicking::panic_fmt
[INFO] [stdout]   11:     0x5f564cb96862 - core[a373ad73a504971]::result::unwrap_failed
[INFO] [stdout]   12:     0x5f564cafe316 - integration_tests[93b039678bd498c4]::run_afterthought
[INFO] [stdout]   13:     0x5f564cb043b6 - <integration_tests[93b039678bd498c4]::test_commit_without_afterthoughts::{closure#0} as core[a373ad73a504971]::ops::function::FnOnce<()>>::call_once
[INFO] [stdout]   14:     0x5f564cb07ccb - test[aada8e7e76ba119b]::__rust_begin_short_backtrace::<core[a373ad73a504971]::result::Result<(), alloc[2e1b2a31b91974c5]::string::String>, fn() -> core[a373ad73a504971]::result::Result<(), alloc[2e1b2a31b91974c5]::string::String>>
[INFO] [stdout]   15:     0x5f564cb14ea5 - test[aada8e7e76ba119b]::run_test::{closure#0}
[INFO] [stdout]   16:     0x5f564cb0e794 - std[617be2ca0a6fd877]::sys::backtrace::__rust_begin_short_backtrace::<test[aada8e7e76ba119b]::run_test::{closure#1}, ()>
[INFO] [stdout]   17:     0x5f564cb17f32 - <std[617be2ca0a6fd877]::thread::lifecycle::spawn_unchecked<test[aada8e7e76ba119b]::run_test::{closure#1}, ()>::{closure#1} as core[a373ad73a504971]::ops::function::FnOnce<()>>::call_once::{shim:vtable#0}
[INFO] [stdout]   18:     0x5f564cb8136f - <std[617be2ca0a6fd877]::sys::thread::unix::Thread>::new::thread_start
[INFO] [stdout]   19:     0x7d69181e8dfa - <unknown>
[INFO] [stdout]   20:     0x7d691827c3d4 - clone
[INFO] [stdout]   21:                0x0 - <unknown>
[INFO] [stdout] 
[INFO] [stdout] ---- test_reset_specific stdout ----
[INFO] [stdout] 
[INFO] [stdout] thread 'test_reset_specific' (2244) panicked at tests/integration_tests.rs:55:10:
[INFO] [stdout] failed to run git-afterthought: Os { code: 2, kind: NotFound, message: "No such file or directory" }
[INFO] [stdout] stack backtrace:
[INFO] [stdout]    0:     0x5f564cb82051 - <<std[617be2ca0a6fd877]::sys::backtrace::BacktraceLock>::print::DisplayBacktrace as core[a373ad73a504971]::fmt::Display>::fmt
[INFO] [stdout]    1:     0x5f564cb9635a - core[a373ad73a504971]::fmt::write
[INFO] [stdout]    2:     0x5f564cb8653c - <alloc[2e1b2a31b91974c5]::vec::Vec<u8> as core[a373ad73a504971]::io::write::Write>::write_fmt
[INFO] [stdout]    3:     0x5f564cb5c786 - std[617be2ca0a6fd877]::panicking::default_hook::{closure#0}
[INFO] [stdout]    4:     0x5f564cb79879 - std[617be2ca0a6fd877]::panicking::default_hook
[INFO] [stdout]    5:     0x5f564cb14880 - test[aada8e7e76ba119b]::test_main_inner::{closure#0}
[INFO] [stdout]    6:     0x5f564cb79a32 - std[617be2ca0a6fd877]::panicking::panic_with_hook
[INFO] [stdout]    7:     0x5f564cb5c832 - std[617be2ca0a6fd877]::panicking::panic_handler::{closure#0}
[INFO] [stdout]    8:     0x5f564cb551f9 - std[617be2ca0a6fd877]::sys::backtrace::__rust_end_short_backtrace::<std[617be2ca0a6fd877]::panicking::panic_handler::{closure#0}, !>
[INFO] [stdout]    9:     0x5f564cb5d43d - __rustc[ea4f61d10b84890b]::rust_begin_unwind
[INFO] [stdout]   10:     0x5f564cb96a8c - core[a373ad73a504971]::panicking::panic_fmt
[INFO] [stdout]   11:     0x5f564cb96862 - core[a373ad73a504971]::result::unwrap_failed
[INFO] [stdout]   12:     0x5f564cafe316 - integration_tests[93b039678bd498c4]::run_afterthought
[INFO] [stdout]   13:     0x5f564cafe46f - integration_tests[93b039678bd498c4]::run_afterthought_ok
[INFO] [stdout]   14:     0x5f564cb00336 - <integration_tests[93b039678bd498c4]::test_reset_specific::{closure#0} as core[a373ad73a504971]::ops::function::FnOnce<()>>::call_once
[INFO] [stdout]   15:     0x5f564cb07ccb - test[aada8e7e76ba119b]::__rust_begin_short_backtrace::<core[a373ad73a504971]::result::Result<(), alloc[2e1b2a31b91974c5]::string::String>, fn() -> core[a373ad73a504971]::result::Result<(), alloc[2e1b2a31b91974c5]::string::String>>
[INFO] [stdout]   16:     0x5f564cb14ea5 - test[aada8e7e76ba119b]::run_test::{closure#0}
[INFO] [stdout]   17:     0x5f564cb0e794 - std[617be2ca0a6fd877]::sys::backtrace::__rust_begin_short_backtrace::<test[aada8e7e76ba119b]::run_test::{closure#1}, ()>
[INFO] [stdout]   18:     0x5f564cb17f32 - <std[617be2ca0a6fd877]::thread::lifecycle::spawn_unchecked<test[aada8e7e76ba119b]::run_test::{closure#1}, ()>::{closure#1} as core[a373ad73a504971]::ops::function::FnOnce<()>>::call_once::{shim:vtable#0}
[INFO] [stdout]   19:     0x5f564cb8136f - <std[617be2ca0a6fd877]::sys::thread::unix::Thread>::new::thread_start
[INFO] [stdout]   20:     0x7d69181e8dfa - <unknown>
[INFO] [stdout]   21:     0x7d691827c3d4 - clone
[INFO] [stdout]   22:                0x0 - <unknown>
[INFO] [stdout] 
[INFO] [stdout] ---- test_finalize_and_list stdout ----
[INFO] [stdout] 
[INFO] [stdout] thread 'test_finalize_and_list' (2146) panicked at tests/integration_tests.rs:55:10:
[INFO] [stdout] failed to run git-afterthought: Os { code: 2, kind: NotFound, message: "No such file or directory" }
[INFO] [stdout] stack backtrace:
[INFO] [stdout]    0:     0x5f564cb82051 - <<std[617be2ca0a6fd877]::sys::backtrace::BacktraceLock>::print::DisplayBacktrace as core[a373ad73a504971]::fmt::Display>::fmt
[INFO] [stdout]    1:     0x5f564cb9635a - core[a373ad73a504971]::fmt::write
[INFO] [stdout]    2:     0x5f564cb8653c - <alloc[2e1b2a31b91974c5]::vec::Vec<u8> as core[a373ad73a504971]::io::write::Write>::write_fmt
[INFO] [stdout]    3:     0x5f564cb5c786 - std[617be2ca0a6fd877]::panicking::default_hook::{closure#0}
[INFO] [stdout]    4:     0x5f564cb79879 - std[617be2ca0a6fd877]::panicking::default_hook
[INFO] [stdout]    5:     0x5f564cb14880 - test[aada8e7e76ba119b]::test_main_inner::{closure#0}
[INFO] [stdout]    6:     0x5f564cb79a32 - std[617be2ca0a6fd877]::panicking::panic_with_hook
[INFO] [stdout]    7:     0x5f564cb5c832 - std[617be2ca0a6fd877]::panicking::panic_handler::{closure#0}
[INFO] [stdout]    8:     0x5f564cb551f9 - std[617be2ca0a6fd877]::sys::backtrace::__rust_end_short_backtrace::<std[617be2ca0a6fd877]::panicking::panic_handler::{closure#0}, !>
[INFO] [stdout]    9:     0x5f564cb5d43d - __rustc[ea4f61d10b84890b]::rust_begin_unwind
[INFO] [stdout]   10:     0x5f564cb96a8c - core[a373ad73a504971]::panicking::panic_fmt
[INFO] [stdout]   11:     0x5f564cb96862 - core[a373ad73a504971]::result::unwrap_failed
[INFO] [stdout]   12:     0x5f564cafe316 - integration_tests[93b039678bd498c4]::run_afterthought
[INFO] [stdout]   13:     0x5f564cafe46f - integration_tests[93b039678bd498c4]::run_afterthought_ok
[INFO] [stdout]   14:     0x5f564cb0119e - <integration_tests[93b039678bd498c4]::test_finalize_and_list::{closure#0} as core[a373ad73a504971]::ops::function::FnOnce<()>>::call_once
[INFO] [stdout]   15:     0x5f564cb07ccb - test[aada8e7e76ba119b]::__rust_begin_short_backtrace::<core[a373ad73a504971]::result::Result<(), alloc[2e1b2a31b91974c5]::string::String>, fn() -> core[a373ad73a504971]::result::Result<(), alloc[2e1b2a31b91974c5]::string::String>>
[INFO] [stdout]   16:     0x5f564cb14ea5 - test[aada8e7e76ba119b]::run_test::{closure#0}
[INFO] [stdout]   17:     0x5f564cb0e794 - std[617be2ca0a6fd877]::sys::backtrace::__rust_begin_short_backtrace::<test[aada8e7e76ba119b]::run_test::{closure#1}, ()>
[INFO] [stdout]   18:     0x5f564cb17f32 - <std[617be2ca0a6fd877]::thread::lifecycle::spawn_unchecked<test[aada8e7e76ba119b]::run_test::{closure#1}, ()>::{closure#1} as core[a373ad73a504971]::ops::function::FnOnce<()>>::call_once::{shim:vtable#0}
[INFO] [stdout]   19:     0x5f564cb8136f - <std[617be2ca0a6fd877]::sys::thread::unix::Thread>::new::thread_start
[INFO] [stdout]   20:     0x7d69181e8dfa - <unknown>
[INFO] [stdout]   21:     0x7d691827c3d4 - clone
[INFO] [stdout]   22:                0x0 - <unknown>
[INFO] [stdout] 
[INFO] [stdout] ---- test_private_remove stdout ----
[INFO] [stdout] 
[INFO] [stdout] thread 'test_private_remove' (2229) panicked at tests/integration_tests.rs:55:10:
[INFO] [stdout] failed to run git-afterthought: Os { code: 2, kind: NotFound, message: "No such file or directory" }
[INFO] [stdout] stack backtrace:
[INFO] [stdout]    0:     0x5f564cb82051 - <<std[617be2ca0a6fd877]::sys::backtrace::BacktraceLock>::print::DisplayBacktrace as core[a373ad73a504971]::fmt::Display>::fmt
[INFO] [stdout]    1:     0x5f564cb9635a - core[a373ad73a504971]::fmt::write
[INFO] [stdout]    2:     0x5f564cb8653c - <alloc[2e1b2a31b91974c5]::vec::Vec<u8> as core[a373ad73a504971]::io::write::Write>::write_fmt
[INFO] [stdout]    3:     0x5f564cb5c786 - std[617be2ca0a6fd877]::panicking::default_hook::{closure#0}
[INFO] [stdout]    4:     0x5f564cb79879 - std[617be2ca0a6fd877]::panicking::default_hook
[INFO] [stdout]    5:     0x5f564cb14880 - test[aada8e7e76ba119b]::test_main_inner::{closure#0}
[INFO] [stdout]    6:     0x5f564cb79a32 - std[617be2ca0a6fd877]::panicking::panic_with_hook
[INFO] [stdout]    7:     0x5f564cb5c832 - std[617be2ca0a6fd877]::panicking::panic_handler::{closure#0}
[INFO] [stdout]    8:     0x5f564cb551f9 - std[617be2ca0a6fd877]::sys::backtrace::__rust_end_short_backtrace::<std[617be2ca0a6fd877]::panicking::panic_handler::{closure#0}, !>
[INFO] [stdout]    9:     0x5f564cb5d43d - __rustc[ea4f61d10b84890b]::rust_begin_unwind
[INFO] [stdout]   10:     0x5f564cb96a8c - core[a373ad73a504971]::panicking::panic_fmt
[INFO] [stdout]   11:     0x5f564cb96862 - core[a373ad73a504971]::result::unwrap_failed
[INFO] [stdout]   12:     0x5f564cafe316 - integration_tests[93b039678bd498c4]::run_afterthought
[INFO] [stdout]   13:     0x5f564cafe46f - integration_tests[93b039678bd498c4]::run_afterthought_ok
[INFO] [stdout]   14:     0x5f564caffee3 - <integration_tests[93b039678bd498c4]::test_private_remove::{closure#0} as core[a373ad73a504971]::ops::function::FnOnce<()>>::call_once
[INFO] [stdout]   15:     0x5f564cb07ccb - test[aada8e7e76ba119b]::__rust_begin_short_backtrace::<core[a373ad73a504971]::result::Result<(), alloc[2e1b2a31b91974c5]::string::String>, fn() -> core[a373ad73a504971]::result::Result<(), alloc[2e1b2a31b91974c5]::string::String>>
[INFO] [stdout]   16:     0x5f564cb14ea5 - test[aada8e7e76ba119b]::run_test::{closure#0}
[INFO] [stdout]   17:     0x5f564cb0e794 - std[617be2ca0a6fd877]::sys::backtrace::__rust_begin_short_backtrace::<test[aada8e7e76ba119b]::run_test::{closure#1}, ()>
[INFO] [stdout]   18:     0x5f564cb17f32 - <std[617be2ca0a6fd877]::thread::lifecycle::spawn_unchecked<test[aada8e7e76ba119b]::run_test::{closure#1}, ()>::{closure#1} as core[a373ad73a504971]::ops::function::FnOnce<()>>::call_once::{shim:vtable#0}
[INFO] [stdout]   19:     0x5f564cb8136f - <std[617be2ca0a6fd877]::sys::thread::unix::Thread>::new::thread_start
[INFO] [stdout]   20:     0x7d69181e8dfa - <unknown>
[INFO] [stdout]   21:     0x7d691827c3d4 - clone
[INFO] [stdout]   22:                0x0 - <unknown>
[INFO] [stdout] 
[INFO] [stdout] ---- test_show_afterthought stdout ----
[INFO] [stdout] 
[INFO] [stdout] thread 'test_show_afterthought' (2256) panicked at tests/integration_tests.rs:55:10:
[INFO] [stdout] failed to run git-afterthought: Os { code: 2, kind: NotFound, message: "No such file or directory" }
[INFO] [stdout] stack backtrace:
[INFO] [stdout]    0:     0x5f564cb82051 - <<std[617be2ca0a6fd877]::sys::backtrace::BacktraceLock>::print::DisplayBacktrace as core[a373ad73a504971]::fmt::Display>::fmt
[INFO] [stdout]    1:     0x5f564cb9635a - core[a373ad73a504971]::fmt::write
[INFO] [stdout]    2:     0x5f564cb8653c - <alloc[2e1b2a31b91974c5]::vec::Vec<u8> as core[a373ad73a504971]::io::write::Write>::write_fmt
[INFO] [stdout]    3:     0x5f564cb5c786 - std[617be2ca0a6fd877]::panicking::default_hook::{closure#0}
[INFO] [stdout]    4:     0x5f564cb79879 - std[617be2ca0a6fd877]::panicking::default_hook
[INFO] [stdout]    5:     0x5f564cb14880 - test[aada8e7e76ba119b]::test_main_inner::{closure#0}
[INFO] [stdout]    6:     0x5f564cb79a32 - std[617be2ca0a6fd877]::panicking::panic_with_hook
[INFO] [stdout]    7:     0x5f564cb5c832 - std[617be2ca0a6fd877]::panicking::panic_handler::{closure#0}
[INFO] [stdout]    8:     0x5f564cb551f9 - std[617be2ca0a6fd877]::sys::backtrace::__rust_end_short_backtrace::<std[617be2ca0a6fd877]::panicking::panic_handler::{closure#0}, !>
[INFO] [stdout]    9:     0x5f564cb5d43d - __rustc[ea4f61d10b84890b]::rust_begin_unwind
[INFO] [stdout]   10:     0x5f564cb96a8c - core[a373ad73a504971]::panicking::panic_fmt
[INFO] [stdout]   11:     0x5f564cb96862 - core[a373ad73a504971]::result::unwrap_failed
[INFO] [stdout]   12:     0x5f564cafe316 - integration_tests[93b039678bd498c4]::run_afterthought
[INFO] [stdout]   13:     0x5f564cafe46f - integration_tests[93b039678bd498c4]::run_afterthought_ok
[INFO] [stdout]   14:     0x5f564cb01675 - <integration_tests[93b039678bd498c4]::test_show_afterthought::{closure#0} as core[a373ad73a504971]::ops::function::FnOnce<()>>::call_once
[INFO] [stdout]   15:     0x5f564cb07ccb - test[aada8e7e76ba119b]::__rust_begin_short_backtrace::<core[a373ad73a504971]::result::Result<(), alloc[2e1b2a31b91974c5]::string::String>, fn() -> core[a373ad73a504971]::result::Result<(), alloc[2e1b2a31b91974c5]::string::String>>
[INFO] [stdout]   16:     0x5f564cb14ea5 - test[aada8e7e76ba119b]::run_test::{closure#0}
[INFO] [stdout]   17:     0x5f564cb0e794 - std[617be2ca0a6fd877]::sys::backtrace::__rust_begin_short_backtrace::<test[aada8e7e76ba119b]::run_test::{closure#1}, ()>
[INFO] [stdout]   18:     0x5f564cb17f32 - <std[617be2ca0a6fd877]::thread::lifecycle::spawn_unchecked<test[aada8e7e76ba119b]::run_test::{closure#1}, ()>::{closure#1} as core[a373ad73a504971]::ops::function::FnOnce<()>>::call_once::{shim:vtable#0}
[INFO] [stdout]   19:     0x5f564cb8136f - <std[617be2ca0a6fd877]::sys::thread::unix::Thread>::new::thread_start
[INFO] [stdout]   20:     0x7d69181e8dfa - <unknown>
[INFO] [stdout]   21:     0x7d691827c3d4 - clone
[INFO] [stdout]   22:                0x0 - <unknown>
[INFO] [stdout] 
[INFO] [stdout] 
[INFO] [stdout] failures:
[INFO] [stdout]     test_add_and_status
[INFO] [stdout]     test_add_without_file
[INFO] [stdout]     test_afterthought_with_reply
[INFO] [stdout]     test_commit_with_afterthoughts
[INFO] [stdout]     test_commit_with_private_afterthoughts
[INFO] [stdout]     test_commit_without_afterthoughts
[INFO] [stdout]     test_finalize_and_list
[INFO] [stdout]     test_finalize_empty_fails
[INFO] [stdout]     test_init_appends_to_existing_hook
[INFO] [stdout]     test_init_installs_pre_push_hook
[INFO] [stdout]     test_log_with_afterthoughts
[INFO] [stdout]     test_multiple_sets
[INFO] [stdout]     test_patch_roundtrip
[INFO] [stdout]     test_private_add_and_status
[INFO] [stdout]     test_private_finalize_and_list
[INFO] [stdout]     test_private_push_refused
[INFO] [stdout]     test_private_remove
[INFO] [stdout]     test_private_separate_staging
[INFO] [stdout]     test_remove_afterthought
[INFO] [stdout]     test_reset_specific
[INFO] [stdout]     test_set_show
[INFO] [stdout]     test_show_afterthought
[INFO] [stdout] 
[INFO] [stdout] test result: FAILED. 0 passed; 22 failed; 0 ignored; 0 measured; 0 filtered out; finished in 0.14s
[INFO] [stdout] 
[INFO] [stderr] error: test failed, to rerun pass `--test integration_tests`
[INFO] running `Command { std: "docker" "inspect" "599f431689579de8429e789bcc2a0131a8c7bfe63349f2ba1878eb8223462202", kill_on_drop: false }`
[INFO] running `Command { std: "docker" "rm" "-f" "599f431689579de8429e789bcc2a0131a8c7bfe63349f2ba1878eb8223462202", kill_on_drop: false }`
[INFO] [stdout] 599f431689579de8429e789bcc2a0131a8c7bfe63349f2ba1878eb8223462202
