[INFO] cloning repository https://github.com/wazawoo/xp
[INFO] running `Command { std: "git" "-c" "credential.helper=" "-c" "credential.helper=/workspace/cargo-home/bin/git-credential-null" "clone" "--bare" "https://github.com/wazawoo/xp" "/workspace/cache/git-repos/https%3A%2F%2Fgithub.com%2Fwazawoo%2Fxp", kill_on_drop: false }`
[INFO] [stderr] Cloning into bare repository '/workspace/cache/git-repos/https%3A%2F%2Fgithub.com%2Fwazawoo%2Fxp'...
[INFO] running `Command { std: "git" "rev-parse" "HEAD", kill_on_drop: false }`
[INFO] [stdout] 207653dbe1b720056e67eb887076948f7a7f9da5
[INFO] testing wazawoo/xp against 1.100.0-beta.1+cargoflags=--release for beta-release-1.100-2
[INFO] running `Command { std: "git" "clone" "/workspace/cache/git-repos/https%3A%2F%2Fgithub.com%2Fwazawoo%2Fxp" "/workspace/builds/worker-7-tc2/source", kill_on_drop: false }`
[INFO] [stderr] Cloning into '/workspace/builds/worker-7-tc2/source'...
[INFO] [stderr] done.
[INFO] started tweaking git repo https://github.com/wazawoo/xp
[INFO] finished tweaking git repo https://github.com/wazawoo/xp
[INFO] tweaked toml for git repo https://github.com/wazawoo/xp written to /workspace/builds/worker-7-tc2/source/Cargo.toml
[INFO] validating manifest of git repo https://github.com/wazawoo/xp on toolchain 1.100.0-beta.1
[INFO] running `Command { std: CARGO_HOME="/workspace/cargo-home" RUSTUP_HOME="/workspace/rustup-home" "/workspace/cargo-home/bin/cargo" "+1.100.0-beta.1" "metadata" "--manifest-path" "Cargo.toml" "--no-deps", kill_on_drop: false }`
[INFO] crate git repo https://github.com/wazawoo/xp already has a lockfile, it will not be regenerated
[INFO] running `Command { std: CARGO_HOME="/workspace/cargo-home" RUSTUP_HOME="/workspace/rustup-home" "/workspace/cargo-home/bin/cargo" "+1.100.0-beta.1" "fetch" "--manifest-path" "Cargo.toml", kill_on_drop: false }`
[INFO] running `Command { std: "docker" "create" "-v" "/var/lib/crater-agent-workspace/builds/worker-7-tc2/source:/opt/rustwide/workdir:ro,Z" "-v" "/var/lib/crater-agent-workspace/builds/worker-7-tc2/target:/opt/rustwide/target:rw,Z" "-v" "/var/lib/crater-agent-workspace/cargo-home:/opt/rustwide/cargo-home:ro,Z" "-v" "/var/lib/crater-agent-workspace/rustup-home:/opt/rustwide/rustup-home:ro,Z" "-m" "1610612736" "--network" "none" "ghcr.io/rust-lang/crates-build-env/linux@sha256:77db811e55d90add9212f6832c23229e3de5f1c1f9905e8cb07319ea15df73ac" "sleep" "infinity", kill_on_drop: false }`
[INFO] [stdout] 27da254112dbd6a0e8685b13eb9e9f8553820b5d4427a7e9adf9215fa039573e
[INFO] running `Command { std: "docker" "start" "27da254112dbd6a0e8685b13eb9e9f8553820b5d4427a7e9adf9215fa039573e", kill_on_drop: false }`
[INFO] running `Command { std: "docker" "inspect" "27da254112dbd6a0e8685b13eb9e9f8553820b5d4427a7e9adf9215fa039573e", kill_on_drop: false }`
[INFO] running `Command { std: "docker" "exec" "-e" "SOURCE_DIR=/opt/rustwide/workdir" "-e" "CARGO_HOME=/opt/rustwide/cargo-home" "-e" "RUSTUP_HOME=/opt/rustwide/rustup-home" "-e" "CARGO_TARGET_DIR=/opt/rustwide/target" "-w" "/opt/rustwide/workdir" "--user" "0:0" "27da254112dbd6a0e8685b13eb9e9f8553820b5d4427a7e9adf9215fa039573e" "/opt/rustwide/cargo-home/bin/cargo" "+1.100.0-beta.1" "metadata" "--no-deps" "--format-version=1", kill_on_drop: false }`
[INFO] running `Command { std: "docker" "inspect" "27da254112dbd6a0e8685b13eb9e9f8553820b5d4427a7e9adf9215fa039573e", kill_on_drop: false }`
[INFO] running `Command { std: "docker" "exec" "-e" "SOURCE_DIR=/opt/rustwide/workdir" "-e" "CARGO_HOME=/opt/rustwide/cargo-home" "-e" "RUSTUP_HOME=/opt/rustwide/rustup-home" "-e" "CARGO_TARGET_DIR=/opt/rustwide/target" "-e" "CARGO_INCREMENTAL=0" "-e" "RUST_BACKTRACE=full" "-e" "RUSTFLAGS=--cap-lints=warn" "-e" "RUSTDOCFLAGS=--cap-lints=warn" "-w" "/opt/rustwide/workdir" "--user" "0:0" "27da254112dbd6a0e8685b13eb9e9f8553820b5d4427a7e9adf9215fa039573e" "/opt/rustwide/cargo-home/bin/cargo" "+1.100.0-beta.1" "build" "--frozen" "--message-format=json" "--release", kill_on_drop: false }`
[INFO] [stderr]    Compiling proc-macro2 v1.0.107
[INFO] [stderr]    Compiling quote v1.0.47
[INFO] [stderr]    Compiling memchr v2.8.3
[INFO] [stderr]    Compiling utf8parse v0.2.2
[INFO] [stderr]    Compiling colorchoice v1.0.5
[INFO] [stderr]    Compiling anstyle-query v1.1.5
[INFO] [stderr]    Compiling anstyle v1.0.14
[INFO] [stderr]    Compiling is_terminal_polyfill v1.70.2
[INFO] [stderr]    Compiling anstyle-parse v1.0.0
[INFO] [stderr]    Compiling serde_core v1.0.229
[INFO] [stderr]    Compiling clap_lex v1.1.0
[INFO] [stderr]    Compiling zmij v1.0.23
[INFO] [stderr]    Compiling serde v1.0.229
[INFO] [stderr]    Compiling regex-syntax v0.8.11
[INFO] [stderr]    Compiling serde_json v1.0.151
[INFO] [stderr]    Compiling anstream v1.0.0
[INFO] [stderr]    Compiling ref-cast v1.0.27
[INFO] [stderr]    Compiling roff v1.1.1
[INFO] [stderr]    Compiling clap_builder v4.6.6
[INFO] [stderr]    Compiling hashbrown v0.17.1
[INFO] [stderr]    Compiling jiff-core v0.1.0
[INFO] [stderr]    Compiling log v0.4.34
[INFO] [stderr]    Compiling aho-corasick v1.1.5
[INFO] [stderr]    Compiling syn v3.0.4
[INFO] [stderr]    Compiling syn v2.0.119
[INFO] [stderr]    Compiling regex-automata v0.4.18
[INFO] [stderr]    Compiling indexmap v2.14.2
[INFO] [stderr]    Compiling serde_derive_internals v0.30.0
[INFO] [stderr]    Compiling jiff v0.2.35
[INFO] [stderr]    Compiling clap_derive v4.6.4
[INFO] [stderr]    Compiling serde_derive v1.0.229
[INFO] [stderr]    Compiling regex v1.13.1
[INFO] [stderr]    Compiling clap v4.6.6
[INFO] [stderr]    Compiling clap_mangen v0.3.3
[INFO] [stderr]    Compiling ref-cast-impl v1.0.27
[INFO] [stderr]    Compiling xp v0.1.1 (/opt/rustwide/workdir)
[INFO] [stderr]    Compiling env_filter v2.0.0
[INFO] [stderr]    Compiling eserde_derive v0.1.7
[INFO] [stderr]    Compiling schemars_derive v1.2.2
[INFO] [stderr]    Compiling dyn-clone v1.0.20
[INFO] [stderr]    Compiling env_logger v0.11.11
[INFO] [stderr]    Compiling eserde v0.1.7
[INFO] [stderr]    Compiling schemars v1.2.2
[INFO] [stderr]     Finished `release` profile [optimized] target(s) in 1m 50s
[INFO] running `Command { std: "docker" "inspect" "27da254112dbd6a0e8685b13eb9e9f8553820b5d4427a7e9adf9215fa039573e", kill_on_drop: false }`
[INFO] running `Command { std: "docker" "exec" "-e" "SOURCE_DIR=/opt/rustwide/workdir" "-e" "CARGO_HOME=/opt/rustwide/cargo-home" "-e" "RUSTUP_HOME=/opt/rustwide/rustup-home" "-e" "CARGO_TARGET_DIR=/opt/rustwide/target" "-e" "CARGO_INCREMENTAL=0" "-e" "RUST_BACKTRACE=full" "-e" "RUSTFLAGS=--cap-lints=warn" "-e" "RUSTDOCFLAGS=--cap-lints=warn" "-w" "/opt/rustwide/workdir" "--user" "0:0" "27da254112dbd6a0e8685b13eb9e9f8553820b5d4427a7e9adf9215fa039573e" "/opt/rustwide/cargo-home/bin/cargo" "+1.100.0-beta.1" "test" "--frozen" "--no-run" "--message-format=json" "--release", kill_on_drop: false }`
[INFO] [stderr]    Compiling regex-automata v0.4.18
[INFO] [stderr]    Compiling libc v0.2.189
[INFO] [stderr]    Compiling predicates-core v1.0.10
[INFO] [stderr]    Compiling assert_cmd v2.2.2
[INFO] [stderr]    Compiling predicates-tree v1.0.13
[INFO] [stderr]    Compiling predicates v3.1.4
[INFO] [stderr]    Compiling wait-timeout v0.2.1
[INFO] [stderr]    Compiling regex v1.13.1
[INFO] [stderr]    Compiling bstr v1.13.1
[INFO] [stderr]    Compiling env_filter v2.0.0
[INFO] [stderr]    Compiling env_logger v0.11.11
[INFO] [stderr]    Compiling xp v0.1.1 (/opt/rustwide/workdir)
[INFO] [stderr]     Finished `release` profile [optimized] target(s) in 31.93s
[INFO] running `Command { std: "docker" "inspect" "27da254112dbd6a0e8685b13eb9e9f8553820b5d4427a7e9adf9215fa039573e", kill_on_drop: false }`
[INFO] running `Command { std: "docker" "exec" "-e" "SOURCE_DIR=/opt/rustwide/workdir" "-e" "CARGO_HOME=/opt/rustwide/cargo-home" "-e" "RUSTUP_HOME=/opt/rustwide/rustup-home" "-e" "CARGO_TARGET_DIR=/opt/rustwide/target" "-e" "CARGO_INCREMENTAL=0" "-e" "RUST_BACKTRACE=full" "-e" "RUSTFLAGS=--cap-lints=warn" "-e" "RUSTDOCFLAGS=--cap-lints=warn" "-w" "/opt/rustwide/workdir" "--user" "0:0" "27da254112dbd6a0e8685b13eb9e9f8553820b5d4427a7e9adf9215fa039573e" "/opt/rustwide/cargo-home/bin/cargo" "+1.100.0-beta.1" "test" "--frozen" "--release", kill_on_drop: false }`
[INFO] [stderr]     Finished `release` profile [optimized] target(s) in 0.15s
[INFO] [stderr]      Running unittests src/lib.rs (/opt/rustwide/target/release/build/xp/af81b99a9dfab1b8/out/xp-af81b99a9dfab1b8)
[INFO] [stderr]      Running unittests src/main.rs (/opt/rustwide/target/release/build/xp/82c210335b16f7ee/out/xp-82c210335b16f7ee)
[INFO] [stdout] 
[INFO] [stdout] running 0 tests
[INFO] [stdout] 
[INFO] [stdout] test result: ok. 0 passed; 0 failed; 0 ignored; 0 measured; 0 filtered out; finished in 0.00s
[INFO] [stdout] 
[INFO] [stdout] 
[INFO] [stdout] running 1 test
[INFO] [stdout] test cli::validate::tests::examples_valid ... FAILED
[INFO] [stdout] 
[INFO] [stdout] failures:
[INFO] [stdout] 
[INFO] [stdout] ---- cli::validate::tests::examples_valid stdout ----
[INFO] [stdout] Validating example .xp file: /opt/rustwide/workdir/examples/example_all_fields.xp
[INFO] [stdout] 
[INFO] [stdout] thread 'cli::validate::tests::examples_valid' (1341) panicked at /opt/rustwide/cargo-home/registry/src/index.crates.io-1949cf8c6b5b557f/assert_cmd-2.2.2/src/cargo.rs:232:5:
[INFO] [stdout] `CARGO_BIN_EXE_xp` is unset
[INFO] [stdout] help: if this is running within a unit test, move it to an integration test to gain access to `CARGO_BIN_EXE_xp`
[INFO] [stdout] stack backtrace:
[INFO] [stdout]    0:     0x599a9dec35b1 - <<std[617be2ca0a6fd877]::sys::backtrace::BacktraceLock>::print::DisplayBacktrace as core[a373ad73a504971]::fmt::Display>::fmt
[INFO] [stdout]    1:     0x599a9deda00a - core[a373ad73a504971]::fmt::write
[INFO] [stdout]    2:     0x599a9dec8f1c - <alloc[2e1b2a31b91974c5]::vec::Vec<u8> as core[a373ad73a504971]::io::write::Write>::write_fmt
[INFO] [stdout]    3:     0x599a9de9ed76 - std[617be2ca0a6fd877]::panicking::default_hook::{closure#0}
[INFO] [stdout]    4:     0x599a9debb939 - std[617be2ca0a6fd877]::panicking::default_hook
[INFO] [stdout]    5:     0x599a9de4b6d0 - test[aada8e7e76ba119b]::test_main_inner::{closure#0}
[INFO] [stdout]    6:     0x599a9debbaf2 - std[617be2ca0a6fd877]::panicking::panic_with_hook
[INFO] [stdout]    7:     0x599a9de9ee22 - std[617be2ca0a6fd877]::panicking::panic_handler::{closure#0}
[INFO] [stdout]    8:     0x599a9de97a99 - std[617be2ca0a6fd877]::sys::backtrace::__rust_end_short_backtrace::<std[617be2ca0a6fd877]::panicking::panic_handler::{closure#0}, !>
[INFO] [stdout]    9:     0x599a9de9fa2d - __rustc[ea4f61d10b84890b]::rust_begin_unwind
[INFO] [stdout]   10:     0x599a9deda7bc - core[a373ad73a504971]::panicking::panic_fmt
[INFO] [stdout]   11:     0x599a9de80e3f - assert_cmd[dbeccd65a0582dd6]::cargo::missing_cargo_bin
[INFO] [stdout]   12:     0x599a9de80bf3 - assert_cmd[dbeccd65a0582dd6]::cargo::cargo_bin_str
[INFO] [stdout]   13:     0x599a9de3e126 - <xp[38ae81b628a0dab6]::cli::validate::tests::examples_valid::{closure#0} as core[a373ad73a504971]::ops::function::FnOnce<()>>::call_once
[INFO] [stdout]   14:     0x599a9de3eb1b - test[aada8e7e76ba119b]::__rust_begin_short_backtrace::<core[a373ad73a504971]::result::Result<(), alloc[2e1b2a31b91974c5]::string::String>, fn() -> core[a373ad73a504971]::result::Result<(), alloc[2e1b2a31b91974c5]::string::String>>
[INFO] [stdout]   15:     0x599a9de4bcf5 - test[aada8e7e76ba119b]::run_test::{closure#0}
[INFO] [stdout]   16:     0x599a9de455e4 - std[617be2ca0a6fd877]::sys::backtrace::__rust_begin_short_backtrace::<test[aada8e7e76ba119b]::run_test::{closure#1}, ()>
[INFO] [stdout]   17:     0x599a9de4ed82 - <std[617be2ca0a6fd877]::thread::lifecycle::spawn_unchecked<test[aada8e7e76ba119b]::run_test::{closure#1}, ()>::{closure#1} as core[a373ad73a504971]::ops::function::FnOnce<()>>::call_once::{shim:vtable#0}
[INFO] [stdout]   18:     0x599a9dec2d8f - <std[617be2ca0a6fd877]::sys::thread::unix::Thread>::new::thread_start
[INFO] [stdout]   19:     0x7696d7e08dfa - <unknown>
[INFO] [stdout]   20:     0x7696d7e9c3d4 - clone
[INFO] [stdout]   21:                0x0 - <unknown>
[INFO] [stderr] error: test failed, to rerun pass `--bin xp`
[INFO] [stdout] 
[INFO] [stdout] 
[INFO] [stdout] failures:
[INFO] [stdout]     cli::validate::tests::examples_valid
[INFO] [stdout] 
[INFO] [stdout] test result: FAILED. 0 passed; 1 failed; 0 ignored; 0 measured; 0 filtered out; finished in 0.00s
[INFO] [stdout] 
[INFO] running `Command { std: "docker" "inspect" "27da254112dbd6a0e8685b13eb9e9f8553820b5d4427a7e9adf9215fa039573e", kill_on_drop: false }`
[INFO] running `Command { std: "docker" "rm" "-f" "27da254112dbd6a0e8685b13eb9e9f8553820b5d4427a7e9adf9215fa039573e", kill_on_drop: false }`
[INFO] [stdout] 27da254112dbd6a0e8685b13eb9e9f8553820b5d4427a7e9adf9215fa039573e
