[INFO] cloning repository https://github.com/vvzen/trim-whitespace-rs
[INFO] running `Command { std: "git" "-c" "credential.helper=" "-c" "credential.helper=/workspace/cargo-home/bin/git-credential-null" "clone" "--bare" "https://github.com/vvzen/trim-whitespace-rs" "/workspace/cache/git-repos/https%3A%2F%2Fgithub.com%2Fvvzen%2Ftrim-whitespace-rs", kill_on_drop: false }`
[INFO] [stderr] Cloning into bare repository '/workspace/cache/git-repos/https%3A%2F%2Fgithub.com%2Fvvzen%2Ftrim-whitespace-rs'...
[INFO] running `Command { std: "git" "rev-parse" "HEAD", kill_on_drop: false }`
[INFO] [stdout] 2d6ccc74dcd7655719fa3043aea94747d77cd22e
[INFO] testing vvzen/trim-whitespace-rs against 1.100.0-beta.1+cargoflags=--release for beta-release-1.100-2
[INFO] running `Command { std: "git" "clone" "/workspace/cache/git-repos/https%3A%2F%2Fgithub.com%2Fvvzen%2Ftrim-whitespace-rs" "/workspace/builds/worker-1-tc2/source", kill_on_drop: false }`
[INFO] [stderr] Cloning into '/workspace/builds/worker-1-tc2/source'...
[INFO] [stderr] done.
[INFO] started tweaking git repo https://github.com/vvzen/trim-whitespace-rs
[INFO] finished tweaking git repo https://github.com/vvzen/trim-whitespace-rs
[INFO] tweaked toml for git repo https://github.com/vvzen/trim-whitespace-rs written to /workspace/builds/worker-1-tc2/source/Cargo.toml
[INFO] validating manifest of git repo https://github.com/vvzen/trim-whitespace-rs on toolchain 1.100.0-beta.1
[INFO] running `Command { std: CARGO_HOME="/workspace/cargo-home" RUSTUP_HOME="/workspace/rustup-home" "/workspace/cargo-home/bin/cargo" "+1.100.0-beta.1" "metadata" "--manifest-path" "Cargo.toml" "--no-deps", kill_on_drop: false }`
[INFO] crate git repo https://github.com/vvzen/trim-whitespace-rs already has a lockfile, it will not be regenerated
[INFO] running `Command { std: CARGO_HOME="/workspace/cargo-home" RUSTUP_HOME="/workspace/rustup-home" "/workspace/cargo-home/bin/cargo" "+1.100.0-beta.1" "fetch" "--manifest-path" "Cargo.toml", kill_on_drop: false }`
[INFO] running `Command { std: "docker" "create" "-v" "/var/lib/crater-agent-workspace/builds/worker-1-tc2/source:/opt/rustwide/workdir:ro,Z" "-v" "/var/lib/crater-agent-workspace/builds/worker-1-tc2/target:/opt/rustwide/target:rw,Z" "-v" "/var/lib/crater-agent-workspace/cargo-home:/opt/rustwide/cargo-home:ro,Z" "-v" "/var/lib/crater-agent-workspace/rustup-home:/opt/rustwide/rustup-home:ro,Z" "-m" "1610612736" "--network" "none" "ghcr.io/rust-lang/crates-build-env/linux@sha256:77db811e55d90add9212f6832c23229e3de5f1c1f9905e8cb07319ea15df73ac" "sleep" "infinity", kill_on_drop: false }`
[INFO] [stdout] 4f0da0c8f4de577251685cd0f45fe9376aa1713a2befe1f66d4529ff3f970ad0
[INFO] running `Command { std: "docker" "start" "4f0da0c8f4de577251685cd0f45fe9376aa1713a2befe1f66d4529ff3f970ad0", kill_on_drop: false }`
[INFO] running `Command { std: "docker" "inspect" "4f0da0c8f4de577251685cd0f45fe9376aa1713a2befe1f66d4529ff3f970ad0", kill_on_drop: false }`
[INFO] running `Command { std: "docker" "exec" "-e" "SOURCE_DIR=/opt/rustwide/workdir" "-e" "CARGO_HOME=/opt/rustwide/cargo-home" "-e" "RUSTUP_HOME=/opt/rustwide/rustup-home" "-e" "CARGO_TARGET_DIR=/opt/rustwide/target" "-w" "/opt/rustwide/workdir" "--user" "0:0" "4f0da0c8f4de577251685cd0f45fe9376aa1713a2befe1f66d4529ff3f970ad0" "/opt/rustwide/cargo-home/bin/cargo" "+1.100.0-beta.1" "metadata" "--no-deps" "--format-version=1", kill_on_drop: false }`
[INFO] running `Command { std: "docker" "inspect" "4f0da0c8f4de577251685cd0f45fe9376aa1713a2befe1f66d4529ff3f970ad0", kill_on_drop: false }`
[INFO] running `Command { std: "docker" "exec" "-e" "SOURCE_DIR=/opt/rustwide/workdir" "-e" "CARGO_HOME=/opt/rustwide/cargo-home" "-e" "RUSTUP_HOME=/opt/rustwide/rustup-home" "-e" "CARGO_TARGET_DIR=/opt/rustwide/target" "-e" "CARGO_INCREMENTAL=0" "-e" "RUST_BACKTRACE=full" "-e" "RUSTFLAGS=--cap-lints=warn" "-e" "RUSTDOCFLAGS=--cap-lints=warn" "-w" "/opt/rustwide/workdir" "--user" "0:0" "4f0da0c8f4de577251685cd0f45fe9376aa1713a2befe1f66d4529ff3f970ad0" "/opt/rustwide/cargo-home/bin/cargo" "+1.100.0-beta.1" "build" "--frozen" "--message-format=json" "--release", kill_on_drop: false }`
[INFO] [stderr]    Compiling once_cell v1.21.4
[INFO] [stderr]    Compiling cfg-if v1.0.4
[INFO] [stderr]    Compiling quote v1.0.46
[INFO] [stderr]    Compiling unicode-ident v1.0.24
[INFO] [stderr]    Compiling lazy_static v1.5.0
[INFO] [stderr]    Compiling owo-colors v4.3.0
[INFO] [stderr]    Compiling pin-project-lite v0.2.17
[INFO] [stderr]    Compiling utf8parse v0.2.2
[INFO] [stderr]    Compiling object v0.37.3
[INFO] [stderr]    Compiling libc v0.2.186
[INFO] [stderr]    Compiling gimli v0.32.3
[INFO] [stderr]    Compiling eyre v0.6.12
[INFO] [stderr]    Compiling anstyle v1.0.14
[INFO] [stderr]    Compiling memchr v2.8.3
[INFO] [stderr]    Compiling anstyle-query v1.1.5
[INFO] [stderr]    Compiling colorchoice v1.0.5
[INFO] [stderr]    Compiling thread_local v1.1.10
[INFO] [stderr]    Compiling anstyle-parse v1.0.0
[INFO] [stderr]    Compiling sharded-slab v0.1.7
[INFO] [stderr]    Compiling proc-macro2 v1.0.106
[INFO] [stderr]    Compiling is_terminal_polyfill v1.70.2
[INFO] [stderr]    Compiling color-spantrace v0.3.0
[INFO] [stderr]    Compiling adler2 v2.0.1
[INFO] [stderr]    Compiling rustc-demangle v0.1.28
[INFO] [stderr]    Compiling indenter v0.3.4
[INFO] [stderr]    Compiling miniz_oxide v0.8.9
[INFO] [stderr]    Compiling tracing-core v0.1.36
[INFO] [stderr]    Compiling clap_lex v1.1.0
[INFO] [stderr]    Compiling strsim v0.11.1
[INFO] [stderr]    Compiling anstream v1.0.0
[INFO] [stderr]    Compiling clap_builder v4.6.0
[INFO] [stderr]    Compiling tracing-subscriber v0.3.23
[INFO] [stderr]    Compiling tracing v0.1.44
[INFO] [stderr]    Compiling syn v2.0.118
[INFO] [stderr]    Compiling tracing-error v0.2.1
[INFO] [stderr]    Compiling addr2line v0.25.1
[INFO] [stderr]    Compiling clap_derive v4.6.1
[INFO] [stderr]    Compiling backtrace v0.3.76
[INFO] [stderr]    Compiling color-eyre v0.6.5
[INFO] [stderr]    Compiling clap v4.6.1
[INFO] [stderr]    Compiling trim v0.1.0 (/opt/rustwide/workdir)
[INFO] [stderr]     Finished `release` profile [optimized] target(s) in 28.24s
[INFO] running `Command { std: "docker" "inspect" "4f0da0c8f4de577251685cd0f45fe9376aa1713a2befe1f66d4529ff3f970ad0", kill_on_drop: false }`
[INFO] running `Command { std: "docker" "exec" "-e" "SOURCE_DIR=/opt/rustwide/workdir" "-e" "CARGO_HOME=/opt/rustwide/cargo-home" "-e" "RUSTUP_HOME=/opt/rustwide/rustup-home" "-e" "CARGO_TARGET_DIR=/opt/rustwide/target" "-e" "CARGO_INCREMENTAL=0" "-e" "RUST_BACKTRACE=full" "-e" "RUSTFLAGS=--cap-lints=warn" "-e" "RUSTDOCFLAGS=--cap-lints=warn" "-w" "/opt/rustwide/workdir" "--user" "0:0" "4f0da0c8f4de577251685cd0f45fe9376aa1713a2befe1f66d4529ff3f970ad0" "/opt/rustwide/cargo-home/bin/cargo" "+1.100.0-beta.1" "test" "--frozen" "--no-run" "--message-format=json" "--release", kill_on_drop: false }`
[INFO] [stderr]    Compiling libc v0.2.186
[INFO] [stderr]    Compiling memchr v2.8.3
[INFO] [stderr]    Compiling hashbrown v0.17.1
[INFO] [stderr]    Compiling winnow v1.0.3
[INFO] [stderr]    Compiling semver v1.0.28
[INFO] [stderr]    Compiling regex-syntax v0.8.11
[INFO] [stderr]    Compiling toml_datetime v1.1.1+spec-1.1.0
[INFO] [stderr]    Compiling syn v2.0.118
[INFO] [stderr]    Compiling predicates-core v1.0.10
[INFO] [stderr]    Compiling regex-automata v0.4.15
[INFO] [stderr]    Compiling termtree v0.5.1
[INFO] [stderr]    Compiling slab v0.4.12
[INFO] [stderr]    Compiling futures-core v0.3.32
[INFO] [stderr]    Compiling assert_cmd v2.2.2
[INFO] [stderr]    Compiling glob v0.3.3
[INFO] [stderr]    Compiling relative-path v1.9.3
[INFO] [stderr]    Compiling futures-task v0.3.32
[INFO] [stderr]    Compiling difflib v0.4.0
[INFO] [stderr]    Compiling predicates-tree v1.0.13
[INFO] [stderr]    Compiling futures-timer v3.0.4
[INFO] [stderr]    Compiling rustc_version v0.4.1
[INFO] [stderr]    Compiling predicates v3.1.4
[INFO] [stderr]    Compiling rstest_macros v0.26.1
[INFO] [stderr]    Compiling indexmap v2.14.0
[INFO] [stderr]    Compiling aho-corasick v1.1.4
[INFO] [stderr]    Compiling bstr v1.13.0
[INFO] [stderr]    Compiling toml_parser v1.1.2+spec-1.1.0
[INFO] [stderr]    Compiling backtrace v0.3.76
[INFO] [stderr]    Compiling wait-timeout v0.2.1
[INFO] [stderr]    Compiling toml_edit v0.25.12+spec-1.1.0
[INFO] [stderr]    Compiling color-eyre v0.6.5
[INFO] [stderr]    Compiling proc-macro-crate v3.5.0
[INFO] [stderr]    Compiling regex v1.13.0
[INFO] [stderr]    Compiling futures-macro v0.3.32
[INFO] [stderr]    Compiling clap_derive v4.6.1
[INFO] [stderr]    Compiling futures-util v0.3.32
[INFO] [stderr]    Compiling clap v4.6.1
[INFO] [stderr]    Compiling rstest v0.26.1
[INFO] [stderr]    Compiling trim v0.1.0 (/opt/rustwide/workdir)
[INFO] [stderr]     Finished `release` profile [optimized] target(s) in 34.48s
[INFO] running `Command { std: "docker" "inspect" "4f0da0c8f4de577251685cd0f45fe9376aa1713a2befe1f66d4529ff3f970ad0", kill_on_drop: false }`
[INFO] running `Command { std: "docker" "exec" "-e" "SOURCE_DIR=/opt/rustwide/workdir" "-e" "CARGO_HOME=/opt/rustwide/cargo-home" "-e" "RUSTUP_HOME=/opt/rustwide/rustup-home" "-e" "CARGO_TARGET_DIR=/opt/rustwide/target" "-e" "CARGO_INCREMENTAL=0" "-e" "RUST_BACKTRACE=full" "-e" "RUSTFLAGS=--cap-lints=warn" "-e" "RUSTDOCFLAGS=--cap-lints=warn" "-w" "/opt/rustwide/workdir" "--user" "0:0" "4f0da0c8f4de577251685cd0f45fe9376aa1713a2befe1f66d4529ff3f970ad0" "/opt/rustwide/cargo-home/bin/cargo" "+1.100.0-beta.1" "test" "--frozen" "--release", kill_on_drop: false }`
[INFO] [stderr]     Finished `release` profile [optimized] target(s) in 0.12s
[INFO] [stderr]      Running unittests src/main.rs (/opt/rustwide/target/release/build/trim/ff13302eb5f23f50/out/trim-ff13302eb5f23f50)
[INFO] [stdout] 
[INFO] [stdout] running 17 tests
[INFO] [stdout] test tests::test_trim::case_5 ... ok
[INFO] [stdout] test tests::test_trim_non_ascii::input_path_1_test_files_nonascii_input_txt::output_path_1_test_files_nonascii_output_txt ... ok
[INFO] [stdout] test tests::test_trim::case_6 ... ok
[INFO] [stdout] test tests::test_trim::case_7 ... ok
[INFO] [stdout] test tests::test_trim::case_1 ... ok
[INFO] [stdout] test tests::test_trim::case_8 ... ok
[INFO] [stdout] test tests::test_run_against_one_file::case_1 ... FAILED
[INFO] [stdout] test tests::test_run_against_one_file::case_2 ... FAILED
[INFO] [stdout] test tests::test_multiple_lines::input_path_1_test_files_lorem_input_txt::output_path_1_test_files_lorem_output_txt ... ok
[INFO] [stdout] test tests::test_trim::case_3 ... ok
[INFO] [stdout] test tests::test_run_against_multiple_files ... FAILED
[INFO] [stdout] test tests::test_trim::case_4 ... ok
[INFO] [stdout] test tests::test_trim::case_2 ... ok
[INFO] [stdout] test tests::test_run_from_stdin ... FAILED
[INFO] [stderr] error: test failed, to rerun pass `--bin trim`
[INFO] [stdout] test tests::test_trim_unicode::input_path_1_test_files_unicode_input_txt::output_path_1_test_files_unicode_output_txt ... ok
[INFO] [stdout] test tests::test_run_against_one_file::case_3 ... FAILED
[INFO] [stdout] test tests::test_in_place_cannot_work_with_stdin ... FAILED
[INFO] [stdout] 
[INFO] [stdout] failures:
[INFO] [stdout] 
[INFO] [stdout] ---- tests::test_run_against_one_file::case_1 stdout ----
[INFO] [stdout] 
[INFO] [stdout] thread 'tests::test_run_against_one_file::case_1' (1205) panicked at /opt/rustwide/cargo-home/registry/src/index.crates.io-1949cf8c6b5b557f/assert_cmd-2.2.2/src/cargo.rs:232:5:
[INFO] [stdout] `CARGO_BIN_EXE_trim` is unset
[INFO] [stdout] help: if this is running within a unit test, move it to an integration test to gain access to `CARGO_BIN_EXE_trim`
[INFO] [stdout] stack backtrace:
[INFO] [stdout]    0:     0x65412ea113a7 - <unknown>
[INFO] [stdout]    1:     0x65412e9f3014 - <unknown>
[INFO] [stdout]    2:     0x65412ea1096b - <unknown>
[INFO] [stdout]    3:     0x65412ea10569 - <unknown>
[INFO] [stdout]    4:     0x65412ea101ea - <unknown>
[INFO] [stdout]    5:     0x65412ea0fd1b - <unknown>
[INFO] [stdout]    6:     0x65412ea35ae1 - <unknown>
[INFO] [stdout]    7:     0x65412ea35a99 - <unknown>
[INFO] [stdout]    8:     0x65412ea35f8c - <unknown>
[INFO] [stdout]    9:     0x65412e9f2eab - <unknown>
[INFO] [stdout]   10:     0x65412e9f298c - <unknown>
[INFO] [stdout]   11:     0x65412e9e80dd - <unknown>
[INFO] [stdout]   12:     0x65412e9ea1ae - <unknown>
[INFO] [stdout]   13:     0x65412e9eac89 - <unknown>
[INFO] [stdout]   14:     0x65412ea4fa9b - <unknown>
[INFO] [stdout]   15:     0x65412ea4b7d6 - <unknown>
[INFO] [stdout]   16:     0x65412ea4af3c - <unknown>
[INFO] [stdout]   17:     0x65412ea6933c - <unknown>
[INFO] [stdout]   18:     0x65412ea37b08 - <unknown>
[INFO] [stdout]   19:     0x7d099fa34dfa - <unknown>
[INFO] [stdout]   20:     0x7d099fac83d4 - clone
[INFO] [stdout]   21:                0x0 - <unknown>
[INFO] [stdout] 
[INFO] [stdout] ---- tests::test_run_against_one_file::case_2 stdout ----
[INFO] [stdout] 
[INFO] [stdout] thread 'tests::test_run_against_one_file::case_2' (1206) panicked at /opt/rustwide/cargo-home/registry/src/index.crates.io-1949cf8c6b5b557f/assert_cmd-2.2.2/src/cargo.rs:232:5:
[INFO] [stdout] `CARGO_BIN_EXE_trim` is unset
[INFO] [stdout] help: if this is running within a unit test, move it to an integration test to gain access to `CARGO_BIN_EXE_trim`
[INFO] [stdout] stack backtrace:
[INFO] [stdout]    0:     0x65412ea113a7 - <unknown>
[INFO] [stdout]    1:     0x65412e9f3014 - <unknown>
[INFO] [stdout]    2:     0x65412ea1096b - <unknown>
[INFO] [stdout]    3:     0x65412ea10569 - <unknown>
[INFO] [stdout]    4:     0x65412ea101ea - <unknown>
[INFO] [stdout]    5:     0x65412ea0fd1b - <unknown>
[INFO] [stdout]    6:     0x65412ea35ae1 - <unknown>
[INFO] [stdout]    7:     0x65412ea35a99 - <unknown>
[INFO] [stdout]    8:     0x65412ea35f8c - <unknown>
[INFO] [stdout]    9:     0x65412e9f2eab - <unknown>
[INFO] [stdout]   10:     0x65412e9f298c - <unknown>
[INFO] [stdout]   11:     0x65412e9e80dd - <unknown>
[INFO] [stdout]   12:     0x65412e9ea1ae - <unknown>
[INFO] [stdout]   13:     0x65412e9eacaf - <unknown>
[INFO] [stdout]   14:     0x65412ea4fa9b - <unknown>
[INFO] [stdout]   15:     0x65412ea4b7d6 - <unknown>
[INFO] [stdout]   16:     0x65412ea4af3c - <unknown>
[INFO] [stdout]   17:     0x65412ea6933c - <unknown>
[INFO] [stdout]   18:     0x65412ea37b08 - <unknown>
[INFO] [stdout]   19:     0x7d099fa34dfa - <unknown>
[INFO] [stdout]   20:     0x7d099fac83d4 - clone
[INFO] [stdout]   21:                0x0 - <unknown>
[INFO] [stdout] 
[INFO] [stdout] ---- tests::test_run_against_multiple_files stdout ----
[INFO] [stdout] 
[INFO] [stdout] thread 'tests::test_run_against_multiple_files' (1204) panicked at /opt/rustwide/cargo-home/registry/src/index.crates.io-1949cf8c6b5b557f/assert_cmd-2.2.2/src/cargo.rs:232:5:
[INFO] [stdout] `CARGO_BIN_EXE_trim` is unset
[INFO] [stdout] help: if this is running within a unit test, move it to an integration test to gain access to `CARGO_BIN_EXE_trim`
[INFO] [stdout] stack backtrace:
[INFO] [stdout]    0:     0x65412ea113a7 - <unknown>
[INFO] [stdout]    1:     0x65412e9f3014 - <unknown>
[INFO] [stdout]    2:     0x65412ea1096b - <unknown>
[INFO] [stdout]    3:     0x65412ea10569 - <unknown>
[INFO] [stdout]    4:     0x65412ea101ea - <unknown>
[INFO] [stdout]    5:     0x65412ea0fd1b - <unknown>
[INFO] [stdout]    6:     0x65412ea35ae1 - <unknown>
[INFO] [stdout]    7:     0x65412ea35a99 - <unknown>
[INFO] [stdout]    8:     0x65412ea35f8c - <unknown>
[INFO] [stdout]    9:     0x65412e9f2eab - <unknown>
[INFO] [stdout]   10:     0x65412e9f298c - <unknown>
[INFO] [stdout]   11:     0x65412e9e80dd - <unknown>
[INFO] [stdout]   12:     0x65412e9ea92c - <unknown>
[INFO] [stdout]   13:     0x65412ea4fa9b - <unknown>
[INFO] [stdout]   14:     0x65412ea4b7d6 - <unknown>
[INFO] [stdout]   15:     0x65412ea4af3c - <unknown>
[INFO] [stdout]   16:     0x65412ea6933c - <unknown>
[INFO] [stdout]   17:     0x65412ea37b08 - <unknown>
[INFO] [stdout]   18:     0x7d099fa34dfa - <unknown>
[INFO] [stdout]   19:     0x7d099fac83d4 - clone
[INFO] [stdout]   20:                0x0 - <unknown>
[INFO] [stdout] 
[INFO] [stdout] ---- tests::test_run_from_stdin stdout ----
[INFO] [stdout] 
[INFO] [stdout] thread 'tests::test_run_from_stdin' (1208) panicked at /opt/rustwide/cargo-home/registry/src/index.crates.io-1949cf8c6b5b557f/assert_cmd-2.2.2/src/cargo.rs:232:5:
[INFO] [stdout] `CARGO_BIN_EXE_trim` is unset
[INFO] [stdout] help: if this is running within a unit test, move it to an integration test to gain access to `CARGO_BIN_EXE_trim`
[INFO] [stdout] stack backtrace:
[INFO] [stdout]    0:     0x65412ea113a7 - <unknown>
[INFO] [stdout]    1:     0x65412e9f3014 - <unknown>
[INFO] [stdout]    2:     0x65412ea1096b - <unknown>
[INFO] [stdout]    3:     0x65412ea10569 - <unknown>
[INFO] [stdout]    4:     0x65412ea101ea - <unknown>
[INFO] [stdout]    5:     0x65412ea0fd1b - <unknown>
[INFO] [stdout]    6:     0x65412ea35ae1 - <unknown>
[INFO] [stdout]    7:     0x65412ea35a99 - <unknown>
[INFO] [stdout]    8:     0x65412ea35f8c - <unknown>
[INFO] [stdout]    9:     0x65412e9f2eab - <unknown>
[INFO] [stdout]   10:     0x65412e9f298c - <unknown>
[INFO] [stdout]   11:     0x65412e9e80dd - <unknown>
[INFO] [stdout]   12:     0x65412e9ea63f - <unknown>
[INFO] [stdout]   13:     0x65412ea4fa9b - <unknown>
[INFO] [stdout]   14:     0x65412ea4b7d6 - <unknown>
[INFO] [stdout]   15:     0x65412ea4af3c - <unknown>
[INFO] [stdout]   16:     0x65412ea6933c - <unknown>
[INFO] [stdout]   17:     0x65412ea37b08 - <unknown>
[INFO] [stdout]   18:     0x7d099fa34dfa - <unknown>
[INFO] [stdout]   19:     0x7d099fac83d4 - clone
[INFO] [stdout]   20:                0x0 - <unknown>
[INFO] [stdout] 
[INFO] [stdout] ---- tests::test_run_against_one_file::case_3 stdout ----
[INFO] [stdout] 
[INFO] [stdout] thread 'tests::test_run_against_one_file::case_3' (1207) panicked at /opt/rustwide/cargo-home/registry/src/index.crates.io-1949cf8c6b5b557f/assert_cmd-2.2.2/src/cargo.rs:232:5:
[INFO] [stdout] `CARGO_BIN_EXE_trim` is unset
[INFO] [stdout] help: if this is running within a unit test, move it to an integration test to gain access to `CARGO_BIN_EXE_trim`
[INFO] [stdout] stack backtrace:
[INFO] [stdout]    0:     0x65412ea113a7 - <unknown>
[INFO] [stdout]    1:     0x65412e9f3014 - <unknown>
[INFO] [stdout]    2:     0x65412ea1096b - <unknown>
[INFO] [stdout]    3:     0x65412ea10569 - <unknown>
[INFO] [stdout]    4:     0x65412ea101ea - <unknown>
[INFO] [stdout]    5:     0x65412ea0fd1b - <unknown>
[INFO] [stdout]    6:     0x65412ea35ae1 - <unknown>
[INFO] [stdout]    7:     0x65412ea35a99 - <unknown>
[INFO] [stdout]    8:     0x65412ea35f8c - <unknown>
[INFO] [stdout]    9:     0x65412e9f2eab - <unknown>
[INFO] [stdout]   10:     0x65412e9f298c - <unknown>
[INFO] [stdout]   11:     0x65412e9e80dd - <unknown>
[INFO] [stdout]   12:     0x65412e9ea1ae - <unknown>
[INFO] [stdout]   13:     0x65412e9eacd5 - <unknown>
[INFO] [stdout]   14:     0x65412ea4fa9b - <unknown>
[INFO] [stdout]   15:     0x65412ea4b7d6 - <unknown>
[INFO] [stdout]   16:     0x65412ea4af3c - <unknown>
[INFO] [stdout]   17:     0x65412ea6933c - <unknown>
[INFO] [stdout]   18:     0x65412ea37b08 - <unknown>
[INFO] [stdout]   19:     0x7d099fa34dfa - <unknown>
[INFO] [stdout]   20:     0x7d099fac83d4 - clone
[INFO] [stdout]   21:                0x0 - <unknown>
[INFO] [stdout] 
[INFO] [stdout] ---- tests::test_in_place_cannot_work_with_stdin stdout ----
[INFO] [stdout] 
[INFO] [stdout] thread 'tests::test_in_place_cannot_work_with_stdin' (1202) panicked at /opt/rustwide/cargo-home/registry/src/index.crates.io-1949cf8c6b5b557f/assert_cmd-2.2.2/src/cargo.rs:232:5:
[INFO] [stdout] `CARGO_BIN_EXE_trim` is unset
[INFO] [stdout] help: if this is running within a unit test, move it to an integration test to gain access to `CARGO_BIN_EXE_trim`
[INFO] [stdout] stack backtrace:
[INFO] [stdout]    0:     0x65412ea113a7 - <unknown>
[INFO] [stdout]    1:     0x65412e9f3014 - <unknown>
[INFO] [stdout]    2:     0x65412ea1096b - <unknown>
[INFO] [stdout]    3:     0x65412ea10569 - <unknown>
[INFO] [stdout]    4:     0x65412ea101ea - <unknown>
[INFO] [stdout]    5:     0x65412ea0fd1b - <unknown>
[INFO] [stdout]    6:     0x65412ea35ae1 - <unknown>
[INFO] [stdout]    7:     0x65412ea35a99 - <unknown>
[INFO] [stdout]    8:     0x65412ea35f8c - <unknown>
[INFO] [stdout]    9:     0x65412e9f2eab - <unknown>
[INFO] [stdout]   10:     0x65412e9f298c - <unknown>
[INFO] [stdout]   11:     0x65412e9e80dd - <unknown>
[INFO] [stdout]   12:     0x65412e9eaacb - <unknown>
[INFO] [stdout]   13:     0x65412ea4fa9b - <unknown>
[INFO] [stdout]   14:     0x65412ea4b7d6 - <unknown>
[INFO] [stdout]   15:     0x65412ea4af3c - <unknown>
[INFO] [stdout]   16:     0x65412ea6933c - <unknown>
[INFO] [stdout]   17:     0x65412ea37b08 - <unknown>
[INFO] [stdout]   18:     0x7d099fa34dfa - <unknown>
[INFO] [stdout]   19:     0x7d099fac83d4 - clone
[INFO] [stdout]   20:                0x0 - <unknown>
[INFO] [stdout] 
[INFO] [stdout] 
[INFO] [stdout] failures:
[INFO] [stdout]     tests::test_in_place_cannot_work_with_stdin
[INFO] [stdout]     tests::test_run_against_multiple_files
[INFO] [stdout]     tests::test_run_against_one_file::case_1
[INFO] [stdout]     tests::test_run_against_one_file::case_2
[INFO] [stdout]     tests::test_run_against_one_file::case_3
[INFO] [stdout]     tests::test_run_from_stdin
[INFO] [stdout] 
[INFO] [stdout] test result: FAILED. 11 passed; 6 failed; 0 ignored; 0 measured; 0 filtered out; finished in 0.01s
[INFO] [stdout] 
[INFO] running `Command { std: "docker" "inspect" "4f0da0c8f4de577251685cd0f45fe9376aa1713a2befe1f66d4529ff3f970ad0", kill_on_drop: false }`
[INFO] running `Command { std: "docker" "rm" "-f" "4f0da0c8f4de577251685cd0f45fe9376aa1713a2befe1f66d4529ff3f970ad0", kill_on_drop: false }`
[INFO] [stdout] 4f0da0c8f4de577251685cd0f45fe9376aa1713a2befe1f66d4529ff3f970ad0
