[INFO] cloning repository https://github.com/vu1n/canopy
[INFO] running `Command { std: "git" "-c" "credential.helper=" "-c" "credential.helper=/workspace/cargo-home/bin/git-credential-null" "clone" "--bare" "https://github.com/vu1n/canopy" "/workspace/cache/git-repos/https%3A%2F%2Fgithub.com%2Fvu1n%2Fcanopy", kill_on_drop: false }`
[INFO] [stderr] Cloning into bare repository '/workspace/cache/git-repos/https%3A%2F%2Fgithub.com%2Fvu1n%2Fcanopy'...
[INFO] running `Command { std: "git" "rev-parse" "HEAD", kill_on_drop: false }`
[INFO] [stdout] 6efe5969ffea57a93f6c7a855716c874175912b3
[INFO] testing vu1n/canopy against 1.100.0-beta.1+cargoflags=--release for beta-release-1.100-2
[INFO] running `Command { std: "git" "clone" "/workspace/cache/git-repos/https%3A%2F%2Fgithub.com%2Fvu1n%2Fcanopy" "/workspace/builds/worker-7-tc2/source", kill_on_drop: false }`
[INFO] [stderr] Cloning into '/workspace/builds/worker-7-tc2/source'...
[INFO] [stderr] done.
[INFO] started tweaking git repo https://github.com/vu1n/canopy
[INFO] finished tweaking git repo https://github.com/vu1n/canopy
[INFO] tweaked toml for git repo https://github.com/vu1n/canopy written to /workspace/builds/worker-7-tc2/source/Cargo.toml
[INFO] validating manifest of git repo https://github.com/vu1n/canopy on toolchain 1.100.0-beta.1
[INFO] running `Command { std: CARGO_HOME="/workspace/cargo-home" RUSTUP_HOME="/workspace/rustup-home" "/workspace/cargo-home/bin/cargo" "+1.100.0-beta.1" "metadata" "--manifest-path" "Cargo.toml" "--no-deps", kill_on_drop: false }`
[INFO] crate git repo https://github.com/vu1n/canopy already has a lockfile, it will not be regenerated
[INFO] running `Command { std: CARGO_HOME="/workspace/cargo-home" RUSTUP_HOME="/workspace/rustup-home" "/workspace/cargo-home/bin/cargo" "+1.100.0-beta.1" "fetch" "--manifest-path" "Cargo.toml", kill_on_drop: false }`
[INFO] running `Command { std: "docker" "create" "-v" "/var/lib/crater-agent-workspace/builds/worker-7-tc2/source:/opt/rustwide/workdir:ro,Z" "-v" "/var/lib/crater-agent-workspace/builds/worker-7-tc2/target:/opt/rustwide/target:rw,Z" "-v" "/var/lib/crater-agent-workspace/cargo-home:/opt/rustwide/cargo-home:ro,Z" "-v" "/var/lib/crater-agent-workspace/rustup-home:/opt/rustwide/rustup-home:ro,Z" "-m" "1610612736" "--network" "none" "ghcr.io/rust-lang/crates-build-env/linux@sha256:77db811e55d90add9212f6832c23229e3de5f1c1f9905e8cb07319ea15df73ac" "sleep" "infinity", kill_on_drop: false }`
[INFO] [stdout] 5d6db1f5f8f5b90f55e2a9ac5d87c649864edd27db8b100b3a2b388d3d1fb256
[INFO] running `Command { std: "docker" "start" "5d6db1f5f8f5b90f55e2a9ac5d87c649864edd27db8b100b3a2b388d3d1fb256", kill_on_drop: false }`
[INFO] running `Command { std: "docker" "inspect" "5d6db1f5f8f5b90f55e2a9ac5d87c649864edd27db8b100b3a2b388d3d1fb256", kill_on_drop: false }`
[INFO] running `Command { std: "docker" "exec" "-e" "SOURCE_DIR=/opt/rustwide/workdir" "-e" "CARGO_HOME=/opt/rustwide/cargo-home" "-e" "RUSTUP_HOME=/opt/rustwide/rustup-home" "-e" "CARGO_TARGET_DIR=/opt/rustwide/target" "-w" "/opt/rustwide/workdir" "--user" "0:0" "5d6db1f5f8f5b90f55e2a9ac5d87c649864edd27db8b100b3a2b388d3d1fb256" "/opt/rustwide/cargo-home/bin/cargo" "+1.100.0-beta.1" "metadata" "--no-deps" "--format-version=1", kill_on_drop: false }`
[INFO] running `Command { std: "docker" "inspect" "5d6db1f5f8f5b90f55e2a9ac5d87c649864edd27db8b100b3a2b388d3d1fb256", kill_on_drop: false }`
[INFO] running `Command { std: "docker" "exec" "-e" "SOURCE_DIR=/opt/rustwide/workdir" "-e" "CARGO_HOME=/opt/rustwide/cargo-home" "-e" "RUSTUP_HOME=/opt/rustwide/rustup-home" "-e" "CARGO_TARGET_DIR=/opt/rustwide/target" "-e" "CARGO_INCREMENTAL=0" "-e" "RUST_BACKTRACE=full" "-e" "RUSTFLAGS=--cap-lints=warn" "-e" "RUSTDOCFLAGS=--cap-lints=warn" "-w" "/opt/rustwide/workdir" "--user" "0:0" "5d6db1f5f8f5b90f55e2a9ac5d87c649864edd27db8b100b3a2b388d3d1fb256" "/opt/rustwide/cargo-home/bin/cargo" "+1.100.0-beta.1" "build" "--frozen" "--message-format=json" "--release", kill_on_drop: false }`
[INFO] [stderr]    Compiling unicode-ident v1.0.22
[INFO] [stderr]    Compiling find-msvc-tools v0.1.8
[INFO] [stderr]    Compiling libc v0.2.180
[INFO] [stderr]    Compiling smallvec v1.15.1
[INFO] [stderr]    Compiling tree-sitter-language v0.1.6
[INFO] [stderr]    Compiling serde_core v1.0.228
[INFO] [stderr]    Compiling bytes v1.11.0
[INFO] [stderr]    Compiling zmij v1.0.17
[INFO] [stderr]    Compiling proc-macro2 v1.0.106
[INFO] [stderr]    Compiling aho-corasick v1.1.4
[INFO] [stderr]    Compiling cc v1.2.54
[INFO] [stderr]    Compiling regex-syntax v0.8.8
[INFO] [stderr]    Compiling tracing-core v0.1.36
[INFO] [stderr]    Compiling quote v1.0.44
[INFO] [stderr]    Compiling syn v2.0.114
[INFO] [stderr]    Compiling http v1.4.0
[INFO] [stderr]    Compiling litemap v0.8.1
[INFO] [stderr]    Compiling writeable v0.6.2
[INFO] [stderr]    Compiling parking_lot_core v0.9.12
[INFO] [stderr]    Compiling errno v0.3.14
[INFO] [stderr]    Compiling mio v1.1.1
[INFO] [stderr]    Compiling parking_lot v0.12.5
[INFO] [stderr]    Compiling signal-hook-registry v1.4.8
[INFO] [stderr]    Compiling socket2 v0.6.2
[INFO] [stderr]    Compiling ring v0.17.14
[INFO] [stderr]    Compiling http-body v1.0.1
[INFO] [stderr]    Compiling regex-automata v0.4.13
[INFO] [stderr]    Compiling futures-io v0.3.31
[INFO] [stderr]    Compiling futures-util v0.3.31
[INFO] [stderr]    Compiling generic-array v0.14.7
[INFO] [stderr]    Compiling icu_properties_data v2.1.2
[INFO] [stderr]    Compiling hashbrown v0.16.1
[INFO] [stderr]    Compiling icu_normalizer_data v2.1.1
[INFO] [stderr]    Compiling serde_json v1.0.149
[INFO] [stderr]    Compiling indexmap v2.13.0
[INFO] [stderr]    Compiling getrandom v0.2.17
[INFO] [stderr]    Compiling futures-channel v0.3.31
[INFO] [stderr]    Compiling sync_wrapper v1.0.2
[INFO] [stderr]    Compiling bitflags v2.10.0
[INFO] [stderr]    Compiling synstructure v0.13.2
[INFO] [stderr]    Compiling memchr v2.7.6
[INFO] [stderr]    Compiling itoa v1.0.17
[INFO] [stderr]    Compiling libsqlite3-sys v0.31.0
[INFO] [stderr]    Compiling anyhow v1.0.100
[INFO] [stderr]    Compiling bstr v1.12.1
[INFO] [stderr]    Compiling rustls v0.23.36
[INFO] [stderr]    Compiling lazy_static v1.5.0
[INFO] [stderr]    Compiling ipnet v2.11.0
[INFO] [stderr]    Compiling bit-vec v0.6.3
[INFO] [stderr]    Compiling zerofrom-derive v0.1.6
[INFO] [stderr]    Compiling yoke-derive v0.8.1
[INFO] [stderr]    Compiling zerofrom v0.1.6
[INFO] [stderr]    Compiling zerovec-derive v0.11.2
[INFO] [stderr]    Compiling yoke v0.8.1
[INFO] [stderr]    Compiling displaydoc v0.2.5
[INFO] [stderr]    Compiling tracing-attributes v0.1.31
[INFO] [stderr]    Compiling serde_derive v1.0.228
[INFO] [stderr]    Compiling tokio-macros v2.6.0
[INFO] [stderr]    Compiling zerotrie v0.2.3
[INFO] [stderr]    Compiling tokio v1.49.0
[INFO] [stderr]    Compiling zerovec v0.11.5
[INFO] [stderr]    Compiling tree-sitter v0.25.10
[INFO] [stderr]    Compiling bit-set v0.5.3
[INFO] [stderr]    Compiling tracing v0.1.44
[INFO] [stderr]    Compiling hashbrown v0.15.5
[INFO] [stderr]    Compiling tinystr v0.8.2
[INFO] [stderr]    Compiling potential_utf v0.1.4
[INFO] [stderr]    Compiling icu_locale_core v2.1.1
[INFO] [stderr]    Compiling icu_collections v2.1.1
[INFO] [stderr]    Compiling regex v1.12.2
[INFO] [stderr]    Compiling icu_provider v2.1.1
[INFO] [stderr]    Compiling icu_properties v2.1.2
[INFO] [stderr]    Compiling serde v1.0.228
[INFO] [stderr]    Compiling icu_normalizer v2.1.1
[INFO] [stderr]    Compiling toml_datetime v0.6.11
[INFO] [stderr]    Compiling serde_spanned v0.6.9
[INFO] [stderr]    Compiling crypto-common v0.1.7
[INFO] [stderr]    Compiling block-buffer v0.10.4
[INFO] [stderr]    Compiling http-body-util v0.1.3
[INFO] [stderr]    Compiling tree-sitter-go v0.23.4
[INFO] [stderr]    Compiling tree-sitter-python v0.23.6
[INFO] [stderr]    Compiling tree-sitter-rust v0.24.0
[INFO] [stderr]    Compiling tree-sitter-typescript v0.23.2
[INFO] [stderr]    Compiling tree-sitter-javascript v0.23.1
[INFO] [stderr]    Compiling unicode-width v0.2.2
[INFO] [stderr]    Compiling pulldown-cmark v0.12.2
[INFO] [stderr]    Compiling serde_urlencoded v0.7.1
[INFO] [stderr]    Compiling getopts v0.2.24
[INFO] [stderr]    Compiling toml_edit v0.22.27
[INFO] [stderr]    Compiling rustls-webpki v0.103.9
[INFO] [stderr]    Compiling hyper v1.8.1
[INFO] [stderr]    Compiling hyper-util v0.1.20
[INFO] [stderr]    Compiling tower v0.5.3
[INFO] [stderr]    Compiling digest v0.10.7
[INFO] [stderr]    Compiling idna_adapter v1.2.1
[INFO] [stderr]    Compiling hashlink v0.10.0
[INFO] [stderr]    Compiling fancy-regex v0.13.0
[INFO] [stderr]    Compiling globset v0.4.18
[INFO] [stderr]    Compiling thiserror-impl v2.0.18
[INFO] [stderr]    Compiling fallible-streaming-iterator v0.1.9
[INFO] [stderr]    Compiling streaming-iterator v0.1.9
[INFO] [stderr]    Compiling either v1.15.0
[INFO] [stderr]    Compiling pulldown-cmark-escape v0.11.0
[INFO] [stderr]    Compiling iri-string v0.7.10
[INFO] [stderr]    Compiling fallible-iterator v0.3.0
[INFO] [stderr]    Compiling unicase v2.9.0
[INFO] [stderr]    Compiling anstyle-parse v0.2.7
[INFO] [stderr]    Compiling tiktoken-rs v0.6.0
[INFO] [stderr]    Compiling idna v1.1.0
[INFO] [stderr]    Compiling rayon v1.11.0
[INFO] [stderr]    Compiling tower-http v0.6.8
[INFO] [stderr]    Compiling sha2 v0.10.9
[INFO] [stderr]    Compiling thiserror v2.0.18
[INFO] [stderr]    Compiling tokio-rustls v0.26.4
[INFO] [stderr]    Compiling ignore v0.4.25
[INFO] [stderr]    Compiling toml v0.8.23
[INFO] [stderr]    Compiling webpki-roots v1.0.5
[INFO] [stderr]    Compiling crossbeam-channel v0.5.15
[INFO] [stderr]    Compiling colorchoice v1.0.4
[INFO] [stderr]    Compiling anstyle v1.0.13
[INFO] [stderr]    Compiling hyper-rustls v0.27.7
[INFO] [stderr]    Compiling url v2.5.8
[INFO] [stderr]    Compiling anstream v0.6.21
[INFO] [stderr]    Compiling clap_lex v0.7.7
[INFO] [stderr]    Compiling strsim v0.11.1
[INFO] [stderr]    Compiling clap_builder v4.5.54
[INFO] [stderr]    Compiling reqwest v0.12.28
[INFO] [stderr]    Compiling clap_derive v4.5.49
[INFO] [stderr]    Compiling axum-core v0.5.6
[INFO] [stderr]    Compiling getrandom v0.3.4
[INFO] [stderr]    Compiling clap v4.5.54
[INFO] [stderr]    Compiling sharded-slab v0.1.7
[INFO] [stderr]    Compiling matchers v0.2.0
[INFO] [stderr]    Compiling serde_path_to_error v0.1.20
[INFO] [stderr]    Compiling tracing-log v0.2.0
[INFO] [stderr]    Compiling time v0.3.47
[INFO] [stderr]    Compiling tracing-subscriber v0.3.22
[INFO] [stderr]    Compiling axum v0.8.8
[INFO] [stderr]    Compiling uuid v1.20.0
[INFO] [stderr]    Compiling colored v3.1.1
[INFO] [stderr]    Compiling rusqlite v0.33.0
[INFO] [stderr]    Compiling canopy-core v0.4.0 (/opt/rustwide/workdir/canopy-core)
[INFO] [stderr]    Compiling canopy-client v0.4.0 (/opt/rustwide/workdir/canopy-client)
[INFO] [stderr]    Compiling canopy-service v0.4.0 (/opt/rustwide/workdir/canopy-service)
[INFO] [stderr]    Compiling canopy-cli v0.4.0 (/opt/rustwide/workdir/canopy-cli)
[INFO] [stderr]    Compiling canopy-mcp v0.4.0 (/opt/rustwide/workdir/canopy-mcp)
[INFO] [stderr]     Finished `release` profile [optimized] target(s) in 7m 47s
[INFO] running `Command { std: "docker" "inspect" "5d6db1f5f8f5b90f55e2a9ac5d87c649864edd27db8b100b3a2b388d3d1fb256", kill_on_drop: false }`
[INFO] running `Command { std: "docker" "exec" "-e" "SOURCE_DIR=/opt/rustwide/workdir" "-e" "CARGO_HOME=/opt/rustwide/cargo-home" "-e" "RUSTUP_HOME=/opt/rustwide/rustup-home" "-e" "CARGO_TARGET_DIR=/opt/rustwide/target" "-e" "CARGO_INCREMENTAL=0" "-e" "RUST_BACKTRACE=full" "-e" "RUSTFLAGS=--cap-lints=warn" "-e" "RUSTDOCFLAGS=--cap-lints=warn" "-w" "/opt/rustwide/workdir" "--user" "0:0" "5d6db1f5f8f5b90f55e2a9ac5d87c649864edd27db8b100b3a2b388d3d1fb256" "/opt/rustwide/cargo-home/bin/cargo" "+1.100.0-beta.1" "test" "--frozen" "--no-run" "--message-format=json" "--release", kill_on_drop: false }`
[INFO] [stderr]    Compiling bitflags v2.10.0
[INFO] [stderr]    Compiling rustix v1.1.3
[INFO] [stderr]    Compiling linux-raw-sys v0.11.0
[INFO] [stderr]    Compiling fastrand v2.3.0
[INFO] [stderr]    Compiling pulldown-cmark v0.12.2
[INFO] [stderr]    Compiling rusqlite v0.33.0
[INFO] [stderr]    Compiling tower-http v0.6.8
[INFO] [stderr]    Compiling reqwest v0.12.28
[INFO] [stderr]    Compiling canopy-core v0.4.0 (/opt/rustwide/workdir/canopy-core)
[INFO] [stderr]    Compiling tempfile v3.24.0
[INFO] [stderr]    Compiling canopy-client v0.4.0 (/opt/rustwide/workdir/canopy-client)
[INFO] [stderr]    Compiling canopy-service v0.4.0 (/opt/rustwide/workdir/canopy-service)
[INFO] [stderr]    Compiling canopy-mcp v0.4.0 (/opt/rustwide/workdir/canopy-mcp)
[INFO] [stderr]    Compiling canopy-cli v0.4.0 (/opt/rustwide/workdir/canopy-cli)
[INFO] [stderr]     Finished `release` profile [optimized] target(s) in 2m 25s
[INFO] running `Command { std: "docker" "inspect" "5d6db1f5f8f5b90f55e2a9ac5d87c649864edd27db8b100b3a2b388d3d1fb256", kill_on_drop: false }`
[INFO] running `Command { std: "docker" "exec" "-e" "SOURCE_DIR=/opt/rustwide/workdir" "-e" "CARGO_HOME=/opt/rustwide/cargo-home" "-e" "RUSTUP_HOME=/opt/rustwide/rustup-home" "-e" "CARGO_TARGET_DIR=/opt/rustwide/target" "-e" "CARGO_INCREMENTAL=0" "-e" "RUST_BACKTRACE=full" "-e" "RUSTFLAGS=--cap-lints=warn" "-e" "RUSTDOCFLAGS=--cap-lints=warn" "-w" "/opt/rustwide/workdir" "--user" "0:0" "5d6db1f5f8f5b90f55e2a9ac5d87c649864edd27db8b100b3a2b388d3d1fb256" "/opt/rustwide/cargo-home/bin/cargo" "+1.100.0-beta.1" "test" "--frozen" "--release", kill_on_drop: false }`
[INFO] [stderr]     Finished `release` profile [optimized] target(s) in 0.43s
[INFO] [stderr]      Running unittests src/main.rs (/opt/rustwide/target/release/build/canopy-cli/379de59da55e9254/out/canopy-379de59da55e9254)
[INFO] [stdout] 
[INFO] [stdout] running 0 tests
[INFO] [stdout] 
[INFO] [stdout] test result: ok. 0 passed; 0 failed; 0 ignored; 0 measured; 0 filtered out; finished in 0.00s
[INFO] [stdout] 
[INFO] [stderr]      Running unittests src/lib.rs (/opt/rustwide/target/release/build/canopy-client/c6422f509fd4806c/out/canopy_client-c6422f509fd4806c)
[INFO] [stdout] 
[INFO] [stdout] running 54 tests
[INFO] [stdout] test dirty::tests::test_dirty_state_is_clean ... ok
[INFO] [stdout] test dirty::tests::test_dirty_state_is_dirty ... ok
[INFO] [stdout] test dirty::tests::test_parse_empty ... ok
[INFO] [stdout] test dirty::tests::test_parse_multiple ... ok
[INFO] [stdout] test dirty::tests::test_classify_xy ... ok
[INFO] [stdout] test dirty::tests::test_parse_ordinary_deleted ... ok
[INFO] [stdout] test dirty::tests::test_parse_ordinary_added ... ok
[INFO] [stdout] test merge::tests::test_merge_drops_all_service_handles_for_dirty_files ... ok
[INFO] [stdout] test merge::tests::test_merge_empty ... ok
[INFO] [stdout] test merge::tests::test_merge_keeps_all_handles_for_clean_files ... ok
[INFO] [stdout] test merge::tests::test_merge_dedupes_duplicate_handles ... ok
[INFO] [stdout] test dirty::tests::test_parse_unmerged ... ok
[INFO] [stdout] test dirty::tests::test_compute_fingerprint_deterministic ... ok
[INFO] [stdout] test dirty::tests::test_parse_untracked ... ok
[INFO] [stdout] test dirty::tests::test_parse_ordinary_modified ... ok
[INFO] [stdout] test dirty::tests::test_parse_renamed ... ok
[INFO] [stdout] test merge::tests::test_dirty_file_drops_all_service_handles ... ok
[INFO] [stdout] test predict::tests::test_predict_database_query ... ok
[INFO] [stdout] test predict::tests::test_extract_extensions ... ok
[INFO] [stdout] test predict::tests::test_fallback_on_no_keywords ... ok
[INFO] [stdout] test predict::tests::test_extract_query_text_patterns ... ok
[INFO] [stdout] test predict::tests::test_predict_auth_query ... ok
[INFO] [stdout] test predict::tests::test_extract_query_text_empty ... ok
[INFO] [stdout] test provenance::tests::record_and_get_returns_provenance ... ok
[INFO] [stdout] test provenance::tests::record_overwrites_provenance_without_adding_to_order ... ok
[INFO] [stdout] test provenance::tests::query_event_record_and_lookup ... ok
[INFO] [stdout] test runtime::tests::test_list_repos_without_service ... ok
[INFO] [stdout] test predict::tests::test_extract_query_text_pattern ... ok
[INFO] [stdout] test provenance::tests::get_returns_none_for_missing_handle ... ok
[INFO] [stdout] test provenance::tests::invalidate_repo_removes_matching_entries ... ok
[INFO] [stdout] test runtime::tests::test_reindex_by_id_without_service ... ok
[INFO] [stdout] test runtime::tests::test_service_status_without_service ... ok
[INFO] [stdout] test runtime::tests::test_standalone_no_service ... ok
[INFO] [stdout] test provenance::tests::mark_expanded_and_was_recently_expanded ... ok
[INFO] [stdout] test runtime::tests::test_service_mode ... ok
[INFO] [stdout] test service_client::tests::add_repo_request_skips_none_name ... ok
[INFO] [stdout] test service_client::tests::evidence_pack_request_nests_config ... ok
[INFO] [stdout] test service_client::tests::expand_request_serialization ... ok
[INFO] [stdout] test service_client::tests::expand_response_deserialization ... ok
[INFO] [stdout] test service_client::tests::is_error_code_matches_service_error ... ok
[INFO] [stdout] test service_client::tests::is_error_code_returns_false_for_non_service_errors ... ok
[INFO] [stdout] test service_client::tests::query_request_serialization ... ok
[INFO] [stdout] test service_client::tests::reindex_response_deserialization ... ok
[INFO] [stdout] test service_client::tests::reindex_response_without_commit_sha ... ok
[INFO] [stdout] test service_client::tests::service_client_new_preserves_url_without_trailing_slash ... ok
[INFO] [stdout] test service_client::tests::service_client_new_trims_trailing_slash ... ok
[INFO] [stdout] test service_client::tests::service_client_stores_api_key ... ok
[INFO] [stdout] test provenance::tests::eviction_at_provenance_cap ... ok
[INFO] [stdout] test runtime::tests::test_provenance_eviction ... ok
[INFO] [stdout] test predict::tests::test_predict_with_feedback_reranks ... ok
[INFO] [stdout] test runtime::tests::test_standalone_query_empty_index_returns_empty ... ok
[INFO] [stdout] test runtime::tests::test_expand_feedback_records_without_provenance ... ok
[INFO] [stdout] test runtime::tests::test_standalone_query_returns_results ... ok
[INFO] [stdout] test runtime::tests::test_standalone_expand_after_query ... ok
[INFO] [stdout] 
[INFO] [stdout] test result: ok. 54 passed; 0 failed; 0 ignored; 0 measured; 0 filtered out; finished in 0.32s
[INFO] [stdout] 
[INFO] [stderr]      Running tests/service_integration.rs (/opt/rustwide/target/release/build/canopy-client/4244117c521c8944/out/service_integration-4244117c521c8944)
[INFO] [stdout] 
[INFO] [stdout] running 4 tests
[INFO] [stdout] test test_expand_service_handles ... FAILED
[INFO] [stdout] test test_dirty_merge_replaces_handles_for_modified_file ... FAILED
[INFO] [stdout] test test_dirty_merge_keeps_service_handles_for_clean_files ... FAILED
[INFO] [stdout] test test_service_query_returns_service_handles ... FAILED
[INFO] [stdout] 
[INFO] [stdout] failures:
[INFO] [stdout] 
[INFO] [stdout] ---- test_expand_service_handles stdout ----
[INFO] [stdout] 
[INFO] [stdout] thread 'test_expand_service_handles' (3717) panicked at canopy-client/tests/service_integration.rs:124:9:
[INFO] [stdout] canopy-service binary not found at "/opt/rustwide/target/release/build/canopy-client/4244117c521c8944/canopy-service"
[INFO] [stdout] stack backtrace:
[INFO] [stdout]    0:     0x58d56ad39431 - <<std[617be2ca0a6fd877]::sys::backtrace::BacktraceLock>::print::DisplayBacktrace as core[a373ad73a504971]::fmt::Display>::fmt
[INFO] [stdout]    1:     0x58d56ad5244a - core[a373ad73a504971]::fmt::write
[INFO] [stdout]    2:     0x58d56ad3e7dc - <alloc[2e1b2a31b91974c5]::vec::Vec<u8> as core[a373ad73a504971]::io::write::Write>::write_fmt
[INFO] [stdout]    3:     0x58d56ad114a6 - std[617be2ca0a6fd877]::panicking::default_hook::{closure#0}
[INFO] [stdout]    4:     0x58d56ad2fdb9 - std[617be2ca0a6fd877]::panicking::default_hook
[INFO] [stdout]    5:     0x58d56a69eae0 - test[aada8e7e76ba119b]::test_main_inner::{closure#0}
[INFO] [stdout]    6:     0x58d56ad300e2 - std[617be2ca0a6fd877]::panicking::panic_with_hook
[INFO] [stdout]    7:     0x58d56ad11552 - std[617be2ca0a6fd877]::panicking::panic_handler::{closure#0}
[INFO] [stdout]    8:     0x58d56ad098a9 - std[617be2ca0a6fd877]::sys::backtrace::__rust_end_short_backtrace::<std[617be2ca0a6fd877]::panicking::panic_handler::{closure#0}, !>
[INFO] [stdout]    9:     0x58d56ad1245d - __rustc[ea4f61d10b84890b]::rust_begin_unwind
[INFO] [stdout]   10:     0x58d56ad52c2c - core[a373ad73a504971]::panicking::panic_fmt
[INFO] [stdout]   11:     0x58d56a67d738 - <service_integration[e6649ca54fb97194]::TestService>::start
[INFO] [stdout]   12:     0x58d56a67e974 - <service_integration[e6649ca54fb97194]::test_expand_service_handles::{closure#0} as core[a373ad73a504971]::ops::function::FnOnce<()>>::call_once
[INFO] [stdout]   13:     0x58d56a691f2b - test[aada8e7e76ba119b]::__rust_begin_short_backtrace::<core[a373ad73a504971]::result::Result<(), alloc[2e1b2a31b91974c5]::string::String>, fn() -> core[a373ad73a504971]::result::Result<(), alloc[2e1b2a31b91974c5]::string::String>>
[INFO] [stdout]   14:     0x58d56a69f105 - test[aada8e7e76ba119b]::run_test::{closure#0}
[INFO] [stdout]   15:     0x58d56a6989f4 - std[617be2ca0a6fd877]::sys::backtrace::__rust_begin_short_backtrace::<test[aada8e7e76ba119b]::run_test::{closure#1}, ()>
[INFO] [stdout]   16:     0x58d56a6a2192 - <std[617be2ca0a6fd877]::thread::lifecycle::spawn_unchecked<test[aada8e7e76ba119b]::run_test::{closure#1}, ()>::{closure#1} as core[a373ad73a504971]::ops::function::FnOnce<()>>::call_once::{shim:vtable#0}
[INFO] [stdout]   17:     0x58d56ad3814f - <std[617be2ca0a6fd877]::sys::thread::unix::Thread>::new::thread_start
[INFO] [stdout]   18:     0x748ba5d3fdfa - <unknown>
[INFO] [stdout]   19:     0x748ba5dd33d4 - clone
[INFO] [stdout]   20:                0x0 - <unknown>
[INFO] [stdout] 
[INFO] [stdout] ---- test_dirty_merge_replaces_handles_for_modified_file stdout ----
[INFO] [stdout] 
[INFO] [stdout] thread 'test_dirty_merge_replaces_handles_for_modified_file' (3716) panicked at canopy-client/tests/service_integration.rs:124:9:
[INFO] [stdout] canopy-service binary not found at "/opt/rustwide/target/release/build/canopy-client/4244117c521c8944/canopy-service"
[INFO] [stdout] stack backtrace:
[INFO] [stdout]    0:     0x58d56ad39431 - <<std[617be2ca0a6fd877]::sys::backtrace::BacktraceLock>::print::DisplayBacktrace as core[a373ad73a504971]::fmt::Display>::fmt
[INFO] [stdout]    1:     0x58d56ad5244a - core[a373ad73a504971]::fmt::write
[INFO] [stdout]    2:     0x58d56ad3e7dc - <alloc[2e1b2a31b91974c5]::vec::Vec<u8> as core[a373ad73a504971]::io::write::Write>::write_fmt
[INFO] [stdout]    3:     0x58d56ad114a6 - std[617be2ca0a6fd877]::panicking::default_hook::{closure#0}
[INFO] [stdout]    4:     0x58d56ad2fdb9 - std[617be2ca0a6fd877]::panicking::default_hook
[INFO] [stdout]    5:     0x58d56a69eae0 - test[aada8e7e76ba119b]::test_main_inner::{closure#0}
[INFO] [stdout]    6:     0x58d56ad300e2 - std[617be2ca0a6fd877]::panicking::panic_with_hook
[INFO] [stdout]    7:     0x58d56ad11552 - std[617be2ca0a6fd877]::panicking::panic_handler::{closure#0}
[INFO] [stdout]    8:     0x58d56ad098a9 - std[617be2ca0a6fd877]::sys::backtrace::__rust_end_short_backtrace::<std[617be2ca0a6fd877]::panicking::panic_handler::{closure#0}, !>
[INFO] [stdout]    9:     0x58d56ad1245d - __rustc[ea4f61d10b84890b]::rust_begin_unwind
[INFO] [stdout]   10:     0x58d56ad52c2c - core[a373ad73a504971]::panicking::panic_fmt
[INFO] [stdout]   11:     0x58d56a67d738 - <service_integration[e6649ca54fb97194]::TestService>::start
[INFO] [stdout]   12:     0x58d56a67f18f - <service_integration[e6649ca54fb97194]::test_dirty_merge_replaces_handles_for_modified_file::{closure#0} as core[a373ad73a504971]::ops::function::FnOnce<()>>::call_once
[INFO] [stdout]   13:     0x58d56a691f2b - test[aada8e7e76ba119b]::__rust_begin_short_backtrace::<core[a373ad73a504971]::result::Result<(), alloc[2e1b2a31b91974c5]::string::String>, fn() -> core[a373ad73a504971]::result::Result<(), alloc[2e1b2a31b91974c5]::string::String>>
[INFO] [stdout]   14:     0x58d56a69f105 - test[aada8e7e76ba119b]::run_test::{closure#0}
[INFO] [stdout]   15:     0x58d56a6989f4 - std[617be2ca0a6fd877]::sys::backtrace::__rust_begin_short_backtrace::<test[aada8e7e76ba119b]::run_test::{closure#1}, ()>
[INFO] [stdout]   16:     0x58d56a6a2192 - <std[617be2ca0a6fd877]::thread::lifecycle::spawn_unchecked<test[aada8e7e76ba119b]::run_test::{closure#1}, ()>::{closure#1} as core[a373ad73a504971]::ops::function::FnOnce<()>>::call_once::{shim:vtable#0}
[INFO] [stdout]   17:     0x58d56ad3814f - <std[617be2ca0a6fd877]::sys::thread::unix::Thread>::new::thread_start
[INFO] [stdout]   18:     0x748ba5d3fdfa - <unknown>
[INFO] [stdout]   19:     0x748ba5dd33d4 - clone
[INFO] [stdout]   20:                0x0 - <unknown>
[INFO] [stdout] 
[INFO] [stdout] ---- test_dirty_merge_keeps_service_handles_for_clean_files stdout ----
[INFO] [stdout] 
[INFO] [stdout] thread 'test_dirty_merge_keeps_service_handles_for_clean_files' (3715) panicked at canopy-client/tests/service_integration.rs:124:9:
[INFO] [stdout] canopy-service binary not found at "/opt/rustwide/target/release/build/canopy-client/4244117c521c8944/canopy-service"
[INFO] [stdout] stack backtrace:
[INFO] [stdout]    0:     0x58d56ad39431 - <<std[617be2ca0a6fd877]::sys::backtrace::BacktraceLock>::print::DisplayBacktrace as core[a373ad73a504971]::fmt::Display>::fmt
[INFO] [stdout]    1:     0x58d56ad5244a - core[a373ad73a504971]::fmt::write
[INFO] [stdout]    2:     0x58d56ad3e7dc - <alloc[2e1b2a31b91974c5]::vec::Vec<u8> as core[a373ad73a504971]::io::write::Write>::write_fmt
[INFO] [stdout]    3:     0x58d56ad114a6 - std[617be2ca0a6fd877]::panicking::default_hook::{closure#0}
[INFO] [stdout]    4:     0x58d56ad2fdb9 - std[617be2ca0a6fd877]::panicking::default_hook
[INFO] [stdout]    5:     0x58d56a69eae0 - test[aada8e7e76ba119b]::test_main_inner::{closure#0}
[INFO] [stdout]    6:     0x58d56ad300e2 - std[617be2ca0a6fd877]::panicking::panic_with_hook
[INFO] [stdout]    7:     0x58d56ad11552 - std[617be2ca0a6fd877]::panicking::panic_handler::{closure#0}
[INFO] [stdout]    8:     0x58d56ad098a9 - std[617be2ca0a6fd877]::sys::backtrace::__rust_end_short_backtrace::<std[617be2ca0a6fd877]::panicking::panic_handler::{closure#0}, !>
[INFO] [stdout]    9:     0x58d56ad1245d - __rustc[ea4f61d10b84890b]::rust_begin_unwind
[INFO] [stdout]   10:     0x58d56ad52c2c - core[a373ad73a504971]::panicking::panic_fmt
[INFO] [stdout]   11:     0x58d56a67d738 - <service_integration[e6649ca54fb97194]::TestService>::start
[INFO] [stdout]   12:     0x58d56a67f64f - <service_integration[e6649ca54fb97194]::test_dirty_merge_keeps_service_handles_for_clean_files::{closure#0} as core[a373ad73a504971]::ops::function::FnOnce<()>>::call_once
[INFO] [stdout]   13:     0x58d56a691f2b - test[aada8e7e76ba119b]::__rust_begin_short_backtrace::<core[a373ad73a504971]::result::Result<(), alloc[2e1b2a31b91974c5]::string::String>, fn() -> core[a373ad73a504971]::result::Result<(), alloc[2e1b2a31b91974c5]::string::String>>
[INFO] [stdout]   14:     0x58d56a69f105 - test[aada8e7e76ba119b]::run_test::{closure#0}
[INFO] [stdout]   15:     0x58d56a6989f4 - std[617be2ca0a6fd877]::sys::backtrace::__rust_begin_short_backtrace::<test[aada8e7e76ba119b]::run_test::{closure#1}, ()>
[INFO] [stdout]   16:     0x58d56a6a2192 - <std[617be2ca0a6fd877]::thread::lifecycle::spawn_unchecked<test[aada8e7e76ba119b]::run_test::{closure#1}, ()>::{closure#1} as core[a373ad73a504971]::ops::function::FnOnce<()>>::call_once::{shim:vtable#0}
[INFO] [stdout]   17:     0x58d56ad3814f - <std[617be2ca0a6fd877]::sys::thread::unix::Thread>::new::thread_start
[INFO] [stdout]   18:     0x748ba5d3fdfa - <unknown>
[INFO] [stdout]   19:     0x748ba5dd33d4 - clone
[INFO] [stdout]   20:                0x0 - <unknown>
[INFO] [stdout] 
[INFO] [stdout] ---- test_service_query_returns_service_handles stdout ----
[INFO] [stdout] 
[INFO] [stdout] thread 'test_service_query_returns_service_handles' (3718) panicked at canopy-client/tests/service_integration.rs:124:9:
[INFO] [stdout] canopy-service binary not found at "/opt/rustwide/target/release/build/canopy-client/4244117c521c8944/canopy-service"
[INFO] [stdout] stack backtrace:
[INFO] [stdout]    0:     0x58d56ad39431 - <<std[617be2ca0a6fd877]::sys::backtrace::BacktraceLock>::print::DisplayBacktrace as core[a373ad73a504971]::fmt::Display>::fmt
[INFO] [stdout]    1:     0x58d56ad5244a - core[a373ad73a504971]::fmt::write
[INFO] [stdout]    2:     0x58d56ad3e7dc - <alloc[2e1b2a31b91974c5]::vec::Vec<u8> as core[a373ad73a504971]::io::write::Write>::write_fmt
[INFO] [stdout]    3:     0x58d56ad114a6 - std[617be2ca0a6fd877]::panicking::default_hook::{closure#0}
[INFO] [stdout]    4:     0x58d56ad2fdb9 - std[617be2ca0a6fd877]::panicking::default_hook
[INFO] [stdout]    5:     0x58d56a69eae0 - test[aada8e7e76ba119b]::test_main_inner::{closure#0}
[INFO] [stdout]    6:     0x58d56ad300e2 - std[617be2ca0a6fd877]::panicking::panic_with_hook
[INFO] [stdout]    7:     0x58d56ad11552 - std[617be2ca0a6fd877]::panicking::panic_handler::{closure#0}
[INFO] [stdout]    8:     0x58d56ad098a9 - std[617be2ca0a6fd877]::sys::backtrace::__rust_end_short_backtrace::<std[617be2ca0a6fd877]::panicking::panic_handler::{closure#0}, !>
[INFO] [stdout]    9:     0x58d56ad1245d - __rustc[ea4f61d10b84890b]::rust_begin_unwind
[INFO] [stdout]   10:     0x58d56ad52c2c - core[a373ad73a504971]::panicking::panic_fmt
[INFO] [stdout]   11:     0x58d56a67d738 - <service_integration[e6649ca54fb97194]::TestService>::start
[INFO] [stdout]   12:     0x58d56a67ee3d - <service_integration[e6649ca54fb97194]::test_service_query_returns_service_handles::{closure#0} as core[a373ad73a504971]::ops::function::FnOnce<()>>::call_once
[INFO] [stdout]   13:     0x58d56a691f2b - test[aada8e7e76ba119b]::__rust_begin_short_backtrace::<core[a373ad73a504971]::result::Result<(), alloc[2e1b2a31b91974c5]::string::String>, fn() -> core[a373ad73a504971]::result::Result<(), alloc[2e1b2a31b91974c5]::string::String>>
[INFO] [stdout]   14:     0x58d56a69f105 - test[aada8e7e76ba119b]::run_test::{closure#0}
[INFO] [stdout]   15:     0x58d56a6989f4 - std[617be2ca0a6fd877]::sys::backtrace::__rust_begin_short_backtrace::<test[aada8e7e76ba119b]::run_test::{closure#1}, ()>
[INFO] [stdout]   16:     0x58d56a6a2192 - <std[617be2ca0a6fd877]::thread::lifecycle::spawn_unchecked<test[aada8e7e76ba119b]::run_test::{closure#1}, ()>::{closure#1} as core[a373ad73a504971]::ops::function::FnOnce<()>>::call_once::{shim:vtable#0}
[INFO] [stdout]   17:     0x58d56ad3814f - <std[617be2ca0a6fd877]::sys::thread::unix::Thread>::new::thread_start
[INFO] [stdout]   18:     0x748ba5d3fdfa - <unknown>
[INFO] [stdout]   19:     0x748ba5dd33d4 - clone
[INFO] [stdout]   20:                0x0 - <unknown>
[INFO] [stdout] 
[INFO] [stdout] 
[INFO] [stdout] failures:
[INFO] [stdout]     test_dirty_merge_keeps_service_handles_for_clean_files
[INFO] [stdout]     test_dirty_merge_replaces_handles_for_modified_file
[INFO] [stdout]     test_expand_service_handles
[INFO] [stdout]     test_service_query_returns_service_handles
[INFO] [stdout] 
[INFO] [stdout] test result: FAILED. 0 passed; 4 failed; 0 ignored; 0 measured; 0 filtered out; finished in 0.24s
[INFO] [stdout] 
[INFO] [stderr] error: test failed, to rerun pass `-p canopy-client --test service_integration`
[INFO] running `Command { std: "docker" "inspect" "5d6db1f5f8f5b90f55e2a9ac5d87c649864edd27db8b100b3a2b388d3d1fb256", kill_on_drop: false }`
[INFO] running `Command { std: "docker" "rm" "-f" "5d6db1f5f8f5b90f55e2a9ac5d87c649864edd27db8b100b3a2b388d3d1fb256", kill_on_drop: false }`
[INFO] [stdout] 5d6db1f5f8f5b90f55e2a9ac5d87c649864edd27db8b100b3a2b388d3d1fb256
