[INFO] cloning repository https://github.com/valourus/protrain
[INFO] running `Command { std: "git" "-c" "credential.helper=" "-c" "credential.helper=/workspace/cargo-home/bin/git-credential-null" "clone" "--bare" "https://github.com/valourus/protrain" "/workspace/cache/git-repos/https%3A%2F%2Fgithub.com%2Fvalourus%2Fprotrain", kill_on_drop: false }`
[INFO] [stderr] Cloning into bare repository '/workspace/cache/git-repos/https%3A%2F%2Fgithub.com%2Fvalourus%2Fprotrain'...
[INFO] running `Command { std: "git" "rev-parse" "HEAD", kill_on_drop: false }`
[INFO] [stdout] a8d87c70e83b40fbffb811cf1780443976ce020c
[INFO] testing valourus/protrain against 1.100.0-beta.1+cargoflags=--release for beta-release-1.100-2
[INFO] running `Command { std: "git" "clone" "/workspace/cache/git-repos/https%3A%2F%2Fgithub.com%2Fvalourus%2Fprotrain" "/workspace/builds/worker-2-tc2/source", kill_on_drop: false }`
[INFO] [stderr] Cloning into '/workspace/builds/worker-2-tc2/source'...
[INFO] [stderr] done.
[INFO] started tweaking git repo https://github.com/valourus/protrain
[INFO] finished tweaking git repo https://github.com/valourus/protrain
[INFO] tweaked toml for git repo https://github.com/valourus/protrain written to /workspace/builds/worker-2-tc2/source/Cargo.toml
[INFO] validating manifest of git repo https://github.com/valourus/protrain on toolchain 1.100.0-beta.1
[INFO] running `Command { std: CARGO_HOME="/workspace/cargo-home" RUSTUP_HOME="/workspace/rustup-home" "/workspace/cargo-home/bin/cargo" "+1.100.0-beta.1" "metadata" "--manifest-path" "Cargo.toml" "--no-deps", kill_on_drop: false }`
[INFO] crate git repo https://github.com/valourus/protrain already has a lockfile, it will not be regenerated
[INFO] running `Command { std: CARGO_HOME="/workspace/cargo-home" RUSTUP_HOME="/workspace/rustup-home" "/workspace/cargo-home/bin/cargo" "+1.100.0-beta.1" "fetch" "--manifest-path" "Cargo.toml", kill_on_drop: false }`
[INFO] running `Command { std: "docker" "create" "-v" "/var/lib/crater-agent-workspace/builds/worker-2-tc2/source:/opt/rustwide/workdir:ro,Z" "-v" "/var/lib/crater-agent-workspace/builds/worker-2-tc2/target:/opt/rustwide/target:rw,Z" "-v" "/var/lib/crater-agent-workspace/cargo-home:/opt/rustwide/cargo-home:ro,Z" "-v" "/var/lib/crater-agent-workspace/rustup-home:/opt/rustwide/rustup-home:ro,Z" "-m" "1610612736" "--network" "none" "ghcr.io/rust-lang/crates-build-env/linux@sha256:77db811e55d90add9212f6832c23229e3de5f1c1f9905e8cb07319ea15df73ac" "sleep" "infinity", kill_on_drop: false }`
[INFO] [stdout] 7989866bdb1209538cf1917e9816bf85b3b82cbf7c08e77fbf94c70d0eed42bd
[INFO] running `Command { std: "docker" "start" "7989866bdb1209538cf1917e9816bf85b3b82cbf7c08e77fbf94c70d0eed42bd", kill_on_drop: false }`
[INFO] running `Command { std: "docker" "inspect" "7989866bdb1209538cf1917e9816bf85b3b82cbf7c08e77fbf94c70d0eed42bd", kill_on_drop: false }`
[INFO] running `Command { std: "docker" "exec" "-e" "SOURCE_DIR=/opt/rustwide/workdir" "-e" "CARGO_HOME=/opt/rustwide/cargo-home" "-e" "RUSTUP_HOME=/opt/rustwide/rustup-home" "-e" "CARGO_TARGET_DIR=/opt/rustwide/target" "-w" "/opt/rustwide/workdir" "--user" "0:0" "7989866bdb1209538cf1917e9816bf85b3b82cbf7c08e77fbf94c70d0eed42bd" "/opt/rustwide/cargo-home/bin/cargo" "+1.100.0-beta.1" "metadata" "--no-deps" "--format-version=1", kill_on_drop: false }`
[INFO] running `Command { std: "docker" "inspect" "7989866bdb1209538cf1917e9816bf85b3b82cbf7c08e77fbf94c70d0eed42bd", kill_on_drop: false }`
[INFO] running `Command { std: "docker" "exec" "-e" "SOURCE_DIR=/opt/rustwide/workdir" "-e" "CARGO_HOME=/opt/rustwide/cargo-home" "-e" "RUSTUP_HOME=/opt/rustwide/rustup-home" "-e" "CARGO_TARGET_DIR=/opt/rustwide/target" "-e" "CARGO_INCREMENTAL=0" "-e" "RUST_BACKTRACE=full" "-e" "RUSTFLAGS=--cap-lints=warn" "-e" "RUSTDOCFLAGS=--cap-lints=warn" "-w" "/opt/rustwide/workdir" "--user" "0:0" "7989866bdb1209538cf1917e9816bf85b3b82cbf7c08e77fbf94c70d0eed42bd" "/opt/rustwide/cargo-home/bin/cargo" "+1.100.0-beta.1" "build" "--frozen" "--message-format=json" "--release", kill_on_drop: false }`
[INFO] [stderr]    Compiling proc-macro2 v1.0.107
[INFO] [stderr]    Compiling cfg_aliases v0.2.2
[INFO] [stderr]    Compiling libc v0.2.189
[INFO] [stderr]    Compiling crossbeam-utils v0.8.23
[INFO] [stderr]    Compiling crossbeam-epoch v0.9.21
[INFO] [stderr]    Compiling bitflags v2.13.1
[INFO] [stderr]    Compiling crossbeam-deque v0.8.8
[INFO] [stderr]    Compiling serde_core v1.0.229
[INFO] [stderr]    Compiling nix v0.29.0
[INFO] [stderr]    Compiling serde_json v1.0.151
[INFO] [stderr]    Compiling serde v1.0.229
[INFO] [stderr]    Compiling either v1.18.0
[INFO] [stderr]    Compiling rustversion v1.0.23
[INFO] [stderr]    Compiling iced-x86 v1.21.0
[INFO] [stderr]    Compiling quote v1.0.47
[INFO] [stderr]    Compiling arc-swap v1.9.2
[INFO] [stderr]    Compiling syn v3.0.5
[INFO] [stderr]    Compiling rayon-core v1.13.0
[INFO] [stderr]    Compiling rayon v1.12.0
[INFO] [stderr]    Compiling thiserror-impl v2.0.20
[INFO] [stderr]    Compiling serde_derive v1.0.229
[INFO] [stderr]    Compiling thiserror v2.0.20
[INFO] [stderr]    Compiling trainer-proc v0.1.0 (/opt/rustwide/workdir/crates/trainer-proc)
[INFO] [stderr]    Compiling trainer-target v0.1.0 (/opt/rustwide/workdir/crates/trainer-target)
[INFO] [stderr]    Compiling trainer-sig v0.1.0 (/opt/rustwide/workdir/crates/trainer-sig)
[INFO] [stderr]    Compiling trainer-pe v0.1.0 (/opt/rustwide/workdir/crates/trainer-pe)
[INFO] [stderr]    Compiling trainer-scan v0.1.0 (/opt/rustwide/workdir/crates/trainer-scan)
[INFO] [stderr]    Compiling trainer-il2cpp v0.1.0 (/opt/rustwide/workdir/crates/trainer-il2cpp)
[INFO] [stderr]    Compiling trainer-testtarget v0.1.0 (/opt/rustwide/workdir/crates/trainer-testtarget)
[INFO] [stderr]    Compiling trainer-core v0.1.0 (/opt/rustwide/workdir/crates/trainer-core)
[INFO] [stderr]    Compiling trainer-cli v0.1.0 (/opt/rustwide/workdir/crates/trainer-cli)
[INFO] [stderr] warning: unused dependency `thiserror`
[INFO] [stderr]  --> crates/trainer-proc/Cargo.toml:9:1
[INFO] [stderr]   |
[INFO] [stderr] 9 | thiserror.workspace = true
[INFO] [stderr]   | ^^^^^^^^^
[INFO] [stderr]   |
[INFO] [stderr]   = note: `cargo::unused_dependencies` is set to `warn` by default
[INFO] [stderr] help: consider removing the dependency on `thiserror`
[INFO] [stderr] warning: `trainer-proc` (manifest) generated 1 warning
[INFO] [stderr]     Finished `release` profile [optimized] target(s) in 1m 06s
[INFO] running `Command { std: "docker" "inspect" "7989866bdb1209538cf1917e9816bf85b3b82cbf7c08e77fbf94c70d0eed42bd", kill_on_drop: false }`
[INFO] running `Command { std: "docker" "exec" "-e" "SOURCE_DIR=/opt/rustwide/workdir" "-e" "CARGO_HOME=/opt/rustwide/cargo-home" "-e" "RUSTUP_HOME=/opt/rustwide/rustup-home" "-e" "CARGO_TARGET_DIR=/opt/rustwide/target" "-e" "CARGO_INCREMENTAL=0" "-e" "RUST_BACKTRACE=full" "-e" "RUSTFLAGS=--cap-lints=warn" "-e" "RUSTDOCFLAGS=--cap-lints=warn" "-w" "/opt/rustwide/workdir" "--user" "0:0" "7989866bdb1209538cf1917e9816bf85b3b82cbf7c08e77fbf94c70d0eed42bd" "/opt/rustwide/cargo-home/bin/cargo" "+1.100.0-beta.1" "test" "--frozen" "--no-run" "--message-format=json" "--release", kill_on_drop: false }`
[INFO] [stderr]    Compiling trainer-testtarget v0.1.0 (/opt/rustwide/workdir/crates/trainer-testtarget)
[INFO] [stderr]    Compiling trainer-core v0.1.0 (/opt/rustwide/workdir/crates/trainer-core)
[INFO] [stderr]    Compiling trainer-cli v0.1.0 (/opt/rustwide/workdir/crates/trainer-cli)
[INFO] [stderr]    Compiling trainer-il2cpp v0.1.0 (/opt/rustwide/workdir/crates/trainer-il2cpp)
[INFO] [stderr]    Compiling trainer-sig v0.1.0 (/opt/rustwide/workdir/crates/trainer-sig)
[INFO] [stderr]    Compiling trainer-pe v0.1.0 (/opt/rustwide/workdir/crates/trainer-pe)
[INFO] [stderr]    Compiling trainer-scan v0.1.0 (/opt/rustwide/workdir/crates/trainer-scan)
[INFO] [stderr]    Compiling trainer-proc v0.1.0 (/opt/rustwide/workdir/crates/trainer-proc)
[INFO] [stderr]    Compiling trainer-target v0.1.0 (/opt/rustwide/workdir/crates/trainer-target)
[INFO] [stderr] warning: unused dependency `thiserror`
[INFO] [stderr]  --> crates/trainer-proc/Cargo.toml:9:1
[INFO] [stderr]   |
[INFO] [stderr] 9 | thiserror.workspace = true
[INFO] [stderr]   | ^^^^^^^^^
[INFO] [stderr]   |
[INFO] [stderr]   = note: `cargo::unused_dependencies` is set to `warn` by default
[INFO] [stderr] help: consider removing the dependency on `thiserror`
[INFO] [stderr] warning: `trainer-proc` (manifest) generated 1 warning
[INFO] [stderr]     Finished `release` profile [optimized] target(s) in 54.27s
[INFO] running `Command { std: "docker" "inspect" "7989866bdb1209538cf1917e9816bf85b3b82cbf7c08e77fbf94c70d0eed42bd", kill_on_drop: false }`
[INFO] running `Command { std: "docker" "exec" "-e" "SOURCE_DIR=/opt/rustwide/workdir" "-e" "CARGO_HOME=/opt/rustwide/cargo-home" "-e" "RUSTUP_HOME=/opt/rustwide/rustup-home" "-e" "CARGO_TARGET_DIR=/opt/rustwide/target" "-e" "CARGO_INCREMENTAL=0" "-e" "RUST_BACKTRACE=full" "-e" "RUSTFLAGS=--cap-lints=warn" "-e" "RUSTDOCFLAGS=--cap-lints=warn" "-w" "/opt/rustwide/workdir" "--user" "0:0" "7989866bdb1209538cf1917e9816bf85b3b82cbf7c08e77fbf94c70d0eed42bd" "/opt/rustwide/cargo-home/bin/cargo" "+1.100.0-beta.1" "test" "--frozen" "--release", kill_on_drop: false }`
[INFO] [stderr] warning: unused dependency `thiserror`
[INFO] [stderr]  --> crates/trainer-proc/Cargo.toml:9:1
[INFO] [stderr]   |
[INFO] [stderr] 9 | thiserror.workspace = true
[INFO] [stderr]   | ^^^^^^^^^
[INFO] [stderr]   |
[INFO] [stderr]   = note: `cargo::unused_dependencies` is set to `warn` by default
[INFO] [stderr] help: consider removing the dependency on `thiserror`
[INFO] [stderr] warning: `trainer-proc` (manifest) generated 1 warning
[INFO] [stderr]     Finished `release` profile [optimized] target(s) in 0.08s
[INFO] [stderr]      Running unittests src/main.rs (/opt/rustwide/target/release/build/trainer-cli/80d6733a02b74daf/out/protrain-80d6733a02b74daf)
[INFO] [stdout] 
[INFO] [stderr]      Running unittests src/lib.rs (/opt/rustwide/target/release/build/trainer-core/68ddc89688d206f4/out/trainer_core-68ddc89688d206f4)
[INFO] [stdout] running 0 tests
[INFO] [stdout] 
[INFO] [stdout] test result: ok. 0 passed; 0 failed; 0 ignored; 0 measured; 0 filtered out; finished in 0.00s
[INFO] [stdout] 
[INFO] [stdout] 
[INFO] [stdout] running 47 tests
[INFO] [stdout] test client::tests::an_explicit_appid_wins_over_the_server_list ... ok
[INFO] [stdout] test format::tests::the_shipped_trainer_parses_and_round_trips ... ok
[INFO] [stdout] test client::tests::the_socket_lives_somewhere_private ... ok
[INFO] [stdout] test format::tests::rejects_a_walk_that_does_not_end_at_an_address ... ok
[INFO] [stdout] test format::tests::offsets_serialise_as_hex_and_parse_from_either ... ok
[INFO] [stdout] test client::tests::picking_a_server_explains_itself ... ok
[INFO] [stdout] test guard::tests::missing_information_is_unknown_not_match ... ok
[INFO] [stdout] test format::tests::rejects_a_newer_schema_rather_than_misreading_it ... ok
[INFO] [stdout] test guard::tests::reads_the_buildid_and_not_a_neighbour ... ok
[INFO] [stdout] test hunt::tests::a_test_write_is_undone_exactly ... ok
[INFO] [stdout] test hunt::tests::an_answer_that_kills_everything_is_undoable ... ok
[INFO] [stdout] test hunt::tests::a_cheat_from_a_hunt_is_tied_to_the_process_it_was_found_in ... ok
[INFO] [stdout] test hunt::tests::one_address_surviving_as_two_widths_is_one_row ... ok
[INFO] [stdout] test hunt::tests::narrows_to_one_address ... ok
[INFO] [stdout] test hunt::tests::narrows_on_direction_alone ... ok
[INFO] [stdout] test freeze::tests::gives_up_after_three_strikes_and_says_so ... ok
[INFO] [stdout] test proto::tests::a_rooting_attempt_that_found_nothing_is_still_an_answer ... ok
[INFO] [stdout] test proto::tests::a_rooted_walk_survives_the_wire ... ok
[INFO] [stdout] test hunt::tests::undo_walks_back_up_the_trail ... ok
[INFO] [stdout] test proto::tests::an_unresolved_cheat_keeps_its_reason ... ok
[INFO] [stdout] test proto::tests::hunt_requests_survive_the_wire ... ok
[INFO] [stdout] test proto::tests::listing_candidates_has_a_default_page_size ... ok
[INFO] [stdout] test hunt::tests::the_typed_number_is_the_type_evidence ... ok
[INFO] [stdout] test freeze::tests::notices_the_target_dying ... ok
[INFO] [stdout] test proto::tests::requests_survive_the_wire ... ok
[INFO] [stdout] test root::tests::a_window_holds_the_object_a_value_sits_in ... ok
[INFO] [stdout] test proto::tests::responses_survive_the_wire ... ok
[INFO] [stdout] test root::tests::a_walk_reads_like_the_walk_it_performs ... ok
[INFO] [stdout] test proto::tests::the_wire_form_is_what_it_looks_like ... ok
[INFO] [stdout] test freeze::tests::a_relocated_value_recovers ... ok
[INFO] [stdout] test root::tests::an_empty_level_matches_nothing ... ok
[INFO] [stdout] test steam::tests::a_flat_lookup_still_takes_the_first_match ... ok
[INFO] [stdout] test steam::tests::every_library_path_is_collected_not_just_the_first ... ok
[INFO] [stdout] test root::tests::one_pointer_can_reach_several_wants ... ok
[INFO] [stdout] test root::tests::distant_windows_stay_separate ... ok
[INFO] [stdout] test root::tests::overlapping_windows_are_merged ... ok
[INFO] [stdout] test server::tests::a_tick_says_whether_to_stop_and_whether_to_refresh ... ok
[INFO] [stdout] test server::tests::an_over_long_timeout_clamps ... ok
[INFO] [stdout] test hunt::tests::an_impossible_first_scan_reports_the_engines_reason ... ok
[INFO] [stdout] test validate::tests::a_trainers_module_names_are_collected_once_each ... ok
[INFO] [stdout] test validate::tests::nothing_supplied_means_nothing_checked_and_nothing_failed ... ok
[INFO] [stdout] test steam::tests::finds_a_module_beside_the_executable_and_one_level_down ... ok
[INFO] [stdout] test steam::tests::values_keep_their_spaces ... ok
[INFO] [stdout] test value::tests::accepts_an_integer_for_a_float_field ... ok
[INFO] [stdout] test value::tests::rejects_nonsense_rather_than_defaulting_to_zero ... ok
[INFO] [stdout] test value::tests::round_trips_every_type ... ok
[INFO] [stdout] test freeze::tests::holds_a_value_the_game_keeps_changing ... ok
[INFO] [stdout] 
[INFO] [stdout] test result: ok. 47 passed; 0 failed; 0 ignored; 0 measured; 0 filtered out; finished in 0.06s
[INFO] [stdout] 
[INFO] [stderr]      Running unittests src/lib.rs (/opt/rustwide/target/release/build/trainer-il2cpp/cbc1825223b028dd/out/trainer_il2cpp-cbc1825223b028dd)
[INFO] [stdout] 
[INFO] [stdout] running 10 tests
[INFO] [stdout] test layout::tests::decodes_the_verified_static_read ... ok
[INFO] [stdout] test layout::tests::rejects_a_non_rip_relative_first_load ... ok
[INFO] [stdout] test layout::tests::decodes_the_disp8_form ... ok
[INFO] [stdout] test layout::tests::rejects_a_pair_whose_registers_do_not_chain ... ok
[INFO] [stdout] test strings::tests::finds_a_string_and_nul_terminates_it ... ok
[INFO] [stdout] test runtime::tests::reads_identifiers_and_rejects_prose ... ok
[INFO] [stdout] test layout::tests::finds_pairs_across_a_span ... ok
[INFO] [stdout] test runtime::tests::a_type_name_cannot_start_with_a_digit_or_a_bracket ... ok
[INFO] [stdout] test layout::tests::decodes_via_a_register_other_than_rax ... ok
[INFO] [stdout] test strings::tests::finds_a_match_across_the_buffer_boundary ... ok
[INFO] [stdout] 
[INFO] [stdout] test result: ok. 10 passed; 0 failed; 0 ignored; 0 measured; 0 filtered out; finished in 0.02s
[INFO] [stdout] 
[INFO] [stderr]      Running unittests src/lib.rs (/opt/rustwide/target/release/build/trainer-pe/d192ce3258d2eedb/out/trainer_pe-d192ce3258d2eedb)
[INFO] [stdout] 
[INFO] [stdout] running 14 tests
[INFO] [stdout] test file::tests::an_rva_maps_to_the_file_offset_the_section_table_gives ... ok
[INFO] [stdout] test file::tests::reads_go_through_the_map_not_the_offset ... ok
[INFO] [stdout] test file::tests::something_that_is_not_a_pe_is_refused_by_name ... ok
[INFO] [stdout] test stub::tests::decodes_disp32_accessor ... ok
[INFO] [stdout] test file::tests::an_address_reports_the_section_it_lands_in ... ok
[INFO] [stdout] test file::tests::the_uninitialised_tail_reads_as_zeros ... ok
[INFO] [stdout] test file::tests::the_module_parses_through_the_trait ... ok
[INFO] [stdout] test stub::tests::decodes_verified_il2cpp_accessors ... ok
[INFO] [stdout] test stub::tests::follows_forward_and_backward_thunks ... ok
[INFO] [stdout] test stub::tests::rejects_real_function_prologue ... ok
[INFO] [stdout] test file::tests::a_file_shorter_than_its_own_section_table_is_refused ... ok
[INFO] [stdout] test stub::tests::resolves_domain_global ... ok
[INFO] [stdout] test file::tests::writing_to_a_file_image_is_refused ... ok
[INFO] [stdout] test file::tests::a_gap_is_a_short_read_rather_than_zeros ... ok
[INFO] [stdout] 
[INFO] [stdout] test result: ok. 14 passed; 0 failed; 0 ignored; 0 measured; 0 filtered out; finished in 0.16s
[INFO] [stdout] 
[INFO] [stderr]      Running unittests src/lib.rs (/opt/rustwide/target/release/build/trainer-proc/3d0d9a7f793ee41c/out/trainer_proc-3d0d9a7f793ee41c)
[INFO] [stdout] 
[INFO] [stdout] running 12 tests
[INFO] [stdout] test anticheat::tests::refusal_wins_over_warning ... ok
[INFO] [stdout] test anticheat::tests::warns_on_multiplayer_without_anticheat ... ok
[INFO] [stdout] test discover::tests::basename_handles_spaces_in_paths ... ok
[INFO] [stdout] test discover::tests::game_outscores_helpers ... ok
[INFO] [stdout] test discover::tests::rejects_the_linux_launch_chain ... ok
[INFO] [stdout] test anticheat::tests::allows_the_target_game ... ok
[INFO] [stdout] test anticheat::tests::ordinary_paths_are_clean ... ok
[INFO] [stdout] test anticheat::tests::runtime_modules_catch_unlisted_games ... ok
[INFO] [stdout] test discover::tests::rejects_wine_services ... ok
[INFO] [stdout] test discover::tests::cwd_match_dominates ... ok
[INFO] [stdout] test discover::tests::rejects_crash_handler ... ok
[INFO] [stdout] test anticheat::tests::blocks_installed_anticheat_titles ... ok
[INFO] [stdout] 
[INFO] [stdout] test result: ok. 12 passed; 0 failed; 0 ignored; 0 measured; 0 filtered out; finished in 0.01s
[INFO] [stdout] 
[INFO] [stderr]      Running unittests src/lib.rs (/opt/rustwide/target/release/build/trainer-scan/c3dd4c3631d62adf/out/trainer_scan-c3dd4c3631d62adf)
[INFO] [stdout] 
[INFO] [stdout] running 18 tests
[INFO] [stdout] test candidates::tests::sparse_round_trips ... ok
[INFO] [stdout] test candidates::tests::bitword_iterates_set_bits ... ok
[INFO] [stdout] test candidates::tests::bitmap_round_trips_identically ... ok
[INFO] [stdout] test engine::tests::finds_and_refines ... ok
[INFO] [stdout] test engine::tests::refines_by_direction_without_knowing_the_value ... ok
[INFO] [stdout] test engine::budget_tests::refuses_an_over_broad_first_scan ... ok
[INFO] [stdout] test engine::tests::float_scan_matches_displayed_value ... ok
[INFO] [stdout] test candidates::tests::dense_scan_stays_compact ... ok
[INFO] [stdout] test value::tests::float_equality_is_what_the_player_sees ... ok
[INFO] [stdout] test value::tests::history_comparisons_require_prev ... ok
[INFO] [stdout] test value::tests::integer_comparisons ... ok
[INFO] [stdout] test engine::budget_tests::a_normal_scan_is_unaffected ... ok
[INFO] [stdout] test engine::tests::history_comparison_cannot_seed_a_first_scan ... ok
[INFO] [stdout] test engine::tests::finds_values_on_chunk_boundaries ... ok
[INFO] [stdout] test candidates::tests::density_boundary_picks_sparse_for_refined_sets ... ok
[INFO] [stdout] test value::tests::delta_does_not_panic_on_overflow ... ok
[INFO] [stdout] test engine::tests::skips_non_scannable_regions ... ok
[INFO] [stdout] test engine::tests::thread_count_is_capped ... ok
[INFO] [stdout] 
[INFO] [stdout] test result: ok. 18 passed; 0 failed; 0 ignored; 0 measured; 0 filtered out; finished in 0.02s
[INFO] [stdout] 
[INFO] [stderr]      Running unittests src/lib.rs (/opt/rustwide/target/release/build/trainer-sig/bb9b881ca238f6f0/out/trainer_sig-bb9b881ca238f6f0)
[INFO] [stdout] 
[INFO] [stdout] running 15 tests
[INFO] [stdout] test generate::tests::wildcards_call_and_jmp_targets ... ok
[INFO] [stdout] test generate::tests::a_heap_address_produces_no_signature ... ok
[INFO] [stdout] test generate::tests::resolves_the_target_back_out_of_a_match ... ok
[INFO] [stdout] test generate::tests::repeated_code_is_marked_weak_rather_than_picked_from ... ok
[INFO] [stdout] test generate::tests::wildcards_the_displacement_and_keeps_the_struct_offset ... ok
[INFO] [stdout] test pattern::tests::counting_stops_at_the_cap ... ok
[INFO] [stdout] test pattern::tests::counts_overlapping_matches ... ok
[INFO] [stdout] test pattern::tests::handles_a_run_that_is_not_at_the_start ... ok
[INFO] [stdout] test pattern::tests::matches_only_where_the_literals_agree ... ok
[INFO] [stdout] test pattern::tests::rejects_patterns_that_cannot_be_searched_for ... ok
[INFO] [stdout] test pattern::tests::round_trips_through_text ... ok
[INFO] [stdout] test tests::a_short_buffer_is_an_error ... ok
[INFO] [stdout] test tests::absolute_capture_reads_an_imm64 ... ok
[INFO] [stdout] test tests::negative_displacements_resolve_backwards ... ok
[INFO] [stdout] test tests::rip_relative_capture_matches_the_hardware ... ok
[INFO] [stdout] 
[INFO] [stdout] test result: ok. 15 passed; 0 failed; 0 ignored; 0 measured; 0 filtered out; finished in 0.01s
[INFO] [stdout] 
[INFO] [stdout] 
[INFO] [stdout] running 14 tests
[INFO] [stderr]      Running unittests src/lib.rs (/opt/rustwide/target/release/build/trainer-target/bd13ab286abbbff6/out/trainer_target-bd13ab286abbbff6)
[INFO] [stdout] test fake::tests::code_pages_need_the_protected_path ... ok
[INFO] [stdout] test fake::tests::round_trips_values ... ok
[INFO] [stdout] test fake::tests::reads_spanning_past_a_region_end_do_not_panic ... ok
[INFO] [stdout] test fake::tests::scan_policy_excludes_code ... ok
[INFO] [stdout] test proc::tests::parses_the_two_fields_liveness_needs ... ok
[INFO] [stdout] test proc::tests::survives_an_executable_name_full_of_punctuation ... ok
[INFO] [stdout] test proc::tests::a_zombie_is_not_alive ... ok
[INFO] [stdout] test region::tests::reserve_detected ... ok
[INFO] [stdout] test region::tests::scan_policy ... ok
[INFO] [stdout] test proc::tests::a_truncated_line_is_none_rather_than_a_guess ... ok
[INFO] [stdout] test region::tests::parses_paths_with_spaces ... ok
[INFO] [stdout] test region::tests::rejects_shared_mappings ... ok
[INFO] [stdout] test proc::tests::attaching_to_ourselves_is_not_possible_but_our_stat_is_readable ... ok
[INFO] [stdout] test region::tests::classifies_kinds ... ok
[INFO] [stdout] 
[INFO] [stdout] test result: ok. 14 passed; 0 failed; 0 ignored; 0 measured; 0 filtered out; finished in 0.00s
[INFO] [stdout] 
[INFO] [stderr]      Running unittests src/lib.rs (/opt/rustwide/target/release/build/trainer-testtarget/5c94c5d021fbe564/out/trainer_testtarget-5c94c5d021fbe564)
[INFO] [stdout] 
[INFO] [stdout] running 3 tests
[INFO] [stdout] test image::tests::the_plan_has_both_kinds_of_region ... ok
[INFO] [stdout] test image::tests::static_read_pairs_resolve_to_their_slot ... ok
[INFO] [stdout] test image::tests::sentinels_straddle_a_buffer_boundary ... ok
[INFO] [stdout] 
[INFO] [stdout] test result: ok. 3 passed; 0 failed; 0 ignored; 0 measured; 0 filtered out; finished in 0.01s
[INFO] [stdout] 
[INFO] [stderr]      Running unittests src/main.rs (/opt/rustwide/target/release/build/trainer-testtarget/1974f3942aa97d9b/out/trainer_testtarget-1974f3942aa97d9b)
[INFO] [stdout] 
[INFO] [stdout] running 0 tests
[INFO] [stdout] 
[INFO] [stdout] test result: ok. 0 passed; 0 failed; 0 ignored; 0 measured; 0 filtered out; finished in 0.00s
[INFO] [stdout] 
[INFO] [stderr]      Running tests/build_mode.rs (/opt/rustwide/target/release/build/trainer-testtarget/1fc847a79c3129a2/out/build_mode-1fc847a79c3129a2)
[INFO] [stdout] 
[INFO] [stdout] running 7 tests
[INFO] [stdout] test rooting_something_unreachable_answers_instead_of_erroring ... ok
[INFO] [stdout] test panic_puts_a_test_write_back_and_keeps_the_hunt ... ok
[INFO] [stdout] test only_the_hunts_own_candidates_can_be_poked ... ok
[INFO] [stdout] test abandoning_a_hunt_restores_every_test_write ... ok
[INFO] [stdout] test a_wizard_finds_a_value_keeps_it_and_then_uses_it ... ok
[INFO] [stdout] test rooting_a_kept_cheat_makes_it_survive_a_restart ... ok
[INFO] [stdout] test a_wrong_answer_is_taken_back_rather_than_started_over ... ok
[INFO] [stdout] 
[INFO] [stdout] test result: ok. 7 passed; 0 failed; 0 ignored; 0 measured; 0 filtered out; finished in 0.44s
[INFO] [stdout] 
[INFO] [stderr]      Running tests/hunt.rs (/opt/rustwide/target/release/build/trainer-testtarget/b9781ab3141c6dc5/out/hunt-b9781ab3141c6dc5)
[INFO] [stdout] 
[INFO] [stdout] running 5 tests
[INFO] [stdout] test narrows_a_ticking_value_by_direction_alone ... FAILED
[INFO] [stdout] test a_hunted_cheat_resolves_in_this_process_and_nowhere_else ... ok
[INFO] [stdout] test narrows_a_real_address_space_down_to_the_value ... ok
[INFO] [stdout] test a_candidate_is_named_by_the_object_it_sits_in ... ok
[INFO] [stdout] test a_test_write_lands_in_the_process_and_is_taken_back ... ok
[INFO] [stdout] 
[INFO] [stdout] failures:
[INFO] [stdout] 
[INFO] [stdout] ---- narrows_a_ticking_value_by_direction_alone stdout ----
[INFO] [stdout] 
[INFO] [stdout] thread 'narrows_a_ticking_value_by_direction_alone' (2227) panicked at crates/trainer-testtarget/tests/hunt.rs:68:5:
[INFO] [stdout] assertion failed: !hunt.is_empty()
[INFO] [stdout] stack backtrace:
[INFO] [stdout]    0:     0x5d95e0fc5791 - <<std[617be2ca0a6fd877]::sys::backtrace::BacktraceLock>::print::DisplayBacktrace as core[a373ad73a504971]::fmt::Display>::fmt
[INFO] [stdout]    1:     0x5d95e0fdbfaa - core[a373ad73a504971]::fmt::write
[INFO] [stdout]    2:     0x5d95e0fc9d3c - <alloc[2e1b2a31b91974c5]::vec::Vec<u8> as core[a373ad73a504971]::io::write::Write>::write_fmt
[INFO] [stdout]    3:     0x5d95e0f9f726 - std[617be2ca0a6fd877]::panicking::default_hook::{closure#0}
[INFO] [stdout]    4:     0x5d95e0fbcb09 - std[617be2ca0a6fd877]::panicking::default_hook
[INFO] [stdout]    5:     0x5d95e0ed0cc0 - test[aada8e7e76ba119b]::test_main_inner::{closure#0}
[INFO] [stdout]    6:     0x5d95e0fbce32 - std[617be2ca0a6fd877]::panicking::panic_with_hook
[INFO] [stdout]    7:     0x5d95e0f9f804 - std[617be2ca0a6fd877]::panicking::panic_handler::{closure#0}
[INFO] [stdout]    8:     0x5d95e0f98199 - std[617be2ca0a6fd877]::sys::backtrace::__rust_end_short_backtrace::<std[617be2ca0a6fd877]::panicking::panic_handler::{closure#0}, !>
[INFO] [stdout]    9:     0x5d95e0fa03dd - __rustc[ea4f61d10b84890b]::rust_begin_unwind
[INFO] [stdout]   10:     0x5d95e0fdc6dc - core[a373ad73a504971]::panicking::panic_fmt
[INFO] [stdout]   11:     0x5d95e0fdc6a2 - core[a373ad73a504971]::panicking::panic
[INFO] [stdout]   12:     0x5d95e0eb86fd - <hunt[c467d614ce93dc9b]::narrows_a_ticking_value_by_direction_alone::{closure#0} as core[a373ad73a504971]::ops::function::FnOnce<()>>::call_once
[INFO] [stdout]   13:     0x5d95e0ec410b - test[aada8e7e76ba119b]::__rust_begin_short_backtrace::<core[a373ad73a504971]::result::Result<(), alloc[2e1b2a31b91974c5]::string::String>, fn() -> core[a373ad73a504971]::result::Result<(), alloc[2e1b2a31b91974c5]::string::String>>
[INFO] [stdout]   14:     0x5d95e0ed12e5 - test[aada8e7e76ba119b]::run_test::{closure#0}
[INFO] [stdout]   15:     0x5d95e0ecabd4 - std[617be2ca0a6fd877]::sys::backtrace::__rust_begin_short_backtrace::<test[aada8e7e76ba119b]::run_test::{closure#1}, ()>
[INFO] [stdout]   16:     0x5d95e0ed4372 - <std[617be2ca0a6fd877]::thread::lifecycle::spawn_unchecked<test[aada8e7e76ba119b]::run_test::{closure#1}, ()>::{closure#1} as core[a373ad73a504971]::ops::function::FnOnce<()>>::call_once::{shim:vtable#0}
[INFO] [stdout]   17:     0x5d95e0fc488f - <std[617be2ca0a6fd877]::sys::thread::unix::Thread>::new::thread_start
[INFO] [stdout]   18:     0x7b735aa2edfa - <unknown>
[INFO] [stdout]   19:     0x7b735aac23d4 - clone
[INFO] [stdout]   20:                0x0 - <unknown>
[INFO] [stdout] 
[INFO] [stdout] 
[INFO] [stdout] failures:
[INFO] [stdout]     narrows_a_ticking_value_by_direction_alone
[INFO] [stdout] 
[INFO] [stdout] test result: FAILED. 4 passed; 1 failed; 0 ignored; 0 measured; 0 filtered out; finished in 0.45s
[INFO] [stdout] 
[INFO] [stderr] error: test failed, to rerun pass `-p trainer-testtarget --test hunt`
[INFO] running `Command { std: "docker" "inspect" "7989866bdb1209538cf1917e9816bf85b3b82cbf7c08e77fbf94c70d0eed42bd", kill_on_drop: false }`
[INFO] running `Command { std: "docker" "rm" "-f" "7989866bdb1209538cf1917e9816bf85b3b82cbf7c08e77fbf94c70d0eed42bd", kill_on_drop: false }`
[INFO] [stdout] 7989866bdb1209538cf1917e9816bf85b3b82cbf7c08e77fbf94c70d0eed42bd
