[INFO] cloning repository https://github.com/vaciva-stella/JSGN
[INFO] running `Command { std: "git" "-c" "credential.helper=" "-c" "credential.helper=/workspace/cargo-home/bin/git-credential-null" "clone" "--bare" "https://github.com/vaciva-stella/JSGN" "/workspace/cache/git-repos/https%3A%2F%2Fgithub.com%2Fvaciva-stella%2FJSGN", kill_on_drop: false }`
[INFO] [stderr] Cloning into bare repository '/workspace/cache/git-repos/https%3A%2F%2Fgithub.com%2Fvaciva-stella%2FJSGN'...
[INFO] running `Command { std: "git" "rev-parse" "HEAD", kill_on_drop: false }`
[INFO] [stdout] ad011333cfaa6b5f1ef480f271339418a1039fe6
[INFO] testing vaciva-stella/JSGN against 1.100.0-beta.1+cargoflags=--release for beta-release-1.100-2
[INFO] running `Command { std: "git" "clone" "/workspace/cache/git-repos/https%3A%2F%2Fgithub.com%2Fvaciva-stella%2FJSGN" "/workspace/builds/worker-1-tc2/source", kill_on_drop: false }`
[INFO] [stderr] Cloning into '/workspace/builds/worker-1-tc2/source'...
[INFO] [stderr] done.
[INFO] started tweaking git repo https://github.com/vaciva-stella/JSGN
[INFO] finished tweaking git repo https://github.com/vaciva-stella/JSGN
[INFO] tweaked toml for git repo https://github.com/vaciva-stella/JSGN written to /workspace/builds/worker-1-tc2/source/Cargo.toml
[INFO] validating manifest of git repo https://github.com/vaciva-stella/JSGN on toolchain 1.100.0-beta.1
[INFO] running `Command { std: CARGO_HOME="/workspace/cargo-home" RUSTUP_HOME="/workspace/rustup-home" "/workspace/cargo-home/bin/cargo" "+1.100.0-beta.1" "metadata" "--manifest-path" "Cargo.toml" "--no-deps", kill_on_drop: false }`
[INFO] crate git repo https://github.com/vaciva-stella/JSGN already has a lockfile, it will not be regenerated
[INFO] running `Command { std: CARGO_HOME="/workspace/cargo-home" RUSTUP_HOME="/workspace/rustup-home" "/workspace/cargo-home/bin/cargo" "+1.100.0-beta.1" "fetch" "--manifest-path" "Cargo.toml", kill_on_drop: false }`
[INFO] running `Command { std: "docker" "create" "-v" "/var/lib/crater-agent-workspace/builds/worker-1-tc2/source:/opt/rustwide/workdir:ro,Z" "-v" "/var/lib/crater-agent-workspace/builds/worker-1-tc2/target:/opt/rustwide/target:rw,Z" "-v" "/var/lib/crater-agent-workspace/cargo-home:/opt/rustwide/cargo-home:ro,Z" "-v" "/var/lib/crater-agent-workspace/rustup-home:/opt/rustwide/rustup-home:ro,Z" "-m" "1610612736" "--network" "none" "ghcr.io/rust-lang/crates-build-env/linux@sha256:77db811e55d90add9212f6832c23229e3de5f1c1f9905e8cb07319ea15df73ac" "sleep" "infinity", kill_on_drop: false }`
[INFO] [stdout] 07753f0984f91b5e77037967caf7fe82831f6a727719e89aca636d3f1ab0fd31
[INFO] running `Command { std: "docker" "start" "07753f0984f91b5e77037967caf7fe82831f6a727719e89aca636d3f1ab0fd31", kill_on_drop: false }`
[INFO] running `Command { std: "docker" "inspect" "07753f0984f91b5e77037967caf7fe82831f6a727719e89aca636d3f1ab0fd31", kill_on_drop: false }`
[INFO] running `Command { std: "docker" "exec" "-e" "SOURCE_DIR=/opt/rustwide/workdir" "-e" "CARGO_HOME=/opt/rustwide/cargo-home" "-e" "RUSTUP_HOME=/opt/rustwide/rustup-home" "-e" "CARGO_TARGET_DIR=/opt/rustwide/target" "-w" "/opt/rustwide/workdir" "--user" "0:0" "07753f0984f91b5e77037967caf7fe82831f6a727719e89aca636d3f1ab0fd31" "/opt/rustwide/cargo-home/bin/cargo" "+1.100.0-beta.1" "metadata" "--no-deps" "--format-version=1", kill_on_drop: false }`
[INFO] running `Command { std: "docker" "inspect" "07753f0984f91b5e77037967caf7fe82831f6a727719e89aca636d3f1ab0fd31", kill_on_drop: false }`
[INFO] running `Command { std: "docker" "exec" "-e" "SOURCE_DIR=/opt/rustwide/workdir" "-e" "CARGO_HOME=/opt/rustwide/cargo-home" "-e" "RUSTUP_HOME=/opt/rustwide/rustup-home" "-e" "CARGO_TARGET_DIR=/opt/rustwide/target" "-e" "CARGO_INCREMENTAL=0" "-e" "RUST_BACKTRACE=full" "-e" "RUSTFLAGS=--cap-lints=warn" "-e" "RUSTDOCFLAGS=--cap-lints=warn" "-w" "/opt/rustwide/workdir" "--user" "0:0" "07753f0984f91b5e77037967caf7fe82831f6a727719e89aca636d3f1ab0fd31" "/opt/rustwide/cargo-home/bin/cargo" "+1.100.0-beta.1" "build" "--frozen" "--message-format=json" "--release", kill_on_drop: false }`
[INFO] [stderr]    Compiling serde_core v1.0.229
[INFO] [stderr]    Compiling serde_json v1.0.151
[INFO] [stderr]    Compiling thiserror v2.0.20
[INFO] [stderr]    Compiling indexmap v2.14.2
[INFO] [stderr]    Compiling syn v3.0.5
[INFO] [stderr]    Compiling clap_builder v4.6.6
[INFO] [stderr]    Compiling thiserror-impl v2.0.20
[INFO] [stderr]    Compiling clap_derive v4.6.4
[INFO] [stderr]    Compiling clap v4.6.6
[INFO] [stderr]    Compiling jsgn v0.1.0 (/opt/rustwide/workdir)
[INFO] [stderr]     Finished `release` profile [optimized] target(s) in 22.69s
[INFO] running `Command { std: "docker" "inspect" "07753f0984f91b5e77037967caf7fe82831f6a727719e89aca636d3f1ab0fd31", kill_on_drop: false }`
[INFO] running `Command { std: "docker" "exec" "-e" "SOURCE_DIR=/opt/rustwide/workdir" "-e" "CARGO_HOME=/opt/rustwide/cargo-home" "-e" "RUSTUP_HOME=/opt/rustwide/rustup-home" "-e" "CARGO_TARGET_DIR=/opt/rustwide/target" "-e" "CARGO_INCREMENTAL=0" "-e" "RUST_BACKTRACE=full" "-e" "RUSTFLAGS=--cap-lints=warn" "-e" "RUSTDOCFLAGS=--cap-lints=warn" "-w" "/opt/rustwide/workdir" "--user" "0:0" "07753f0984f91b5e77037967caf7fe82831f6a727719e89aca636d3f1ab0fd31" "/opt/rustwide/cargo-home/bin/cargo" "+1.100.0-beta.1" "test" "--frozen" "--no-run" "--message-format=json" "--release", kill_on_drop: false }`
[INFO] [stderr]    Compiling aho-corasick v1.1.5
[INFO] [stderr]    Compiling regex-syntax v0.8.11
[INFO] [stderr]    Compiling predicates-core v1.0.10
[INFO] [stderr]    Compiling termtree v0.5.1
[INFO] [stderr]    Compiling difflib v0.4.0
[INFO] [stderr]    Compiling assert_cmd v2.2.2
[INFO] [stderr]    Compiling normalize-line-endings v0.3.0
[INFO] [stderr]    Compiling float-cmp v0.10.0
[INFO] [stderr]    Compiling wait-timeout v0.2.1
[INFO] [stderr]    Compiling predicates-tree v1.0.13
[INFO] [stderr]    Compiling regex-automata v0.4.18
[INFO] [stderr]    Compiling regex v1.13.1
[INFO] [stderr]    Compiling bstr v1.13.1
[INFO] [stderr]    Compiling predicates v3.1.4
[INFO] [stderr]    Compiling jsgn v0.1.0 (/opt/rustwide/workdir)
[INFO] [stderr]     Finished `release` profile [optimized] target(s) in 32.12s
[INFO] running `Command { std: "docker" "inspect" "07753f0984f91b5e77037967caf7fe82831f6a727719e89aca636d3f1ab0fd31", kill_on_drop: false }`
[INFO] running `Command { std: "docker" "exec" "-e" "SOURCE_DIR=/opt/rustwide/workdir" "-e" "CARGO_HOME=/opt/rustwide/cargo-home" "-e" "RUSTUP_HOME=/opt/rustwide/rustup-home" "-e" "CARGO_TARGET_DIR=/opt/rustwide/target" "-e" "CARGO_INCREMENTAL=0" "-e" "RUST_BACKTRACE=full" "-e" "RUSTFLAGS=--cap-lints=warn" "-e" "RUSTDOCFLAGS=--cap-lints=warn" "-w" "/opt/rustwide/workdir" "--user" "0:0" "07753f0984f91b5e77037967caf7fe82831f6a727719e89aca636d3f1ab0fd31" "/opt/rustwide/cargo-home/bin/cargo" "+1.100.0-beta.1" "test" "--frozen" "--release", kill_on_drop: false }`
[INFO] [stderr]     Finished `release` profile [optimized] target(s) in 0.10s
[INFO] [stderr]      Running unittests src/lib.rs (/opt/rustwide/target/release/build/jsgn/19cb836a97720118/out/jsgn-19cb836a97720118)
[INFO] [stdout] 
[INFO] [stdout] running 0 tests
[INFO] [stdout] 
[INFO] [stdout] test result: ok. 0 passed; 0 failed; 0 ignored; 0 measured; 0 filtered out; finished in 0.00s
[INFO] [stdout] 
[INFO] [stderr]      Running unittests src/main.rs (/opt/rustwide/target/release/build/jsgn/cf3881fe99729fd4/out/jsgn-cf3881fe99729fd4)
[INFO] [stderr]      Running tests/dangle.rs (/opt/rustwide/target/release/build/jsgn/b8551fa8fbc4a90f/out/dangle-b8551fa8fbc4a90f)
[INFO] [stdout] 
[INFO] [stdout] running 0 tests
[INFO] [stdout] 
[INFO] [stdout] test result: ok. 0 passed; 0 failed; 0 ignored; 0 measured; 0 filtered out; finished in 0.00s
[INFO] [stdout] 
[INFO] [stdout] 
[INFO] [stdout] running 19 tests
[INFO] [stdout] test a_compound_reached_from_two_sides_is_rendered_twice ... ignored, known bug: a split compound identity renders twice
[INFO] [stdout] test a_local_identity_does_not_survive_flatten ... FAILED
[INFO] [stdout] test each_edge_is_rendered_once ... FAILED
[INFO] [stdout] test a_cycle_terminates ... FAILED
[INFO] [stdout] test resolving_the_start_node ... FAILED
[INFO] [stdout] test a_lone_object_is_shorthand_for_one_subject ... FAILED
[INFO] [stdout] test a_repeat_is_a_reference ... FAILED
[INFO] [stdout] test a_disconnected_component_is_still_lost ... FAILED
[INFO] [stdout] test an_n_ary_edge_renders_from_any_of_its_members ... FAILED
[INFO] [stdout] test an_anonymous_node_reached_through_a_compound_stub_is_named ... FAILED
[INFO] [stdout] test an_identified_graph_round_trips_from_every_node ... FAILED
[INFO] [stdout] test an_inverse_field_is_always_an_array ... FAILED
[INFO] [stdout] test multi_valued_inverses_round_trip ... FAILED
[INFO] [stdout] test compound_identities_render_their_fields ... FAILED
[INFO] [stdout] test a_node_with_two_edges_of_one_name_renders_both ... FAILED
[INFO] [stdout] test a_stub_keeps_its_scalars_and_drops_its_references ... FAILED
[INFO] [stdout] test an_anonymous_graph_round_trips_from_every_node ... FAILED
[INFO] [stdout] test the_schema_supplies_the_json_key ... FAILED
[INFO] [stdout] test round_trips_the_readme_linked_list ... FAILED
[INFO] [stderr] error: test failed, to rerun pass `--test dangle`
[INFO] [stdout] 
[INFO] [stdout] failures:
[INFO] [stdout] 
[INFO] [stdout] ---- a_local_identity_does_not_survive_flatten stdout ----
[INFO] [stdout] 
[INFO] [stdout] thread 'a_local_identity_does_not_survive_flatten' (1166) panicked at tests/common/mod.rs:67:29:
[INFO] [stdout] spawning "/opt/rustwide/target/release/build/jsgn/b8551fa8fbc4a90f/out/jsgn": No such file or directory (os error 2)
[INFO] [stdout] stack backtrace:
[INFO] [stdout]    0:     0x596aa095fe01 - <<std[617be2ca0a6fd877]::sys::backtrace::BacktraceLock>::print::DisplayBacktrace as core[a373ad73a504971]::fmt::Display>::fmt
[INFO] [stdout]    1:     0x596aa0974c5a - core[a373ad73a504971]::fmt::write
[INFO] [stdout]    2:     0x596aa096408c - <alloc[2e1b2a31b91974c5]::vec::Vec<u8> as core[a373ad73a504971]::io::write::Write>::write_fmt
[INFO] [stdout]    3:     0x596aa093ace6 - std[617be2ca0a6fd877]::panicking::default_hook::{closure#0}
[INFO] [stdout]    4:     0x596aa0957f59 - std[617be2ca0a6fd877]::panicking::default_hook
[INFO] [stdout]    5:     0x596aa08ed5e0 - test[aada8e7e76ba119b]::test_main_inner::{closure#0}
[INFO] [stdout]    6:     0x596aa0958112 - std[617be2ca0a6fd877]::panicking::panic_with_hook
[INFO] [stdout]    7:     0x596aa093ad92 - std[617be2ca0a6fd877]::panicking::panic_handler::{closure#0}
[INFO] [stdout]    8:     0x596aa09337f9 - std[617be2ca0a6fd877]::sys::backtrace::__rust_end_short_backtrace::<std[617be2ca0a6fd877]::panicking::panic_handler::{closure#0}, !>
[INFO] [stdout]    9:     0x596aa093b99d - __rustc[ea4f61d10b84890b]::rust_begin_unwind
[INFO] [stdout]   10:     0x596aa097538c - core[a373ad73a504971]::panicking::panic_fmt
[INFO] [stdout]   11:     0x596aa08dd2ba - dangle[49d02e2eba5c2694]::common::run
[INFO] [stdout]   12:     0x596aa08dd9d4 - dangle[49d02e2eba5c2694]::common::flatten
[INFO] [stdout]   13:     0x596aa08d3ac5 - <dangle[49d02e2eba5c2694]::a_local_identity_does_not_survive_flatten::{closure#0} as core[a373ad73a504971]::ops::function::FnOnce<()>>::call_once
[INFO] [stdout]   14:     0x596aa08e0a2b - test[aada8e7e76ba119b]::__rust_begin_short_backtrace::<core[a373ad73a504971]::result::Result<(), alloc[2e1b2a31b91974c5]::string::String>, fn() -> core[a373ad73a504971]::result::Result<(), alloc[2e1b2a31b91974c5]::string::String>>
[INFO] [stdout]   15:     0x596aa08edc05 - test[aada8e7e76ba119b]::run_test::{closure#0}
[INFO] [stdout]   16:     0x596aa08e74f4 - std[617be2ca0a6fd877]::sys::backtrace::__rust_begin_short_backtrace::<test[aada8e7e76ba119b]::run_test::{closure#1}, ()>
[INFO] [stdout]   17:     0x596aa08f0c92 - <std[617be2ca0a6fd877]::thread::lifecycle::spawn_unchecked<test[aada8e7e76ba119b]::run_test::{closure#1}, ()>::{closure#1} as core[a373ad73a504971]::ops::function::FnOnce<()>>::call_once::{shim:vtable#0}
[INFO] [stdout]   18:     0x596aa095f11f - <std[617be2ca0a6fd877]::sys::thread::unix::Thread>::new::thread_start
[INFO] [stdout]   19:     0x7e7cb12d4dfa - <unknown>
[INFO] [stdout]   20:     0x7e7cb13683d4 - clone
[INFO] [stdout]   21:                0x0 - <unknown>
[INFO] [stdout] 
[INFO] [stdout] ---- each_edge_is_rendered_once stdout ----
[INFO] [stdout] 
[INFO] [stdout] thread 'each_edge_is_rendered_once' (1177) panicked at tests/common/mod.rs:67:29:
[INFO] [stdout] spawning "/opt/rustwide/target/release/build/jsgn/b8551fa8fbc4a90f/out/jsgn": No such file or directory (os error 2)
[INFO] [stdout] stack backtrace:
[INFO] [stdout]    0:     0x596aa095fe01 - <<std[617be2ca0a6fd877]::sys::backtrace::BacktraceLock>::print::DisplayBacktrace as core[a373ad73a504971]::fmt::Display>::fmt
[INFO] [stdout]    1:     0x596aa0974c5a - core[a373ad73a504971]::fmt::write
[INFO] [stdout]    2:     0x596aa096408c - <alloc[2e1b2a31b91974c5]::vec::Vec<u8> as core[a373ad73a504971]::io::write::Write>::write_fmt
[INFO] [stdout]    3:     0x596aa093ace6 - std[617be2ca0a6fd877]::panicking::default_hook::{closure#0}
[INFO] [stdout]    4:     0x596aa0957f59 - std[617be2ca0a6fd877]::panicking::default_hook
[INFO] [stdout]    5:     0x596aa08ed5e0 - test[aada8e7e76ba119b]::test_main_inner::{closure#0}
[INFO] [stdout]    6:     0x596aa0958112 - std[617be2ca0a6fd877]::panicking::panic_with_hook
[INFO] [stdout]    7:     0x596aa093ad92 - std[617be2ca0a6fd877]::panicking::panic_handler::{closure#0}
[INFO] [stdout]    8:     0x596aa09337f9 - std[617be2ca0a6fd877]::sys::backtrace::__rust_end_short_backtrace::<std[617be2ca0a6fd877]::panicking::panic_handler::{closure#0}, !>
[INFO] [stdout]    9:     0x596aa093b99d - __rustc[ea4f61d10b84890b]::rust_begin_unwind
[INFO] [stdout]   10:     0x596aa097538c - core[a373ad73a504971]::panicking::panic_fmt
[INFO] [stdout]   11:     0x596aa08dd2ba - dangle[49d02e2eba5c2694]::common::run
[INFO] [stdout]   12:     0x596aa08ce070 - dangle[49d02e2eba5c2694]::d
[INFO] [stdout]   13:     0x596aa08d03c9 - <dangle[49d02e2eba5c2694]::each_edge_is_rendered_once::{closure#0} as core[a373ad73a504971]::ops::function::FnOnce<()>>::call_once
[INFO] [stdout]   14:     0x596aa08e0a2b - test[aada8e7e76ba119b]::__rust_begin_short_backtrace::<core[a373ad73a504971]::result::Result<(), alloc[2e1b2a31b91974c5]::string::String>, fn() -> core[a373ad73a504971]::result::Result<(), alloc[2e1b2a31b91974c5]::string::String>>
[INFO] [stdout]   15:     0x596aa08edc05 - test[aada8e7e76ba119b]::run_test::{closure#0}
[INFO] [stdout]   16:     0x596aa08e74f4 - std[617be2ca0a6fd877]::sys::backtrace::__rust_begin_short_backtrace::<test[aada8e7e76ba119b]::run_test::{closure#1}, ()>
[INFO] [stdout]   17:     0x596aa08f0c92 - <std[617be2ca0a6fd877]::thread::lifecycle::spawn_unchecked<test[aada8e7e76ba119b]::run_test::{closure#1}, ()>::{closure#1} as core[a373ad73a504971]::ops::function::FnOnce<()>>::call_once::{shim:vtable#0}
[INFO] [stdout]   18:     0x596aa095f11f - <std[617be2ca0a6fd877]::sys::thread::unix::Thread>::new::thread_start
[INFO] [stdout]   19:     0x7e7cb12d4dfa - <unknown>
[INFO] [stdout]   20:     0x7e7cb13683d4 - clone
[INFO] [stdout]   21:                0x0 - <unknown>
[INFO] [stdout] 
[INFO] [stdout] ---- a_cycle_terminates stdout ----
[INFO] [stdout] 
[INFO] [stdout] thread 'a_cycle_terminates' (1164) panicked at tests/common/mod.rs:67:29:
[INFO] [stdout] spawning "/opt/rustwide/target/release/build/jsgn/b8551fa8fbc4a90f/out/jsgn": No such file or directory (os error 2)
[INFO] [stdout] stack backtrace:
[INFO] [stdout]    0:     0x596aa095fe01 - <<std[617be2ca0a6fd877]::sys::backtrace::BacktraceLock>::print::DisplayBacktrace as core[a373ad73a504971]::fmt::Display>::fmt
[INFO] [stdout]    1:     0x596aa0974c5a - core[a373ad73a504971]::fmt::write
[INFO] [stdout]    2:     0x596aa096408c - <alloc[2e1b2a31b91974c5]::vec::Vec<u8> as core[a373ad73a504971]::io::write::Write>::write_fmt
[INFO] [stdout]    3:     0x596aa093ace6 - std[617be2ca0a6fd877]::panicking::default_hook::{closure#0}
[INFO] [stdout]    4:     0x596aa0957f59 - std[617be2ca0a6fd877]::panicking::default_hook
[INFO] [stdout]    5:     0x596aa08ed5e0 - test[aada8e7e76ba119b]::test_main_inner::{closure#0}
[INFO] [stdout]    6:     0x596aa0958112 - std[617be2ca0a6fd877]::panicking::panic_with_hook
[INFO] [stdout]    7:     0x596aa093ad92 - std[617be2ca0a6fd877]::panicking::panic_handler::{closure#0}
[INFO] [stdout]    8:     0x596aa09337f9 - std[617be2ca0a6fd877]::sys::backtrace::__rust_end_short_backtrace::<std[617be2ca0a6fd877]::panicking::panic_handler::{closure#0}, !>
[INFO] [stdout]    9:     0x596aa093b99d - __rustc[ea4f61d10b84890b]::rust_begin_unwind
[INFO] [stdout]   10:     0x596aa097538c - core[a373ad73a504971]::panicking::panic_fmt
[INFO] [stdout]   11:     0x596aa08dd2ba - dangle[49d02e2eba5c2694]::common::run
[INFO] [stdout]   12:     0x596aa08ce070 - dangle[49d02e2eba5c2694]::d
[INFO] [stdout]   13:     0x596aa08ceda2 - <dangle[49d02e2eba5c2694]::a_cycle_terminates::{closure#0} as core[a373ad73a504971]::ops::function::FnOnce<()>>::call_once
[INFO] [stdout]   14:     0x596aa08e0a2b - test[aada8e7e76ba119b]::__rust_begin_short_backtrace::<core[a373ad73a504971]::result::Result<(), alloc[2e1b2a31b91974c5]::string::String>, fn() -> core[a373ad73a504971]::result::Result<(), alloc[2e1b2a31b91974c5]::string::String>>
[INFO] [stdout]   15:     0x596aa08edc05 - test[aada8e7e76ba119b]::run_test::{closure#0}
[INFO] [stdout]   16:     0x596aa08e74f4 - std[617be2ca0a6fd877]::sys::backtrace::__rust_begin_short_backtrace::<test[aada8e7e76ba119b]::run_test::{closure#1}, ()>
[INFO] [stdout]   17:     0x596aa08f0c92 - <std[617be2ca0a6fd877]::thread::lifecycle::spawn_unchecked<test[aada8e7e76ba119b]::run_test::{closure#1}, ()>::{closure#1} as core[a373ad73a504971]::ops::function::FnOnce<()>>::call_once::{shim:vtable#0}
[INFO] [stdout]   18:     0x596aa095f11f - <std[617be2ca0a6fd877]::sys::thread::unix::Thread>::new::thread_start
[INFO] [stdout]   19:     0x7e7cb12d4dfa - <unknown>
[INFO] [stdout]   20:     0x7e7cb13683d4 - clone
[INFO] [stdout]   21:                0x0 - <unknown>
[INFO] [stdout] 
[INFO] [stdout] ---- resolving_the_start_node stdout ----
[INFO] [stdout] 
[INFO] [stdout] thread 'resolving_the_start_node' (1179) panicked at tests/common/mod.rs:67:29:
[INFO] [stdout] spawning "/opt/rustwide/target/release/build/jsgn/b8551fa8fbc4a90f/out/jsgn": No such file or directory (os error 2)
[INFO] [stdout] stack backtrace:
[INFO] [stdout]    0:     0x596aa095fe01 - <<std[617be2ca0a6fd877]::sys::backtrace::BacktraceLock>::print::DisplayBacktrace as core[a373ad73a504971]::fmt::Display>::fmt
[INFO] [stdout]    1:     0x596aa0974c5a - core[a373ad73a504971]::fmt::write
[INFO] [stdout]    2:     0x596aa096408c - <alloc[2e1b2a31b91974c5]::vec::Vec<u8> as core[a373ad73a504971]::io::write::Write>::write_fmt
[INFO] [stdout]    3:     0x596aa093ace6 - std[617be2ca0a6fd877]::panicking::default_hook::{closure#0}
[INFO] [stdout]    4:     0x596aa0957f59 - std[617be2ca0a6fd877]::panicking::default_hook
[INFO] [stdout]    5:     0x596aa08ed5e0 - test[aada8e7e76ba119b]::test_main_inner::{closure#0}
[INFO] [stdout]    6:     0x596aa0958112 - std[617be2ca0a6fd877]::panicking::panic_with_hook
[INFO] [stdout]    7:     0x596aa093ad92 - std[617be2ca0a6fd877]::panicking::panic_handler::{closure#0}
[INFO] [stdout]    8:     0x596aa09337f9 - std[617be2ca0a6fd877]::sys::backtrace::__rust_end_short_backtrace::<std[617be2ca0a6fd877]::panicking::panic_handler::{closure#0}, !>
[INFO] [stdout]    9:     0x596aa093b99d - __rustc[ea4f61d10b84890b]::rust_begin_unwind
[INFO] [stdout]   10:     0x596aa097538c - core[a373ad73a504971]::panicking::panic_fmt
[INFO] [stdout]   11:     0x596aa08dd2ba - dangle[49d02e2eba5c2694]::common::run
[INFO] [stdout]   12:     0x596aa08ce070 - dangle[49d02e2eba5c2694]::d
[INFO] [stdout]   13:     0x596aa08d009f - <dangle[49d02e2eba5c2694]::resolving_the_start_node::{closure#0} as core[a373ad73a504971]::ops::function::FnOnce<()>>::call_once
[INFO] [stdout]   14:     0x596aa08e0a2b - test[aada8e7e76ba119b]::__rust_begin_short_backtrace::<core[a373ad73a504971]::result::Result<(), alloc[2e1b2a31b91974c5]::string::String>, fn() -> core[a373ad73a504971]::result::Result<(), alloc[2e1b2a31b91974c5]::string::String>>
[INFO] [stdout]   15:     0x596aa08edc05 - test[aada8e7e76ba119b]::run_test::{closure#0}
[INFO] [stdout]   16:     0x596aa08e74f4 - std[617be2ca0a6fd877]::sys::backtrace::__rust_begin_short_backtrace::<test[aada8e7e76ba119b]::run_test::{closure#1}, ()>
[INFO] [stdout]   17:     0x596aa08f0c92 - <std[617be2ca0a6fd877]::thread::lifecycle::spawn_unchecked<test[aada8e7e76ba119b]::run_test::{closure#1}, ()>::{closure#1} as core[a373ad73a504971]::ops::function::FnOnce<()>>::call_once::{shim:vtable#0}
[INFO] [stdout]   18:     0x596aa095f11f - <std[617be2ca0a6fd877]::sys::thread::unix::Thread>::new::thread_start
[INFO] [stdout]   19:     0x7e7cb12d4dfa - <unknown>
[INFO] [stdout]   20:     0x7e7cb13683d4 - clone
[INFO] [stdout]   21:                0x0 - <unknown>
[INFO] [stdout] 
[INFO] [stdout] ---- a_lone_object_is_shorthand_for_one_subject stdout ----
[INFO] [stdout] 
[INFO] [stdout] thread 'a_lone_object_is_shorthand_for_one_subject' (1167) panicked at tests/common/mod.rs:67:29:
[INFO] [stdout] spawning "/opt/rustwide/target/release/build/jsgn/b8551fa8fbc4a90f/out/jsgn": No such file or directory (os error 2)
[INFO] [stdout] stack backtrace:
[INFO] [stdout]    0:     0x596aa095fe01 - <<std[617be2ca0a6fd877]::sys::backtrace::BacktraceLock>::print::DisplayBacktrace as core[a373ad73a504971]::fmt::Display>::fmt
[INFO] [stdout]    1:     0x596aa0974c5a - core[a373ad73a504971]::fmt::write
[INFO] [stdout]    2:     0x596aa096408c - <alloc[2e1b2a31b91974c5]::vec::Vec<u8> as core[a373ad73a504971]::io::write::Write>::write_fmt
[INFO] [stdout]    3:     0x596aa093ace6 - std[617be2ca0a6fd877]::panicking::default_hook::{closure#0}
[INFO] [stdout]    4:     0x596aa0957f59 - std[617be2ca0a6fd877]::panicking::default_hook
[INFO] [stdout]    5:     0x596aa08ed5e0 - test[aada8e7e76ba119b]::test_main_inner::{closure#0}
[INFO] [stdout]    6:     0x596aa0958112 - std[617be2ca0a6fd877]::panicking::panic_with_hook
[INFO] [stdout]    7:     0x596aa093ad92 - std[617be2ca0a6fd877]::panicking::panic_handler::{closure#0}
[INFO] [stdout]    8:     0x596aa09337f9 - std[617be2ca0a6fd877]::sys::backtrace::__rust_end_short_backtrace::<std[617be2ca0a6fd877]::panicking::panic_handler::{closure#0}, !>
[INFO] [stdout]    9:     0x596aa093b99d - __rustc[ea4f61d10b84890b]::rust_begin_unwind
[INFO] [stdout]   10:     0x596aa097538c - core[a373ad73a504971]::panicking::panic_fmt
[INFO] [stdout]   11:     0x596aa08dd2ba - dangle[49d02e2eba5c2694]::common::run
[INFO] [stdout]   12:     0x596aa08dd9d4 - dangle[49d02e2eba5c2694]::common::flatten
[INFO] [stdout]   13:     0x596aa08d3b90 - <dangle[49d02e2eba5c2694]::a_lone_object_is_shorthand_for_one_subject::{closure#0} as core[a373ad73a504971]::ops::function::FnOnce<()>>::call_once
[INFO] [stdout]   14:     0x596aa08e0a2b - test[aada8e7e76ba119b]::__rust_begin_short_backtrace::<core[a373ad73a504971]::result::Result<(), alloc[2e1b2a31b91974c5]::string::String>, fn() -> core[a373ad73a504971]::result::Result<(), alloc[2e1b2a31b91974c5]::string::String>>
[INFO] [stdout]   15:     0x596aa08edc05 - test[aada8e7e76ba119b]::run_test::{closure#0}
[INFO] [stdout]   16:     0x596aa08e74f4 - std[617be2ca0a6fd877]::sys::backtrace::__rust_begin_short_backtrace::<test[aada8e7e76ba119b]::run_test::{closure#1}, ()>
[INFO] [stdout]   17:     0x596aa08f0c92 - <std[617be2ca0a6fd877]::thread::lifecycle::spawn_unchecked<test[aada8e7e76ba119b]::run_test::{closure#1}, ()>::{closure#1} as core[a373ad73a504971]::ops::function::FnOnce<()>>::call_once::{shim:vtable#0}
[INFO] [stdout]   18:     0x596aa095f11f - <std[617be2ca0a6fd877]::sys::thread::unix::Thread>::new::thread_start
[INFO] [stdout]   19:     0x7e7cb12d4dfa - <unknown>
[INFO] [stdout]   20:     0x7e7cb13683d4 - clone
[INFO] [stdout]   21:                0x0 - <unknown>
[INFO] [stdout] 
[INFO] [stdout] ---- a_repeat_is_a_reference stdout ----
[INFO] [stdout] 
[INFO] [stdout] thread 'a_repeat_is_a_reference' (1169) panicked at tests/common/mod.rs:67:29:
[INFO] [stdout] spawning "/opt/rustwide/target/release/build/jsgn/b8551fa8fbc4a90f/out/jsgn": No such file or directory (os error 2)
[INFO] [stdout] stack backtrace:
[INFO] [stdout]    0:     0x596aa095fe01 - <<std[617be2ca0a6fd877]::sys::backtrace::BacktraceLock>::print::DisplayBacktrace as core[a373ad73a504971]::fmt::Display>::fmt
[INFO] [stdout]    1:     0x596aa0974c5a - core[a373ad73a504971]::fmt::write
[INFO] [stdout]    2:     0x596aa096408c - <alloc[2e1b2a31b91974c5]::vec::Vec<u8> as core[a373ad73a504971]::io::write::Write>::write_fmt
[INFO] [stdout]    3:     0x596aa093ace6 - std[617be2ca0a6fd877]::panicking::default_hook::{closure#0}
[INFO] [stdout]    4:     0x596aa0957f59 - std[617be2ca0a6fd877]::panicking::default_hook
[INFO] [stdout]    5:     0x596aa08ed5e0 - test[aada8e7e76ba119b]::test_main_inner::{closure#0}
[INFO] [stdout]    6:     0x596aa0958112 - std[617be2ca0a6fd877]::panicking::panic_with_hook
[INFO] [stdout]    7:     0x596aa093ad92 - std[617be2ca0a6fd877]::panicking::panic_handler::{closure#0}
[INFO] [stdout]    8:     0x596aa09337f9 - std[617be2ca0a6fd877]::sys::backtrace::__rust_end_short_backtrace::<std[617be2ca0a6fd877]::panicking::panic_handler::{closure#0}, !>
[INFO] [stdout]    9:     0x596aa093b99d - __rustc[ea4f61d10b84890b]::rust_begin_unwind
[INFO] [stdout]   10:     0x596aa097538c - core[a373ad73a504971]::panicking::panic_fmt
[INFO] [stdout]   11:     0x596aa08dd2ba - dangle[49d02e2eba5c2694]::common::run
[INFO] [stdout]   12:     0x596aa08ce070 - dangle[49d02e2eba5c2694]::d
[INFO] [stdout]   13:     0x596aa08cf068 - <dangle[49d02e2eba5c2694]::a_repeat_is_a_reference::{closure#0} as core[a373ad73a504971]::ops::function::FnOnce<()>>::call_once
[INFO] [stdout]   14:     0x596aa08e0a2b - test[aada8e7e76ba119b]::__rust_begin_short_backtrace::<core[a373ad73a504971]::result::Result<(), alloc[2e1b2a31b91974c5]::string::String>, fn() -> core[a373ad73a504971]::result::Result<(), alloc[2e1b2a31b91974c5]::string::String>>
[INFO] [stdout]   15:     0x596aa08edc05 - test[aada8e7e76ba119b]::run_test::{closure#0}
[INFO] [stdout]   16:     0x596aa08e74f4 - std[617be2ca0a6fd877]::sys::backtrace::__rust_begin_short_backtrace::<test[aada8e7e76ba119b]::run_test::{closure#1}, ()>
[INFO] [stdout]   17:     0x596aa08f0c92 - <std[617be2ca0a6fd877]::thread::lifecycle::spawn_unchecked<test[aada8e7e76ba119b]::run_test::{closure#1}, ()>::{closure#1} as core[a373ad73a504971]::ops::function::FnOnce<()>>::call_once::{shim:vtable#0}
[INFO] [stdout]   18:     0x596aa095f11f - <std[617be2ca0a6fd877]::sys::thread::unix::Thread>::new::thread_start
[INFO] [stdout]   19:     0x7e7cb12d4dfa - <unknown>
[INFO] [stdout]   20:     0x7e7cb13683d4 - clone
[INFO] [stdout]   21:                0x0 - <unknown>
[INFO] [stdout] 
[INFO] [stdout] ---- a_disconnected_component_is_still_lost stdout ----
[INFO] [stdout] 
[INFO] [stdout] thread 'a_disconnected_component_is_still_lost' (1165) panicked at tests/common/mod.rs:67:29:
[INFO] [stdout] spawning "/opt/rustwide/target/release/build/jsgn/b8551fa8fbc4a90f/out/jsgn": No such file or directory (os error 2)
[INFO] [stdout] stack backtrace:
[INFO] [stdout]    0:     0x596aa095fe01 - <<std[617be2ca0a6fd877]::sys::backtrace::BacktraceLock>::print::DisplayBacktrace as core[a373ad73a504971]::fmt::Display>::fmt
[INFO] [stdout]    1:     0x596aa0974c5a - core[a373ad73a504971]::fmt::write
[INFO] [stdout]    2:     0x596aa096408c - <alloc[2e1b2a31b91974c5]::vec::Vec<u8> as core[a373ad73a504971]::io::write::Write>::write_fmt
[INFO] [stdout]    3:     0x596aa093ace6 - std[617be2ca0a6fd877]::panicking::default_hook::{closure#0}
[INFO] [stdout]    4:     0x596aa0957f59 - std[617be2ca0a6fd877]::panicking::default_hook
[INFO] [stdout]    5:     0x596aa08ed5e0 - test[aada8e7e76ba119b]::test_main_inner::{closure#0}
[INFO] [stdout]    6:     0x596aa0958112 - std[617be2ca0a6fd877]::panicking::panic_with_hook
[INFO] [stdout]    7:     0x596aa093ad92 - std[617be2ca0a6fd877]::panicking::panic_handler::{closure#0}
[INFO] [stdout]    8:     0x596aa09337f9 - std[617be2ca0a6fd877]::sys::backtrace::__rust_end_short_backtrace::<std[617be2ca0a6fd877]::panicking::panic_handler::{closure#0}, !>
[INFO] [stdout]    9:     0x596aa093b99d - __rustc[ea4f61d10b84890b]::rust_begin_unwind
[INFO] [stdout]   10:     0x596aa097538c - core[a373ad73a504971]::panicking::panic_fmt
[INFO] [stdout]   11:     0x596aa08dd2ba - dangle[49d02e2eba5c2694]::common::run
[INFO] [stdout]   12:     0x596aa08ce070 - dangle[49d02e2eba5c2694]::d
[INFO] [stdout]   13:     0x596aa08d3558 - <dangle[49d02e2eba5c2694]::a_disconnected_component_is_still_lost::{closure#0} as core[a373ad73a504971]::ops::function::FnOnce<()>>::call_once
[INFO] [stdout]   14:     0x596aa08e0a2b - test[aada8e7e76ba119b]::__rust_begin_short_backtrace::<core[a373ad73a504971]::result::Result<(), alloc[2e1b2a31b91974c5]::string::String>, fn() -> core[a373ad73a504971]::result::Result<(), alloc[2e1b2a31b91974c5]::string::String>>
[INFO] [stdout]   15:     0x596aa08edc05 - test[aada8e7e76ba119b]::run_test::{closure#0}
[INFO] [stdout]   16:     0x596aa08e74f4 - std[617be2ca0a6fd877]::sys::backtrace::__rust_begin_short_backtrace::<test[aada8e7e76ba119b]::run_test::{closure#1}, ()>
[INFO] [stdout]   17:     0x596aa08f0c92 - <std[617be2ca0a6fd877]::thread::lifecycle::spawn_unchecked<test[aada8e7e76ba119b]::run_test::{closure#1}, ()>::{closure#1} as core[a373ad73a504971]::ops::function::FnOnce<()>>::call_once::{shim:vtable#0}
[INFO] [stdout]   18:     0x596aa095f11f - <std[617be2ca0a6fd877]::sys::thread::unix::Thread>::new::thread_start
[INFO] [stdout]   19:     0x7e7cb12d4dfa - <unknown>
[INFO] [stdout]   20:     0x7e7cb13683d4 - clone
[INFO] [stdout]   21:                0x0 - <unknown>
[INFO] [stdout] 
[INFO] [stdout] ---- an_n_ary_edge_renders_from_any_of_its_members stdout ----
[INFO] [stdout] 
[INFO] [stdout] thread 'an_n_ary_edge_renders_from_any_of_its_members' (1175) panicked at tests/common/mod.rs:67:29:
[INFO] [stdout] spawning "/opt/rustwide/target/release/build/jsgn/b8551fa8fbc4a90f/out/jsgn": No such file or directory (os error 2)
[INFO] [stdout] stack backtrace:
[INFO] [stdout]    0:     0x596aa095fe01 - <<std[617be2ca0a6fd877]::sys::backtrace::BacktraceLock>::print::DisplayBacktrace as core[a373ad73a504971]::fmt::Display>::fmt
[INFO] [stdout]    1:     0x596aa0974c5a - core[a373ad73a504971]::fmt::write
[INFO] [stdout]    2:     0x596aa096408c - <alloc[2e1b2a31b91974c5]::vec::Vec<u8> as core[a373ad73a504971]::io::write::Write>::write_fmt
[INFO] [stdout]    3:     0x596aa093ace6 - std[617be2ca0a6fd877]::panicking::default_hook::{closure#0}
[INFO] [stdout]    4:     0x596aa0957f59 - std[617be2ca0a6fd877]::panicking::default_hook
[INFO] [stdout]    5:     0x596aa08ed5e0 - test[aada8e7e76ba119b]::test_main_inner::{closure#0}
[INFO] [stdout]    6:     0x596aa0958112 - std[617be2ca0a6fd877]::panicking::panic_with_hook
[INFO] [stdout]    7:     0x596aa093ad92 - std[617be2ca0a6fd877]::panicking::panic_handler::{closure#0}
[INFO] [stdout]    8:     0x596aa09337f9 - std[617be2ca0a6fd877]::sys::backtrace::__rust_end_short_backtrace::<std[617be2ca0a6fd877]::panicking::panic_handler::{closure#0}, !>
[INFO] [stdout]    9:     0x596aa093b99d - __rustc[ea4f61d10b84890b]::rust_begin_unwind
[INFO] [stdout]   10:     0x596aa097538c - core[a373ad73a504971]::panicking::panic_fmt
[INFO] [stdout]   11:     0x596aa08dd2ba - dangle[49d02e2eba5c2694]::common::run
[INFO] [stdout]   12:     0x596aa08ce070 - dangle[49d02e2eba5c2694]::d
[INFO] [stdout]   13:     0x596aa08d3cbe - <dangle[49d02e2eba5c2694]::an_n_ary_edge_renders_from_any_of_its_members::{closure#0} as core[a373ad73a504971]::ops::function::FnOnce<()>>::call_once
[INFO] [stdout]   14:     0x596aa08e0a2b - test[aada8e7e76ba119b]::__rust_begin_short_backtrace::<core[a373ad73a504971]::result::Result<(), alloc[2e1b2a31b91974c5]::string::String>, fn() -> core[a373ad73a504971]::result::Result<(), alloc[2e1b2a31b91974c5]::string::String>>
[INFO] [stdout]   15:     0x596aa08edc05 - test[aada8e7e76ba119b]::run_test::{closure#0}
[INFO] [stdout]   16:     0x596aa08e74f4 - std[617be2ca0a6fd877]::sys::backtrace::__rust_begin_short_backtrace::<test[aada8e7e76ba119b]::run_test::{closure#1}, ()>
[INFO] [stdout]   17:     0x596aa08f0c92 - <std[617be2ca0a6fd877]::thread::lifecycle::spawn_unchecked<test[aada8e7e76ba119b]::run_test::{closure#1}, ()>::{closure#1} as core[a373ad73a504971]::ops::function::FnOnce<()>>::call_once::{shim:vtable#0}
[INFO] [stdout]   18:     0x596aa095f11f - <std[617be2ca0a6fd877]::sys::thread::unix::Thread>::new::thread_start
[INFO] [stdout]   19:     0x7e7cb12d4dfa - <unknown>
[INFO] [stdout]   20:     0x7e7cb13683d4 - clone
[INFO] [stdout]   21:                0x0 - <unknown>
[INFO] [stdout] 
[INFO] [stdout] ---- an_anonymous_node_reached_through_a_compound_stub_is_named stdout ----
[INFO] [stdout] 
[INFO] [stdout] thread 'an_anonymous_node_reached_through_a_compound_stub_is_named' (1172) panicked at tests/common/mod.rs:67:29:
[INFO] [stdout] spawning "/opt/rustwide/target/release/build/jsgn/b8551fa8fbc4a90f/out/jsgn": No such file or directory (os error 2)
[INFO] [stdout] stack backtrace:
[INFO] [stdout]    0:     0x596aa095fe01 - <<std[617be2ca0a6fd877]::sys::backtrace::BacktraceLock>::print::DisplayBacktrace as core[a373ad73a504971]::fmt::Display>::fmt
[INFO] [stdout]    1:     0x596aa0974c5a - core[a373ad73a504971]::fmt::write
[INFO] [stdout]    2:     0x596aa096408c - <alloc[2e1b2a31b91974c5]::vec::Vec<u8> as core[a373ad73a504971]::io::write::Write>::write_fmt
[INFO] [stdout]    3:     0x596aa093ace6 - std[617be2ca0a6fd877]::panicking::default_hook::{closure#0}
[INFO] [stdout]    4:     0x596aa0957f59 - std[617be2ca0a6fd877]::panicking::default_hook
[INFO] [stdout]    5:     0x596aa08ed5e0 - test[aada8e7e76ba119b]::test_main_inner::{closure#0}
[INFO] [stdout]    6:     0x596aa0958112 - std[617be2ca0a6fd877]::panicking::panic_with_hook
[INFO] [stdout]    7:     0x596aa093ad92 - std[617be2ca0a6fd877]::panicking::panic_handler::{closure#0}
[INFO] [stdout]    8:     0x596aa09337f9 - std[617be2ca0a6fd877]::sys::backtrace::__rust_end_short_backtrace::<std[617be2ca0a6fd877]::panicking::panic_handler::{closure#0}, !>
[INFO] [stdout]    9:     0x596aa093b99d - __rustc[ea4f61d10b84890b]::rust_begin_unwind
[INFO] [stdout]   10:     0x596aa097538c - core[a373ad73a504971]::panicking::panic_fmt
[INFO] [stdout]   11:     0x596aa08dd2ba - dangle[49d02e2eba5c2694]::common::run
[INFO] [stdout]   12:     0x596aa08ce070 - dangle[49d02e2eba5c2694]::d
[INFO] [stdout]   13:     0x596aa08d8193 - <dangle[49d02e2eba5c2694]::an_anonymous_node_reached_through_a_compound_stub_is_named::{closure#0} as core[a373ad73a504971]::ops::function::FnOnce<()>>::call_once
[INFO] [stdout]   14:     0x596aa08e0a2b - test[aada8e7e76ba119b]::__rust_begin_short_backtrace::<core[a373ad73a504971]::result::Result<(), alloc[2e1b2a31b91974c5]::string::String>, fn() -> core[a373ad73a504971]::result::Result<(), alloc[2e1b2a31b91974c5]::string::String>>
[INFO] [stdout]   15:     0x596aa08edc05 - test[aada8e7e76ba119b]::run_test::{closure#0}
[INFO] [stdout]   16:     0x596aa08e74f4 - std[617be2ca0a6fd877]::sys::backtrace::__rust_begin_short_backtrace::<test[aada8e7e76ba119b]::run_test::{closure#1}, ()>
[INFO] [stdout]   17:     0x596aa08f0c92 - <std[617be2ca0a6fd877]::thread::lifecycle::spawn_unchecked<test[aada8e7e76ba119b]::run_test::{closure#1}, ()>::{closure#1} as core[a373ad73a504971]::ops::function::FnOnce<()>>::call_once::{shim:vtable#0}
[INFO] [stdout]   18:     0x596aa095f11f - <std[617be2ca0a6fd877]::sys::thread::unix::Thread>::new::thread_start
[INFO] [stdout]   19:     0x7e7cb12d4dfa - <unknown>
[INFO] [stdout]   20:     0x7e7cb13683d4 - clone
[INFO] [stdout]   21:                0x0 - <unknown>
[INFO] [stdout] 
[INFO] [stdout] ---- an_identified_graph_round_trips_from_every_node stdout ----
[INFO] [stdout] 
[INFO] [stdout] thread 'an_identified_graph_round_trips_from_every_node' (1173) panicked at tests/common/mod.rs:67:29:
[INFO] [stdout] spawning "/opt/rustwide/target/release/build/jsgn/b8551fa8fbc4a90f/out/jsgn": No such file or directory (os error 2)
[INFO] [stdout] stack backtrace:
[INFO] [stdout]    0:     0x596aa095fe01 - <<std[617be2ca0a6fd877]::sys::backtrace::BacktraceLock>::print::DisplayBacktrace as core[a373ad73a504971]::fmt::Display>::fmt
[INFO] [stdout]    1:     0x596aa0974c5a - core[a373ad73a504971]::fmt::write
[INFO] [stdout]    2:     0x596aa096408c - <alloc[2e1b2a31b91974c5]::vec::Vec<u8> as core[a373ad73a504971]::io::write::Write>::write_fmt
[INFO] [stdout]    3:     0x596aa093ace6 - std[617be2ca0a6fd877]::panicking::default_hook::{closure#0}
[INFO] [stdout]    4:     0x596aa0957f59 - std[617be2ca0a6fd877]::panicking::default_hook
[INFO] [stdout]    5:     0x596aa08ed5e0 - test[aada8e7e76ba119b]::test_main_inner::{closure#0}
[INFO] [stdout]    6:     0x596aa0958112 - std[617be2ca0a6fd877]::panicking::panic_with_hook
[INFO] [stdout]    7:     0x596aa093ad92 - std[617be2ca0a6fd877]::panicking::panic_handler::{closure#0}
[INFO] [stdout]    8:     0x596aa09337f9 - std[617be2ca0a6fd877]::sys::backtrace::__rust_end_short_backtrace::<std[617be2ca0a6fd877]::panicking::panic_handler::{closure#0}, !>
[INFO] [stdout]    9:     0x596aa093b99d - __rustc[ea4f61d10b84890b]::rust_begin_unwind
[INFO] [stdout]   10:     0x596aa097538c - core[a373ad73a504971]::panicking::panic_fmt
[INFO] [stdout]   11:     0x596aa08dd2ba - dangle[49d02e2eba5c2694]::common::run
[INFO] [stdout]   12:     0x596aa08d6e03 - <dangle[49d02e2eba5c2694]::an_identified_graph_round_trips_from_every_node::{closure#0} as core[a373ad73a504971]::ops::function::FnOnce<()>>::call_once
[INFO] [stdout]   13:     0x596aa08e0a2b - test[aada8e7e76ba119b]::__rust_begin_short_backtrace::<core[a373ad73a504971]::result::Result<(), alloc[2e1b2a31b91974c5]::string::String>, fn() -> core[a373ad73a504971]::result::Result<(), alloc[2e1b2a31b91974c5]::string::String>>
[INFO] [stdout]   14:     0x596aa08edc05 - test[aada8e7e76ba119b]::run_test::{closure#0}
[INFO] [stdout]   15:     0x596aa08e74f4 - std[617be2ca0a6fd877]::sys::backtrace::__rust_begin_short_backtrace::<test[aada8e7e76ba119b]::run_test::{closure#1}, ()>
[INFO] [stdout]   16:     0x596aa08f0c92 - <std[617be2ca0a6fd877]::thread::lifecycle::spawn_unchecked<test[aada8e7e76ba119b]::run_test::{closure#1}, ()>::{closure#1} as core[a373ad73a504971]::ops::function::FnOnce<()>>::call_once::{shim:vtable#0}
[INFO] [stdout]   17:     0x596aa095f11f - <std[617be2ca0a6fd877]::sys::thread::unix::Thread>::new::thread_start
[INFO] [stdout]   18:     0x7e7cb12d4dfa - <unknown>
[INFO] [stdout]   19:     0x7e7cb13683d4 - clone
[INFO] [stdout]   20:                0x0 - <unknown>
[INFO] [stdout] 
[INFO] [stdout] ---- an_inverse_field_is_always_an_array stdout ----
[INFO] [stdout] 
[INFO] [stdout] thread 'an_inverse_field_is_always_an_array' (1174) panicked at tests/common/mod.rs:67:29:
[INFO] [stdout] spawning "/opt/rustwide/target/release/build/jsgn/b8551fa8fbc4a90f/out/jsgn": No such file or directory (os error 2)
[INFO] [stdout] stack backtrace:
[INFO] [stdout]    0:     0x596aa095fe01 - <<std[617be2ca0a6fd877]::sys::backtrace::BacktraceLock>::print::DisplayBacktrace as core[a373ad73a504971]::fmt::Display>::fmt
[INFO] [stdout]    1:     0x596aa0974c5a - core[a373ad73a504971]::fmt::write
[INFO] [stdout]    2:     0x596aa096408c - <alloc[2e1b2a31b91974c5]::vec::Vec<u8> as core[a373ad73a504971]::io::write::Write>::write_fmt
[INFO] [stdout]    3:     0x596aa093ace6 - std[617be2ca0a6fd877]::panicking::default_hook::{closure#0}
[INFO] [stdout]    4:     0x596aa0957f59 - std[617be2ca0a6fd877]::panicking::default_hook
[INFO] [stdout]    5:     0x596aa08ed5e0 - test[aada8e7e76ba119b]::test_main_inner::{closure#0}
[INFO] [stdout]    6:     0x596aa0958112 - std[617be2ca0a6fd877]::panicking::panic_with_hook
[INFO] [stdout]    7:     0x596aa093ad92 - std[617be2ca0a6fd877]::panicking::panic_handler::{closure#0}
[INFO] [stdout]    8:     0x596aa09337f9 - std[617be2ca0a6fd877]::sys::backtrace::__rust_end_short_backtrace::<std[617be2ca0a6fd877]::panicking::panic_handler::{closure#0}, !>
[INFO] [stdout]    9:     0x596aa093b99d - __rustc[ea4f61d10b84890b]::rust_begin_unwind
[INFO] [stdout]   10:     0x596aa097538c - core[a373ad73a504971]::panicking::panic_fmt
[INFO] [stdout]   11:     0x596aa08dd2ba - dangle[49d02e2eba5c2694]::common::run
[INFO] [stdout]   12:     0x596aa08ce070 - dangle[49d02e2eba5c2694]::d
[INFO] [stdout]   13:     0x596aa08d2919 - <dangle[49d02e2eba5c2694]::an_inverse_field_is_always_an_array::{closure#0} as core[a373ad73a504971]::ops::function::FnOnce<()>>::call_once
[INFO] [stdout]   14:     0x596aa08e0a2b - test[aada8e7e76ba119b]::__rust_begin_short_backtrace::<core[a373ad73a504971]::result::Result<(), alloc[2e1b2a31b91974c5]::string::String>, fn() -> core[a373ad73a504971]::result::Result<(), alloc[2e1b2a31b91974c5]::string::String>>
[INFO] [stdout]   15:     0x596aa08edc05 - test[aada8e7e76ba119b]::run_test::{closure#0}
[INFO] [stdout]   16:     0x596aa08e74f4 - std[617be2ca0a6fd877]::sys::backtrace::__rust_begin_short_backtrace::<test[aada8e7e76ba119b]::run_test::{closure#1}, ()>
[INFO] [stdout]   17:     0x596aa08f0c92 - <std[617be2ca0a6fd877]::thread::lifecycle::spawn_unchecked<test[aada8e7e76ba119b]::run_test::{closure#1}, ()>::{closure#1} as core[a373ad73a504971]::ops::function::FnOnce<()>>::call_once::{shim:vtable#0}
[INFO] [stdout]   18:     0x596aa095f11f - <std[617be2ca0a6fd877]::sys::thread::unix::Thread>::new::thread_start
[INFO] [stdout]   19:     0x7e7cb12d4dfa - <unknown>
[INFO] [stdout]   20:     0x7e7cb13683d4 - clone
[INFO] [stdout]   21:                0x0 - <unknown>
[INFO] [stdout] 
[INFO] [stdout] ---- multi_valued_inverses_round_trip stdout ----
[INFO] [stdout] 
[INFO] [stdout] thread 'multi_valued_inverses_round_trip' (1178) panicked at tests/common/mod.rs:67:29:
[INFO] [stdout] spawning "/opt/rustwide/target/release/build/jsgn/b8551fa8fbc4a90f/out/jsgn": No such file or directory (os error 2)
[INFO] [stdout] stack backtrace:
[INFO] [stdout]    0:     0x596aa095fe01 - <<std[617be2ca0a6fd877]::sys::backtrace::BacktraceLock>::print::DisplayBacktrace as core[a373ad73a504971]::fmt::Display>::fmt
[INFO] [stdout]    1:     0x596aa0974c5a - core[a373ad73a504971]::fmt::write
[INFO] [stdout]    2:     0x596aa096408c - <alloc[2e1b2a31b91974c5]::vec::Vec<u8> as core[a373ad73a504971]::io::write::Write>::write_fmt
[INFO] [stdout]    3:     0x596aa093ace6 - std[617be2ca0a6fd877]::panicking::default_hook::{closure#0}
[INFO] [stdout]    4:     0x596aa0957f59 - std[617be2ca0a6fd877]::panicking::default_hook
[INFO] [stdout]    5:     0x596aa08ed5e0 - test[aada8e7e76ba119b]::test_main_inner::{closure#0}
[INFO] [stdout]    6:     0x596aa0958112 - std[617be2ca0a6fd877]::panicking::panic_with_hook
[INFO] [stdout]    7:     0x596aa093ad92 - std[617be2ca0a6fd877]::panicking::panic_handler::{closure#0}
[INFO] [stdout]    8:     0x596aa09337f9 - std[617be2ca0a6fd877]::sys::backtrace::__rust_end_short_backtrace::<std[617be2ca0a6fd877]::panicking::panic_handler::{closure#0}, !>
[INFO] [stdout]    9:     0x596aa093b99d - __rustc[ea4f61d10b84890b]::rust_begin_unwind
[INFO] [stdout]   10:     0x596aa097538c - core[a373ad73a504971]::panicking::panic_fmt
[INFO] [stdout]   11:     0x596aa08dd2ba - dangle[49d02e2eba5c2694]::common::run
[INFO] [stdout]   12:     0x596aa08ce070 - dangle[49d02e2eba5c2694]::d
[INFO] [stdout]   13:     0x596aa08d0979 - <dangle[49d02e2eba5c2694]::multi_valued_inverses_round_trip::{closure#0} as core[a373ad73a504971]::ops::function::FnOnce<()>>::call_once
[INFO] [stdout]   14:     0x596aa08e0a2b - test[aada8e7e76ba119b]::__rust_begin_short_backtrace::<core[a373ad73a504971]::result::Result<(), alloc[2e1b2a31b91974c5]::string::String>, fn() -> core[a373ad73a504971]::result::Result<(), alloc[2e1b2a31b91974c5]::string::String>>
[INFO] [stdout]   15:     0x596aa08edc05 - test[aada8e7e76ba119b]::run_test::{closure#0}
[INFO] [stdout]   16:     0x596aa08e74f4 - std[617be2ca0a6fd877]::sys::backtrace::__rust_begin_short_backtrace::<test[aada8e7e76ba119b]::run_test::{closure#1}, ()>
[INFO] [stdout]   17:     0x596aa08f0c92 - <std[617be2ca0a6fd877]::thread::lifecycle::spawn_unchecked<test[aada8e7e76ba119b]::run_test::{closure#1}, ()>::{closure#1} as core[a373ad73a504971]::ops::function::FnOnce<()>>::call_once::{shim:vtable#0}
[INFO] [stdout]   18:     0x596aa095f11f - <std[617be2ca0a6fd877]::sys::thread::unix::Thread>::new::thread_start
[INFO] [stdout]   19:     0x7e7cb12d4dfa - <unknown>
[INFO] [stdout]   20:     0x7e7cb13683d4 - clone
[INFO] [stdout]   21:                0x0 - <unknown>
[INFO] [stdout] 
[INFO] [stdout] ---- compound_identities_render_their_fields stdout ----
[INFO] [stdout] 
[INFO] [stdout] thread 'compound_identities_render_their_fields' (1176) panicked at tests/common/mod.rs:67:29:
[INFO] [stdout] spawning "/opt/rustwide/target/release/build/jsgn/b8551fa8fbc4a90f/out/jsgn": No such file or directory (os error 2)
[INFO] [stdout] stack backtrace:
[INFO] [stdout]    0:     0x596aa095fe01 - <<std[617be2ca0a6fd877]::sys::backtrace::BacktraceLock>::print::DisplayBacktrace as core[a373ad73a504971]::fmt::Display>::fmt
[INFO] [stdout]    1:     0x596aa0974c5a - core[a373ad73a504971]::fmt::write
[INFO] [stdout]    2:     0x596aa096408c - <alloc[2e1b2a31b91974c5]::vec::Vec<u8> as core[a373ad73a504971]::io::write::Write>::write_fmt
[INFO] [stdout]    3:     0x596aa093ace6 - std[617be2ca0a6fd877]::panicking::default_hook::{closure#0}
[INFO] [stdout]    4:     0x596aa0957f59 - std[617be2ca0a6fd877]::panicking::default_hook
[INFO] [stdout]    5:     0x596aa08ed5e0 - test[aada8e7e76ba119b]::test_main_inner::{closure#0}
[INFO] [stdout]    6:     0x596aa0958112 - std[617be2ca0a6fd877]::panicking::panic_with_hook
[INFO] [stdout]    7:     0x596aa093ad92 - std[617be2ca0a6fd877]::panicking::panic_handler::{closure#0}
[INFO] [stdout]    8:     0x596aa09337f9 - std[617be2ca0a6fd877]::sys::backtrace::__rust_end_short_backtrace::<std[617be2ca0a6fd877]::panicking::panic_handler::{closure#0}, !>
[INFO] [stdout]    9:     0x596aa093b99d - __rustc[ea4f61d10b84890b]::rust_begin_unwind
[INFO] [stdout]   10:     0x596aa097538c - core[a373ad73a504971]::panicking::panic_fmt
[INFO] [stdout]   11:     0x596aa08dd2ba - dangle[49d02e2eba5c2694]::common::run
[INFO] [stdout]   12:     0x596aa08ce070 - dangle[49d02e2eba5c2694]::d
[INFO] [stdout]   13:     0x596aa08d39b7 - <dangle[49d02e2eba5c2694]::compound_identities_render_their_fields::{closure#0} as core[a373ad73a504971]::ops::function::FnOnce<()>>::call_once
[INFO] [stdout]   14:     0x596aa08e0a2b - test[aada8e7e76ba119b]::__rust_begin_short_backtrace::<core[a373ad73a504971]::result::Result<(), alloc[2e1b2a31b91974c5]::string::String>, fn() -> core[a373ad73a504971]::result::Result<(), alloc[2e1b2a31b91974c5]::string::String>>
[INFO] [stdout]   15:     0x596aa08edc05 - test[aada8e7e76ba119b]::run_test::{closure#0}
[INFO] [stdout]   16:     0x596aa08e74f4 - std[617be2ca0a6fd877]::sys::backtrace::__rust_begin_short_backtrace::<test[aada8e7e76ba119b]::run_test::{closure#1}, ()>
[INFO] [stdout]   17:     0x596aa08f0c92 - <std[617be2ca0a6fd877]::thread::lifecycle::spawn_unchecked<test[aada8e7e76ba119b]::run_test::{closure#1}, ()>::{closure#1} as core[a373ad73a504971]::ops::function::FnOnce<()>>::call_once::{shim:vtable#0}
[INFO] [stdout]   18:     0x596aa095f11f - <std[617be2ca0a6fd877]::sys::thread::unix::Thread>::new::thread_start
[INFO] [stdout]   19:     0x7e7cb12d4dfa - <unknown>
[INFO] [stdout]   20:     0x7e7cb13683d4 - clone
[INFO] [stdout]   21:                0x0 - <unknown>
[INFO] [stdout] 
[INFO] [stdout] ---- a_node_with_two_edges_of_one_name_renders_both stdout ----
[INFO] [stdout] 
[INFO] [stdout] thread 'a_node_with_two_edges_of_one_name_renders_both' (1168) panicked at tests/common/mod.rs:67:29:
[INFO] [stdout] spawning "/opt/rustwide/target/release/build/jsgn/b8551fa8fbc4a90f/out/jsgn": No such file or directory (os error 2)
[INFO] [stdout] stack backtrace:
[INFO] [stdout]    0:     0x596aa095fe01 - <<std[617be2ca0a6fd877]::sys::backtrace::BacktraceLock>::print::DisplayBacktrace as core[a373ad73a504971]::fmt::Display>::fmt
[INFO] [stdout]    1:     0x596aa0974c5a - core[a373ad73a504971]::fmt::write
[INFO] [stdout]    2:     0x596aa096408c - <alloc[2e1b2a31b91974c5]::vec::Vec<u8> as core[a373ad73a504971]::io::write::Write>::write_fmt
[INFO] [stdout]    3:     0x596aa093ace6 - std[617be2ca0a6fd877]::panicking::default_hook::{closure#0}
[INFO] [stdout]    4:     0x596aa0957f59 - std[617be2ca0a6fd877]::panicking::default_hook
[INFO] [stdout]    5:     0x596aa08ed5e0 - test[aada8e7e76ba119b]::test_main_inner::{closure#0}
[INFO] [stdout]    6:     0x596aa0958112 - std[617be2ca0a6fd877]::panicking::panic_with_hook
[INFO] [stdout]    7:     0x596aa093ad92 - std[617be2ca0a6fd877]::panicking::panic_handler::{closure#0}
[INFO] [stdout]    8:     0x596aa09337f9 - std[617be2ca0a6fd877]::sys::backtrace::__rust_end_short_backtrace::<std[617be2ca0a6fd877]::panicking::panic_handler::{closure#0}, !>
[INFO] [stdout]    9:     0x596aa093b99d - __rustc[ea4f61d10b84890b]::rust_begin_unwind
[INFO] [stdout]   10:     0x596aa097538c - core[a373ad73a504971]::panicking::panic_fmt
[INFO] [stdout]   11:     0x596aa08dd2ba - dangle[49d02e2eba5c2694]::common::run
[INFO] [stdout]   12:     0x596aa08ce070 - dangle[49d02e2eba5c2694]::d
[INFO] [stdout]   13:     0x596aa08d5e27 - <dangle[49d02e2eba5c2694]::a_node_with_two_edges_of_one_name_renders_both::{closure#0} as core[a373ad73a504971]::ops::function::FnOnce<()>>::call_once
[INFO] [stdout]   14:     0x596aa08e0a2b - test[aada8e7e76ba119b]::__rust_begin_short_backtrace::<core[a373ad73a504971]::result::Result<(), alloc[2e1b2a31b91974c5]::string::String>, fn() -> core[a373ad73a504971]::result::Result<(), alloc[2e1b2a31b91974c5]::string::String>>
[INFO] [stdout]   15:     0x596aa08edc05 - test[aada8e7e76ba119b]::run_test::{closure#0}
[INFO] [stdout]   16:     0x596aa08e74f4 - std[617be2ca0a6fd877]::sys::backtrace::__rust_begin_short_backtrace::<test[aada8e7e76ba119b]::run_test::{closure#1}, ()>
[INFO] [stdout]   17:     0x596aa08f0c92 - <std[617be2ca0a6fd877]::thread::lifecycle::spawn_unchecked<test[aada8e7e76ba119b]::run_test::{closure#1}, ()>::{closure#1} as core[a373ad73a504971]::ops::function::FnOnce<()>>::call_once::{shim:vtable#0}
[INFO] [stdout]   18:     0x596aa095f11f - <std[617be2ca0a6fd877]::sys::thread::unix::Thread>::new::thread_start
[INFO] [stdout]   19:     0x7e7cb12d4dfa - <unknown>
[INFO] [stdout]   20:     0x7e7cb13683d4 - clone
[INFO] [stdout]   21:                0x0 - <unknown>
[INFO] [stdout] 
[INFO] [stdout] ---- a_stub_keeps_its_scalars_and_drops_its_references stdout ----
[INFO] [stdout] 
[INFO] [stdout] thread 'a_stub_keeps_its_scalars_and_drops_its_references' (1170) panicked at tests/common/mod.rs:67:29:
[INFO] [stdout] spawning "/opt/rustwide/target/release/build/jsgn/b8551fa8fbc4a90f/out/jsgn": No such file or directory (os error 2)
[INFO] [stdout] stack backtrace:
[INFO] [stdout]    0:     0x596aa095fe01 - <<std[617be2ca0a6fd877]::sys::backtrace::BacktraceLock>::print::DisplayBacktrace as core[a373ad73a504971]::fmt::Display>::fmt
[INFO] [stdout]    1:     0x596aa0974c5a - core[a373ad73a504971]::fmt::write
[INFO] [stdout]    2:     0x596aa096408c - <alloc[2e1b2a31b91974c5]::vec::Vec<u8> as core[a373ad73a504971]::io::write::Write>::write_fmt
[INFO] [stdout]    3:     0x596aa093ace6 - std[617be2ca0a6fd877]::panicking::default_hook::{closure#0}
[INFO] [stdout]    4:     0x596aa0957f59 - std[617be2ca0a6fd877]::panicking::default_hook
[INFO] [stdout]    5:     0x596aa08ed5e0 - test[aada8e7e76ba119b]::test_main_inner::{closure#0}
[INFO] [stdout]    6:     0x596aa0958112 - std[617be2ca0a6fd877]::panicking::panic_with_hook
[INFO] [stdout]    7:     0x596aa093ad92 - std[617be2ca0a6fd877]::panicking::panic_handler::{closure#0}
[INFO] [stdout]    8:     0x596aa09337f9 - std[617be2ca0a6fd877]::sys::backtrace::__rust_end_short_backtrace::<std[617be2ca0a6fd877]::panicking::panic_handler::{closure#0}, !>
[INFO] [stdout]    9:     0x596aa093b99d - __rustc[ea4f61d10b84890b]::rust_begin_unwind
[INFO] [stdout]   10:     0x596aa097538c - core[a373ad73a504971]::panicking::panic_fmt
[INFO] [stdout]   11:     0x596aa08dd2ba - dangle[49d02e2eba5c2694]::common::run
[INFO] [stdout]   12:     0x596aa08ce070 - dangle[49d02e2eba5c2694]::d
[INFO] [stdout]   13:     0x596aa08d745c - <dangle[49d02e2eba5c2694]::a_stub_keeps_its_scalars_and_drops_its_references::{closure#0} as core[a373ad73a504971]::ops::function::FnOnce<()>>::call_once
[INFO] [stdout]   14:     0x596aa08e0a2b - test[aada8e7e76ba119b]::__rust_begin_short_backtrace::<core[a373ad73a504971]::result::Result<(), alloc[2e1b2a31b91974c5]::string::String>, fn() -> core[a373ad73a504971]::result::Result<(), alloc[2e1b2a31b91974c5]::string::String>>
[INFO] [stdout]   15:     0x596aa08edc05 - test[aada8e7e76ba119b]::run_test::{closure#0}
[INFO] [stdout]   16:     0x596aa08e74f4 - std[617be2ca0a6fd877]::sys::backtrace::__rust_begin_short_backtrace::<test[aada8e7e76ba119b]::run_test::{closure#1}, ()>
[INFO] [stdout]   17:     0x596aa08f0c92 - <std[617be2ca0a6fd877]::thread::lifecycle::spawn_unchecked<test[aada8e7e76ba119b]::run_test::{closure#1}, ()>::{closure#1} as core[a373ad73a504971]::ops::function::FnOnce<()>>::call_once::{shim:vtable#0}
[INFO] [stdout]   18:     0x596aa095f11f - <std[617be2ca0a6fd877]::sys::thread::unix::Thread>::new::thread_start
[INFO] [stdout]   19:     0x7e7cb12d4dfa - <unknown>
[INFO] [stdout]   20:     0x7e7cb13683d4 - clone
[INFO] [stdout]   21:                0x0 - <unknown>
[INFO] [stdout] 
[INFO] [stdout] ---- an_anonymous_graph_round_trips_from_every_node stdout ----
[INFO] [stdout] 
[INFO] [stdout] thread 'an_anonymous_graph_round_trips_from_every_node' (1171) panicked at tests/common/mod.rs:67:29:
[INFO] [stdout] spawning "/opt/rustwide/target/release/build/jsgn/b8551fa8fbc4a90f/out/jsgn": No such file or directory (os error 2)
[INFO] [stdout] stack backtrace:
[INFO] [stdout]    0:     0x596aa095fe01 - <<std[617be2ca0a6fd877]::sys::backtrace::BacktraceLock>::print::DisplayBacktrace as core[a373ad73a504971]::fmt::Display>::fmt
[INFO] [stdout]    1:     0x596aa0974c5a - core[a373ad73a504971]::fmt::write
[INFO] [stdout]    2:     0x596aa096408c - <alloc[2e1b2a31b91974c5]::vec::Vec<u8> as core[a373ad73a504971]::io::write::Write>::write_fmt
[INFO] [stdout]    3:     0x596aa093ace6 - std[617be2ca0a6fd877]::panicking::default_hook::{closure#0}
[INFO] [stdout]    4:     0x596aa0957f59 - std[617be2ca0a6fd877]::panicking::default_hook
[INFO] [stdout]    5:     0x596aa08ed5e0 - test[aada8e7e76ba119b]::test_main_inner::{closure#0}
[INFO] [stdout]    6:     0x596aa0958112 - std[617be2ca0a6fd877]::panicking::panic_with_hook
[INFO] [stdout]    7:     0x596aa093ad92 - std[617be2ca0a6fd877]::panicking::panic_handler::{closure#0}
[INFO] [stdout]    8:     0x596aa09337f9 - std[617be2ca0a6fd877]::sys::backtrace::__rust_end_short_backtrace::<std[617be2ca0a6fd877]::panicking::panic_handler::{closure#0}, !>
[INFO] [stdout]    9:     0x596aa093b99d - __rustc[ea4f61d10b84890b]::rust_begin_unwind
[INFO] [stdout]   10:     0x596aa097538c - core[a373ad73a504971]::panicking::panic_fmt
[INFO] [stdout]   11:     0x596aa08dd2ba - dangle[49d02e2eba5c2694]::common::run
[INFO] [stdout]   12:     0x596aa08d65c7 - <dangle[49d02e2eba5c2694]::an_anonymous_graph_round_trips_from_every_node::{closure#0} as core[a373ad73a504971]::ops::function::FnOnce<()>>::call_once
[INFO] [stdout]   13:     0x596aa08e0a2b - test[aada8e7e76ba119b]::__rust_begin_short_backtrace::<core[a373ad73a504971]::result::Result<(), alloc[2e1b2a31b91974c5]::string::String>, fn() -> core[a373ad73a504971]::result::Result<(), alloc[2e1b2a31b91974c5]::string::String>>
[INFO] [stdout]   14:     0x596aa08edc05 - test[aada8e7e76ba119b]::run_test::{closure#0}
[INFO] [stdout]   15:     0x596aa08e74f4 - std[617be2ca0a6fd877]::sys::backtrace::__rust_begin_short_backtrace::<test[aada8e7e76ba119b]::run_test::{closure#1}, ()>
[INFO] [stdout]   16:     0x596aa08f0c92 - <std[617be2ca0a6fd877]::thread::lifecycle::spawn_unchecked<test[aada8e7e76ba119b]::run_test::{closure#1}, ()>::{closure#1} as core[a373ad73a504971]::ops::function::FnOnce<()>>::call_once::{shim:vtable#0}
[INFO] [stdout]   17:     0x596aa095f11f - <std[617be2ca0a6fd877]::sys::thread::unix::Thread>::new::thread_start
[INFO] [stdout]   18:     0x7e7cb12d4dfa - <unknown>
[INFO] [stdout]   19:     0x7e7cb13683d4 - clone
[INFO] [stdout]   20:                0x0 - <unknown>
[INFO] [stdout] 
[INFO] [stdout] ---- the_schema_supplies_the_json_key stdout ----
[INFO] [stdout] 
[INFO] [stdout] thread 'the_schema_supplies_the_json_key' (1197) panicked at tests/common/mod.rs:67:29:
[INFO] [stdout] spawning "/opt/rustwide/target/release/build/jsgn/b8551fa8fbc4a90f/out/jsgn": No such file or directory (os error 2)
[INFO] [stdout] stack backtrace:
[INFO] [stdout]    0:     0x596aa095fe01 - <<std[617be2ca0a6fd877]::sys::backtrace::BacktraceLock>::print::DisplayBacktrace as core[a373ad73a504971]::fmt::Display>::fmt
[INFO] [stdout]    1:     0x596aa0974c5a - core[a373ad73a504971]::fmt::write
[INFO] [stdout]    2:     0x596aa096408c - <alloc[2e1b2a31b91974c5]::vec::Vec<u8> as core[a373ad73a504971]::io::write::Write>::write_fmt
[INFO] [stdout]    3:     0x596aa093ace6 - std[617be2ca0a6fd877]::panicking::default_hook::{closure#0}
[INFO] [stdout]    4:     0x596aa0957f59 - std[617be2ca0a6fd877]::panicking::default_hook
[INFO] [stdout]    5:     0x596aa08ed5e0 - test[aada8e7e76ba119b]::test_main_inner::{closure#0}
[INFO] [stdout]    6:     0x596aa0958112 - std[617be2ca0a6fd877]::panicking::panic_with_hook
[INFO] [stdout]    7:     0x596aa093ad92 - std[617be2ca0a6fd877]::panicking::panic_handler::{closure#0}
[INFO] [stdout]    8:     0x596aa09337f9 - std[617be2ca0a6fd877]::sys::backtrace::__rust_end_short_backtrace::<std[617be2ca0a6fd877]::panicking::panic_handler::{closure#0}, !>
[INFO] [stdout]    9:     0x596aa093b99d - __rustc[ea4f61d10b84890b]::rust_begin_unwind
[INFO] [stdout]   10:     0x596aa097538c - core[a373ad73a504971]::panicking::panic_fmt
[INFO] [stdout]   11:     0x596aa08dd2ba - dangle[49d02e2eba5c2694]::common::run
[INFO] [stdout]   12:     0x596aa08ce070 - dangle[49d02e2eba5c2694]::d
[INFO] [stdout]   13:     0x596aa08d0f64 - <dangle[49d02e2eba5c2694]::the_schema_supplies_the_json_key::{closure#0} as core[a373ad73a504971]::ops::function::FnOnce<()>>::call_once
[INFO] [stdout]   14:     0x596aa08e0a2b - test[aada8e7e76ba119b]::__rust_begin_short_backtrace::<core[a373ad73a504971]::result::Result<(), alloc[2e1b2a31b91974c5]::string::String>, fn() -> core[a373ad73a504971]::result::Result<(), alloc[2e1b2a31b91974c5]::string::String>>
[INFO] [stdout]   15:     0x596aa08edc05 - test[aada8e7e76ba119b]::run_test::{closure#0}
[INFO] [stdout]   16:     0x596aa08e74f4 - std[617be2ca0a6fd877]::sys::backtrace::__rust_begin_short_backtrace::<test[aada8e7e76ba119b]::run_test::{closure#1}, ()>
[INFO] [stdout]   17:     0x596aa08f0c92 - <std[617be2ca0a6fd877]::thread::lifecycle::spawn_unchecked<test[aada8e7e76ba119b]::run_test::{closure#1}, ()>::{closure#1} as core[a373ad73a504971]::ops::function::FnOnce<()>>::call_once::{shim:vtable#0}
[INFO] [stdout]   18:     0x596aa095f11f - <std[617be2ca0a6fd877]::sys::thread::unix::Thread>::new::thread_start
[INFO] [stdout]   19:     0x7e7cb12d4dfa - <unknown>
[INFO] [stdout]   20:     0x7e7cb13683d4 - clone
[INFO] [stdout]   21:                0x0 - <unknown>
[INFO] [stdout] 
[INFO] [stdout] ---- round_trips_the_readme_linked_list stdout ----
[INFO] [stdout] 
[INFO] [stdout] thread 'round_trips_the_readme_linked_list' (1196) panicked at tests/common/mod.rs:67:29:
[INFO] [stdout] spawning "/opt/rustwide/target/release/build/jsgn/b8551fa8fbc4a90f/out/jsgn": No such file or directory (os error 2)
[INFO] [stdout] stack backtrace:
[INFO] [stdout]    0:     0x596aa095fe01 - <<std[617be2ca0a6fd877]::sys::backtrace::BacktraceLock>::print::DisplayBacktrace as core[a373ad73a504971]::fmt::Display>::fmt
[INFO] [stdout]    1:     0x596aa0974c5a - core[a373ad73a504971]::fmt::write
[INFO] [stdout]    2:     0x596aa096408c - <alloc[2e1b2a31b91974c5]::vec::Vec<u8> as core[a373ad73a504971]::io::write::Write>::write_fmt
[INFO] [stdout]    3:     0x596aa093ace6 - std[617be2ca0a6fd877]::panicking::default_hook::{closure#0}
[INFO] [stdout]    4:     0x596aa0957f59 - std[617be2ca0a6fd877]::panicking::default_hook
[INFO] [stdout]    5:     0x596aa08ed5e0 - test[aada8e7e76ba119b]::test_main_inner::{closure#0}
[INFO] [stdout]    6:     0x596aa0958112 - std[617be2ca0a6fd877]::panicking::panic_with_hook
[INFO] [stdout]    7:     0x596aa093ad92 - std[617be2ca0a6fd877]::panicking::panic_handler::{closure#0}
[INFO] [stdout]    8:     0x596aa09337f9 - std[617be2ca0a6fd877]::sys::backtrace::__rust_end_short_backtrace::<std[617be2ca0a6fd877]::panicking::panic_handler::{closure#0}, !>
[INFO] [stdout]    9:     0x596aa093b99d - __rustc[ea4f61d10b84890b]::rust_begin_unwind
[INFO] [stdout]   10:     0x596aa097538c - core[a373ad73a504971]::panicking::panic_fmt
[INFO] [stdout]   11:     0x596aa08dd2ba - dangle[49d02e2eba5c2694]::common::run
[INFO] [stdout]   12:     0x596aa08ce070 - dangle[49d02e2eba5c2694]::d
[INFO] [stdout]   13:     0x596aa08d219e - <dangle[49d02e2eba5c2694]::round_trips_the_readme_linked_list::{closure#0} as core[a373ad73a504971]::ops::function::FnOnce<()>>::call_once
[INFO] [stdout]   14:     0x596aa08e0a2b - test[aada8e7e76ba119b]::__rust_begin_short_backtrace::<core[a373ad73a504971]::result::Result<(), alloc[2e1b2a31b91974c5]::string::String>, fn() -> core[a373ad73a504971]::result::Result<(), alloc[2e1b2a31b91974c5]::string::String>>
[INFO] [stdout]   15:     0x596aa08edc05 - test[aada8e7e76ba119b]::run_test::{closure#0}
[INFO] [stdout]   16:     0x596aa08e74f4 - std[617be2ca0a6fd877]::sys::backtrace::__rust_begin_short_backtrace::<test[aada8e7e76ba119b]::run_test::{closure#1}, ()>
[INFO] [stdout]   17:     0x596aa08f0c92 - <std[617be2ca0a6fd877]::thread::lifecycle::spawn_unchecked<test[aada8e7e76ba119b]::run_test::{closure#1}, ()>::{closure#1} as core[a373ad73a504971]::ops::function::FnOnce<()>>::call_once::{shim:vtable#0}
[INFO] [stdout]   18:     0x596aa095f11f - <std[617be2ca0a6fd877]::sys::thread::unix::Thread>::new::thread_start
[INFO] [stdout]   19:     0x7e7cb12d4dfa - <unknown>
[INFO] [stdout]   20:     0x7e7cb13683d4 - clone
[INFO] [stdout]   21:                0x0 - <unknown>
[INFO] [stdout] 
[INFO] [stdout] 
[INFO] [stdout] failures:
[INFO] [stdout]     a_cycle_terminates
[INFO] [stdout]     a_disconnected_component_is_still_lost
[INFO] [stdout]     a_local_identity_does_not_survive_flatten
[INFO] [stdout]     a_lone_object_is_shorthand_for_one_subject
[INFO] [stdout]     a_node_with_two_edges_of_one_name_renders_both
[INFO] [stdout]     a_repeat_is_a_reference
[INFO] [stdout]     a_stub_keeps_its_scalars_and_drops_its_references
[INFO] [stdout]     an_anonymous_graph_round_trips_from_every_node
[INFO] [stdout]     an_anonymous_node_reached_through_a_compound_stub_is_named
[INFO] [stdout]     an_identified_graph_round_trips_from_every_node
[INFO] [stdout]     an_inverse_field_is_always_an_array
[INFO] [stdout]     an_n_ary_edge_renders_from_any_of_its_members
[INFO] [stdout]     compound_identities_render_their_fields
[INFO] [stdout]     each_edge_is_rendered_once
[INFO] [stdout]     multi_valued_inverses_round_trip
[INFO] [stdout]     resolving_the_start_node
[INFO] [stdout]     round_trips_the_readme_linked_list
[INFO] [stdout]     the_schema_supplies_the_json_key
[INFO] [stdout] 
[INFO] [stdout] test result: FAILED. 0 passed; 18 failed; 1 ignored; 0 measured; 0 filtered out; finished in 0.02s
[INFO] [stdout] 
[INFO] running `Command { std: "docker" "inspect" "07753f0984f91b5e77037967caf7fe82831f6a727719e89aca636d3f1ab0fd31", kill_on_drop: false }`
[INFO] running `Command { std: "docker" "rm" "-f" "07753f0984f91b5e77037967caf7fe82831f6a727719e89aca636d3f1ab0fd31", kill_on_drop: false }`
[INFO] [stdout] 07753f0984f91b5e77037967caf7fe82831f6a727719e89aca636d3f1ab0fd31
