[INFO] cloning repository https://github.com/ultrasoundmoney/payload-archiver
[INFO] running `Command { std: "git" "-c" "credential.helper=" "-c" "credential.helper=/workspace/cargo-home/bin/git-credential-null" "clone" "--bare" "https://github.com/ultrasoundmoney/payload-archiver" "/workspace/cache/git-repos/https%3A%2F%2Fgithub.com%2Fultrasoundmoney%2Fpayload-archiver", kill_on_drop: false }`
[INFO] [stderr] Cloning into bare repository '/workspace/cache/git-repos/https%3A%2F%2Fgithub.com%2Fultrasoundmoney%2Fpayload-archiver'...
[INFO] running `Command { std: "git" "rev-parse" "HEAD", kill_on_drop: false }`
[INFO] [stdout] 0baf5589f51c6f8d07b0157edcbfc37021bedb54
[INFO] testing ultrasoundmoney/payload-archiver against 1.99.0-beta.8+cargoflags=--release for beta-release-1.100-2
[INFO] running `Command { std: "git" "clone" "/workspace/cache/git-repos/https%3A%2F%2Fgithub.com%2Fultrasoundmoney%2Fpayload-archiver" "/workspace/builds/worker-0-tc1/source", kill_on_drop: false }`
[INFO] [stderr] Cloning into '/workspace/builds/worker-0-tc1/source'...
[INFO] [stderr] done.
[INFO] started tweaking git repo https://github.com/ultrasoundmoney/payload-archiver
[INFO] finished tweaking git repo https://github.com/ultrasoundmoney/payload-archiver
[INFO] tweaked toml for git repo https://github.com/ultrasoundmoney/payload-archiver written to /workspace/builds/worker-0-tc1/source/Cargo.toml
[INFO] validating manifest of git repo https://github.com/ultrasoundmoney/payload-archiver on toolchain 1.99.0-beta.8
[INFO] running `Command { std: CARGO_HOME="/workspace/cargo-home" RUSTUP_HOME="/workspace/rustup-home" "/workspace/cargo-home/bin/cargo" "+1.99.0-beta.8" "metadata" "--manifest-path" "Cargo.toml" "--no-deps", kill_on_drop: false }`
[INFO] crate git repo https://github.com/ultrasoundmoney/payload-archiver already has a lockfile, it will not be regenerated
[INFO] running `Command { std: CARGO_HOME="/workspace/cargo-home" RUSTUP_HOME="/workspace/rustup-home" "/workspace/cargo-home/bin/cargo" "+1.99.0-beta.8" "fetch" "--manifest-path" "Cargo.toml", kill_on_drop: false }`
[INFO] [stderr]     Updating crates.io index
[INFO] [stderr]  Downloading crates ...
[INFO] [stderr]   Downloaded wasm-streams v0.3.0
[INFO] [stderr]   Downloaded memory-stats v1.1.0
[INFO] [stderr]   Downloaded nanoid v0.4.0
[INFO] [stderr]   Downloaded crc16 v0.4.0
[INFO] [stderr]   Downloaded hyper-rustls v0.24.1
[INFO] [stderr]   Downloaded snafu-derive v0.7.5
[INFO] [stderr]   Downloaded bytes-utils v0.1.3
[INFO] [stderr]   Downloaded openssl-sys v0.9.95
[INFO] [stderr]   Downloaded snafu v0.7.5
[INFO] [stderr]   Downloaded redis-protocol v4.1.0
[INFO] [stderr]   Downloaded arcstr v1.1.5
[INFO] [stderr]   Downloaded flate2 v1.0.27
[INFO] [stderr]   Downloaded webpki-roots v0.25.2
[INFO] [stderr]   Downloaded object_store v0.8.0
[INFO] [stderr]   Downloaded openssl v0.10.59
[INFO] [stderr]   Downloaded fred v6.3.1
[INFO] [stderr]   Downloaded rustix v0.38.13
[INFO] [stderr]   Downloaded ring v0.17.5
[INFO] running `Command { std: "docker" "create" "-v" "/var/lib/crater-agent-workspace/builds/worker-0-tc1/source:/opt/rustwide/workdir:ro,Z" "-v" "/var/lib/crater-agent-workspace/builds/worker-0-tc1/target:/opt/rustwide/target:rw,Z" "-v" "/var/lib/crater-agent-workspace/cargo-home:/opt/rustwide/cargo-home:ro,Z" "-v" "/var/lib/crater-agent-workspace/rustup-home:/opt/rustwide/rustup-home:ro,Z" "-m" "1610612736" "--network" "none" "ghcr.io/rust-lang/crates-build-env/linux@sha256:77db811e55d90add9212f6832c23229e3de5f1c1f9905e8cb07319ea15df73ac" "sleep" "infinity", kill_on_drop: false }`
[INFO] [stdout] 5deb3a9636000330c6f2bc5d2035401a92f26152af373cd13860fe99998a2e73
[INFO] running `Command { std: "docker" "start" "5deb3a9636000330c6f2bc5d2035401a92f26152af373cd13860fe99998a2e73", kill_on_drop: false }`
[INFO] running `Command { std: "docker" "inspect" "5deb3a9636000330c6f2bc5d2035401a92f26152af373cd13860fe99998a2e73", kill_on_drop: false }`
[INFO] running `Command { std: "docker" "exec" "-e" "SOURCE_DIR=/opt/rustwide/workdir" "-e" "CARGO_HOME=/opt/rustwide/cargo-home" "-e" "RUSTUP_HOME=/opt/rustwide/rustup-home" "-e" "CARGO_TARGET_DIR=/opt/rustwide/target" "-w" "/opt/rustwide/workdir" "--user" "0:0" "5deb3a9636000330c6f2bc5d2035401a92f26152af373cd13860fe99998a2e73" "/opt/rustwide/cargo-home/bin/cargo" "+1.99.0-beta.8" "metadata" "--no-deps" "--format-version=1", kill_on_drop: false }`
[INFO] running `Command { std: "docker" "inspect" "5deb3a9636000330c6f2bc5d2035401a92f26152af373cd13860fe99998a2e73", kill_on_drop: false }`
[INFO] running `Command { std: "docker" "exec" "-e" "SOURCE_DIR=/opt/rustwide/workdir" "-e" "CARGO_HOME=/opt/rustwide/cargo-home" "-e" "RUSTUP_HOME=/opt/rustwide/rustup-home" "-e" "CARGO_TARGET_DIR=/opt/rustwide/target" "-e" "CARGO_INCREMENTAL=0" "-e" "RUST_BACKTRACE=full" "-e" "RUSTFLAGS=--cap-lints=warn" "-e" "RUSTDOCFLAGS=--cap-lints=warn" "-w" "/opt/rustwide/workdir" "--user" "0:0" "5deb3a9636000330c6f2bc5d2035401a92f26152af373cd13860fe99998a2e73" "/opt/rustwide/cargo-home/bin/cargo" "+1.99.0-beta.8" "build" "--frozen" "--message-format=json" "--release", kill_on_drop: false }`
[INFO] [stderr]    Compiling proc-macro2 v1.0.66
[INFO] [stderr]    Compiling unicode-ident v1.0.11
[INFO] [stderr]    Compiling libc v0.2.150
[INFO] [stderr]    Compiling once_cell v1.18.0
[INFO] [stderr]    Compiling pin-project-lite v0.2.13
[INFO] [stderr]    Compiling bytes v1.4.0
[INFO] [stderr]    Compiling futures-core v0.3.28
[INFO] [stderr]    Compiling memchr v2.6.3
[INFO] [stderr]    Compiling log v0.4.20
[INFO] [stderr]    Compiling futures-channel v0.3.28
[INFO] [stderr]    Compiling futures-task v0.3.28
[INFO] [stderr]    Compiling futures-sink v0.3.28
[INFO] [stderr]    Compiling futures-util v0.3.28
[INFO] [stderr]    Compiling slab v0.4.9
[INFO] [stderr]    Compiling itoa v1.0.9
[INFO] [stderr]    Compiling futures-io v0.3.28
[INFO] [stderr]    Compiling serde v1.0.188
[INFO] [stderr]    Compiling pkg-config v0.3.27
[INFO] [stderr]    Compiling indexmap v1.9.3
[INFO] [stderr]    Compiling spin v0.5.2
[INFO] [stderr]    Compiling typenum v1.16.0
[INFO] [stderr]    Compiling rustversion v1.0.14
[INFO] [stderr]    Compiling tracing-core v0.1.31
[INFO] [stderr]    Compiling untrusted v0.7.1
[INFO] [stderr]    Compiling openssl v0.10.59
[INFO] [stderr]    Compiling percent-encoding v2.3.0
[INFO] [stderr]    Compiling try-lock v0.2.4
[INFO] [stderr]    Compiling num-traits v0.2.16
[INFO] [stderr]    Compiling serde_json v1.0.105
[INFO] [stderr]    Compiling native-tls v0.2.11
[INFO] [stderr]    Compiling form_urlencoded v1.2.0
[INFO] [stderr]    Compiling want v0.3.1
[INFO] [stderr]    Compiling ryu v1.0.15
[INFO] [stderr]    Compiling rustls v0.21.7
[INFO] [stderr]    Compiling async-trait v0.1.73
[INFO] [stderr]    Compiling bitflags v2.4.1
[INFO] [stderr]    Compiling http v0.2.9
[INFO] [stderr]    Compiling unicode-normalization v0.1.22
[INFO] [stderr]    Compiling lock_api v0.4.10
[INFO] [stderr]    Compiling parking_lot_core v0.9.8
[INFO] [stderr]    Compiling syn v1.0.109
[INFO] [stderr]    Compiling openssl-probe v0.1.5
[INFO] [stderr]    Compiling either v1.9.0
[INFO] [stderr]    Compiling smallvec v1.11.0
[INFO] [stderr]    Compiling unicode-bidi v0.3.13
[INFO] [stderr]    Compiling quote v1.0.33
[INFO] [stderr]    Compiling crc16 v0.4.0
[INFO] [stderr]    Compiling doc-comment v0.3.3
[INFO] [stderr]    Compiling miniz_oxide v0.7.1
[INFO] [stderr]    Compiling axum-core v0.3.4
[INFO] [stderr]    Compiling cc v1.0.83
[INFO] [stderr]    Compiling semver v1.0.18
[INFO] [stderr]    Compiling syn v2.0.31
[INFO] [stderr]    Compiling num_cpus v1.16.0
[INFO] [stderr]    Compiling socket2 v0.5.3
[INFO] [stderr]    Compiling mio v0.8.8
[INFO] [stderr]    Compiling getrandom v0.2.10
[INFO] [stderr]    Compiling socket2 v0.4.9
[INFO] [stderr]    Compiling rand_core v0.6.4
[INFO] [stderr]    Compiling idna v0.4.0
[INFO] [stderr]    Compiling rand_chacha v0.3.1
[INFO] [stderr]    Compiling generic-array v0.14.7
[INFO] [stderr]    Compiling base64 v0.21.3
[INFO] [stderr]    Compiling regex-syntax v0.7.5
[INFO] [stderr]    Compiling rand v0.8.5
[INFO] [stderr]    Compiling gimli v0.28.0
[INFO] [stderr]    Compiling http-body v0.4.5
[INFO] [stderr]    Compiling url v2.4.1
[INFO] [stderr]    Compiling rustls-pemfile v1.0.3
[INFO] [stderr]    Compiling parking_lot v0.12.1
[INFO] [stderr]    Compiling openssl-sys v0.9.95
[INFO] [stderr]    Compiling ring v0.16.20
[INFO] [stderr]    Compiling backtrace v0.3.69
[INFO] [stderr]    Compiling crypto-common v0.1.6
[INFO] [stderr]    Compiling block-buffer v0.10.4
[INFO] [stderr]    Compiling ring v0.17.5
[INFO] [stderr]    Compiling digest v0.10.7
[INFO] [stderr]    Compiling nom v7.1.3
[INFO] [stderr]    Compiling bytes-utils v0.1.3
[INFO] [stderr]    Compiling axum v0.6.20
[INFO] [stderr]    Compiling object v0.32.1
[INFO] [stderr]    Compiling encoding_rs v0.8.33
[INFO] [stderr]    Compiling rustc-demangle v0.1.23
[INFO] [stderr]    Compiling cookie-factory v0.3.2
[INFO] [stderr]    Compiling webpki-roots v0.25.2
[INFO] [stderr]    Compiling regex-automata v0.3.8
[INFO] [stderr]    Compiling cpufeatures v0.2.9
[INFO] [stderr]    Compiling iana-time-zone v0.1.57
[INFO] [stderr]    Compiling anyhow v1.0.75
[INFO] [stderr]    Compiling ipnet v2.8.0
[INFO] [stderr]    Compiling sha-1 v0.10.1
[INFO] [stderr]    Compiling walkdir v2.3.3
[INFO] [stderr]    Compiling float-cmp v0.9.0
[INFO] [stderr]    Compiling itertools v0.11.0
[INFO] [stderr]    Compiling sharded-slab v0.1.4
[INFO] [stderr]    Compiling tracing-log v0.1.3
[INFO] [stderr]    Compiling redis-protocol v4.1.0
[INFO] [stderr]    Compiling thread_local v1.1.7
[INFO] [stderr]    Compiling addr2line v0.21.0
[INFO] [stderr]    Compiling instant v0.1.12
[INFO] [stderr]    Compiling humantime v2.1.0
[INFO] [stderr]    Compiling arc-swap v1.6.0
[INFO] [stderr]    Compiling matchit v0.7.2
[INFO] [stderr]    Compiling arcstr v1.1.5
[INFO] [stderr]    Compiling flate2 v1.0.27
[INFO] [stderr]    Compiling nanoid v0.4.0
[INFO] [stderr]    Compiling memory-stats v1.1.0
[INFO] [stderr]    Compiling regex v1.9.5
[INFO] [stderr]    Compiling tokio-macros v2.1.0
[INFO] [stderr]    Compiling futures-macro v0.3.28
[INFO] [stderr]    Compiling tracing-attributes v0.1.26
[INFO] [stderr]    Compiling serde_derive v1.0.188
[INFO] [stderr]    Compiling tokio v1.32.0
[INFO] [stderr]    Compiling openssl-macros v0.1.1
[INFO] [stderr]    Compiling pin-project-internal v1.1.3
[INFO] [stderr]    Compiling snafu-derive v0.7.5
[INFO] [stderr]    Compiling tracing v0.1.37
[INFO] [stderr]    Compiling pin-project v1.1.3
[INFO] [stderr]    Compiling snafu v0.7.5
[INFO] [stderr]    Compiling sct v0.7.0
[INFO] [stderr]    Compiling rustls-webpki v0.101.4
[INFO] [stderr]    Compiling futures-executor v0.3.28
[INFO] [stderr]    Compiling futures v0.3.28
[INFO] [stderr]    Compiling tokio-util v0.7.8
[INFO] [stderr]    Compiling tokio-native-tls v0.3.1
[INFO] [stderr]    Compiling tower v0.4.13
[INFO] [stderr]    Compiling tokio-stream v0.1.14
[INFO] [stderr]    Compiling backoff v0.4.0
[INFO] [stderr]    Compiling tokio-rustls v0.24.1
[INFO] [stderr]    Compiling h2 v0.3.21
[INFO] [stderr]    Compiling fred v6.3.1
[INFO] [stderr]    Compiling serde_urlencoded v0.7.1
[INFO] [stderr]    Compiling chrono v0.4.31
[INFO] [stderr]    Compiling serde_path_to_error v0.1.14
[INFO] [stderr]    Compiling quick-xml v0.31.0
[INFO] [stderr]    Compiling tracing-serde v0.1.3
[INFO] [stderr]    Compiling tracing-subscriber v0.3.17
[INFO] [stderr]    Compiling hyper v0.14.27
[INFO] [stderr]    Compiling hyper-rustls v0.24.1
[INFO] [stderr]    Compiling hyper-tls v0.5.0
[INFO] [stderr]    Compiling reqwest v0.11.22
[INFO] [stderr]    Compiling object_store v0.8.0
[INFO] [stderr]    Compiling mouseion v6.1.0 (/opt/rustwide/workdir)
[INFO] [stdout] warning: this function depends on never type fallback being `()`
[INFO] [stdout]   --> src/redis_consumer/mod.rs:75:1
[INFO] [stdout]    |
[INFO] [stdout] 75 | #[instrument(skip(client))]
[INFO] [stdout]    | ^^^^^^^^^^^^^^^^^^^^^^^^^^^
[INFO] [stdout]    |
[INFO] [stdout]    = help: specify the types explicitly
[INFO] [stdout] note: in edition 2024, the requirement `!: FromRedis` will fail
[INFO] [stdout]   --> src/redis_consumer/mod.rs:95:18
[INFO] [stdout]    |
[INFO] [stdout] 95 |                 .xgroup_delconsumer(STREAM_NAME, GROUP_NAME, &consumer.name)
[INFO] [stdout]    |                  ^^^^^^^^^^^^^^^^^^
[INFO] [stdout]    = warning: this was previously accepted by the compiler but is being phased out; it will become a hard error in Rust 2024 and in a future release in all editions!
[INFO] [stdout]    = note: for more information, see <https://doc.rust-lang.org/edition-guide/rust-2024/never-type-fallback.html>
[INFO] [stdout]    = note: `#[warn(dependency_on_unit_never_type_fallback)]` (part of `#[warn(rust_2024_compatibility)]`) on by default
[INFO] [stdout]    = note: this warning originates in the attribute macro `instrument` (in Nightly builds, run with -Z macro-backtrace for more info)
[INFO] [stdout] 
[INFO] [stdout] 
[INFO] [stdout] warning: this function depends on never type fallback being `()`
[INFO] [stdout]   --> src/bin/sim-submissions.rs:45:7
[INFO] [stdout]    |
[INFO] [stdout] 45 | async fn main() -> Result<()> {
[INFO] [stdout]    |       ^^^^^^^^^^^^^^^^^^^^^^^
[INFO] [stdout]    |
[INFO] [stdout]    = help: specify the types explicitly
[INFO] [stdout] note: in edition 2024, the requirement `!: FromRedis` will fail
[INFO] [stdout]   --> src/bin/sim-submissions.rs:69:14
[INFO] [stdout]    |
[INFO] [stdout] 69 |             .xadd(STREAM_NAME, false, None, "*", block_submission)
[INFO] [stdout]    |              ^^^^
[INFO] [stdout]    = warning: this was previously accepted by the compiler but is being phased out; it will become a hard error in Rust 2024 and in a future release in all editions!
[INFO] [stdout]    = note: for more information, see <https://doc.rust-lang.org/edition-guide/rust-2024/never-type-fallback.html>
[INFO] [stdout]    = note: `#[warn(dependency_on_unit_never_type_fallback)]` (part of `#[warn(rust_2024_compatibility)]`) on by default
[INFO] [stdout] help: use `()` annotations to avoid fallback changes
[INFO] [stdout]    |
[INFO] [stdout] 69 |             .xadd::<(), _, _, _, _>(STREAM_NAME, false, None, "*", block_submission)
[INFO] [stdout]    |                  ++++++++++++++++++
[INFO] [stdout] 
[INFO] [stdout] 
[INFO] [stderr]     Finished `release` profile [optimized] target(s) in 3m 48s
[INFO] [stderr] warning: the following packages contain code that will be rejected by a future version of Rust: mouseion v6.1.0 (/opt/rustwide/workdir)
[INFO] [stderr] note: to see what the problems were, use the option `--future-incompat-report`, or run `cargo report future-incompatibilities --id 9`
[INFO] running `Command { std: "docker" "inspect" "5deb3a9636000330c6f2bc5d2035401a92f26152af373cd13860fe99998a2e73", kill_on_drop: false }`
[INFO] running `Command { std: "docker" "exec" "-e" "SOURCE_DIR=/opt/rustwide/workdir" "-e" "CARGO_HOME=/opt/rustwide/cargo-home" "-e" "RUSTUP_HOME=/opt/rustwide/rustup-home" "-e" "CARGO_TARGET_DIR=/opt/rustwide/target" "-e" "CARGO_INCREMENTAL=0" "-e" "RUST_BACKTRACE=full" "-e" "RUSTFLAGS=--cap-lints=warn" "-e" "RUSTDOCFLAGS=--cap-lints=warn" "-w" "/opt/rustwide/workdir" "--user" "0:0" "5deb3a9636000330c6f2bc5d2035401a92f26152af373cd13860fe99998a2e73" "/opt/rustwide/cargo-home/bin/cargo" "+1.99.0-beta.8" "test" "--frozen" "--no-run" "--message-format=json" "--release", kill_on_drop: false }`
[INFO] [stderr]    Compiling mouseion v6.1.0 (/opt/rustwide/workdir)
[INFO] [stdout] warning: this function depends on never type fallback being `()`
[INFO] [stdout]   --> src/redis_consumer/mod.rs:75:1
[INFO] [stdout]    |
[INFO] [stdout] 75 | #[instrument(skip(client))]
[INFO] [stdout]    | ^^^^^^^^^^^^^^^^^^^^^^^^^^^
[INFO] [stdout]    |
[INFO] [stdout]    = help: specify the types explicitly
[INFO] [stdout] note: in edition 2024, the requirement `!: FromRedis` will fail
[INFO] [stdout]   --> src/redis_consumer/mod.rs:95:18
[INFO] [stdout]    |
[INFO] [stdout] 95 |                 .xgroup_delconsumer(STREAM_NAME, GROUP_NAME, &consumer.name)
[INFO] [stdout]    |                  ^^^^^^^^^^^^^^^^^^
[INFO] [stdout]    = warning: this was previously accepted by the compiler but is being phased out; it will become a hard error in Rust 2024 and in a future release in all editions!
[INFO] [stdout]    = note: for more information, see <https://doc.rust-lang.org/edition-guide/rust-2024/never-type-fallback.html>
[INFO] [stdout]    = note: `#[warn(dependency_on_unit_never_type_fallback)]` (part of `#[warn(rust_2024_compatibility)]`) on by default
[INFO] [stdout]    = note: this warning originates in the attribute macro `instrument` (in Nightly builds, run with -Z macro-backtrace for more info)
[INFO] [stdout] 
[INFO] [stdout] 
[INFO] [stdout] warning: this function depends on never type fallback being `()`
[INFO] [stdout]   --> src/bin/sim-submissions.rs:45:7
[INFO] [stdout]    |
[INFO] [stdout] 45 | async fn main() -> Result<()> {
[INFO] [stdout]    |       ^^^^^^^^^^^^^^^^^^^^^^^
[INFO] [stdout]    |
[INFO] [stdout]    = help: specify the types explicitly
[INFO] [stdout] note: in edition 2024, the requirement `!: FromRedis` will fail
[INFO] [stdout]   --> src/bin/sim-submissions.rs:69:14
[INFO] [stdout]    |
[INFO] [stdout] 69 |             .xadd(STREAM_NAME, false, None, "*", block_submission)
[INFO] [stdout]    |              ^^^^
[INFO] [stdout]    = warning: this was previously accepted by the compiler but is being phased out; it will become a hard error in Rust 2024 and in a future release in all editions!
[INFO] [stdout]    = note: for more information, see <https://doc.rust-lang.org/edition-guide/rust-2024/never-type-fallback.html>
[INFO] [stdout]    = note: `#[warn(dependency_on_unit_never_type_fallback)]` (part of `#[warn(rust_2024_compatibility)]`) on by default
[INFO] [stdout] help: use `()` annotations to avoid fallback changes
[INFO] [stdout]    |
[INFO] [stdout] 69 |             .xadd::<(), _, _, _, _>(STREAM_NAME, false, None, "*", block_submission)
[INFO] [stdout]    |                  ++++++++++++++++++
[INFO] [stdout] 
[INFO] [stdout] 
[INFO] [stdout] warning: this function depends on never type fallback being `()`
[INFO] [stdout]   --> src/bin/sim-submissions.rs:45:7
[INFO] [stdout]    |
[INFO] [stdout] 45 | async fn main() -> Result<()> {
[INFO] [stdout]    |       ^^^^^^^^^^^^^^^^^^^^^^^
[INFO] [stdout]    |
[INFO] [stdout]    = help: specify the types explicitly
[INFO] [stdout] note: in edition 2024, the requirement `!: FromRedis` will fail
[INFO] [stdout]   --> src/bin/sim-submissions.rs:69:14
[INFO] [stdout]    |
[INFO] [stdout] 69 |             .xadd(STREAM_NAME, false, None, "*", block_submission)
[INFO] [stdout]    |              ^^^^
[INFO] [stdout]    = warning: this was previously accepted by the compiler but is being phased out; it will become a hard error in Rust 2024 and in a future release in all editions!
[INFO] [stdout]    = note: for more information, see <https://doc.rust-lang.org/edition-guide/rust-2024/never-type-fallback.html>
[INFO] [stdout]    = note: `#[warn(dependency_on_unit_never_type_fallback)]` (part of `#[warn(rust_2024_compatibility)]`) on by default
[INFO] [stdout] help: use `()` annotations to avoid fallback changes
[INFO] [stdout]    |
[INFO] [stdout] 69 |             .xadd::<(), _, _, _, _>(STREAM_NAME, false, None, "*", block_submission)
[INFO] [stdout]    |                  ++++++++++++++++++
[INFO] [stdout] 
[INFO] [stdout] 
[INFO] [stdout] warning: this function depends on never type fallback being `()`
[INFO] [stdout]   --> tests/integration.rs:12:7
[INFO] [stdout]    |
[INFO] [stdout] 12 | async fn archive_block_submission() -> Result<()> {
[INFO] [stdout]    |       ^^^^^^^^^^^^^^^^^^^^^^^^^^^^^^^^^^^^^^^^^^^
[INFO] [stdout]    |
[INFO] [stdout]    = help: specify the types explicitly
[INFO] [stdout] note: in edition 2024, the requirement `!: FromRedis` will fail
[INFO] [stdout]   --> tests/integration.rs:26:10
[INFO] [stdout]    |
[INFO] [stdout] 26 |         .xadd(STREAM_NAME, false, None, "*", pairs)
[INFO] [stdout]    |          ^^^^
[INFO] [stdout]    = warning: this was previously accepted by the compiler but is being phased out; it will become a hard error in Rust 2024 and in a future release in all editions!
[INFO] [stdout]    = note: for more information, see <https://doc.rust-lang.org/edition-guide/rust-2024/never-type-fallback.html>
[INFO] [stdout]    = note: `#[warn(dependency_on_unit_never_type_fallback)]` (part of `#[warn(rust_2024_compatibility)]`) on by default
[INFO] [stdout] help: use `()` annotations to avoid fallback changes
[INFO] [stdout]    |
[INFO] [stdout] 26 |         .xadd::<(), _, _, _, _>(STREAM_NAME, false, None, "*", pairs)
[INFO] [stdout]    |              ++++++++++++++++++
[INFO] [stdout] 
[INFO] [stdout] 
[INFO] [stdout] warning: this function depends on never type fallback being `()`
[INFO] [stdout]   --> src/redis_consumer/mod.rs:75:1
[INFO] [stdout]    |
[INFO] [stdout] 75 | #[instrument(skip(client))]
[INFO] [stdout]    | ^^^^^^^^^^^^^^^^^^^^^^^^^^^
[INFO] [stdout]    |
[INFO] [stdout]    = help: specify the types explicitly
[INFO] [stdout] note: in edition 2024, the requirement `!: fred::types::FromRedis` will fail
[INFO] [stdout]   --> src/redis_consumer/mod.rs:95:18
[INFO] [stdout]    |
[INFO] [stdout] 95 |                 .xgroup_delconsumer(STREAM_NAME, GROUP_NAME, &consumer.name)
[INFO] [stdout]    |                  ^^^^^^^^^^^^^^^^^^
[INFO] [stdout]    = warning: this was previously accepted by the compiler but is being phased out; it will become a hard error in Rust 2024 and in a future release in all editions!
[INFO] [stdout]    = note: for more information, see <https://doc.rust-lang.org/edition-guide/rust-2024/never-type-fallback.html>
[INFO] [stdout]    = note: `#[warn(dependency_on_unit_never_type_fallback)]` (part of `#[warn(rust_2024_compatibility)]`) on by default
[INFO] [stdout]    = note: this warning originates in the attribute macro `instrument` (in Nightly builds, run with -Z macro-backtrace for more info)
[INFO] [stdout] 
[INFO] [stdout] 
[INFO] [stderr]     Finished `release` profile [optimized] target(s) in 20.18s
[INFO] [stderr] warning: the following packages contain code that will be rejected by a future version of Rust: mouseion v6.1.0 (/opt/rustwide/workdir)
[INFO] [stderr] note: to see what the problems were, use the option `--future-incompat-report`, or run `cargo report future-incompatibilities --id 10`
[INFO] running `Command { std: "docker" "inspect" "5deb3a9636000330c6f2bc5d2035401a92f26152af373cd13860fe99998a2e73", kill_on_drop: false }`
[INFO] running `Command { std: "docker" "exec" "-e" "SOURCE_DIR=/opt/rustwide/workdir" "-e" "CARGO_HOME=/opt/rustwide/cargo-home" "-e" "RUSTUP_HOME=/opt/rustwide/rustup-home" "-e" "CARGO_TARGET_DIR=/opt/rustwide/target" "-e" "CARGO_INCREMENTAL=0" "-e" "RUST_BACKTRACE=full" "-e" "RUSTFLAGS=--cap-lints=warn" "-e" "RUSTDOCFLAGS=--cap-lints=warn" "-w" "/opt/rustwide/workdir" "--user" "0:0" "5deb3a9636000330c6f2bc5d2035401a92f26152af373cd13860fe99998a2e73" "/opt/rustwide/cargo-home/bin/cargo" "+1.99.0-beta.8" "test" "--frozen" "--release", kill_on_drop: false }`
[INFO] [stderr] warning: this function depends on never type fallback being `()`
[INFO] [stderr]   --> src/redis_consumer/mod.rs:75:1
[INFO] [stderr]    |
[INFO] [stderr] 75 | #[instrument(skip(client))]
[INFO] [stderr]    | ^^^^^^^^^^^^^^^^^^^^^^^^^^^
[INFO] [stderr]    |
[INFO] [stderr]    = help: specify the types explicitly
[INFO] [stderr] note: in edition 2024, the requirement `!: FromRedis` will fail
[INFO] [stderr]   --> src/redis_consumer/mod.rs:95:18
[INFO] [stderr]    |
[INFO] [stderr] 95 |                 .xgroup_delconsumer(STREAM_NAME, GROUP_NAME, &consumer.name)
[INFO] [stderr]    |                  ^^^^^^^^^^^^^^^^^^
[INFO] [stderr]    = warning: this was previously accepted by the compiler but is being phased out; it will become a hard error in Rust 2024 and in a future release in all editions!
[INFO] [stderr]    = note: for more information, see <https://doc.rust-lang.org/edition-guide/rust-2024/never-type-fallback.html>
[INFO] [stderr]    = note: `#[warn(dependency_on_unit_never_type_fallback)]` (part of `#[warn(rust_2024_compatibility)]`) on by default
[INFO] [stderr]    = note: this warning originates in the attribute macro `instrument` (in Nightly builds, run with -Z macro-backtrace for more info)
[INFO] [stderr] 
[INFO] [stderr] warning: this function depends on never type fallback being `()`
[INFO] [stderr]   --> src/redis_consumer/mod.rs:75:1
[INFO] [stderr]    |
[INFO] [stderr] 75 | #[instrument(skip(client))]
[INFO] [stderr]    | ^^^^^^^^^^^^^^^^^^^^^^^^^^^
[INFO] [stderr]    |
[INFO] [stderr]    = help: specify the types explicitly
[INFO] [stderr] note: in edition 2024, the requirement `!: fred::types::FromRedis` will fail
[INFO] [stderr]   --> src/redis_consumer/mod.rs:95:18
[INFO] [stderr]    |
[INFO] [stderr] 95 |                 .xgroup_delconsumer(STREAM_NAME, GROUP_NAME, &consumer.name)
[INFO] [stderr]    |                  ^^^^^^^^^^^^^^^^^^
[INFO] [stderr]    = warning: this was previously accepted by the compiler but is being phased out; it will become a hard error in Rust 2024 and in a future release in all editions!
[INFO] [stderr]    = note: for more information, see <https://doc.rust-lang.org/edition-guide/rust-2024/never-type-fallback.html>
[INFO] [stderr]    = note: `#[warn(dependency_on_unit_never_type_fallback)]` (part of `#[warn(rust_2024_compatibility)]`) on by default
[INFO] [stderr]    = note: this warning originates in the attribute macro `instrument` (in Nightly builds, run with -Z macro-backtrace for more info)
[INFO] [stderr] 
[INFO] [stderr] warning: `mouseion` (lib) generated 1 warning
[INFO] [stderr] warning: `mouseion` (lib test) generated 1 warning
[INFO] [stderr] warning: this function depends on never type fallback being `()`
[INFO] [stderr]   --> tests/integration.rs:12:7
[INFO] [stderr]    |
[INFO] [stderr] 12 | async fn archive_block_submission() -> Result<()> {
[INFO] [stderr]    |       ^^^^^^^^^^^^^^^^^^^^^^^^^^^^^^^^^^^^^^^^^^^
[INFO] [stderr]    |
[INFO] [stderr]    = help: specify the types explicitly
[INFO] [stderr] note: in edition 2024, the requirement `!: FromRedis` will fail
[INFO] [stderr]   --> tests/integration.rs:26:10
[INFO] [stderr]    |
[INFO] [stderr] 26 |         .xadd(STREAM_NAME, false, None, "*", pairs)
[INFO] [stderr]    |          ^^^^
[INFO] [stderr]    = warning: this was previously accepted by the compiler but is being phased out; it will become a hard error in Rust 2024 and in a future release in all editions!
[INFO] [stderr]    = note: for more information, see <https://doc.rust-lang.org/edition-guide/rust-2024/never-type-fallback.html>
[INFO] [stderr]    = note: `#[warn(dependency_on_unit_never_type_fallback)]` (part of `#[warn(rust_2024_compatibility)]`) on by default
[INFO] [stderr] help: use `()` annotations to avoid fallback changes
[INFO] [stderr]    |
[INFO] [stderr] 26 |         .xadd::<(), _, _, _, _>(STREAM_NAME, false, None, "*", pairs)
[INFO] [stderr]    |              ++++++++++++++++++
[INFO] [stderr] 
[INFO] [stderr] warning: this function depends on never type fallback being `()`
[INFO] [stderr]   --> src/bin/sim-submissions.rs:45:7
[INFO] [stderr]    |
[INFO] [stderr] 45 | async fn main() -> Result<()> {
[INFO] [stderr]    |       ^^^^^^^^^^^^^^^^^^^^^^^
[INFO] [stderr]    |
[INFO] [stderr]    = help: specify the types explicitly
[INFO] [stderr] note: in edition 2024, the requirement `!: FromRedis` will fail
[INFO] [stderr]   --> src/bin/sim-submissions.rs:69:14
[INFO] [stderr]    |
[INFO] [stderr] 69 |             .xadd(STREAM_NAME, false, None, "*", block_submission)
[INFO] [stderr]    |              ^^^^
[INFO] [stderr]    = warning: this was previously accepted by the compiler but is being phased out; it will become a hard error in Rust 2024 and in a future release in all editions!
[INFO] [stderr]    = note: for more information, see <https://doc.rust-lang.org/edition-guide/rust-2024/never-type-fallback.html>
[INFO] [stderr]    = note: `#[warn(dependency_on_unit_never_type_fallback)]` (part of `#[warn(rust_2024_compatibility)]`) on by default
[INFO] [stderr] help: use `()` annotations to avoid fallback changes
[INFO] [stderr]    |
[INFO] [stderr] 69 |             .xadd::<(), _, _, _, _>(STREAM_NAME, false, None, "*", block_submission)
[INFO] [stderr]    |                  ++++++++++++++++++
[INFO] [stderr] 
[INFO] [stderr] warning: `mouseion` (test "integration") generated 1 warning (run `cargo fix --test "integration" -p mouseion` to apply 1 suggestion)
[INFO] [stderr] warning: `mouseion` (bin "sim-submissions") generated 1 warning (run `cargo fix --bin "sim-submissions" -p mouseion` to apply 1 suggestion)
[INFO] [stderr] warning: `mouseion` (bin "sim-submissions" test) generated 1 warning (1 duplicate)
[INFO] [stderr]     Finished `release` profile [optimized] target(s) in 0.22s
[INFO] [stderr] warning: the following packages contain code that will be rejected by a future version of Rust: mouseion v6.1.0 (/opt/rustwide/workdir)
[INFO] [stderr] note: to see what the problems were, use the option `--future-incompat-report`, or run `cargo report future-incompatibilities --id 11`
[INFO] [stderr]      Running unittests src/lib.rs (/opt/rustwide/target/release/deps/mouseion-b328a7962cd7f555)
[INFO] [stdout] 
[INFO] [stdout] running 14 tests
[INFO] [stdout] test env::tests::test_get_env_panics ... ignored, this test breaks ENV for parallel tests
[INFO] [stdout] test env::tests::test_get_network_panics ... ignored, this test breaks NETWORK for parallel tests
[INFO] [stdout] test block_submissions::tests::create_block_submission ... ok
[INFO] [stdout] test env::tests::test_get_env_var_safe_some ... ok
[INFO] [stdout] test env::tests::test_get_network ... ok
[INFO] [stdout] test env::tests::test_obfuscate_if_secret ... ok
[INFO] [stdout] test env::tests::test_get_env_bool_true ... ok
[INFO] [stdout] test env::tests::test_get_env_bool_true_upper ... ok
[INFO] [stdout] test block_submissions::tests::test_block_submission_from_redis ... ok
[INFO] [stdout] test env::tests::test_get_env_var_safe_none ... ok
[INFO] [stdout] test compression::tests::test_run_compression_thread ... ok
[INFO] [stdout] test env::tests::test_get_env_bool_not_there ... ok
[INFO] [stdout] test env::tests::test_get_env_bool_false ... ok
[INFO] [stderr]      Running unittests src/bin/archive-submissions.rs (/opt/rustwide/target/release/deps/archive_submissions-ebd42ce52cb7089b)
[INFO] [stdout] test env::tests::test_get_env ... ok
[INFO] [stdout] 
[INFO] [stdout] test result: ok. 12 passed; 0 failed; 2 ignored; 0 measured; 0 filtered out; finished in 0.01s
[INFO] [stdout] 
[INFO] [stderr]      Running unittests src/bin/bundle-submissions/main.rs (/opt/rustwide/target/release/deps/bundle_submissions-0baec951a682ffab)
[INFO] [stdout] 
[INFO] [stdout] running 0 tests
[INFO] [stdout] 
[INFO] [stdout] test result: ok. 0 passed; 0 failed; 0 ignored; 0 measured; 0 filtered out; finished in 0.00s
[INFO] [stdout] 
[INFO] [stdout] 
[INFO] [stderr]      Running unittests src/bin/sim-submissions.rs (/opt/rustwide/target/release/deps/sim_submissions-a954a531177951a2)
[INFO] [stdout] running 0 tests
[INFO] [stdout] 
[INFO] [stdout] test result: ok. 0 passed; 0 failed; 0 ignored; 0 measured; 0 filtered out; finished in 0.00s
[INFO] [stdout] 
[INFO] [stdout] 
[INFO] [stdout] running 0 tests
[INFO] [stdout] 
[INFO] [stdout] test result: ok. 0 passed; 0 failed; 0 ignored; 0 measured; 0 filtered out; finished in 0.00s
[INFO] [stdout] 
[INFO] [stderr]      Running tests/integration.rs (/opt/rustwide/target/release/deps/integration-0ed1055e3974cb1c)
[INFO] [stdout] 
[INFO] [stdout] running 1 test
[INFO] [stdout] test archive_block_submission ... FAILED
[INFO] [stdout] 
[INFO] [stdout] failures:
[INFO] [stdout] 
[INFO] [stdout] ---- archive_block_submission stdout ----
[INFO] [stdout] 
[INFO] [stdout] thread 'archive_block_submission' (3822) panicked at src/env.rs:129:45:
[INFO] [stdout] REDIS_URI not set
[INFO] [stdout] stack backtrace:
[INFO] [stdout]    0:     0x5db40e727361 - <<std[70759c8f55707aa4]::sys::backtrace::BacktraceLock>::print::DisplayBacktrace as core[df12db4294e9bfd3]::fmt::Display>::fmt
[INFO] [stdout]    1:     0x5db40e74046a - core[df12db4294e9bfd3]::fmt::write
[INFO] [stdout]    2:     0x5db40e72c2dc - <alloc[2182bb758b4b3781]::vec::Vec<u8> as core[df12db4294e9bfd3]::io::write::Write>::write_fmt
[INFO] [stdout]    3:     0x5db40e701bc6 - std[70759c8f55707aa4]::panicking::default_hook::{closure#0}
[INFO] [stdout]    4:     0x5db40e71ee09 - std[70759c8f55707aa4]::panicking::default_hook
[INFO] [stdout]    5:     0x5db40e25e9d0 - test[9d35eded1c95d3be]::test_main_inner::<test[9d35eded1c95d3be]::test_main_static::{closure#0}>::{closure#0}
[INFO] [stdout]    6:     0x5db40e71f132 - std[70759c8f55707aa4]::panicking::panic_with_hook
[INFO] [stdout]    7:     0x5db40e701c72 - std[70759c8f55707aa4]::panicking::panic_handler::{closure#0}
[INFO] [stdout]    8:     0x5db40e6fa549 - std[70759c8f55707aa4]::sys::backtrace::__rust_end_short_backtrace::<std[70759c8f55707aa4]::panicking::panic_handler::{closure#0}, !>
[INFO] [stdout]    9:     0x5db40e702afd - __rustc[8fa7c3cbc660c2b3]::rust_begin_unwind
[INFO] [stdout]   10:     0x5db40e740bcc - core[df12db4294e9bfd3]::panicking::panic_fmt
[INFO] [stdout]   11:     0x5db40e740924 - core[df12db4294e9bfd3]::option::expect_failed
[INFO] [stdout]   12:     0x5db40e292e2b - <std[70759c8f55707aa4]::sync::once::Once>::call_once::<<lazy_static[22452361557a40db]::lazy::Lazy<mouseion[32a7bc87afa04d10]::env::EnvConfig>>::get<<mouseion[32a7bc87afa04d10]::env::ENV_CONFIG as core[df12db4294e9bfd3]::ops::deref::Deref>::deref::__static_ref_initialize>::{closure#0}>::{closure#0}
[INFO] [stdout]   13:     0x5db40e707ed9 - <std[70759c8f55707aa4]::sys::sync::once::futex::Once>::call
[INFO] [stdout]   14:     0x5db40e294499 - <mouseion[32a7bc87afa04d10]::env::ENV_CONFIG as core[df12db4294e9bfd3]::ops::deref::Deref>::deref
[INFO] [stdout]   15:     0x5db40e23d40b - integration[b8930953ebba8fcc]::archive_block_submission::{closure#0}
[INFO] [stdout]   16:     0x5db40e223b48 - <tokio[99974aa5612805d0]::runtime::scheduler::current_thread::Context>::enter::<core[df12db4294e9bfd3]::task::poll::Poll<core[df12db4294e9bfd3]::result::Result<(), anyhow[480e7e6e098d8565]::Error>>, <tokio[99974aa5612805d0]::runtime::scheduler::current_thread::CoreGuard>::block_on<core[df12db4294e9bfd3]::pin::Pin<&mut core[df12db4294e9bfd3]::pin::Pin<&mut dyn core[df12db4294e9bfd3]::future::future::Future<Output = core[df12db4294e9bfd3]::result::Result<(), anyhow[480e7e6e098d8565]::Error>>>>>::{closure#0}::{closure#0}>
[INFO] [stdout]   17:     0x5db40e22e595 - <tokio[99974aa5612805d0]::runtime::context::scoped::Scoped<tokio[99974aa5612805d0]::runtime::scheduler::Context>>::set::<<tokio[99974aa5612805d0]::runtime::scheduler::current_thread::CoreGuard>::enter<<tokio[99974aa5612805d0]::runtime::scheduler::current_thread::CoreGuard>::block_on<core[df12db4294e9bfd3]::pin::Pin<&mut core[df12db4294e9bfd3]::pin::Pin<&mut dyn core[df12db4294e9bfd3]::future::future::Future<Output = core[df12db4294e9bfd3]::result::Result<(), anyhow[480e7e6e098d8565]::Error>>>>>::{closure#0}, core[df12db4294e9bfd3]::option::Option<core[df12db4294e9bfd3]::result::Result<(), anyhow[480e7e6e098d8565]::Error>>>::{closure#0}, (alloc[2182bb758b4b3781]::boxed::Box<tokio[99974aa5612805d0]::runtime::scheduler::current_thread::Core>, core[df12db4294e9bfd3]::option::Option<core[df12db4294e9bfd3]::result::Result<(), anyhow[480e7e6e098d8565]::Error>>)>
[INFO] [stdout]   18:     0x5db40e223672 - <tokio[99974aa5612805d0]::runtime::scheduler::current_thread::CurrentThread>::block_on::<core[df12db4294e9bfd3]::pin::Pin<&mut dyn core[df12db4294e9bfd3]::future::future::Future<Output = core[df12db4294e9bfd3]::result::Result<(), anyhow[480e7e6e098d8565]::Error>>>>
[INFO] [stdout]   19:     0x5db40e246322 - <tokio[99974aa5612805d0]::runtime::runtime::Runtime>::block_on::<core[df12db4294e9bfd3]::pin::Pin<&mut dyn core[df12db4294e9bfd3]::future::future::Future<Output = core[df12db4294e9bfd3]::result::Result<(), anyhow[480e7e6e098d8565]::Error>>>>
[INFO] [stdout]   20:     0x5db40e2418d2 - <integration[b8930953ebba8fcc]::archive_block_submission::{closure#0} as core[df12db4294e9bfd3]::ops::function::FnOnce<()>>::call_once
[INFO] [stdout]   21:     0x5db40e251cbb - test[9d35eded1c95d3be]::__rust_begin_short_backtrace::<core[df12db4294e9bfd3]::result::Result<(), alloc[2182bb758b4b3781]::string::String>, fn() -> core[df12db4294e9bfd3]::result::Result<(), alloc[2182bb758b4b3781]::string::String>>
[INFO] [stdout]   22:     0x5db40e25f325 - test[9d35eded1c95d3be]::run_test::{closure#0}
[INFO] [stdout]   23:     0x5db40e258be4 - std[70759c8f55707aa4]::sys::backtrace::__rust_begin_short_backtrace::<test[9d35eded1c95d3be]::run_test::{closure#1}, ()>
[INFO] [stdout]   24:     0x5db40e262482 - <std[70759c8f55707aa4]::thread::lifecycle::spawn_unchecked<test[9d35eded1c95d3be]::run_test::{closure#1}, ()>::{closure#1} as core[df12db4294e9bfd3]::ops::function::FnOnce<()>>::call_once::{shim:vtable#0}
[INFO] [stdout]   25:     0x5db40e726519 - <std[70759c8f55707aa4]::sys::thread::unix::Thread>::new::thread_start
[INFO] [stdout]   26:     0x7f16e577bdfa - <unknown>
[INFO] [stdout]   27:     0x7f16e580f3d4 - clone
[INFO] [stdout]   28:                0x0 - <unknown>
[INFO] [stdout] 
[INFO] [stdout] 
[INFO] [stdout] failures:
[INFO] [stdout]     archive_block_submission
[INFO] [stdout] 
[INFO] [stdout] test result: FAILED. 0 passed; 1 failed; 0 ignored; 0 measured; 0 filtered out; finished in 0.00s
[INFO] [stdout] 
[INFO] [stderr] error: test failed, to rerun pass `--test integration`
[INFO] running `Command { std: "docker" "inspect" "5deb3a9636000330c6f2bc5d2035401a92f26152af373cd13860fe99998a2e73", kill_on_drop: false }`
[INFO] running `Command { std: "docker" "rm" "-f" "5deb3a9636000330c6f2bc5d2035401a92f26152af373cd13860fe99998a2e73", kill_on_drop: false }`
[INFO] [stdout] 5deb3a9636000330c6f2bc5d2035401a92f26152af373cd13860fe99998a2e73
