[INFO] cloning repository https://github.com/ttaomae/rut
[INFO] running `Command { std: "git" "-c" "credential.helper=" "-c" "credential.helper=/workspace/cargo-home/bin/git-credential-null" "clone" "--bare" "https://github.com/ttaomae/rut" "/workspace/cache/git-repos/https%3A%2F%2Fgithub.com%2Fttaomae%2Frut", kill_on_drop: false }`
[INFO] [stderr] Cloning into bare repository '/workspace/cache/git-repos/https%3A%2F%2Fgithub.com%2Fttaomae%2Frut'...
[INFO] running `Command { std: "git" "rev-parse" "HEAD", kill_on_drop: false }`
[INFO] [stdout] ebcdf42983efef4811f0aacd11b402eb27efdac7
[INFO] testing ttaomae/rut against 1.100.0-beta.1+cargoflags=--release for beta-release-1.100-2
[INFO] running `Command { std: "git" "clone" "/workspace/cache/git-repos/https%3A%2F%2Fgithub.com%2Fttaomae%2Frut" "/workspace/builds/worker-2-tc2/source", kill_on_drop: false }`
[INFO] [stderr] Cloning into '/workspace/builds/worker-2-tc2/source'...
[INFO] [stderr] done.
[INFO] started tweaking git repo https://github.com/ttaomae/rut
[INFO] finished tweaking git repo https://github.com/ttaomae/rut
[INFO] tweaked toml for git repo https://github.com/ttaomae/rut written to /workspace/builds/worker-2-tc2/source/Cargo.toml
[INFO] validating manifest of git repo https://github.com/ttaomae/rut on toolchain 1.100.0-beta.1
[INFO] running `Command { std: CARGO_HOME="/workspace/cargo-home" RUSTUP_HOME="/workspace/rustup-home" "/workspace/cargo-home/bin/cargo" "+1.100.0-beta.1" "metadata" "--manifest-path" "Cargo.toml" "--no-deps", kill_on_drop: false }`
[INFO] crate git repo https://github.com/ttaomae/rut already has a lockfile, it will not be regenerated
[INFO] running `Command { std: CARGO_HOME="/workspace/cargo-home" RUSTUP_HOME="/workspace/rustup-home" "/workspace/cargo-home/bin/cargo" "+1.100.0-beta.1" "fetch" "--manifest-path" "Cargo.toml", kill_on_drop: false }`
[INFO] running `Command { std: "docker" "create" "-v" "/var/lib/crater-agent-workspace/builds/worker-2-tc2/source:/opt/rustwide/workdir:ro,Z" "-v" "/var/lib/crater-agent-workspace/builds/worker-2-tc2/target:/opt/rustwide/target:rw,Z" "-v" "/var/lib/crater-agent-workspace/cargo-home:/opt/rustwide/cargo-home:ro,Z" "-v" "/var/lib/crater-agent-workspace/rustup-home:/opt/rustwide/rustup-home:ro,Z" "-m" "1610612736" "--network" "none" "ghcr.io/rust-lang/crates-build-env/linux@sha256:77db811e55d90add9212f6832c23229e3de5f1c1f9905e8cb07319ea15df73ac" "sleep" "infinity", kill_on_drop: false }`
[INFO] [stdout] 942ff31f5950d70610fa9a5ec305c056363781d0e4f59e7080ffb4a5eb18c9c5
[INFO] running `Command { std: "docker" "start" "942ff31f5950d70610fa9a5ec305c056363781d0e4f59e7080ffb4a5eb18c9c5", kill_on_drop: false }`
[INFO] running `Command { std: "docker" "inspect" "942ff31f5950d70610fa9a5ec305c056363781d0e4f59e7080ffb4a5eb18c9c5", kill_on_drop: false }`
[INFO] running `Command { std: "docker" "exec" "-e" "SOURCE_DIR=/opt/rustwide/workdir" "-e" "CARGO_HOME=/opt/rustwide/cargo-home" "-e" "RUSTUP_HOME=/opt/rustwide/rustup-home" "-e" "CARGO_TARGET_DIR=/opt/rustwide/target" "-w" "/opt/rustwide/workdir" "--user" "0:0" "942ff31f5950d70610fa9a5ec305c056363781d0e4f59e7080ffb4a5eb18c9c5" "/opt/rustwide/cargo-home/bin/cargo" "+1.100.0-beta.1" "metadata" "--no-deps" "--format-version=1", kill_on_drop: false }`
[INFO] running `Command { std: "docker" "inspect" "942ff31f5950d70610fa9a5ec305c056363781d0e4f59e7080ffb4a5eb18c9c5", kill_on_drop: false }`
[INFO] running `Command { std: "docker" "exec" "-e" "SOURCE_DIR=/opt/rustwide/workdir" "-e" "CARGO_HOME=/opt/rustwide/cargo-home" "-e" "RUSTUP_HOME=/opt/rustwide/rustup-home" "-e" "CARGO_TARGET_DIR=/opt/rustwide/target" "-e" "CARGO_INCREMENTAL=0" "-e" "RUST_BACKTRACE=full" "-e" "RUSTFLAGS=--cap-lints=warn" "-e" "RUSTDOCFLAGS=--cap-lints=warn" "-w" "/opt/rustwide/workdir" "--user" "0:0" "942ff31f5950d70610fa9a5ec305c056363781d0e4f59e7080ffb4a5eb18c9c5" "/opt/rustwide/cargo-home/bin/cargo" "+1.100.0-beta.1" "build" "--frozen" "--message-format=json" "--release", kill_on_drop: false }`
[INFO] [stderr]    Compiling libc v0.2.72
[INFO] [stderr]    Compiling memchr v2.3.3
[INFO] [stderr]    Compiling bitflags v1.2.1
[INFO] [stderr]    Compiling unicode-width v0.1.8
[INFO] [stderr]    Compiling lazy_static v1.4.0
[INFO] [stderr]    Compiling ansi_term v0.11.0
[INFO] [stderr]    Compiling strsim v0.8.0
[INFO] [stderr]    Compiling vec_map v0.8.2
[INFO] [stderr]    Compiling thread_local v1.0.1
[INFO] [stderr]    Compiling textwrap v0.11.0
[INFO] [stderr]    Compiling either v1.5.3
[INFO] [stderr]    Compiling regex-syntax v0.6.18
[INFO] [stderr]    Compiling itertools v0.9.0
[INFO] [stderr]    Compiling aho-corasick v0.7.13
[INFO] [stderr]    Compiling atty v0.2.14
[INFO] [stderr]    Compiling clap v2.33.1
[INFO] [stderr]    Compiling regex v1.3.9
[INFO] [stderr]    Compiling rut v0.1.1 (/opt/rustwide/workdir)
[INFO] [stderr] warning: unused dependency `itertools`
[INFO] [stderr]  --> Cargo.toml:3:1
[INFO] [stderr]   |
[INFO] [stderr] 3 | itertools = "~0.9.0"
[INFO] [stderr]   | ^^^^^^^^^^^^^^^^^^^^
[INFO] [stderr]   |
[INFO] [stderr]   = note: `cargo::unused_dependencies` is set to `warn` by default
[INFO] [stderr] help: consider removing the dependency on `itertools`
[INFO] [stderr] warning: `rut` (manifest) generated 1 warning
[INFO] [stderr]     Finished `release` profile [optimized] target(s) in 41.60s
[INFO] running `Command { std: "docker" "inspect" "942ff31f5950d70610fa9a5ec305c056363781d0e4f59e7080ffb4a5eb18c9c5", kill_on_drop: false }`
[INFO] running `Command { std: "docker" "exec" "-e" "SOURCE_DIR=/opt/rustwide/workdir" "-e" "CARGO_HOME=/opt/rustwide/cargo-home" "-e" "RUSTUP_HOME=/opt/rustwide/rustup-home" "-e" "CARGO_TARGET_DIR=/opt/rustwide/target" "-e" "CARGO_INCREMENTAL=0" "-e" "RUST_BACKTRACE=full" "-e" "RUSTFLAGS=--cap-lints=warn" "-e" "RUSTDOCFLAGS=--cap-lints=warn" "-w" "/opt/rustwide/workdir" "--user" "0:0" "942ff31f5950d70610fa9a5ec305c056363781d0e4f59e7080ffb4a5eb18c9c5" "/opt/rustwide/cargo-home/bin/cargo" "+1.100.0-beta.1" "test" "--frozen" "--no-run" "--message-format=json" "--release", kill_on_drop: false }`
[INFO] [stderr]    Compiling predicates-core v1.0.0
[INFO] [stderr]    Compiling doc-comment v0.3.3
[INFO] [stderr]    Compiling treeline v0.1.0
[INFO] [stderr]    Compiling difference v2.0.0
[INFO] [stderr]    Compiling wait-timeout v0.2.0
[INFO] [stderr]    Compiling predicates-tree v1.0.0
[INFO] [stderr]    Compiling predicates v1.0.5
[INFO] [stderr]    Compiling assert_cmd v1.0.1
[INFO] [stderr]    Compiling rut v0.1.1 (/opt/rustwide/workdir)
[INFO] [stderr]     Finished `release` profile [optimized] target(s) in 8.99s
[INFO] running `Command { std: "docker" "inspect" "942ff31f5950d70610fa9a5ec305c056363781d0e4f59e7080ffb4a5eb18c9c5", kill_on_drop: false }`
[INFO] running `Command { std: "docker" "exec" "-e" "SOURCE_DIR=/opt/rustwide/workdir" "-e" "CARGO_HOME=/opt/rustwide/cargo-home" "-e" "RUSTUP_HOME=/opt/rustwide/rustup-home" "-e" "CARGO_TARGET_DIR=/opt/rustwide/target" "-e" "CARGO_INCREMENTAL=0" "-e" "RUST_BACKTRACE=full" "-e" "RUSTFLAGS=--cap-lints=warn" "-e" "RUSTDOCFLAGS=--cap-lints=warn" "-w" "/opt/rustwide/workdir" "--user" "0:0" "942ff31f5950d70610fa9a5ec305c056363781d0e4f59e7080ffb4a5eb18c9c5" "/opt/rustwide/cargo-home/bin/cargo" "+1.100.0-beta.1" "test" "--frozen" "--release", kill_on_drop: false }`
[INFO] [stderr]     Finished `release` profile [optimized] target(s) in 0.09s
[INFO] [stderr]      Running unittests src/main.rs (/opt/rustwide/target/release/build/rut/8775d28afd38fe99/out/rut-8775d28afd38fe99)
[INFO] [stdout] 
[INFO] [stdout] running 34 tests
[INFO] [stdout] test cut::tests::cut_bytes_line_delimiter ... ok
[INFO] [stdout] test cut::tests::cut_bytes ... ok
[INFO] [stdout] test cut::tests::cut_bytes_trailing_newline ... ok
[INFO] [stdout] test cut::tests::cut_characters_line_delimiter ... ok
[INFO] [stdout] test cut::tests::cut_characters ... ok
[INFO] [stdout] test args::tests::invalid_args ... ok
[INFO] [stdout] test args::tests::invalid_arg_combination ... ok
[INFO] [stdout] test cut::tests::cut_empty_ranges ... ok
[INFO] [stdout] test args::tests::valid_args ... ok
[INFO] [stdout] test cut::tests::cut_characters_trailing_newline ... ok
[INFO] [stdout] test cut::tests::cut_fields_with_char ... ok
[INFO] [stdout] test cut::tests::cut_fields_with_char_delimiter ... ok
[INFO] [stdout] test cut::tests::cut_fields_with_char_line_delimiter ... ok
[INFO] [stdout] test cut::tests::cut_fields_with_char_trailing_newline ... ok
[INFO] [stdout] test cut::tests::cut_fields_with_regex ... ok
[INFO] [stdout] test range::parse::tests::parse_comma_separator ... ok
[INFO] [stdout] test cut::tests::cut_fields_with_char_suppress ... ok
[INFO] [stdout] test range::parse::tests::parse_mixed_separator ... ok
[INFO] [stdout] test range::parse::tests::parse_error ... ok
[INFO] [stdout] test range::tests::complement_empty ... ok
[INFO] [stdout] test range::tests::complement_multiple_ranges ... ok
[INFO] [stdout] test range::tests::complement_single_range ... ok
[INFO] [stdout] test range::tests::from_no_ranges ... ok
[INFO] [stdout] test range::tests::from_single_range ... ok
[INFO] [stdout] test range::tests::simplify_sorted_to_multiple_ranges ... ok
[INFO] [stdout] test range::parse::tests::parse_single_range ... ok
[INFO] [stdout] test cut::tests::cut_fields_with_regex_delimiter ... ok
[INFO] [stdout] test range::tests::simplify_unsorted_to_multiple_ranges ... ok
[INFO] [stdout] test range::tests::simplify_unsorted_to_single_range ... ok
[INFO] [stdout] test cut::tests::cut_fields_with_regex_line_delimiter ... ok
[INFO] [stdout] test range::parse::tests::parse_blank_separator ... ok
[INFO] [stdout] test range::tests::simplify_sorted_to_single_range ... ok
[INFO] [stderr]      Running tests/test_cut_bytes.rs (/opt/rustwide/target/release/build/rut/355eec0975a4f76e/out/test_cut_bytes-355eec0975a4f76e)
[INFO] [stdout] test cut::tests::cut_fields_with_regex_suppress ... ok
[INFO] [stdout] test cut::tests::cut_fields_with_regex_trailing_newline ... ok
[INFO] [stdout] 
[INFO] [stdout] test result: ok. 34 passed; 0 failed; 0 ignored; 0 measured; 0 filtered out; finished in 0.01s
[INFO] [stdout] 
[INFO] [stdout] 
[INFO] [stdout] running 16 tests
[INFO] [stdout] test all_ascii_bytes ... FAILED
[INFO] [stdout] test empty_ranges ... FAILED
[INFO] [stdout] test file_and_stdin ... FAILED
[INFO] [stdout] test from_stdin ... FAILED
[INFO] [stdout] test all_binary_bytes ... FAILED
[INFO] [stdout] test multiple_files ... FAILED
[INFO] [stdout] test all_utf8_bytes ... FAILED
[INFO] [stdout] test missing_file ... FAILED
[INFO] [stderr] error: test failed, to rerun pass `--test test_cut_bytes`
[INFO] [stdout] test ranges_complement ... FAILED
[INFO] [stdout] test no_split_multi_byte_character ... FAILED
[INFO] [stdout] test some_ascii_bytes ... FAILED
[INFO] [stdout] test some_binary_bytes ... FAILED
[INFO] [stdout] test some_utf8_bytes ... FAILED
[INFO] [stdout] test zero_terminated_ascii ... FAILED
[INFO] [stdout] test zero_terminated_binary ... FAILED
[INFO] [stdout] test zero_terminated_utf8 ... FAILED
[INFO] [stdout] 
[INFO] [stdout] failures:
[INFO] [stdout] 
[INFO] [stdout] ---- all_ascii_bytes stdout ----
[INFO] [stdout] 
[INFO] [stdout] thread 'all_ascii_bytes' (718) panicked at tests/util/mod.rs:35:65:
[INFO] [stdout] called `Result::unwrap()` on an `Err` value: CargoError { cause: Some(NotFoundError { path: "/opt/rustwide/target/release/build/rut/355eec0975a4f76e/out/rut" }) }
[INFO] [stdout] stack backtrace:
[INFO] [stdout]    0:     0x5a50210c9f51 - <<std[617be2ca0a6fd877]::sys::backtrace::BacktraceLock>::print::DisplayBacktrace as core[a373ad73a504971]::fmt::Display>::fmt
[INFO] [stdout]    1:     0x5a50210df5ca - core[a373ad73a504971]::fmt::write
[INFO] [stdout]    2:     0x5a50210cf57c - <alloc[2e1b2a31b91974c5]::vec::Vec<u8> as core[a373ad73a504971]::io::write::Write>::write_fmt
[INFO] [stdout]    3:     0x5a50210a5a66 - std[617be2ca0a6fd877]::panicking::default_hook::{closure#0}
[INFO] [stdout]    4:     0x5a50210c2569 - std[617be2ca0a6fd877]::panicking::default_hook
[INFO] [stdout]    5:     0x5a502105e0b0 - test[aada8e7e76ba119b]::test_main_inner::{closure#0}
[INFO] [stdout]    6:     0x5a50210c2722 - std[617be2ca0a6fd877]::panicking::panic_with_hook
[INFO] [stdout]    7:     0x5a50210a5b12 - std[617be2ca0a6fd877]::panicking::panic_handler::{closure#0}
[INFO] [stdout]    8:     0x5a502109e829 - std[617be2ca0a6fd877]::sys::backtrace::__rust_end_short_backtrace::<std[617be2ca0a6fd877]::panicking::panic_handler::{closure#0}, !>
[INFO] [stdout]    9:     0x5a50210a671d - __rustc[ea4f61d10b84890b]::rust_begin_unwind
[INFO] [stdout]   10:     0x5a50210dfcfc - core[a373ad73a504971]::panicking::panic_fmt
[INFO] [stdout]   11:     0x5a50210dfad2 - core[a373ad73a504971]::result::unwrap_failed
[INFO] [stdout]   12:     0x5a5021041253 - <test_cut_bytes[a2d6803f7973f8d3]::util::TestCommandBuilder>::build
[INFO] [stdout]   13:     0x5a5021042d9d - <test_cut_bytes[a2d6803f7973f8d3]::all_ascii_bytes::{closure#0} as core[a373ad73a504971]::ops::function::FnOnce<()>>::call_once
[INFO] [stdout]   14:     0x5a50210514fb - test[aada8e7e76ba119b]::__rust_begin_short_backtrace::<core[a373ad73a504971]::result::Result<(), alloc[2e1b2a31b91974c5]::string::String>, fn() -> core[a373ad73a504971]::result::Result<(), alloc[2e1b2a31b91974c5]::string::String>>
[INFO] [stdout]   15:     0x5a502105e6d5 - test[aada8e7e76ba119b]::run_test::{closure#0}
[INFO] [stdout]   16:     0x5a5021057fc4 - std[617be2ca0a6fd877]::sys::backtrace::__rust_begin_short_backtrace::<test[aada8e7e76ba119b]::run_test::{closure#1}, ()>
[INFO] [stdout]   17:     0x5a5021061762 - <std[617be2ca0a6fd877]::thread::lifecycle::spawn_unchecked<test[aada8e7e76ba119b]::run_test::{closure#1}, ()>::{closure#1} as core[a373ad73a504971]::ops::function::FnOnce<()>>::call_once::{shim:vtable#0}
[INFO] [stdout]   18:     0x5a50210c972f - <std[617be2ca0a6fd877]::sys::thread::unix::Thread>::new::thread_start
[INFO] [stdout]   19:     0x72fb9e551dfa - <unknown>
[INFO] [stdout]   20:     0x72fb9e5e53d4 - clone
[INFO] [stdout]   21:                0x0 - <unknown>
[INFO] [stdout] 
[INFO] [stdout] ---- empty_ranges stdout ----
[INFO] [stdout] 
[INFO] [stdout] thread 'empty_ranges' (721) panicked at tests/util/mod.rs:35:65:
[INFO] [stdout] called `Result::unwrap()` on an `Err` value: CargoError { cause: Some(NotFoundError { path: "/opt/rustwide/target/release/build/rut/355eec0975a4f76e/out/rut" }) }
[INFO] [stdout] stack backtrace:
[INFO] [stdout]    0:     0x5a50210c9f51 - <<std[617be2ca0a6fd877]::sys::backtrace::BacktraceLock>::print::DisplayBacktrace as core[a373ad73a504971]::fmt::Display>::fmt
[INFO] [stdout]    1:     0x5a50210df5ca - core[a373ad73a504971]::fmt::write
[INFO] [stdout]    2:     0x5a50210cf57c - <alloc[2e1b2a31b91974c5]::vec::Vec<u8> as core[a373ad73a504971]::io::write::Write>::write_fmt
[INFO] [stdout]    3:     0x5a50210a5a66 - std[617be2ca0a6fd877]::panicking::default_hook::{closure#0}
[INFO] [stdout]    4:     0x5a50210c2569 - std[617be2ca0a6fd877]::panicking::default_hook
[INFO] [stdout]    5:     0x5a502105e0b0 - test[aada8e7e76ba119b]::test_main_inner::{closure#0}
[INFO] [stdout]    6:     0x5a50210c2722 - std[617be2ca0a6fd877]::panicking::panic_with_hook
[INFO] [stdout]    7:     0x5a50210a5b12 - std[617be2ca0a6fd877]::panicking::panic_handler::{closure#0}
[INFO] [stdout]    8:     0x5a502109e829 - std[617be2ca0a6fd877]::sys::backtrace::__rust_end_short_backtrace::<std[617be2ca0a6fd877]::panicking::panic_handler::{closure#0}, !>
[INFO] [stdout]    9:     0x5a50210a671d - __rustc[ea4f61d10b84890b]::rust_begin_unwind
[INFO] [stdout]   10:     0x5a50210dfcfc - core[a373ad73a504971]::panicking::panic_fmt
[INFO] [stdout]   11:     0x5a50210dfad2 - core[a373ad73a504971]::result::unwrap_failed
[INFO] [stdout]   12:     0x5a5021041253 - <test_cut_bytes[a2d6803f7973f8d3]::util::TestCommandBuilder>::build
[INFO] [stdout]   13:     0x5a5021041fc9 - <test_cut_bytes[a2d6803f7973f8d3]::empty_ranges::{closure#0} as core[a373ad73a504971]::ops::function::FnOnce<()>>::call_once
[INFO] [stdout]   14:     0x5a50210514fb - test[aada8e7e76ba119b]::__rust_begin_short_backtrace::<core[a373ad73a504971]::result::Result<(), alloc[2e1b2a31b91974c5]::string::String>, fn() -> core[a373ad73a504971]::result::Result<(), alloc[2e1b2a31b91974c5]::string::String>>
[INFO] [stdout]   15:     0x5a502105e6d5 - test[aada8e7e76ba119b]::run_test::{closure#0}
[INFO] [stdout]   16:     0x5a5021057fc4 - std[617be2ca0a6fd877]::sys::backtrace::__rust_begin_short_backtrace::<test[aada8e7e76ba119b]::run_test::{closure#1}, ()>
[INFO] [stdout]   17:     0x5a5021061762 - <std[617be2ca0a6fd877]::thread::lifecycle::spawn_unchecked<test[aada8e7e76ba119b]::run_test::{closure#1}, ()>::{closure#1} as core[a373ad73a504971]::ops::function::FnOnce<()>>::call_once::{shim:vtable#0}
[INFO] [stdout]   18:     0x5a50210c972f - <std[617be2ca0a6fd877]::sys::thread::unix::Thread>::new::thread_start
[INFO] [stdout]   19:     0x72fb9e551dfa - <unknown>
[INFO] [stdout]   20:     0x72fb9e5e53d4 - clone
[INFO] [stdout]   21:                0x0 - <unknown>
[INFO] [stdout] 
[INFO] [stdout] ---- file_and_stdin stdout ----
[INFO] [stdout] 
[INFO] [stdout] thread 'file_and_stdin' (722) panicked at tests/util/mod.rs:35:65:
[INFO] [stdout] called `Result::unwrap()` on an `Err` value: CargoError { cause: Some(NotFoundError { path: "/opt/rustwide/target/release/build/rut/355eec0975a4f76e/out/rut" }) }
[INFO] [stdout] stack backtrace:
[INFO] [stdout]    0:     0x5a50210c9f51 - <<std[617be2ca0a6fd877]::sys::backtrace::BacktraceLock>::print::DisplayBacktrace as core[a373ad73a504971]::fmt::Display>::fmt
[INFO] [stdout]    1:     0x5a50210df5ca - core[a373ad73a504971]::fmt::write
[INFO] [stdout]    2:     0x5a50210cf57c - <alloc[2e1b2a31b91974c5]::vec::Vec<u8> as core[a373ad73a504971]::io::write::Write>::write_fmt
[INFO] [stdout]    3:     0x5a50210a5a66 - std[617be2ca0a6fd877]::panicking::default_hook::{closure#0}
[INFO] [stdout]    4:     0x5a50210c2569 - std[617be2ca0a6fd877]::panicking::default_hook
[INFO] [stdout]    5:     0x5a502105e0b0 - test[aada8e7e76ba119b]::test_main_inner::{closure#0}
[INFO] [stdout]    6:     0x5a50210c2722 - std[617be2ca0a6fd877]::panicking::panic_with_hook
[INFO] [stdout]    7:     0x5a50210a5b12 - std[617be2ca0a6fd877]::panicking::panic_handler::{closure#0}
[INFO] [stdout]    8:     0x5a502109e829 - std[617be2ca0a6fd877]::sys::backtrace::__rust_end_short_backtrace::<std[617be2ca0a6fd877]::panicking::panic_handler::{closure#0}, !>
[INFO] [stdout]    9:     0x5a50210a671d - __rustc[ea4f61d10b84890b]::rust_begin_unwind
[INFO] [stdout]   10:     0x5a50210dfcfc - core[a373ad73a504971]::panicking::panic_fmt
[INFO] [stdout]   11:     0x5a50210dfad2 - core[a373ad73a504971]::result::unwrap_failed
[INFO] [stdout]   12:     0x5a5021041253 - <test_cut_bytes[a2d6803f7973f8d3]::util::TestCommandBuilder>::build
[INFO] [stdout]   13:     0x5a50210427e6 - <test_cut_bytes[a2d6803f7973f8d3]::file_and_stdin::{closure#0} as core[a373ad73a504971]::ops::function::FnOnce<()>>::call_once
[INFO] [stdout]   14:     0x5a50210514fb - test[aada8e7e76ba119b]::__rust_begin_short_backtrace::<core[a373ad73a504971]::result::Result<(), alloc[2e1b2a31b91974c5]::string::String>, fn() -> core[a373ad73a504971]::result::Result<(), alloc[2e1b2a31b91974c5]::string::String>>
[INFO] [stdout]   15:     0x5a502105e6d5 - test[aada8e7e76ba119b]::run_test::{closure#0}
[INFO] [stdout]   16:     0x5a5021057fc4 - std[617be2ca0a6fd877]::sys::backtrace::__rust_begin_short_backtrace::<test[aada8e7e76ba119b]::run_test::{closure#1}, ()>
[INFO] [stdout]   17:     0x5a5021061762 - <std[617be2ca0a6fd877]::thread::lifecycle::spawn_unchecked<test[aada8e7e76ba119b]::run_test::{closure#1}, ()>::{closure#1} as core[a373ad73a504971]::ops::function::FnOnce<()>>::call_once::{shim:vtable#0}
[INFO] [stdout]   18:     0x5a50210c972f - <std[617be2ca0a6fd877]::sys::thread::unix::Thread>::new::thread_start
[INFO] [stdout]   19:     0x72fb9e551dfa - <unknown>
[INFO] [stdout]   20:     0x72fb9e5e53d4 - clone
[INFO] [stdout]   21:                0x0 - <unknown>
[INFO] [stdout] 
[INFO] [stdout] ---- from_stdin stdout ----
[INFO] [stdout] 
[INFO] [stdout] thread 'from_stdin' (723) panicked at tests/util/mod.rs:35:65:
[INFO] [stdout] called `Result::unwrap()` on an `Err` value: CargoError { cause: Some(NotFoundError { path: "/opt/rustwide/target/release/build/rut/355eec0975a4f76e/out/rut" }) }
[INFO] [stdout] stack backtrace:
[INFO] [stdout]    0:     0x5a50210c9f51 - <<std[617be2ca0a6fd877]::sys::backtrace::BacktraceLock>::print::DisplayBacktrace as core[a373ad73a504971]::fmt::Display>::fmt
[INFO] [stdout]    1:     0x5a50210df5ca - core[a373ad73a504971]::fmt::write
[INFO] [stdout]    2:     0x5a50210cf57c - <alloc[2e1b2a31b91974c5]::vec::Vec<u8> as core[a373ad73a504971]::io::write::Write>::write_fmt
[INFO] [stdout]    3:     0x5a50210a5a66 - std[617be2ca0a6fd877]::panicking::default_hook::{closure#0}
[INFO] [stdout]    4:     0x5a50210c2569 - std[617be2ca0a6fd877]::panicking::default_hook
[INFO] [stdout]    5:     0x5a502105e0b0 - test[aada8e7e76ba119b]::test_main_inner::{closure#0}
[INFO] [stdout]    6:     0x5a50210c2722 - std[617be2ca0a6fd877]::panicking::panic_with_hook
[INFO] [stdout]    7:     0x5a50210a5b12 - std[617be2ca0a6fd877]::panicking::panic_handler::{closure#0}
[INFO] [stdout]    8:     0x5a502109e829 - std[617be2ca0a6fd877]::sys::backtrace::__rust_end_short_backtrace::<std[617be2ca0a6fd877]::panicking::panic_handler::{closure#0}, !>
[INFO] [stdout]    9:     0x5a50210a671d - __rustc[ea4f61d10b84890b]::rust_begin_unwind
[INFO] [stdout]   10:     0x5a50210dfcfc - core[a373ad73a504971]::panicking::panic_fmt
[INFO] [stdout]   11:     0x5a50210dfad2 - core[a373ad73a504971]::result::unwrap_failed
[INFO] [stdout]   12:     0x5a5021041253 - <test_cut_bytes[a2d6803f7973f8d3]::util::TestCommandBuilder>::build
[INFO] [stdout]   13:     0x5a5021041a37 - <test_cut_bytes[a2d6803f7973f8d3]::from_stdin::{closure#0} as core[a373ad73a504971]::ops::function::FnOnce<()>>::call_once
[INFO] [stdout]   14:     0x5a50210514fb - test[aada8e7e76ba119b]::__rust_begin_short_backtrace::<core[a373ad73a504971]::result::Result<(), alloc[2e1b2a31b91974c5]::string::String>, fn() -> core[a373ad73a504971]::result::Result<(), alloc[2e1b2a31b91974c5]::string::String>>
[INFO] [stdout]   15:     0x5a502105e6d5 - test[aada8e7e76ba119b]::run_test::{closure#0}
[INFO] [stdout]   16:     0x5a5021057fc4 - std[617be2ca0a6fd877]::sys::backtrace::__rust_begin_short_backtrace::<test[aada8e7e76ba119b]::run_test::{closure#1}, ()>
[INFO] [stdout]   17:     0x5a5021061762 - <std[617be2ca0a6fd877]::thread::lifecycle::spawn_unchecked<test[aada8e7e76ba119b]::run_test::{closure#1}, ()>::{closure#1} as core[a373ad73a504971]::ops::function::FnOnce<()>>::call_once::{shim:vtable#0}
[INFO] [stdout]   18:     0x5a50210c972f - <std[617be2ca0a6fd877]::sys::thread::unix::Thread>::new::thread_start
[INFO] [stdout]   19:     0x72fb9e551dfa - <unknown>
[INFO] [stdout]   20:     0x72fb9e5e53d4 - clone
[INFO] [stdout]   21:                0x0 - <unknown>
[INFO] [stdout] 
[INFO] [stdout] ---- all_binary_bytes stdout ----
[INFO] [stdout] 
[INFO] [stdout] thread 'all_binary_bytes' (719) panicked at tests/util/mod.rs:35:65:
[INFO] [stdout] called `Result::unwrap()` on an `Err` value: CargoError { cause: Some(NotFoundError { path: "/opt/rustwide/target/release/build/rut/355eec0975a4f76e/out/rut" }) }
[INFO] [stdout] stack backtrace:
[INFO] [stdout]    0:     0x5a50210c9f51 - <<std[617be2ca0a6fd877]::sys::backtrace::BacktraceLock>::print::DisplayBacktrace as core[a373ad73a504971]::fmt::Display>::fmt
[INFO] [stdout]    1:     0x5a50210df5ca - core[a373ad73a504971]::fmt::write
[INFO] [stdout]    2:     0x5a50210cf57c - <alloc[2e1b2a31b91974c5]::vec::Vec<u8> as core[a373ad73a504971]::io::write::Write>::write_fmt
[INFO] [stdout]    3:     0x5a50210a5a66 - std[617be2ca0a6fd877]::panicking::default_hook::{closure#0}
[INFO] [stdout]    4:     0x5a50210c2569 - std[617be2ca0a6fd877]::panicking::default_hook
[INFO] [stdout]    5:     0x5a502105e0b0 - test[aada8e7e76ba119b]::test_main_inner::{closure#0}
[INFO] [stdout]    6:     0x5a50210c2722 - std[617be2ca0a6fd877]::panicking::panic_with_hook
[INFO] [stdout]    7:     0x5a50210a5b12 - std[617be2ca0a6fd877]::panicking::panic_handler::{closure#0}
[INFO] [stdout]    8:     0x5a502109e829 - std[617be2ca0a6fd877]::sys::backtrace::__rust_end_short_backtrace::<std[617be2ca0a6fd877]::panicking::panic_handler::{closure#0}, !>
[INFO] [stdout]    9:     0x5a50210a671d - __rustc[ea4f61d10b84890b]::rust_begin_unwind
[INFO] [stdout]   10:     0x5a50210dfcfc - core[a373ad73a504971]::panicking::panic_fmt
[INFO] [stdout]   11:     0x5a50210dfad2 - core[a373ad73a504971]::result::unwrap_failed
[INFO] [stdout]   12:     0x5a5021041253 - <test_cut_bytes[a2d6803f7973f8d3]::util::TestCommandBuilder>::build
[INFO] [stdout]   13:     0x5a50210432da - <test_cut_bytes[a2d6803f7973f8d3]::all_binary_bytes::{closure#0} as core[a373ad73a504971]::ops::function::FnOnce<()>>::call_once
[INFO] [stdout]   14:     0x5a50210514fb - test[aada8e7e76ba119b]::__rust_begin_short_backtrace::<core[a373ad73a504971]::result::Result<(), alloc[2e1b2a31b91974c5]::string::String>, fn() -> core[a373ad73a504971]::result::Result<(), alloc[2e1b2a31b91974c5]::string::String>>
[INFO] [stdout]   15:     0x5a502105e6d5 - test[aada8e7e76ba119b]::run_test::{closure#0}
[INFO] [stdout]   16:     0x5a5021057fc4 - std[617be2ca0a6fd877]::sys::backtrace::__rust_begin_short_backtrace::<test[aada8e7e76ba119b]::run_test::{closure#1}, ()>
[INFO] [stdout]   17:     0x5a5021061762 - <std[617be2ca0a6fd877]::thread::lifecycle::spawn_unchecked<test[aada8e7e76ba119b]::run_test::{closure#1}, ()>::{closure#1} as core[a373ad73a504971]::ops::function::FnOnce<()>>::call_once::{shim:vtable#0}
[INFO] [stdout]   18:     0x5a50210c972f - <std[617be2ca0a6fd877]::sys::thread::unix::Thread>::new::thread_start
[INFO] [stdout]   19:     0x72fb9e551dfa - <unknown>
[INFO] [stdout]   20:     0x72fb9e5e53d4 - clone
[INFO] [stdout]   21:                0x0 - <unknown>
[INFO] [stdout] 
[INFO] [stdout] ---- multiple_files stdout ----
[INFO] [stdout] 
[INFO] [stdout] thread 'multiple_files' (725) panicked at tests/util/mod.rs:35:65:
[INFO] [stdout] called `Result::unwrap()` on an `Err` value: CargoError { cause: Some(NotFoundError { path: "/opt/rustwide/target/release/build/rut/355eec0975a4f76e/out/rut" }) }
[INFO] [stdout] stack backtrace:
[INFO] [stdout]    0:     0x5a50210c9f51 - <<std[617be2ca0a6fd877]::sys::backtrace::BacktraceLock>::print::DisplayBacktrace as core[a373ad73a504971]::fmt::Display>::fmt
[INFO] [stdout]    1:     0x5a50210df5ca - core[a373ad73a504971]::fmt::write
[INFO] [stdout]    2:     0x5a50210cf57c - <alloc[2e1b2a31b91974c5]::vec::Vec<u8> as core[a373ad73a504971]::io::write::Write>::write_fmt
[INFO] [stdout]    3:     0x5a50210a5a66 - std[617be2ca0a6fd877]::panicking::default_hook::{closure#0}
[INFO] [stdout]    4:     0x5a50210c2569 - std[617be2ca0a6fd877]::panicking::default_hook
[INFO] [stdout]    5:     0x5a502105e0b0 - test[aada8e7e76ba119b]::test_main_inner::{closure#0}
[INFO] [stdout]    6:     0x5a50210c2722 - std[617be2ca0a6fd877]::panicking::panic_with_hook
[INFO] [stdout]    7:     0x5a50210a5b12 - std[617be2ca0a6fd877]::panicking::panic_handler::{closure#0}
[INFO] [stdout]    8:     0x5a502109e829 - std[617be2ca0a6fd877]::sys::backtrace::__rust_end_short_backtrace::<std[617be2ca0a6fd877]::panicking::panic_handler::{closure#0}, !>
[INFO] [stdout]    9:     0x5a50210a671d - __rustc[ea4f61d10b84890b]::rust_begin_unwind
[INFO] [stdout]   10:     0x5a50210dfcfc - core[a373ad73a504971]::panicking::panic_fmt
[INFO] [stdout]   11:     0x5a50210dfad2 - core[a373ad73a504971]::result::unwrap_failed
[INFO] [stdout]   12:     0x5a5021041253 - <test_cut_bytes[a2d6803f7973f8d3]::util::TestCommandBuilder>::build
[INFO] [stdout]   13:     0x5a5021042af9 - <test_cut_bytes[a2d6803f7973f8d3]::multiple_files::{closure#0} as core[a373ad73a504971]::ops::function::FnOnce<()>>::call_once
[INFO] [stdout]   14:     0x5a50210514fb - test[aada8e7e76ba119b]::__rust_begin_short_backtrace::<core[a373ad73a504971]::result::Result<(), alloc[2e1b2a31b91974c5]::string::String>, fn() -> core[a373ad73a504971]::result::Result<(), alloc[2e1b2a31b91974c5]::string::String>>
[INFO] [stdout]   15:     0x5a502105e6d5 - test[aada8e7e76ba119b]::run_test::{closure#0}
[INFO] [stdout]   16:     0x5a5021057fc4 - std[617be2ca0a6fd877]::sys::backtrace::__rust_begin_short_backtrace::<test[aada8e7e76ba119b]::run_test::{closure#1}, ()>
[INFO] [stdout]   17:     0x5a5021061762 - <std[617be2ca0a6fd877]::thread::lifecycle::spawn_unchecked<test[aada8e7e76ba119b]::run_test::{closure#1}, ()>::{closure#1} as core[a373ad73a504971]::ops::function::FnOnce<()>>::call_once::{shim:vtable#0}
[INFO] [stdout]   18:     0x5a50210c972f - <std[617be2ca0a6fd877]::sys::thread::unix::Thread>::new::thread_start
[INFO] [stdout]   19:     0x72fb9e551dfa - <unknown>
[INFO] [stdout]   20:     0x72fb9e5e53d4 - clone
[INFO] [stdout]   21:                0x0 - <unknown>
[INFO] [stdout] 
[INFO] [stdout] ---- all_utf8_bytes stdout ----
[INFO] [stdout] 
[INFO] [stdout] thread 'all_utf8_bytes' (720) panicked at tests/util/mod.rs:35:65:
[INFO] [stdout] called `Result::unwrap()` on an `Err` value: CargoError { cause: Some(NotFoundError { path: "/opt/rustwide/target/release/build/rut/355eec0975a4f76e/out/rut" }) }
[INFO] [stdout] stack backtrace:
[INFO] [stdout]    0:     0x5a50210c9f51 - <<std[617be2ca0a6fd877]::sys::backtrace::BacktraceLock>::print::DisplayBacktrace as core[a373ad73a504971]::fmt::Display>::fmt
[INFO] [stdout]    1:     0x5a50210df5ca - core[a373ad73a504971]::fmt::write
[INFO] [stdout]    2:     0x5a50210cf57c - <alloc[2e1b2a31b91974c5]::vec::Vec<u8> as core[a373ad73a504971]::io::write::Write>::write_fmt
[INFO] [stdout]    3:     0x5a50210a5a66 - std[617be2ca0a6fd877]::panicking::default_hook::{closure#0}
[INFO] [stdout]    4:     0x5a50210c2569 - std[617be2ca0a6fd877]::panicking::default_hook
[INFO] [stdout]    5:     0x5a502105e0b0 - test[aada8e7e76ba119b]::test_main_inner::{closure#0}
[INFO] [stdout]    6:     0x5a50210c2722 - std[617be2ca0a6fd877]::panicking::panic_with_hook
[INFO] [stdout]    7:     0x5a50210a5b12 - std[617be2ca0a6fd877]::panicking::panic_handler::{closure#0}
[INFO] [stdout]    8:     0x5a502109e829 - std[617be2ca0a6fd877]::sys::backtrace::__rust_end_short_backtrace::<std[617be2ca0a6fd877]::panicking::panic_handler::{closure#0}, !>
[INFO] [stdout]    9:     0x5a50210a671d - __rustc[ea4f61d10b84890b]::rust_begin_unwind
[INFO] [stdout]   10:     0x5a50210dfcfc - core[a373ad73a504971]::panicking::panic_fmt
[INFO] [stdout]   11:     0x5a50210dfad2 - core[a373ad73a504971]::result::unwrap_failed
[INFO] [stdout]   12:     0x5a5021041253 - <test_cut_bytes[a2d6803f7973f8d3]::util::TestCommandBuilder>::build
[INFO] [stdout]   13:     0x5a502104252d - <test_cut_bytes[a2d6803f7973f8d3]::all_utf8_bytes::{closure#0} as core[a373ad73a504971]::ops::function::FnOnce<()>>::call_once
[INFO] [stdout]   14:     0x5a50210514fb - test[aada8e7e76ba119b]::__rust_begin_short_backtrace::<core[a373ad73a504971]::result::Result<(), alloc[2e1b2a31b91974c5]::string::String>, fn() -> core[a373ad73a504971]::result::Result<(), alloc[2e1b2a31b91974c5]::string::String>>
[INFO] [stdout]   15:     0x5a502105e6d5 - test[aada8e7e76ba119b]::run_test::{closure#0}
[INFO] [stdout]   16:     0x5a5021057fc4 - std[617be2ca0a6fd877]::sys::backtrace::__rust_begin_short_backtrace::<test[aada8e7e76ba119b]::run_test::{closure#1}, ()>
[INFO] [stdout]   17:     0x5a5021061762 - <std[617be2ca0a6fd877]::thread::lifecycle::spawn_unchecked<test[aada8e7e76ba119b]::run_test::{closure#1}, ()>::{closure#1} as core[a373ad73a504971]::ops::function::FnOnce<()>>::call_once::{shim:vtable#0}
[INFO] [stdout]   18:     0x5a50210c972f - <std[617be2ca0a6fd877]::sys::thread::unix::Thread>::new::thread_start
[INFO] [stdout]   19:     0x72fb9e551dfa - <unknown>
[INFO] [stdout]   20:     0x72fb9e5e53d4 - clone
[INFO] [stdout]   21:                0x0 - <unknown>
[INFO] [stdout] 
[INFO] [stdout] ---- missing_file stdout ----
[INFO] [stdout] 
[INFO] [stdout] thread 'missing_file' (724) panicked at tests/util/mod.rs:35:65:
[INFO] [stdout] called `Result::unwrap()` on an `Err` value: CargoError { cause: Some(NotFoundError { path: "/opt/rustwide/target/release/build/rut/355eec0975a4f76e/out/rut" }) }
[INFO] [stdout] stack backtrace:
[INFO] [stdout]    0:     0x5a50210c9f51 - <<std[617be2ca0a6fd877]::sys::backtrace::BacktraceLock>::print::DisplayBacktrace as core[a373ad73a504971]::fmt::Display>::fmt
[INFO] [stdout]    1:     0x5a50210df5ca - core[a373ad73a504971]::fmt::write
[INFO] [stdout]    2:     0x5a50210cf57c - <alloc[2e1b2a31b91974c5]::vec::Vec<u8> as core[a373ad73a504971]::io::write::Write>::write_fmt
[INFO] [stdout]    3:     0x5a50210a5a66 - std[617be2ca0a6fd877]::panicking::default_hook::{closure#0}
[INFO] [stdout]    4:     0x5a50210c2569 - std[617be2ca0a6fd877]::panicking::default_hook
[INFO] [stdout]    5:     0x5a502105e0b0 - test[aada8e7e76ba119b]::test_main_inner::{closure#0}
[INFO] [stdout]    6:     0x5a50210c2722 - std[617be2ca0a6fd877]::panicking::panic_with_hook
[INFO] [stdout]    7:     0x5a50210a5b12 - std[617be2ca0a6fd877]::panicking::panic_handler::{closure#0}
[INFO] [stdout]    8:     0x5a502109e829 - std[617be2ca0a6fd877]::sys::backtrace::__rust_end_short_backtrace::<std[617be2ca0a6fd877]::panicking::panic_handler::{closure#0}, !>
[INFO] [stdout]    9:     0x5a50210a671d - __rustc[ea4f61d10b84890b]::rust_begin_unwind
[INFO] [stdout]   10:     0x5a50210dfcfc - core[a373ad73a504971]::panicking::panic_fmt
[INFO] [stdout]   11:     0x5a50210dfad2 - core[a373ad73a504971]::result::unwrap_failed
[INFO] [stdout]   12:     0x5a5021041253 - <test_cut_bytes[a2d6803f7973f8d3]::util::TestCommandBuilder>::build
[INFO] [stdout]   13:     0x5a5021042289 - <test_cut_bytes[a2d6803f7973f8d3]::missing_file::{closure#0} as core[a373ad73a504971]::ops::function::FnOnce<()>>::call_once
[INFO] [stdout]   14:     0x5a50210514fb - test[aada8e7e76ba119b]::__rust_begin_short_backtrace::<core[a373ad73a504971]::result::Result<(), alloc[2e1b2a31b91974c5]::string::String>, fn() -> core[a373ad73a504971]::result::Result<(), alloc[2e1b2a31b91974c5]::string::String>>
[INFO] [stdout]   15:     0x5a502105e6d5 - test[aada8e7e76ba119b]::run_test::{closure#0}
[INFO] [stdout]   16:     0x5a5021057fc4 - std[617be2ca0a6fd877]::sys::backtrace::__rust_begin_short_backtrace::<test[aada8e7e76ba119b]::run_test::{closure#1}, ()>
[INFO] [stdout]   17:     0x5a5021061762 - <std[617be2ca0a6fd877]::thread::lifecycle::spawn_unchecked<test[aada8e7e76ba119b]::run_test::{closure#1}, ()>::{closure#1} as core[a373ad73a504971]::ops::function::FnOnce<()>>::call_once::{shim:vtable#0}
[INFO] [stdout]   18:     0x5a50210c972f - <std[617be2ca0a6fd877]::sys::thread::unix::Thread>::new::thread_start
[INFO] [stdout]   19:     0x72fb9e551dfa - <unknown>
[INFO] [stdout]   20:     0x72fb9e5e53d4 - clone
[INFO] [stdout]   21:                0x0 - <unknown>
[INFO] [stdout] 
[INFO] [stdout] ---- ranges_complement stdout ----
[INFO] [stdout] 
[INFO] [stdout] thread 'ranges_complement' (727) panicked at tests/util/mod.rs:35:65:
[INFO] [stdout] called `Result::unwrap()` on an `Err` value: CargoError { cause: Some(NotFoundError { path: "/opt/rustwide/target/release/build/rut/355eec0975a4f76e/out/rut" }) }
[INFO] [stdout] stack backtrace:
[INFO] [stdout]    0:     0x5a50210c9f51 - <<std[617be2ca0a6fd877]::sys::backtrace::BacktraceLock>::print::DisplayBacktrace as core[a373ad73a504971]::fmt::Display>::fmt
[INFO] [stdout]    1:     0x5a50210df5ca - core[a373ad73a504971]::fmt::write
[INFO] [stdout]    2:     0x5a50210cf57c - <alloc[2e1b2a31b91974c5]::vec::Vec<u8> as core[a373ad73a504971]::io::write::Write>::write_fmt
[INFO] [stdout]    3:     0x5a50210a5a66 - std[617be2ca0a6fd877]::panicking::default_hook::{closure#0}
[INFO] [stdout]    4:     0x5a50210c2569 - std[617be2ca0a6fd877]::panicking::default_hook
[INFO] [stdout]    5:     0x5a502105e0b0 - test[aada8e7e76ba119b]::test_main_inner::{closure#0}
[INFO] [stdout]    6:     0x5a50210c2722 - std[617be2ca0a6fd877]::panicking::panic_with_hook
[INFO] [stdout]    7:     0x5a50210a5b12 - std[617be2ca0a6fd877]::panicking::panic_handler::{closure#0}
[INFO] [stdout]    8:     0x5a502109e829 - std[617be2ca0a6fd877]::sys::backtrace::__rust_end_short_backtrace::<std[617be2ca0a6fd877]::panicking::panic_handler::{closure#0}, !>
[INFO] [stdout]    9:     0x5a50210a671d - __rustc[ea4f61d10b84890b]::rust_begin_unwind
[INFO] [stdout]   10:     0x5a50210dfcfc - core[a373ad73a504971]::panicking::panic_fmt
[INFO] [stdout]   11:     0x5a50210dfad2 - core[a373ad73a504971]::result::unwrap_failed
[INFO] [stdout]   12:     0x5a5021041253 - <test_cut_bytes[a2d6803f7973f8d3]::util::TestCommandBuilder>::build
[INFO] [stdout]   13:     0x5a50210437b9 - <test_cut_bytes[a2d6803f7973f8d3]::ranges_complement::{closure#0} as core[a373ad73a504971]::ops::function::FnOnce<()>>::call_once
[INFO] [stdout]   14:     0x5a50210514fb - test[aada8e7e76ba119b]::__rust_begin_short_backtrace::<core[a373ad73a504971]::result::Result<(), alloc[2e1b2a31b91974c5]::string::String>, fn() -> core[a373ad73a504971]::result::Result<(), alloc[2e1b2a31b91974c5]::string::String>>
[INFO] [stdout]   15:     0x5a502105e6d5 - test[aada8e7e76ba119b]::run_test::{closure#0}
[INFO] [stdout]   16:     0x5a5021057fc4 - std[617be2ca0a6fd877]::sys::backtrace::__rust_begin_short_backtrace::<test[aada8e7e76ba119b]::run_test::{closure#1}, ()>
[INFO] [stdout]   17:     0x5a5021061762 - <std[617be2ca0a6fd877]::thread::lifecycle::spawn_unchecked<test[aada8e7e76ba119b]::run_test::{closure#1}, ()>::{closure#1} as core[a373ad73a504971]::ops::function::FnOnce<()>>::call_once::{shim:vtable#0}
[INFO] [stdout]   18:     0x5a50210c972f - <std[617be2ca0a6fd877]::sys::thread::unix::Thread>::new::thread_start
[INFO] [stdout]   19:     0x72fb9e551dfa - <unknown>
[INFO] [stdout]   20:     0x72fb9e5e53d4 - clone
[INFO] [stdout]   21:                0x0 - <unknown>
[INFO] [stdout] 
[INFO] [stdout] ---- no_split_multi_byte_character stdout ----
[INFO] [stdout] 
[INFO] [stdout] thread 'no_split_multi_byte_character' (726) panicked at tests/util/mod.rs:35:65:
[INFO] [stdout] called `Result::unwrap()` on an `Err` value: CargoError { cause: Some(NotFoundError { path: "/opt/rustwide/target/release/build/rut/355eec0975a4f76e/out/rut" }) }
[INFO] [stdout] stack backtrace:
[INFO] [stdout]    0:     0x5a50210c9f51 - <<std[617be2ca0a6fd877]::sys::backtrace::BacktraceLock>::print::DisplayBacktrace as core[a373ad73a504971]::fmt::Display>::fmt
[INFO] [stdout]    1:     0x5a50210df5ca - core[a373ad73a504971]::fmt::write
[INFO] [stdout]    2:     0x5a50210cf57c - <alloc[2e1b2a31b91974c5]::vec::Vec<u8> as core[a373ad73a504971]::io::write::Write>::write_fmt
[INFO] [stdout]    3:     0x5a50210a5a66 - std[617be2ca0a6fd877]::panicking::default_hook::{closure#0}
[INFO] [stdout]    4:     0x5a50210c2569 - std[617be2ca0a6fd877]::panicking::default_hook
[INFO] [stdout]    5:     0x5a502105e0b0 - test[aada8e7e76ba119b]::test_main_inner::{closure#0}
[INFO] [stdout]    6:     0x5a50210c2722 - std[617be2ca0a6fd877]::panicking::panic_with_hook
[INFO] [stdout]    7:     0x5a50210a5b12 - std[617be2ca0a6fd877]::panicking::panic_handler::{closure#0}
[INFO] [stdout]    8:     0x5a502109e829 - std[617be2ca0a6fd877]::sys::backtrace::__rust_end_short_backtrace::<std[617be2ca0a6fd877]::panicking::panic_handler::{closure#0}, !>
[INFO] [stdout]    9:     0x5a50210a671d - __rustc[ea4f61d10b84890b]::rust_begin_unwind
[INFO] [stdout]   10:     0x5a50210dfcfc - core[a373ad73a504971]::panicking::panic_fmt
[INFO] [stdout]   11:     0x5a50210dfad2 - core[a373ad73a504971]::result::unwrap_failed
[INFO] [stdout]   12:     0x5a5021041253 - <test_cut_bytes[a2d6803f7973f8d3]::util::TestCommandBuilder>::build
[INFO] [stdout]   13:     0x5a5021044459 - <test_cut_bytes[a2d6803f7973f8d3]::no_split_multi_byte_character::{closure#0} as core[a373ad73a504971]::ops::function::FnOnce<()>>::call_once
[INFO] [stdout]   14:     0x5a50210514fb - test[aada8e7e76ba119b]::__rust_begin_short_backtrace::<core[a373ad73a504971]::result::Result<(), alloc[2e1b2a31b91974c5]::string::String>, fn() -> core[a373ad73a504971]::result::Result<(), alloc[2e1b2a31b91974c5]::string::String>>
[INFO] [stdout]   15:     0x5a502105e6d5 - test[aada8e7e76ba119b]::run_test::{closure#0}
[INFO] [stdout]   16:     0x5a5021057fc4 - std[617be2ca0a6fd877]::sys::backtrace::__rust_begin_short_backtrace::<test[aada8e7e76ba119b]::run_test::{closure#1}, ()>
[INFO] [stdout]   17:     0x5a5021061762 - <std[617be2ca0a6fd877]::thread::lifecycle::spawn_unchecked<test[aada8e7e76ba119b]::run_test::{closure#1}, ()>::{closure#1} as core[a373ad73a504971]::ops::function::FnOnce<()>>::call_once::{shim:vtable#0}
[INFO] [stdout]   18:     0x5a50210c972f - <std[617be2ca0a6fd877]::sys::thread::unix::Thread>::new::thread_start
[INFO] [stdout]   19:     0x72fb9e551dfa - <unknown>
[INFO] [stdout]   20:     0x72fb9e5e53d4 - clone
[INFO] [stdout]   21:                0x0 - <unknown>
[INFO] [stdout] 
[INFO] [stdout] ---- some_ascii_bytes stdout ----
[INFO] [stdout] 
[INFO] [stdout] thread 'some_ascii_bytes' (728) panicked at tests/util/mod.rs:35:65:
[INFO] [stdout] called `Result::unwrap()` on an `Err` value: CargoError { cause: Some(NotFoundError { path: "/opt/rustwide/target/release/build/rut/355eec0975a4f76e/out/rut" }) }
[INFO] [stdout] stack backtrace:
[INFO] [stdout]    0:     0x5a50210c9f51 - <<std[617be2ca0a6fd877]::sys::backtrace::BacktraceLock>::print::DisplayBacktrace as core[a373ad73a504971]::fmt::Display>::fmt
[INFO] [stdout]    1:     0x5a50210df5ca - core[a373ad73a504971]::fmt::write
[INFO] [stdout]    2:     0x5a50210cf57c - <alloc[2e1b2a31b91974c5]::vec::Vec<u8> as core[a373ad73a504971]::io::write::Write>::write_fmt
[INFO] [stdout]    3:     0x5a50210a5a66 - std[617be2ca0a6fd877]::panicking::default_hook::{closure#0}
[INFO] [stdout]    4:     0x5a50210c2569 - std[617be2ca0a6fd877]::panicking::default_hook
[INFO] [stdout]    5:     0x5a502105e0b0 - test[aada8e7e76ba119b]::test_main_inner::{closure#0}
[INFO] [stdout]    6:     0x5a50210c2722 - std[617be2ca0a6fd877]::panicking::panic_with_hook
[INFO] [stdout]    7:     0x5a50210a5b12 - std[617be2ca0a6fd877]::panicking::panic_handler::{closure#0}
[INFO] [stdout]    8:     0x5a502109e829 - std[617be2ca0a6fd877]::sys::backtrace::__rust_end_short_backtrace::<std[617be2ca0a6fd877]::panicking::panic_handler::{closure#0}, !>
[INFO] [stdout]    9:     0x5a50210a671d - __rustc[ea4f61d10b84890b]::rust_begin_unwind
[INFO] [stdout]   10:     0x5a50210dfcfc - core[a373ad73a504971]::panicking::panic_fmt
[INFO] [stdout]   11:     0x5a50210dfad2 - core[a373ad73a504971]::result::unwrap_failed
[INFO] [stdout]   12:     0x5a5021041253 - <test_cut_bytes[a2d6803f7973f8d3]::util::TestCommandBuilder>::build
[INFO] [stdout]   13:     0x5a50210434fd - <test_cut_bytes[a2d6803f7973f8d3]::some_ascii_bytes::{closure#0} as core[a373ad73a504971]::ops::function::FnOnce<()>>::call_once
[INFO] [stdout]   14:     0x5a50210514fb - test[aada8e7e76ba119b]::__rust_begin_short_backtrace::<core[a373ad73a504971]::result::Result<(), alloc[2e1b2a31b91974c5]::string::String>, fn() -> core[a373ad73a504971]::result::Result<(), alloc[2e1b2a31b91974c5]::string::String>>
[INFO] [stdout]   15:     0x5a502105e6d5 - test[aada8e7e76ba119b]::run_test::{closure#0}
[INFO] [stdout]   16:     0x5a5021057fc4 - std[617be2ca0a6fd877]::sys::backtrace::__rust_begin_short_backtrace::<test[aada8e7e76ba119b]::run_test::{closure#1}, ()>
[INFO] [stdout]   17:     0x5a5021061762 - <std[617be2ca0a6fd877]::thread::lifecycle::spawn_unchecked<test[aada8e7e76ba119b]::run_test::{closure#1}, ()>::{closure#1} as core[a373ad73a504971]::ops::function::FnOnce<()>>::call_once::{shim:vtable#0}
[INFO] [stdout]   18:     0x5a50210c972f - <std[617be2ca0a6fd877]::sys::thread::unix::Thread>::new::thread_start
[INFO] [stdout]   19:     0x72fb9e551dfa - <unknown>
[INFO] [stdout]   20:     0x72fb9e5e53d4 - clone
[INFO] [stdout]   21:                0x0 - <unknown>
[INFO] [stdout] 
[INFO] [stdout] ---- some_binary_bytes stdout ----
[INFO] [stdout] 
[INFO] [stdout] thread 'some_binary_bytes' (729) panicked at tests/util/mod.rs:35:65:
[INFO] [stdout] called `Result::unwrap()` on an `Err` value: CargoError { cause: Some(NotFoundError { path: "/opt/rustwide/target/release/build/rut/355eec0975a4f76e/out/rut" }) }
[INFO] [stdout] stack backtrace:
[INFO] [stdout]    0:     0x5a50210c9f51 - <<std[617be2ca0a6fd877]::sys::backtrace::BacktraceLock>::print::DisplayBacktrace as core[a373ad73a504971]::fmt::Display>::fmt
[INFO] [stdout]    1:     0x5a50210df5ca - core[a373ad73a504971]::fmt::write
[INFO] [stdout]    2:     0x5a50210cf57c - <alloc[2e1b2a31b91974c5]::vec::Vec<u8> as core[a373ad73a504971]::io::write::Write>::write_fmt
[INFO] [stdout]    3:     0x5a50210a5a66 - std[617be2ca0a6fd877]::panicking::default_hook::{closure#0}
[INFO] [stdout]    4:     0x5a50210c2569 - std[617be2ca0a6fd877]::panicking::default_hook
[INFO] [stdout]    5:     0x5a502105e0b0 - test[aada8e7e76ba119b]::test_main_inner::{closure#0}
[INFO] [stdout]    6:     0x5a50210c2722 - std[617be2ca0a6fd877]::panicking::panic_with_hook
[INFO] [stdout]    7:     0x5a50210a5b12 - std[617be2ca0a6fd877]::panicking::panic_handler::{closure#0}
[INFO] [stdout]    8:     0x5a502109e829 - std[617be2ca0a6fd877]::sys::backtrace::__rust_end_short_backtrace::<std[617be2ca0a6fd877]::panicking::panic_handler::{closure#0}, !>
[INFO] [stdout]    9:     0x5a50210a671d - __rustc[ea4f61d10b84890b]::rust_begin_unwind
[INFO] [stdout]   10:     0x5a50210dfcfc - core[a373ad73a504971]::panicking::panic_fmt
[INFO] [stdout]   11:     0x5a50210dfad2 - core[a373ad73a504971]::result::unwrap_failed
[INFO] [stdout]   12:     0x5a5021041253 - <test_cut_bytes[a2d6803f7973f8d3]::util::TestCommandBuilder>::build
[INFO] [stdout]   13:     0x5a5021043a5a - <test_cut_bytes[a2d6803f7973f8d3]::some_binary_bytes::{closure#0} as core[a373ad73a504971]::ops::function::FnOnce<()>>::call_once
[INFO] [stdout]   14:     0x5a50210514fb - test[aada8e7e76ba119b]::__rust_begin_short_backtrace::<core[a373ad73a504971]::result::Result<(), alloc[2e1b2a31b91974c5]::string::String>, fn() -> core[a373ad73a504971]::result::Result<(), alloc[2e1b2a31b91974c5]::string::String>>
[INFO] [stdout]   15:     0x5a502105e6d5 - test[aada8e7e76ba119b]::run_test::{closure#0}
[INFO] [stdout]   16:     0x5a5021057fc4 - std[617be2ca0a6fd877]::sys::backtrace::__rust_begin_short_backtrace::<test[aada8e7e76ba119b]::run_test::{closure#1}, ()>
[INFO] [stdout]   17:     0x5a5021061762 - <std[617be2ca0a6fd877]::thread::lifecycle::spawn_unchecked<test[aada8e7e76ba119b]::run_test::{closure#1}, ()>::{closure#1} as core[a373ad73a504971]::ops::function::FnOnce<()>>::call_once::{shim:vtable#0}
[INFO] [stdout]   18:     0x5a50210c972f - <std[617be2ca0a6fd877]::sys::thread::unix::Thread>::new::thread_start
[INFO] [stdout]   19:     0x72fb9e551dfa - <unknown>
[INFO] [stdout]   20:     0x72fb9e5e53d4 - clone
[INFO] [stdout]   21:                0x0 - <unknown>
[INFO] [stdout] 
[INFO] [stdout] ---- some_utf8_bytes stdout ----
[INFO] [stdout] 
[INFO] [stdout] thread 'some_utf8_bytes' (730) panicked at tests/util/mod.rs:35:65:
[INFO] [stdout] called `Result::unwrap()` on an `Err` value: CargoError { cause: Some(NotFoundError { path: "/opt/rustwide/target/release/build/rut/355eec0975a4f76e/out/rut" }) }
[INFO] [stdout] stack backtrace:
[INFO] [stdout]    0:     0x5a50210c9f51 - <<std[617be2ca0a6fd877]::sys::backtrace::BacktraceLock>::print::DisplayBacktrace as core[a373ad73a504971]::fmt::Display>::fmt
[INFO] [stdout]    1:     0x5a50210df5ca - core[a373ad73a504971]::fmt::write
[INFO] [stdout]    2:     0x5a50210cf57c - <alloc[2e1b2a31b91974c5]::vec::Vec<u8> as core[a373ad73a504971]::io::write::Write>::write_fmt
[INFO] [stdout]    3:     0x5a50210a5a66 - std[617be2ca0a6fd877]::panicking::default_hook::{closure#0}
[INFO] [stdout]    4:     0x5a50210c2569 - std[617be2ca0a6fd877]::panicking::default_hook
[INFO] [stdout]    5:     0x5a502105e0b0 - test[aada8e7e76ba119b]::test_main_inner::{closure#0}
[INFO] [stdout]    6:     0x5a50210c2722 - std[617be2ca0a6fd877]::panicking::panic_with_hook
[INFO] [stdout]    7:     0x5a50210a5b12 - std[617be2ca0a6fd877]::panicking::panic_handler::{closure#0}
[INFO] [stdout]    8:     0x5a502109e829 - std[617be2ca0a6fd877]::sys::backtrace::__rust_end_short_backtrace::<std[617be2ca0a6fd877]::panicking::panic_handler::{closure#0}, !>
[INFO] [stdout]    9:     0x5a50210a671d - __rustc[ea4f61d10b84890b]::rust_begin_unwind
[INFO] [stdout]   10:     0x5a50210dfcfc - core[a373ad73a504971]::panicking::panic_fmt
[INFO] [stdout]   11:     0x5a50210dfad2 - core[a373ad73a504971]::result::unwrap_failed
[INFO] [stdout]   12:     0x5a5021041253 - <test_cut_bytes[a2d6803f7973f8d3]::util::TestCommandBuilder>::build
[INFO] [stdout]   13:     0x5a502104303d - <test_cut_bytes[a2d6803f7973f8d3]::some_utf8_bytes::{closure#0} as core[a373ad73a504971]::ops::function::FnOnce<()>>::call_once
[INFO] [stdout]   14:     0x5a50210514fb - test[aada8e7e76ba119b]::__rust_begin_short_backtrace::<core[a373ad73a504971]::result::Result<(), alloc[2e1b2a31b91974c5]::string::String>, fn() -> core[a373ad73a504971]::result::Result<(), alloc[2e1b2a31b91974c5]::string::String>>
[INFO] [stdout]   15:     0x5a502105e6d5 - test[aada8e7e76ba119b]::run_test::{closure#0}
[INFO] [stdout]   16:     0x5a5021057fc4 - std[617be2ca0a6fd877]::sys::backtrace::__rust_begin_short_backtrace::<test[aada8e7e76ba119b]::run_test::{closure#1}, ()>
[INFO] [stdout]   17:     0x5a5021061762 - <std[617be2ca0a6fd877]::thread::lifecycle::spawn_unchecked<test[aada8e7e76ba119b]::run_test::{closure#1}, ()>::{closure#1} as core[a373ad73a504971]::ops::function::FnOnce<()>>::call_once::{shim:vtable#0}
[INFO] [stdout]   18:     0x5a50210c972f - <std[617be2ca0a6fd877]::sys::thread::unix::Thread>::new::thread_start
[INFO] [stdout]   19:     0x72fb9e551dfa - <unknown>
[INFO] [stdout]   20:     0x72fb9e5e53d4 - clone
[INFO] [stdout]   21:                0x0 - <unknown>
[INFO] [stdout] 
[INFO] [stdout] ---- zero_terminated_ascii stdout ----
[INFO] [stdout] 
[INFO] [stdout] thread 'zero_terminated_ascii' (731) panicked at tests/util/mod.rs:35:65:
[INFO] [stdout] called `Result::unwrap()` on an `Err` value: CargoError { cause: Some(NotFoundError { path: "/opt/rustwide/target/release/build/rut/355eec0975a4f76e/out/rut" }) }
[INFO] [stdout] stack backtrace:
[INFO] [stdout]    0:     0x5a50210c9f51 - <<std[617be2ca0a6fd877]::sys::backtrace::BacktraceLock>::print::DisplayBacktrace as core[a373ad73a504971]::fmt::Display>::fmt
[INFO] [stdout]    1:     0x5a50210df5ca - core[a373ad73a504971]::fmt::write
[INFO] [stdout]    2:     0x5a50210cf57c - <alloc[2e1b2a31b91974c5]::vec::Vec<u8> as core[a373ad73a504971]::io::write::Write>::write_fmt
[INFO] [stdout]    3:     0x5a50210a5a66 - std[617be2ca0a6fd877]::panicking::default_hook::{closure#0}
[INFO] [stdout]    4:     0x5a50210c2569 - std[617be2ca0a6fd877]::panicking::default_hook
[INFO] [stdout]    5:     0x5a502105e0b0 - test[aada8e7e76ba119b]::test_main_inner::{closure#0}
[INFO] [stdout]    6:     0x5a50210c2722 - std[617be2ca0a6fd877]::panicking::panic_with_hook
[INFO] [stdout]    7:     0x5a50210a5b12 - std[617be2ca0a6fd877]::panicking::panic_handler::{closure#0}
[INFO] [stdout]    8:     0x5a502109e829 - std[617be2ca0a6fd877]::sys::backtrace::__rust_end_short_backtrace::<std[617be2ca0a6fd877]::panicking::panic_handler::{closure#0}, !>
[INFO] [stdout]    9:     0x5a50210a671d - __rustc[ea4f61d10b84890b]::rust_begin_unwind
[INFO] [stdout]   10:     0x5a50210dfcfc - core[a373ad73a504971]::panicking::panic_fmt
[INFO] [stdout]   11:     0x5a50210dfad2 - core[a373ad73a504971]::result::unwrap_failed
[INFO] [stdout]   12:     0x5a5021041253 - <test_cut_bytes[a2d6803f7973f8d3]::util::TestCommandBuilder>::build
[INFO] [stdout]   13:     0x5a5021043f59 - <test_cut_bytes[a2d6803f7973f8d3]::zero_terminated_ascii::{closure#0} as core[a373ad73a504971]::ops::function::FnOnce<()>>::call_once
[INFO] [stdout]   14:     0x5a50210514fb - test[aada8e7e76ba119b]::__rust_begin_short_backtrace::<core[a373ad73a504971]::result::Result<(), alloc[2e1b2a31b91974c5]::string::String>, fn() -> core[a373ad73a504971]::result::Result<(), alloc[2e1b2a31b91974c5]::string::String>>
[INFO] [stdout]   15:     0x5a502105e6d5 - test[aada8e7e76ba119b]::run_test::{closure#0}
[INFO] [stdout]   16:     0x5a5021057fc4 - std[617be2ca0a6fd877]::sys::backtrace::__rust_begin_short_backtrace::<test[aada8e7e76ba119b]::run_test::{closure#1}, ()>
[INFO] [stdout]   17:     0x5a5021061762 - <std[617be2ca0a6fd877]::thread::lifecycle::spawn_unchecked<test[aada8e7e76ba119b]::run_test::{closure#1}, ()>::{closure#1} as core[a373ad73a504971]::ops::function::FnOnce<()>>::call_once::{shim:vtable#0}
[INFO] [stdout]   18:     0x5a50210c972f - <std[617be2ca0a6fd877]::sys::thread::unix::Thread>::new::thread_start
[INFO] [stdout]   19:     0x72fb9e551dfa - <unknown>
[INFO] [stdout]   20:     0x72fb9e5e53d4 - clone
[INFO] [stdout]   21:                0x0 - <unknown>
[INFO] [stdout] 
[INFO] [stdout] ---- zero_terminated_binary stdout ----
[INFO] [stdout] 
[INFO] [stdout] thread 'zero_terminated_binary' (732) panicked at tests/util/mod.rs:35:65:
[INFO] [stdout] called `Result::unwrap()` on an `Err` value: CargoError { cause: Some(NotFoundError { path: "/opt/rustwide/target/release/build/rut/355eec0975a4f76e/out/rut" }) }
[INFO] [stdout] stack backtrace:
[INFO] [stdout]    0:     0x5a50210c9f51 - <<std[617be2ca0a6fd877]::sys::backtrace::BacktraceLock>::print::DisplayBacktrace as core[a373ad73a504971]::fmt::Display>::fmt
[INFO] [stdout]    1:     0x5a50210df5ca - core[a373ad73a504971]::fmt::write
[INFO] [stdout]    2:     0x5a50210cf57c - <alloc[2e1b2a31b91974c5]::vec::Vec<u8> as core[a373ad73a504971]::io::write::Write>::write_fmt
[INFO] [stdout]    3:     0x5a50210a5a66 - std[617be2ca0a6fd877]::panicking::default_hook::{closure#0}
[INFO] [stdout]    4:     0x5a50210c2569 - std[617be2ca0a6fd877]::panicking::default_hook
[INFO] [stdout]    5:     0x5a502105e0b0 - test[aada8e7e76ba119b]::test_main_inner::{closure#0}
[INFO] [stdout]    6:     0x5a50210c2722 - std[617be2ca0a6fd877]::panicking::panic_with_hook
[INFO] [stdout]    7:     0x5a50210a5b12 - std[617be2ca0a6fd877]::panicking::panic_handler::{closure#0}
[INFO] [stdout]    8:     0x5a502109e829 - std[617be2ca0a6fd877]::sys::backtrace::__rust_end_short_backtrace::<std[617be2ca0a6fd877]::panicking::panic_handler::{closure#0}, !>
[INFO] [stdout]    9:     0x5a50210a671d - __rustc[ea4f61d10b84890b]::rust_begin_unwind
[INFO] [stdout]   10:     0x5a50210dfcfc - core[a373ad73a504971]::panicking::panic_fmt
[INFO] [stdout]   11:     0x5a50210dfad2 - core[a373ad73a504971]::result::unwrap_failed
[INFO] [stdout]   12:     0x5a5021041253 - <test_cut_bytes[a2d6803f7973f8d3]::util::TestCommandBuilder>::build
[INFO] [stdout]   13:     0x5a5021044219 - <test_cut_bytes[a2d6803f7973f8d3]::zero_terminated_binary::{closure#0} as core[a373ad73a504971]::ops::function::FnOnce<()>>::call_once
[INFO] [stdout]   14:     0x5a50210514fb - test[aada8e7e76ba119b]::__rust_begin_short_backtrace::<core[a373ad73a504971]::result::Result<(), alloc[2e1b2a31b91974c5]::string::String>, fn() -> core[a373ad73a504971]::result::Result<(), alloc[2e1b2a31b91974c5]::string::String>>
[INFO] [stdout]   15:     0x5a502105e6d5 - test[aada8e7e76ba119b]::run_test::{closure#0}
[INFO] [stdout]   16:     0x5a5021057fc4 - std[617be2ca0a6fd877]::sys::backtrace::__rust_begin_short_backtrace::<test[aada8e7e76ba119b]::run_test::{closure#1}, ()>
[INFO] [stdout]   17:     0x5a5021061762 - <std[617be2ca0a6fd877]::thread::lifecycle::spawn_unchecked<test[aada8e7e76ba119b]::run_test::{closure#1}, ()>::{closure#1} as core[a373ad73a504971]::ops::function::FnOnce<()>>::call_once::{shim:vtable#0}
[INFO] [stdout]   18:     0x5a50210c972f - <std[617be2ca0a6fd877]::sys::thread::unix::Thread>::new::thread_start
[INFO] [stdout]   19:     0x72fb9e551dfa - <unknown>
[INFO] [stdout]   20:     0x72fb9e5e53d4 - clone
[INFO] [stdout]   21:                0x0 - <unknown>
[INFO] [stdout] 
[INFO] [stdout] ---- zero_terminated_utf8 stdout ----
[INFO] [stdout] 
[INFO] [stdout] thread 'zero_terminated_utf8' (733) panicked at tests/util/mod.rs:35:65:
[INFO] [stdout] called `Result::unwrap()` on an `Err` value: CargoError { cause: Some(NotFoundError { path: "/opt/rustwide/target/release/build/rut/355eec0975a4f76e/out/rut" }) }
[INFO] [stdout] stack backtrace:
[INFO] [stdout]    0:     0x5a50210c9f51 - <<std[617be2ca0a6fd877]::sys::backtrace::BacktraceLock>::print::DisplayBacktrace as core[a373ad73a504971]::fmt::Display>::fmt
[INFO] [stdout]    1:     0x5a50210df5ca - core[a373ad73a504971]::fmt::write
[INFO] [stdout]    2:     0x5a50210cf57c - <alloc[2e1b2a31b91974c5]::vec::Vec<u8> as core[a373ad73a504971]::io::write::Write>::write_fmt
[INFO] [stdout]    3:     0x5a50210a5a66 - std[617be2ca0a6fd877]::panicking::default_hook::{closure#0}
[INFO] [stdout]    4:     0x5a50210c2569 - std[617be2ca0a6fd877]::panicking::default_hook
[INFO] [stdout]    5:     0x5a502105e0b0 - test[aada8e7e76ba119b]::test_main_inner::{closure#0}
[INFO] [stdout]    6:     0x5a50210c2722 - std[617be2ca0a6fd877]::panicking::panic_with_hook
[INFO] [stdout]    7:     0x5a50210a5b12 - std[617be2ca0a6fd877]::panicking::panic_handler::{closure#0}
[INFO] [stdout]    8:     0x5a502109e829 - std[617be2ca0a6fd877]::sys::backtrace::__rust_end_short_backtrace::<std[617be2ca0a6fd877]::panicking::panic_handler::{closure#0}, !>
[INFO] [stdout]    9:     0x5a50210a671d - __rustc[ea4f61d10b84890b]::rust_begin_unwind
[INFO] [stdout]   10:     0x5a50210dfcfc - core[a373ad73a504971]::panicking::panic_fmt
[INFO] [stdout]   11:     0x5a50210dfad2 - core[a373ad73a504971]::result::unwrap_failed
[INFO] [stdout]   12:     0x5a5021041253 - <test_cut_bytes[a2d6803f7973f8d3]::util::TestCommandBuilder>::build
[INFO] [stdout]   13:     0x5a5021043c99 - <test_cut_bytes[a2d6803f7973f8d3]::zero_terminated_utf8::{closure#0} as core[a373ad73a504971]::ops::function::FnOnce<()>>::call_once
[INFO] [stdout]   14:     0x5a50210514fb - test[aada8e7e76ba119b]::__rust_begin_short_backtrace::<core[a373ad73a504971]::result::Result<(), alloc[2e1b2a31b91974c5]::string::String>, fn() -> core[a373ad73a504971]::result::Result<(), alloc[2e1b2a31b91974c5]::string::String>>
[INFO] [stdout]   15:     0x5a502105e6d5 - test[aada8e7e76ba119b]::run_test::{closure#0}
[INFO] [stdout]   16:     0x5a5021057fc4 - std[617be2ca0a6fd877]::sys::backtrace::__rust_begin_short_backtrace::<test[aada8e7e76ba119b]::run_test::{closure#1}, ()>
[INFO] [stdout]   17:     0x5a5021061762 - <std[617be2ca0a6fd877]::thread::lifecycle::spawn_unchecked<test[aada8e7e76ba119b]::run_test::{closure#1}, ()>::{closure#1} as core[a373ad73a504971]::ops::function::FnOnce<()>>::call_once::{shim:vtable#0}
[INFO] [stdout]   18:     0x5a50210c972f - <std[617be2ca0a6fd877]::sys::thread::unix::Thread>::new::thread_start
[INFO] [stdout]   19:     0x72fb9e551dfa - <unknown>
[INFO] [stdout]   20:     0x72fb9e5e53d4 - clone
[INFO] [stdout]   21:                0x0 - <unknown>
[INFO] [stdout] 
[INFO] [stdout] 
[INFO] [stdout] failures:
[INFO] [stdout]     all_ascii_bytes
[INFO] [stdout]     all_binary_bytes
[INFO] [stdout]     all_utf8_bytes
[INFO] [stdout]     empty_ranges
[INFO] [stdout]     file_and_stdin
[INFO] [stdout]     from_stdin
[INFO] [stdout]     missing_file
[INFO] [stdout]     multiple_files
[INFO] [stdout]     no_split_multi_byte_character
[INFO] [stdout]     ranges_complement
[INFO] [stdout]     some_ascii_bytes
[INFO] [stdout]     some_binary_bytes
[INFO] [stdout]     some_utf8_bytes
[INFO] [stdout]     zero_terminated_ascii
[INFO] [stdout]     zero_terminated_binary
[INFO] [stdout]     zero_terminated_utf8
[INFO] [stdout] 
[INFO] [stdout] test result: FAILED. 0 passed; 16 failed; 0 ignored; 0 measured; 0 filtered out; finished in 0.01s
[INFO] [stdout] 
[INFO] running `Command { std: "docker" "inspect" "942ff31f5950d70610fa9a5ec305c056363781d0e4f59e7080ffb4a5eb18c9c5", kill_on_drop: false }`
[INFO] running `Command { std: "docker" "rm" "-f" "942ff31f5950d70610fa9a5ec305c056363781d0e4f59e7080ffb4a5eb18c9c5", kill_on_drop: false }`
[INFO] [stdout] 942ff31f5950d70610fa9a5ec305c056363781d0e4f59e7080ffb4a5eb18c9c5
