[INFO] cloning repository https://github.com/tr1v3r/cordis-rs
[INFO] running `Command { std: "git" "-c" "credential.helper=" "-c" "credential.helper=/workspace/cargo-home/bin/git-credential-null" "clone" "--bare" "https://github.com/tr1v3r/cordis-rs" "/workspace/cache/git-repos/https%3A%2F%2Fgithub.com%2Ftr1v3r%2Fcordis-rs", kill_on_drop: false }`
[INFO] [stderr] Cloning into bare repository '/workspace/cache/git-repos/https%3A%2F%2Fgithub.com%2Ftr1v3r%2Fcordis-rs'...
[INFO] running `Command { std: "git" "rev-parse" "HEAD", kill_on_drop: false }`
[INFO] [stdout] a2a036557072d0df3ca4881a382b7efa49fe320e
[INFO] testing tr1v3r/cordis-rs against 1.100.0-beta.1+cargoflags=--release for beta-release-1.100-2
[INFO] running `Command { std: "git" "clone" "/workspace/cache/git-repos/https%3A%2F%2Fgithub.com%2Ftr1v3r%2Fcordis-rs" "/workspace/builds/worker-7-tc2/source", kill_on_drop: false }`
[INFO] [stderr] Cloning into '/workspace/builds/worker-7-tc2/source'...
[INFO] [stderr] done.
[INFO] removed /workspace/builds/worker-7-tc2/source/rust-toolchain.toml
[INFO] started tweaking git repo https://github.com/tr1v3r/cordis-rs
[INFO] finished tweaking git repo https://github.com/tr1v3r/cordis-rs
[INFO] tweaked toml for git repo https://github.com/tr1v3r/cordis-rs written to /workspace/builds/worker-7-tc2/source/Cargo.toml
[INFO] validating manifest of git repo https://github.com/tr1v3r/cordis-rs on toolchain 1.100.0-beta.1
[INFO] running `Command { std: CARGO_HOME="/workspace/cargo-home" RUSTUP_HOME="/workspace/rustup-home" "/workspace/cargo-home/bin/cargo" "+1.100.0-beta.1" "metadata" "--manifest-path" "Cargo.toml" "--no-deps", kill_on_drop: false }`
[INFO] crate git repo https://github.com/tr1v3r/cordis-rs already has a lockfile, it will not be regenerated
[INFO] running `Command { std: CARGO_HOME="/workspace/cargo-home" RUSTUP_HOME="/workspace/rustup-home" "/workspace/cargo-home/bin/cargo" "+1.100.0-beta.1" "fetch" "--manifest-path" "Cargo.toml", kill_on_drop: false }`
[INFO] running `Command { std: "docker" "create" "-v" "/var/lib/crater-agent-workspace/builds/worker-7-tc2/source:/opt/rustwide/workdir:ro,Z" "-v" "/var/lib/crater-agent-workspace/builds/worker-7-tc2/target:/opt/rustwide/target:rw,Z" "-v" "/var/lib/crater-agent-workspace/cargo-home:/opt/rustwide/cargo-home:ro,Z" "-v" "/var/lib/crater-agent-workspace/rustup-home:/opt/rustwide/rustup-home:ro,Z" "-m" "1610612736" "--network" "none" "ghcr.io/rust-lang/crates-build-env/linux@sha256:77db811e55d90add9212f6832c23229e3de5f1c1f9905e8cb07319ea15df73ac" "sleep" "infinity", kill_on_drop: false }`
[INFO] [stdout] 4ce46c5759290a310e75bad7776c75dffc3b5c8b94471409fe35d5cb1ae3eec2
[INFO] running `Command { std: "docker" "start" "4ce46c5759290a310e75bad7776c75dffc3b5c8b94471409fe35d5cb1ae3eec2", kill_on_drop: false }`
[INFO] running `Command { std: "docker" "inspect" "4ce46c5759290a310e75bad7776c75dffc3b5c8b94471409fe35d5cb1ae3eec2", kill_on_drop: false }`
[INFO] running `Command { std: "docker" "exec" "-e" "SOURCE_DIR=/opt/rustwide/workdir" "-e" "CARGO_HOME=/opt/rustwide/cargo-home" "-e" "RUSTUP_HOME=/opt/rustwide/rustup-home" "-e" "CARGO_TARGET_DIR=/opt/rustwide/target" "-w" "/opt/rustwide/workdir" "--user" "0:0" "4ce46c5759290a310e75bad7776c75dffc3b5c8b94471409fe35d5cb1ae3eec2" "/opt/rustwide/cargo-home/bin/cargo" "+1.100.0-beta.1" "metadata" "--no-deps" "--format-version=1", kill_on_drop: false }`
[INFO] running `Command { std: "docker" "inspect" "4ce46c5759290a310e75bad7776c75dffc3b5c8b94471409fe35d5cb1ae3eec2", kill_on_drop: false }`
[INFO] running `Command { std: "docker" "exec" "-e" "SOURCE_DIR=/opt/rustwide/workdir" "-e" "CARGO_HOME=/opt/rustwide/cargo-home" "-e" "RUSTUP_HOME=/opt/rustwide/rustup-home" "-e" "CARGO_TARGET_DIR=/opt/rustwide/target" "-e" "CARGO_INCREMENTAL=0" "-e" "RUST_BACKTRACE=full" "-e" "RUSTFLAGS=--cap-lints=warn" "-e" "RUSTDOCFLAGS=--cap-lints=warn" "-w" "/opt/rustwide/workdir" "--user" "0:0" "4ce46c5759290a310e75bad7776c75dffc3b5c8b94471409fe35d5cb1ae3eec2" "/opt/rustwide/cargo-home/bin/cargo" "+1.100.0-beta.1" "build" "--frozen" "--message-format=json" "--release", kill_on_drop: false }`
[INFO] [stderr]    Compiling proc-macro2 v1.0.107
[INFO] [stderr]    Compiling quote v1.0.47
[INFO] [stderr]    Compiling unicode-ident v1.0.24
[INFO] [stderr]    Compiling serde_core v1.0.229
[INFO] [stderr]    Compiling zmij v1.0.23
[INFO] [stderr]    Compiling serde_json v1.0.151
[INFO] [stderr]    Compiling serde v1.0.229
[INFO] [stderr]    Compiling pin-project-lite v0.2.17
[INFO] [stderr]    Compiling itoa v1.0.18
[INFO] [stderr]    Compiling memchr v2.8.3
[INFO] [stderr]    Compiling syn v3.0.4
[INFO] [stderr]    Compiling tokio-macros v2.7.2
[INFO] [stderr]    Compiling serde_derive v1.0.229
[INFO] [stderr]    Compiling tokio v1.53.1
[INFO] [stderr]    Compiling cordis-core v0.1.0 (/opt/rustwide/workdir/crates/cordis-core)
[INFO] [stderr]    Compiling cordis-loader v0.1.0 (/opt/rustwide/workdir/crates/cordis-loader)
[INFO] [stderr]     Finished `release` profile [optimized] target(s) in 26.86s
[INFO] running `Command { std: "docker" "inspect" "4ce46c5759290a310e75bad7776c75dffc3b5c8b94471409fe35d5cb1ae3eec2", kill_on_drop: false }`
[INFO] running `Command { std: "docker" "exec" "-e" "SOURCE_DIR=/opt/rustwide/workdir" "-e" "CARGO_HOME=/opt/rustwide/cargo-home" "-e" "RUSTUP_HOME=/opt/rustwide/rustup-home" "-e" "CARGO_TARGET_DIR=/opt/rustwide/target" "-e" "CARGO_INCREMENTAL=0" "-e" "RUST_BACKTRACE=full" "-e" "RUSTFLAGS=--cap-lints=warn" "-e" "RUSTDOCFLAGS=--cap-lints=warn" "-w" "/opt/rustwide/workdir" "--user" "0:0" "4ce46c5759290a310e75bad7776c75dffc3b5c8b94471409fe35d5cb1ae3eec2" "/opt/rustwide/cargo-home/bin/cargo" "+1.100.0-beta.1" "test" "--frozen" "--no-run" "--message-format=json" "--release", kill_on_drop: false }`
[INFO] [stderr]    Compiling tokio v1.53.1
[INFO] [stderr]    Compiling cordis-core v0.1.0 (/opt/rustwide/workdir/crates/cordis-core)
[INFO] [stderr]    Compiling cordis-loader v0.1.0 (/opt/rustwide/workdir/crates/cordis-loader)
[INFO] [stderr]     Finished `release` profile [optimized] target(s) in 1m 37s
[INFO] running `Command { std: "docker" "inspect" "4ce46c5759290a310e75bad7776c75dffc3b5c8b94471409fe35d5cb1ae3eec2", kill_on_drop: false }`
[INFO] running `Command { std: "docker" "exec" "-e" "SOURCE_DIR=/opt/rustwide/workdir" "-e" "CARGO_HOME=/opt/rustwide/cargo-home" "-e" "RUSTUP_HOME=/opt/rustwide/rustup-home" "-e" "CARGO_TARGET_DIR=/opt/rustwide/target" "-e" "CARGO_INCREMENTAL=0" "-e" "RUST_BACKTRACE=full" "-e" "RUSTFLAGS=--cap-lints=warn" "-e" "RUSTDOCFLAGS=--cap-lints=warn" "-w" "/opt/rustwide/workdir" "--user" "0:0" "4ce46c5759290a310e75bad7776c75dffc3b5c8b94471409fe35d5cb1ae3eec2" "/opt/rustwide/cargo-home/bin/cargo" "+1.100.0-beta.1" "test" "--frozen" "--release", kill_on_drop: false }`
[INFO] [stderr]     Finished `release` profile [optimized] target(s) in 0.06s
[INFO] [stderr]      Running unittests src/lib.rs (/opt/rustwide/target/release/build/cordis-core/bf15f2da70cc44fc/out/cordis_core-bf15f2da70cc44fc)
[INFO] [stdout] 
[INFO] [stdout] running 62 tests
[INFO] [stdout] test coordinator::operation::tests::wait_completes_when_outcome_arrives ... ok
[INFO] [stdout] test coordinator::events::tests::first_registration_fixes_the_identity ... ok
[INFO] [stdout] test coordinator::events::tests::prepend_inserts_at_the_head_and_unsubscribe_removes ... ok
[INFO] [stdout] test coordinator::services::tests::dep_facts_report_type_confusion_as_missing ... ok
[INFO] [stdout] test coordinator::services::tests::dep_facts_distinguish_missing_empty_and_ready ... ok
[INFO] [stdout] test coordinator::services::tests::availability_transitions_bump_generations_only_when_published ... ok
[INFO] [stdout] test coordinator::callback::tests::spawned_tasks_do_not_inherit_the_marker ... ok
[INFO] [stdout] test coordinator::callback::tests::marker_absent_on_plain_tasks_and_present_inside_scope ... ok
[INFO] [stdout] test coordinator::services::tests::stamp_is_independent_of_declaration_order ... ok
[INFO] [stdout] test coordinator::services::tests::staging_reserves_slots_and_rejects_duplicates ... ok
[INFO] [stdout] test coordinator::operation::tests::receipt_observes_the_shared_outcome ... ok
[INFO] [stdout] test error::tests::display_uses_stable_english_messages ... ok
[INFO] [stdout] test events::tests::waterfall_short_circuit_skips_the_final ... ok
[INFO] [stdout] test events::tests::waterfall_next_runs_middleware_then_final ... ok
[INFO] [stdout] test id::tests::debug_prints_only_the_numeric_id ... ok
[INFO] [stdout] test id::tests::binding_ids_are_unique_per_registration ... ok
[INFO] [stdout] test machine::tests::converge_starts_generation_and_commits_success ... ok
[INFO] [stdout] test machine::tests::dependency_epoch_change_tears_down_active_generation ... ok
[INFO] [stdout] test machine::tests::dispose_during_starting_is_never_revived_by_late_success ... ok
[INFO] [stdout] test coordinator::supervisor::tests::dispatch_worker_depth_mechanics ... ok
[INFO] [stdout] test machine::tests::dispose_target_is_not_superseded_by_updates ... ok
[INFO] [stdout] test machine::tests::invalidated_starting_generation_cannot_commit_late_success ... ok
[INFO] [stdout] test machine::tests::missing_dependencies_hold_the_fiber_pending ... ok
[INFO] [stdout] test machine::tests::only_one_generation_is_tracked_at_a_time ... ok
[INFO] [stdout] test machine::tests::pending_waits_for_parent_readiness ... ok
[INFO] [stdout] test machine::tests::stale_generation_completion_is_discarded ... ok
[INFO] [stdout] test machine::tests::update_supersedes_older_request_and_cancels_generation ... ok
[INFO] [stdout] test plugin::tests::clone_shares_definition_identity ... ok
[INFO] [stdout] test machine::tests::deadline_quarantine_resolves_dispose_ops ... ok
[INFO] [stdout] test machine::tests::dependency_invalidated_failure_does_not_land_failed ... ok
[INFO] [stdout] test coordinator::supervisor::tests::factory_panic_crosses_the_boundary_as_a_report ... ok
[INFO] [stdout] test coordinator::supervisor::tests::future_panic_is_reported_and_worker_is_joined ... ok
[INFO] [stdout] test coordinator::supervisor::tests::normal_completion_reports_done ... ok
[INFO] [stdout] test error::tests::service_errors_report_the_namespace ... ok
[INFO] [stdout] test error::tests::wrapped_errors_chain_their_source ... ok
[INFO] [stdout] test plugin::tests::erased_boundary_type_checks_and_activates ... ok
[INFO] [stdout] test events::tests::typed_next_downcasts_flow ... ok
[INFO] [stdout] test id::tests::equality_and_hash_follow_the_internal_id ... ok
[INFO] [stdout] test plugin::tests::require_keeps_definition_identity_and_records_declarations ... ok
[INFO] [stdout] test id::tests::ids_allocate_distinct_values ... ok
[INFO] [stdout] test machine::tests::worker_panic_is_recorded_as_failure ... ok
[INFO] [stdout] test report::tests::clean_reports_are_recognized ... ok
[INFO] [stdout] test services::tests::dynamic_lease_type_checks ... ok
[INFO] [stdout] test services::tests::scope_ids_render_stable_namespace_strings ... ok
[INFO] [stdout] test tests::debug_and_display_outputs_never_contain_configuration_values ... ok
[INFO] [stdout] test services::tests::lease_cell_set_bumps_revision_and_retire_extracts_value ... ok
[INFO] [stdout] test tests::v01_same_definition_two_loads_share_one_runtime ... ok
[INFO] [stdout] test services::tests::typed_lease_snapshot_downcasts_and_rejects_after_retire ... ok
[INFO] [stdout] test tests::states_reach_active_and_dispose_through_receipts ... ok
[INFO] [stdout] test services::tests::scope_chain_resolution_prefers_the_nearest_mapping ... ok
[INFO] [stdout] test tests::weak_handles_track_only_the_app_lifetime ... ok
[INFO] [stdout] test machine::tests::parent_dispose_waits_for_children_and_poison_propagates ... ok
[INFO] [stdout] test tests::builder_rejects_blank_names ... ok
[INFO] [stdout] test plugin::tests::public_handles_are_send_and_sync ... ok
[INFO] [stdout] test tests::v03_apps_are_isolated ... ok
[INFO] [stdout] test error::tests::error_types_are_send_and_sync ... ok
[INFO] [stdout] test tests::shutdown_is_explicit_final_and_idempotent ... ok
[INFO] [stdout] test tests::v03_dropping_views_and_handles_does_not_unload ... ok
[INFO] [stdout] test plugin::tests::same_name_definitions_stay_independent ... ok
[INFO] [stdout] test tests::v02_same_name_separate_definitions_get_separate_runtimes ... ok
[INFO] [stdout] test coordinator::operation::tests::debug_prints_identity_only ... ok
[INFO] [stdout] test machine::tests::failed_activation_lands_failed_without_retry_loop ... ok
[INFO] [stdout] 
[INFO] [stdout] test result: ok. 62 passed; 0 failed; 0 ignored; 0 measured; 0 filtered out; finished in 0.02s
[INFO] [stdout] 
[INFO] [stderr]      Running tests/blocking_drop.rs (/opt/rustwide/target/release/build/cordis-core/096b4cfc1d1878ad/out/blocking_drop-096b4cfc1d1878ad)
[INFO] [stdout] 
[INFO] [stdout] running 1 test
[INFO] [stdout] test v38_blocking_drop_runs_in_subprocess ... ok
[INFO] [stdout] 
[INFO] [stdout] test result: ok. 1 passed; 0 failed; 0 ignored; 0 measured; 0 filtered out; finished in 3.03s
[INFO] [stdout] 
[INFO] [stderr]      Running tests/callback_rules.rs (/opt/rustwide/target/release/build/cordis-core/9f69e11ed54849a4/out/callback_rules-9f69e11ed54849a4)
[INFO] [stdout] 
[INFO] [stdout] running 2 tests
[INFO] [stdout] test v08_callback_waits_are_refused_with_would_deadlock ... ok
[INFO] [stdout] test v07_gated_apply_does_not_lock_the_actor ... ok
[INFO] [stdout] 
[INFO] [stdout] test result: ok. 2 passed; 0 failed; 0 ignored; 0 measured; 0 filtered out; finished in 0.02s
[INFO] [stdout] 
[INFO] [stderr]      Running tests/cleanup_timeout.rs (/opt/rustwide/target/release/build/cordis-core/3d88bbe5168bd768/out/cleanup_timeout-3d88bbe5168bd768)
[INFO] [stdout] 
[INFO] [stdout] running 2 tests
[INFO] [stdout] test gated_cleanup_settles_when_released ... ok
[INFO] [stderr]      Running tests/compilefail.rs (/opt/rustwide/target/release/build/cordis-core/c83051a79308d591/out/compilefail-c83051a79308d591)
[INFO] [stdout] test hanging_cleanup_quarantines_at_deadline ... ok
[INFO] [stdout] 
[INFO] [stdout] test result: ok. 2 passed; 0 failed; 0 ignored; 0 measured; 0 filtered out; finished in 0.21s
[INFO] [stdout] 
[INFO] [stdout] 
[INFO] [stdout] running 4 tests
[INFO] [stderr] error: test failed, to rerun pass `-p cordis-core --test compilefail`
[INFO] [stdout] test v40_compile_fail_unsend_future ... FAILED
[INFO] [stdout] test v31_compile_fail_next_run_twice ... FAILED
[INFO] [stdout] test v40_compile_fail_unsync_payload ... FAILED
[INFO] [stdout] test v40_compile_fail_rc_config ... FAILED
[INFO] [stdout] 
[INFO] [stdout] failures:
[INFO] [stdout] 
[INFO] [stdout] ---- v40_compile_fail_unsend_future stdout ----
[INFO] [stdout] 
[INFO] [stdout] thread 'v40_compile_fail_unsend_future' (2060) panicked at crates/cordis-core/tests/compilefail.rs:50:5:
[INFO] [stdout] no cordis-core rlib in "/opt/rustwide/target/release/build/cordis-core/c83051a79308d591/out"
[INFO] [stdout] stack backtrace:
[INFO] [stdout]    0:     0x591c4ae4e4a1 - <<std[617be2ca0a6fd877]::sys::backtrace::BacktraceLock>::print::DisplayBacktrace as core[a373ad73a504971]::fmt::Display>::fmt
[INFO] [stdout]    1:     0x591c4ae6268a - core[a373ad73a504971]::fmt::write
[INFO] [stdout]    2:     0x591c4ae529ac - <alloc[2e1b2a31b91974c5]::vec::Vec<u8> as core[a373ad73a504971]::io::write::Write>::write_fmt
[INFO] [stdout]    3:     0x591c4ae29866 - std[617be2ca0a6fd877]::panicking::default_hook::{closure#0}
[INFO] [stdout]    4:     0x591c4ae46749 - std[617be2ca0a6fd877]::panicking::default_hook
[INFO] [stdout]    5:     0x591c4ade1f20 - test[aada8e7e76ba119b]::test_main_inner::{closure#0}
[INFO] [stdout]    6:     0x591c4ae46902 - std[617be2ca0a6fd877]::panicking::panic_with_hook
[INFO] [stdout]    7:     0x591c4ae29912 - std[617be2ca0a6fd877]::panicking::panic_handler::{closure#0}
[INFO] [stdout]    8:     0x591c4ae22469 - std[617be2ca0a6fd877]::sys::backtrace::__rust_end_short_backtrace::<std[617be2ca0a6fd877]::panicking::panic_handler::{closure#0}, !>
[INFO] [stdout]    9:     0x591c4ae2a51d - __rustc[ea4f61d10b84890b]::rust_begin_unwind
[INFO] [stdout]   10:     0x591c4ae62dbc - core[a373ad73a504971]::panicking::panic_fmt
[INFO] [stdout]   11:     0x591c4add0e8b - compilefail[1373690e90e039f5]::compile_fail
[INFO] [stdout]   12:     0x591c4add1f85 - <compilefail[1373690e90e039f5]::v40_compile_fail_unsend_future::{closure#0} as core[a373ad73a504971]::ops::function::FnOnce<()>>::call_once
[INFO] [stdout]   13:     0x591c4add536b - test[aada8e7e76ba119b]::__rust_begin_short_backtrace::<core[a373ad73a504971]::result::Result<(), alloc[2e1b2a31b91974c5]::string::String>, fn() -> core[a373ad73a504971]::result::Result<(), alloc[2e1b2a31b91974c5]::string::String>>
[INFO] [stdout]   14:     0x591c4ade2545 - test[aada8e7e76ba119b]::run_test::{closure#0}
[INFO] [stdout]   15:     0x591c4addbe34 - std[617be2ca0a6fd877]::sys::backtrace::__rust_begin_short_backtrace::<test[aada8e7e76ba119b]::run_test::{closure#1}, ()>
[INFO] [stdout]   16:     0x591c4ade55d2 - <std[617be2ca0a6fd877]::thread::lifecycle::spawn_unchecked<test[aada8e7e76ba119b]::run_test::{closure#1}, ()>::{closure#1} as core[a373ad73a504971]::ops::function::FnOnce<()>>::call_once::{shim:vtable#0}
[INFO] [stdout]   17:     0x591c4ae4db1f - <std[617be2ca0a6fd877]::sys::thread::unix::Thread>::new::thread_start
[INFO] [stdout]   18:     0x782ffdb01dfa - <unknown>
[INFO] [stdout]   19:     0x782ffdb953d4 - clone
[INFO] [stdout]   20:                0x0 - <unknown>
[INFO] [stdout] 
[INFO] [stdout] ---- v31_compile_fail_next_run_twice stdout ----
[INFO] [stdout] 
[INFO] [stdout] thread 'v31_compile_fail_next_run_twice' (2058) panicked at crates/cordis-core/tests/compilefail.rs:50:5:
[INFO] [stdout] no cordis-core rlib in "/opt/rustwide/target/release/build/cordis-core/c83051a79308d591/out"
[INFO] [stdout] stack backtrace:
[INFO] [stdout]    0:     0x591c4ae4e4a1 - <<std[617be2ca0a6fd877]::sys::backtrace::BacktraceLock>::print::DisplayBacktrace as core[a373ad73a504971]::fmt::Display>::fmt
[INFO] [stdout]    1:     0x591c4ae6268a - core[a373ad73a504971]::fmt::write
[INFO] [stdout]    2:     0x591c4ae529ac - <alloc[2e1b2a31b91974c5]::vec::Vec<u8> as core[a373ad73a504971]::io::write::Write>::write_fmt
[INFO] [stdout]    3:     0x591c4ae29866 - std[617be2ca0a6fd877]::panicking::default_hook::{closure#0}
[INFO] [stdout]    4:     0x591c4ae46749 - std[617be2ca0a6fd877]::panicking::default_hook
[INFO] [stdout]    5:     0x591c4ade1f20 - test[aada8e7e76ba119b]::test_main_inner::{closure#0}
[INFO] [stdout]    6:     0x591c4ae46902 - std[617be2ca0a6fd877]::panicking::panic_with_hook
[INFO] [stdout]    7:     0x591c4ae29912 - std[617be2ca0a6fd877]::panicking::panic_handler::{closure#0}
[INFO] [stdout]    8:     0x591c4ae22469 - std[617be2ca0a6fd877]::sys::backtrace::__rust_end_short_backtrace::<std[617be2ca0a6fd877]::panicking::panic_handler::{closure#0}, !>
[INFO] [stdout]    9:     0x591c4ae2a51d - __rustc[ea4f61d10b84890b]::rust_begin_unwind
[INFO] [stdout]   10:     0x591c4ae62dbc - core[a373ad73a504971]::panicking::panic_fmt
[INFO] [stdout]   11:     0x591c4add0e8b - compilefail[1373690e90e039f5]::compile_fail
[INFO] [stdout]   12:     0x591c4add2075 - <compilefail[1373690e90e039f5]::v31_compile_fail_next_run_twice::{closure#0} as core[a373ad73a504971]::ops::function::FnOnce<()>>::call_once
[INFO] [stdout]   13:     0x591c4add536b - test[aada8e7e76ba119b]::__rust_begin_short_backtrace::<core[a373ad73a504971]::result::Result<(), alloc[2e1b2a31b91974c5]::string::String>, fn() -> core[a373ad73a504971]::result::Result<(), alloc[2e1b2a31b91974c5]::string::String>>
[INFO] [stdout]   14:     0x591c4ade2545 - test[aada8e7e76ba119b]::run_test::{closure#0}
[INFO] [stdout]   15:     0x591c4addbe34 - std[617be2ca0a6fd877]::sys::backtrace::__rust_begin_short_backtrace::<test[aada8e7e76ba119b]::run_test::{closure#1}, ()>
[INFO] [stdout]   16:     0x591c4ade55d2 - <std[617be2ca0a6fd877]::thread::lifecycle::spawn_unchecked<test[aada8e7e76ba119b]::run_test::{closure#1}, ()>::{closure#1} as core[a373ad73a504971]::ops::function::FnOnce<()>>::call_once::{shim:vtable#0}
[INFO] [stdout]   17:     0x591c4ae4db1f - <std[617be2ca0a6fd877]::sys::thread::unix::Thread>::new::thread_start
[INFO] [stdout]   18:     0x782ffdb01dfa - <unknown>
[INFO] [stdout]   19:     0x782ffdb953d4 - clone
[INFO] [stdout]   20:                0x0 - <unknown>
[INFO] [stdout] 
[INFO] [stdout] ---- v40_compile_fail_unsync_payload stdout ----
[INFO] [stdout] 
[INFO] [stdout] thread 'v40_compile_fail_unsync_payload' (2061) panicked at crates/cordis-core/tests/compilefail.rs:50:5:
[INFO] [stdout] no cordis-core rlib in "/opt/rustwide/target/release/build/cordis-core/c83051a79308d591/out"
[INFO] [stdout] stack backtrace:
[INFO] [stdout]    0:     0x591c4ae4e4a1 - <<std[617be2ca0a6fd877]::sys::backtrace::BacktraceLock>::print::DisplayBacktrace as core[a373ad73a504971]::fmt::Display>::fmt
[INFO] [stdout]    1:     0x591c4ae6268a - core[a373ad73a504971]::fmt::write
[INFO] [stdout]    2:     0x591c4ae529ac - <alloc[2e1b2a31b91974c5]::vec::Vec<u8> as core[a373ad73a504971]::io::write::Write>::write_fmt
[INFO] [stdout]    3:     0x591c4ae29866 - std[617be2ca0a6fd877]::panicking::default_hook::{closure#0}
[INFO] [stdout]    4:     0x591c4ae46749 - std[617be2ca0a6fd877]::panicking::default_hook
[INFO] [stdout]    5:     0x591c4ade1f20 - test[aada8e7e76ba119b]::test_main_inner::{closure#0}
[INFO] [stdout]    6:     0x591c4ae46902 - std[617be2ca0a6fd877]::panicking::panic_with_hook
[INFO] [stdout]    7:     0x591c4ae29912 - std[617be2ca0a6fd877]::panicking::panic_handler::{closure#0}
[INFO] [stdout]    8:     0x591c4ae22469 - std[617be2ca0a6fd877]::sys::backtrace::__rust_end_short_backtrace::<std[617be2ca0a6fd877]::panicking::panic_handler::{closure#0}, !>
[INFO] [stdout]    9:     0x591c4ae2a51d - __rustc[ea4f61d10b84890b]::rust_begin_unwind
[INFO] [stdout]   10:     0x591c4ae62dbc - core[a373ad73a504971]::panicking::panic_fmt
[INFO] [stdout]   11:     0x591c4add0e8b - compilefail[1373690e90e039f5]::compile_fail
[INFO] [stdout]   12:     0x591c4add2165 - <compilefail[1373690e90e039f5]::v40_compile_fail_unsync_payload::{closure#0} as core[a373ad73a504971]::ops::function::FnOnce<()>>::call_once
[INFO] [stdout]   13:     0x591c4add536b - test[aada8e7e76ba119b]::__rust_begin_short_backtrace::<core[a373ad73a504971]::result::Result<(), alloc[2e1b2a31b91974c5]::string::String>, fn() -> core[a373ad73a504971]::result::Result<(), alloc[2e1b2a31b91974c5]::string::String>>
[INFO] [stdout]   14:     0x591c4ade2545 - test[aada8e7e76ba119b]::run_test::{closure#0}
[INFO] [stdout]   15:     0x591c4addbe34 - std[617be2ca0a6fd877]::sys::backtrace::__rust_begin_short_backtrace::<test[aada8e7e76ba119b]::run_test::{closure#1}, ()>
[INFO] [stdout]   16:     0x591c4ade55d2 - <std[617be2ca0a6fd877]::thread::lifecycle::spawn_unchecked<test[aada8e7e76ba119b]::run_test::{closure#1}, ()>::{closure#1} as core[a373ad73a504971]::ops::function::FnOnce<()>>::call_once::{shim:vtable#0}
[INFO] [stdout]   17:     0x591c4ae4db1f - <std[617be2ca0a6fd877]::sys::thread::unix::Thread>::new::thread_start
[INFO] [stdout]   18:     0x782ffdb01dfa - <unknown>
[INFO] [stdout]   19:     0x782ffdb953d4 - clone
[INFO] [stdout]   20:                0x0 - <unknown>
[INFO] [stdout] 
[INFO] [stdout] ---- v40_compile_fail_rc_config stdout ----
[INFO] [stdout] 
[INFO] [stdout] thread 'v40_compile_fail_rc_config' (2059) panicked at crates/cordis-core/tests/compilefail.rs:50:5:
[INFO] [stdout] no cordis-core rlib in "/opt/rustwide/target/release/build/cordis-core/c83051a79308d591/out"
[INFO] [stdout] stack backtrace:
[INFO] [stdout]    0:     0x591c4ae4e4a1 - <<std[617be2ca0a6fd877]::sys::backtrace::BacktraceLock>::print::DisplayBacktrace as core[a373ad73a504971]::fmt::Display>::fmt
[INFO] [stdout]    1:     0x591c4ae6268a - core[a373ad73a504971]::fmt::write
[INFO] [stdout]    2:     0x591c4ae529ac - <alloc[2e1b2a31b91974c5]::vec::Vec<u8> as core[a373ad73a504971]::io::write::Write>::write_fmt
[INFO] [stdout]    3:     0x591c4ae29866 - std[617be2ca0a6fd877]::panicking::default_hook::{closure#0}
[INFO] [stdout]    4:     0x591c4ae46749 - std[617be2ca0a6fd877]::panicking::default_hook
[INFO] [stdout]    5:     0x591c4ade1f20 - test[aada8e7e76ba119b]::test_main_inner::{closure#0}
[INFO] [stdout]    6:     0x591c4ae46902 - std[617be2ca0a6fd877]::panicking::panic_with_hook
[INFO] [stdout]    7:     0x591c4ae29912 - std[617be2ca0a6fd877]::panicking::panic_handler::{closure#0}
[INFO] [stdout]    8:     0x591c4ae22469 - std[617be2ca0a6fd877]::sys::backtrace::__rust_end_short_backtrace::<std[617be2ca0a6fd877]::panicking::panic_handler::{closure#0}, !>
[INFO] [stdout]    9:     0x591c4ae2a51d - __rustc[ea4f61d10b84890b]::rust_begin_unwind
[INFO] [stdout]   10:     0x591c4ae62dbc - core[a373ad73a504971]::panicking::panic_fmt
[INFO] [stdout]   11:     0x591c4add0e8b - compilefail[1373690e90e039f5]::compile_fail
[INFO] [stdout]   12:     0x591c4add1eb5 - <compilefail[1373690e90e039f5]::v40_compile_fail_rc_config::{closure#0} as core[a373ad73a504971]::ops::function::FnOnce<()>>::call_once
[INFO] [stdout]   13:     0x591c4add536b - test[aada8e7e76ba119b]::__rust_begin_short_backtrace::<core[a373ad73a504971]::result::Result<(), alloc[2e1b2a31b91974c5]::string::String>, fn() -> core[a373ad73a504971]::result::Result<(), alloc[2e1b2a31b91974c5]::string::String>>
[INFO] [stdout]   14:     0x591c4ade2545 - test[aada8e7e76ba119b]::run_test::{closure#0}
[INFO] [stdout]   15:     0x591c4addbe34 - std[617be2ca0a6fd877]::sys::backtrace::__rust_begin_short_backtrace::<test[aada8e7e76ba119b]::run_test::{closure#1}, ()>
[INFO] [stdout]   16:     0x591c4ade55d2 - <std[617be2ca0a6fd877]::thread::lifecycle::spawn_unchecked<test[aada8e7e76ba119b]::run_test::{closure#1}, ()>::{closure#1} as core[a373ad73a504971]::ops::function::FnOnce<()>>::call_once::{shim:vtable#0}
[INFO] [stdout]   17:     0x591c4ae4db1f - <std[617be2ca0a6fd877]::sys::thread::unix::Thread>::new::thread_start
[INFO] [stdout]   18:     0x782ffdb01dfa - <unknown>
[INFO] [stdout]   19:     0x782ffdb953d4 - clone
[INFO] [stdout]   20:                0x0 - <unknown>
[INFO] [stdout] 
[INFO] [stdout] 
[INFO] [stdout] failures:
[INFO] [stdout]     v31_compile_fail_next_run_twice
[INFO] [stdout]     v40_compile_fail_rc_config
[INFO] [stdout]     v40_compile_fail_unsend_future
[INFO] [stdout]     v40_compile_fail_unsync_payload
[INFO] [stdout] 
[INFO] [stdout] test result: FAILED. 0 passed; 4 failed; 0 ignored; 0 measured; 0 filtered out; finished in 0.00s
[INFO] [stdout] 
[INFO] running `Command { std: "docker" "inspect" "4ce46c5759290a310e75bad7776c75dffc3b5c8b94471409fe35d5cb1ae3eec2", kill_on_drop: false }`
[INFO] running `Command { std: "docker" "rm" "-f" "4ce46c5759290a310e75bad7776c75dffc3b5c8b94471409fe35d5cb1ae3eec2", kill_on_drop: false }`
[INFO] [stdout] 4ce46c5759290a310e75bad7776c75dffc3b5c8b94471409fe35d5cb1ae3eec2
