[INFO] cloning repository https://github.com/tpt-solutions/tpt-data-parsers
[INFO] running `Command { std: "git" "-c" "credential.helper=" "-c" "credential.helper=/workspace/cargo-home/bin/git-credential-null" "clone" "--bare" "https://github.com/tpt-solutions/tpt-data-parsers" "/workspace/cache/git-repos/https%3A%2F%2Fgithub.com%2Ftpt-solutions%2Ftpt-data-parsers", kill_on_drop: false }`
[INFO] [stderr] Cloning into bare repository '/workspace/cache/git-repos/https%3A%2F%2Fgithub.com%2Ftpt-solutions%2Ftpt-data-parsers'...
[INFO] running `Command { std: "git" "rev-parse" "HEAD", kill_on_drop: false }`
[INFO] [stdout] 301e9066f698eb7afd58aa61a96489428beb900d
[INFO] testing tpt-solutions/tpt-data-parsers against 1.100.0-beta.1+cargoflags=--release for beta-release-1.100-2
[INFO] running `Command { std: "git" "clone" "/workspace/cache/git-repos/https%3A%2F%2Fgithub.com%2Ftpt-solutions%2Ftpt-data-parsers" "/workspace/builds/worker-2-tc2/source", kill_on_drop: false }`
[INFO] [stderr] Cloning into '/workspace/builds/worker-2-tc2/source'...
[INFO] [stderr] done.
[INFO] started tweaking git repo https://github.com/tpt-solutions/tpt-data-parsers
[INFO] finished tweaking git repo https://github.com/tpt-solutions/tpt-data-parsers
[INFO] tweaked toml for git repo https://github.com/tpt-solutions/tpt-data-parsers written to /workspace/builds/worker-2-tc2/source/Cargo.toml
[INFO] validating manifest of git repo https://github.com/tpt-solutions/tpt-data-parsers on toolchain 1.100.0-beta.1
[INFO] running `Command { std: CARGO_HOME="/workspace/cargo-home" RUSTUP_HOME="/workspace/rustup-home" "/workspace/cargo-home/bin/cargo" "+1.100.0-beta.1" "metadata" "--manifest-path" "Cargo.toml" "--no-deps", kill_on_drop: false }`
[INFO] crate git repo https://github.com/tpt-solutions/tpt-data-parsers already has a lockfile, it will not be regenerated
[INFO] running `Command { std: CARGO_HOME="/workspace/cargo-home" RUSTUP_HOME="/workspace/rustup-home" "/workspace/cargo-home/bin/cargo" "+1.100.0-beta.1" "fetch" "--manifest-path" "Cargo.toml", kill_on_drop: false }`
[INFO] running `Command { std: "docker" "create" "-v" "/var/lib/crater-agent-workspace/builds/worker-2-tc2/source:/opt/rustwide/workdir:ro,Z" "-v" "/var/lib/crater-agent-workspace/builds/worker-2-tc2/target:/opt/rustwide/target:rw,Z" "-v" "/var/lib/crater-agent-workspace/cargo-home:/opt/rustwide/cargo-home:ro,Z" "-v" "/var/lib/crater-agent-workspace/rustup-home:/opt/rustwide/rustup-home:ro,Z" "-m" "1610612736" "--network" "none" "ghcr.io/rust-lang/crates-build-env/linux@sha256:77db811e55d90add9212f6832c23229e3de5f1c1f9905e8cb07319ea15df73ac" "sleep" "infinity", kill_on_drop: false }`
[INFO] [stdout] b7717bc950a90de79c1ed88abaf19b44d6083e5456b9595c9eb338648f0184ce
[INFO] running `Command { std: "docker" "start" "b7717bc950a90de79c1ed88abaf19b44d6083e5456b9595c9eb338648f0184ce", kill_on_drop: false }`
[INFO] running `Command { std: "docker" "inspect" "b7717bc950a90de79c1ed88abaf19b44d6083e5456b9595c9eb338648f0184ce", kill_on_drop: false }`
[INFO] running `Command { std: "docker" "exec" "-e" "SOURCE_DIR=/opt/rustwide/workdir" "-e" "CARGO_HOME=/opt/rustwide/cargo-home" "-e" "RUSTUP_HOME=/opt/rustwide/rustup-home" "-e" "CARGO_TARGET_DIR=/opt/rustwide/target" "-w" "/opt/rustwide/workdir" "--user" "0:0" "b7717bc950a90de79c1ed88abaf19b44d6083e5456b9595c9eb338648f0184ce" "/opt/rustwide/cargo-home/bin/cargo" "+1.100.0-beta.1" "metadata" "--no-deps" "--format-version=1", kill_on_drop: false }`
[INFO] running `Command { std: "docker" "inspect" "b7717bc950a90de79c1ed88abaf19b44d6083e5456b9595c9eb338648f0184ce", kill_on_drop: false }`
[INFO] running `Command { std: "docker" "exec" "-e" "SOURCE_DIR=/opt/rustwide/workdir" "-e" "CARGO_HOME=/opt/rustwide/cargo-home" "-e" "RUSTUP_HOME=/opt/rustwide/rustup-home" "-e" "CARGO_TARGET_DIR=/opt/rustwide/target" "-e" "CARGO_INCREMENTAL=0" "-e" "RUST_BACKTRACE=full" "-e" "RUSTFLAGS=--cap-lints=warn" "-e" "RUSTDOCFLAGS=--cap-lints=warn" "-w" "/opt/rustwide/workdir" "--user" "0:0" "b7717bc950a90de79c1ed88abaf19b44d6083e5456b9595c9eb338648f0184ce" "/opt/rustwide/cargo-home/bin/cargo" "+1.100.0-beta.1" "build" "--frozen" "--message-format=json" "--release", kill_on_drop: false }`
[INFO] [stderr]    Compiling quote v1.0.46
[INFO] [stderr]    Compiling serde_core v1.0.229
[INFO] [stderr]    Compiling anstyle v1.0.14
[INFO] [stderr]    Compiling num-traits v0.2.19
[INFO] [stderr]    Compiling anstyle-parse v1.0.0
[INFO] [stderr]    Compiling colorchoice v1.0.5
[INFO] [stderr]    Compiling serde_json v1.0.154
[INFO] [stderr]    Compiling serde v1.0.229
[INFO] [stderr]    Compiling memchr v2.8.3
[INFO] [stderr]    Compiling clap_lex v1.1.1
[INFO] [stderr]    Compiling anstream v1.0.0
[INFO] [stderr]    Compiling tpt-logfmt-parse v0.3.0 (/opt/rustwide/workdir/tpt-logfmt-parse)
[INFO] [stderr]    Compiling tpt-mime-pure v0.3.0 (/opt/rustwide/workdir/tpt-mime-pure)
[INFO] [stderr]    Compiling syn v3.0.3
[INFO] [stderr]    Compiling clap_builder v4.6.7
[INFO] [stderr]    Compiling chrono v0.4.45
[INFO] [stderr]    Compiling tpt-cron-parse v0.3.0 (/opt/rustwide/workdir/tpt-cron-parse)
[INFO] [stderr]    Compiling serde_derive v1.0.229
[INFO] [stderr]    Compiling clap_derive v4.6.7
[INFO] [stderr]    Compiling clap v4.6.7
[INFO] [stderr]    Compiling clap_complete v4.6.11
[INFO] [stderr]    Compiling tpt-jsonl-stream v0.3.0 (/opt/rustwide/workdir/tpt-jsonl-stream)
[INFO] [stderr]    Compiling tpt-geo-geojson v0.3.0 (/opt/rustwide/workdir/tpt-geo-geojson)
[INFO] [stderr]    Compiling tpt-cli v0.3.0 (/opt/rustwide/workdir/tpt-cli)
[INFO] [stderr]     Finished `release` profile [optimized] target(s) in 47.24s
[INFO] running `Command { std: "docker" "inspect" "b7717bc950a90de79c1ed88abaf19b44d6083e5456b9595c9eb338648f0184ce", kill_on_drop: false }`
[INFO] running `Command { std: "docker" "exec" "-e" "SOURCE_DIR=/opt/rustwide/workdir" "-e" "CARGO_HOME=/opt/rustwide/cargo-home" "-e" "RUSTUP_HOME=/opt/rustwide/rustup-home" "-e" "CARGO_TARGET_DIR=/opt/rustwide/target" "-e" "CARGO_INCREMENTAL=0" "-e" "RUST_BACKTRACE=full" "-e" "RUSTFLAGS=--cap-lints=warn" "-e" "RUSTDOCFLAGS=--cap-lints=warn" "-w" "/opt/rustwide/workdir" "--user" "0:0" "b7717bc950a90de79c1ed88abaf19b44d6083e5456b9595c9eb338648f0184ce" "/opt/rustwide/cargo-home/bin/cargo" "+1.100.0-beta.1" "test" "--frozen" "--no-run" "--message-format=json" "--release", kill_on_drop: false }`
[INFO] [stderr]    Compiling syn v2.0.118
[INFO] [stderr]    Compiling serde v1.0.229
[INFO] [stderr]    Compiling zerocopy v0.8.54
[INFO] [stderr]    Compiling serde_json v1.0.154
[INFO] [stderr]    Compiling crossbeam-utils v0.8.22
[INFO] [stderr]    Compiling crossbeam-epoch v0.9.20
[INFO] [stderr]    Compiling crossbeam-deque v0.8.7
[INFO] [stderr]    Compiling cc v1.2.67
[INFO] [stderr]    Compiling regex-syntax v0.8.11
[INFO] [stderr]    Compiling either v1.17.0
[INFO] [stderr]    Compiling itertools v0.13.0
[INFO] [stderr]    Compiling plotters v0.3.7
[INFO] [stderr]    Compiling page_size v0.6.0
[INFO] [stderr]    Compiling getrandom v0.3.4
[INFO] [stderr]    Compiling rayon-core v1.13.0
[INFO] [stderr]    Compiling getrandom v0.4.3
[INFO] [stderr]    Compiling tinytemplate v1.2.1
[INFO] [stderr]    Compiling alloca v0.4.0
[INFO] [stderr]    Compiling rayon v1.12.0
[INFO] [stderr]    Compiling criterion-plot v0.8.2
[INFO] [stderr]    Compiling rustix v1.1.4
[INFO] [stderr]    Compiling rand_core v0.9.5
[INFO] [stderr]    Compiling regex-automata v0.4.18
[INFO] [stderr]    Compiling bitflags v2.13.1
[INFO] [stderr]    Compiling linux-raw-sys v0.12.1
[INFO] [stderr]    Compiling fastrand v2.5.0
[INFO] [stderr]    Compiling once_cell v1.21.4
[INFO] [stderr]    Compiling wait-timeout v0.2.1
[INFO] [stderr]    Compiling rand_xorshift v0.4.0
[INFO] [stderr]    Compiling rand v0.9.5
[INFO] [stderr]    Compiling chrono v0.4.45
[INFO] [stderr]    Compiling tpt-geo-geojson v0.3.0 (/opt/rustwide/workdir/tpt-geo-geojson)
[INFO] [stderr]    Compiling tpt-jsonl-stream v0.3.0 (/opt/rustwide/workdir/tpt-jsonl-stream)
[INFO] [stderr]    Compiling zerocopy-derive v0.8.54
[INFO] [stderr]    Compiling regex v1.13.1
[INFO] [stderr]    Compiling tpt-cron-parse v0.3.0 (/opt/rustwide/workdir/tpt-cron-parse)
[INFO] [stderr]    Compiling tempfile v3.27.0
[INFO] [stderr]    Compiling rusty-fork v0.3.1
[INFO] [stderr]    Compiling tpt-cli v0.3.0 (/opt/rustwide/workdir/tpt-cli)
[INFO] [stderr]    Compiling half v2.7.1
[INFO] [stderr]    Compiling ppv-lite86 v0.2.21
[INFO] [stderr]    Compiling ciborium-ll v0.2.2
[INFO] [stderr]    Compiling rand_chacha v0.9.0
[INFO] [stderr]    Compiling ciborium v0.2.2
[INFO] [stderr]    Compiling proptest v1.11.0
[INFO] [stderr]    Compiling criterion v0.8.2
[INFO] [stderr]    Compiling tpt-logfmt-parse v0.3.0 (/opt/rustwide/workdir/tpt-logfmt-parse)
[INFO] [stderr]    Compiling tpt-mime-pure v0.3.0 (/opt/rustwide/workdir/tpt-mime-pure)
[INFO] [stderr]     Finished `release` profile [optimized] target(s) in 1m 58s
[INFO] running `Command { std: "docker" "inspect" "b7717bc950a90de79c1ed88abaf19b44d6083e5456b9595c9eb338648f0184ce", kill_on_drop: false }`
[INFO] running `Command { std: "docker" "exec" "-e" "SOURCE_DIR=/opt/rustwide/workdir" "-e" "CARGO_HOME=/opt/rustwide/cargo-home" "-e" "RUSTUP_HOME=/opt/rustwide/rustup-home" "-e" "CARGO_TARGET_DIR=/opt/rustwide/target" "-e" "CARGO_INCREMENTAL=0" "-e" "RUST_BACKTRACE=full" "-e" "RUSTFLAGS=--cap-lints=warn" "-e" "RUSTDOCFLAGS=--cap-lints=warn" "-w" "/opt/rustwide/workdir" "--user" "0:0" "b7717bc950a90de79c1ed88abaf19b44d6083e5456b9595c9eb338648f0184ce" "/opt/rustwide/cargo-home/bin/cargo" "+1.100.0-beta.1" "test" "--frozen" "--release", kill_on_drop: false }`
[INFO] [stderr]     Finished `release` profile [optimized] target(s) in 0.13s
[INFO] [stderr]      Running unittests src/main.rs (/opt/rustwide/target/release/build/tpt-cli/7cfdab0f5c2a6039/out/tpt_cli-7cfdab0f5c2a6039)
[INFO] [stdout] 
[INFO] [stdout] running 0 tests
[INFO] [stdout] 
[INFO] [stdout] test result: ok. 0 passed; 0 failed; 0 ignored; 0 measured; 0 filtered out; finished in 0.00s
[INFO] [stdout] 
[INFO] [stderr]      Running tests/cli.rs (/opt/rustwide/target/release/build/tpt-cli/3f595a9fca3baf0c/out/cli-3f595a9fca3baf0c)
[INFO] [stdout] 
[INFO] [stdout] running 19 tests
[INFO] [stdout] test cron_invalid_expr_exit_nonzero ... FAILED
[INFO] [stdout] test jsonl_counts_records ... FAILED
[INFO] [stdout] test cron_human_json_fields_present ... FAILED
[INFO] [stdout] test cron_timezone_changes_schedule_not_just_display ... FAILED
[INFO] [stdout] test cron_json_error_is_json ... FAILED
[INFO] [stdout] test geojson_validates ... FAILED
[INFO] [stdout] test mime_extensionless_file_is_unknown ... FAILED
[INFO] [stdout] test cron_six_field_next_is_utc_and_parseable ... FAILED
[INFO] [stdout] test mime_stdin_detection ... FAILED
[INFO] [stdout] test sniff_bare_scalars_not_jsonl ... FAILED
[INFO] [stdout] test sniff_exits_nonzero_on_unknown_like_mime ... FAILED
[INFO] [stdout] test sniff_runs_mime_detection_on_ascii_clean_tar ... FAILED
[INFO] [stdout] test sniff_json_vs_geojson_distinguishable ... FAILED
[INFO] [stdout] test logfmt_json_array_shape ... FAILED
[INFO] [stdout] test logfmt_preserves_order_and_duplicates ... FAILED
[INFO] [stdout] test mime_pdf_by_extension ... FAILED
[INFO] [stdout] test mime_pdf_by_extension_only ... FAILED
[INFO] [stdout] test completions_produces_script ... FAILED
[INFO] [stdout] test sniff_reports_truncated_for_large_files ... FAILED
[INFO] [stdout] 
[INFO] [stdout] failures:
[INFO] [stdout] 
[INFO] [stdout] ---- cron_invalid_expr_exit_nonzero stdout ----
[INFO] [stdout] 
[INFO] [stdout] thread 'cron_invalid_expr_exit_nonzero' (2075) panicked at tpt-cli/tests/cli.rs:28:5:
[INFO] [stdout] could not find tpt-cli near /opt/rustwide/target/release/build/tpt-cli/3f595a9fca3baf0c/out/cli-3f595a9fca3baf0c
[INFO] [stdout] stack backtrace:
[INFO] [stdout]    0:     0x6426997be0c1 - <<std[617be2ca0a6fd877]::sys::backtrace::BacktraceLock>::print::DisplayBacktrace as core[a373ad73a504971]::fmt::Display>::fmt
[INFO] [stdout]    1:     0x6426997d2a4a - core[a373ad73a504971]::fmt::write
[INFO] [stdout]    2:     0x6426997c236c - <alloc[2e1b2a31b91974c5]::vec::Vec<u8> as core[a373ad73a504971]::io::write::Write>::write_fmt
[INFO] [stdout]    3:     0x642699799546 - std[617be2ca0a6fd877]::panicking::default_hook::{closure#0}
[INFO] [stdout]    4:     0x6426997b6759 - std[617be2ca0a6fd877]::panicking::default_hook
[INFO] [stdout]    5:     0x642699751cb0 - test[aada8e7e76ba119b]::test_main_inner::{closure#0}
[INFO] [stdout]    6:     0x6426997b6912 - std[617be2ca0a6fd877]::panicking::panic_with_hook
[INFO] [stdout]    7:     0x6426997995f2 - std[617be2ca0a6fd877]::panicking::panic_handler::{closure#0}
[INFO] [stdout]    8:     0x6426997921e9 - std[617be2ca0a6fd877]::sys::backtrace::__rust_end_short_backtrace::<std[617be2ca0a6fd877]::panicking::panic_handler::{closure#0}, !>
[INFO] [stdout]    9:     0x64269979a1fd - __rustc[ea4f61d10b84890b]::rust_begin_unwind
[INFO] [stdout]   10:     0x6426997d317c - core[a373ad73a504971]::panicking::panic_fmt
[INFO] [stdout]   11:     0x642699737701 - cli[d71649d0826e79aa]::bin
[INFO] [stdout]   12:     0x6426997377ea - cli[d71649d0826e79aa]::run
[INFO] [stdout]   13:     0x64269973a132 - <cli[d71649d0826e79aa]::cron_invalid_expr_exit_nonzero::{closure#0} as core[a373ad73a504971]::ops::function::FnOnce<()>>::call_once
[INFO] [stdout]   14:     0x6426997450fb - test[aada8e7e76ba119b]::__rust_begin_short_backtrace::<core[a373ad73a504971]::result::Result<(), alloc[2e1b2a31b91974c5]::string::String>, fn() -> core[a373ad73a504971]::result::Result<(), alloc[2e1b2a31b91974c5]::string::String>>
[INFO] [stdout]   15:     0x6426997522d5 - test[aada8e7e76ba119b]::run_test::{closure#0}
[INFO] [stdout]   16:     0x64269974bbc4 - std[617be2ca0a6fd877]::sys::backtrace::__rust_begin_short_backtrace::<test[aada8e7e76ba119b]::run_test::{closure#1}, ()>
[INFO] [stdout]   17:     0x642699755362 - <std[617be2ca0a6fd877]::thread::lifecycle::spawn_unchecked<test[aada8e7e76ba119b]::run_test::{closure#1}, ()>::{closure#1} as core[a373ad73a504971]::ops::function::FnOnce<()>>::call_once::{shim:vtable#0}
[INFO] [stdout]   18:     0x6426997bd91f - <std[617be2ca0a6fd877]::sys::thread::unix::Thread>::new::thread_start
[INFO] [stdout]   19:     0x7c030480bdfa - <unknown>
[INFO] [stdout]   20:     0x7c030489f3d4 - clone
[INFO] [stdout]   21:                0x0 - <unknown>
[INFO] [stdout] 
[INFO] [stdout] ---- jsonl_counts_records stdout ----
[INFO] [stdout] 
[INFO] [stdout] thread 'jsonl_counts_records' (2080) panicked at tpt-cli/tests/cli.rs:28:5:
[INFO] [stdout] could not find tpt-cli near /opt/rustwide/target/release/build/tpt-cli/3f595a9fca3baf0c/out/cli-3f595a9fca3baf0c
[INFO] [stdout] stack backtrace:
[INFO] [stdout]    0:     0x6426997be0c1 - <<std[617be2ca0a6fd877]::sys::backtrace::BacktraceLock>::print::DisplayBacktrace as core[a373ad73a504971]::fmt::Display>::fmt
[INFO] [stdout]    1:     0x6426997d2a4a - core[a373ad73a504971]::fmt::write
[INFO] [stdout]    2:     0x6426997c236c - <alloc[2e1b2a31b91974c5]::vec::Vec<u8> as core[a373ad73a504971]::io::write::Write>::write_fmt
[INFO] [stdout]    3:     0x642699799546 - std[617be2ca0a6fd877]::panicking::default_hook::{closure#0}
[INFO] [stdout]    4:     0x6426997b6759 - std[617be2ca0a6fd877]::panicking::default_hook
[INFO] [stdout]    5:     0x642699751cb0 - test[aada8e7e76ba119b]::test_main_inner::{closure#0}
[INFO] [stdout]    6:     0x6426997b6912 - std[617be2ca0a6fd877]::panicking::panic_with_hook
[INFO] [stdout]    7:     0x6426997995f2 - std[617be2ca0a6fd877]::panicking::panic_handler::{closure#0}
[INFO] [stdout]    8:     0x6426997921e9 - std[617be2ca0a6fd877]::sys::backtrace::__rust_end_short_backtrace::<std[617be2ca0a6fd877]::panicking::panic_handler::{closure#0}, !>
[INFO] [stdout]    9:     0x64269979a1fd - __rustc[ea4f61d10b84890b]::rust_begin_unwind
[INFO] [stdout]   10:     0x6426997d317c - core[a373ad73a504971]::panicking::panic_fmt
[INFO] [stdout]   11:     0x642699737701 - cli[d71649d0826e79aa]::bin
[INFO] [stdout]   12:     0x6426997377ea - cli[d71649d0826e79aa]::run
[INFO] [stdout]   13:     0x642699738bc3 - <cli[d71649d0826e79aa]::jsonl_counts_records::{closure#0} as core[a373ad73a504971]::ops::function::FnOnce<()>>::call_once
[INFO] [stdout]   14:     0x6426997450fb - test[aada8e7e76ba119b]::__rust_begin_short_backtrace::<core[a373ad73a504971]::result::Result<(), alloc[2e1b2a31b91974c5]::string::String>, fn() -> core[a373ad73a504971]::result::Result<(), alloc[2e1b2a31b91974c5]::string::String>>
[INFO] [stdout]   15:     0x6426997522d5 - test[aada8e7e76ba119b]::run_test::{closure#0}
[INFO] [stdout]   16:     0x64269974bbc4 - std[617be2ca0a6fd877]::sys::backtrace::__rust_begin_short_backtrace::<test[aada8e7e76ba119b]::run_test::{closure#1}, ()>
[INFO] [stdout]   17:     0x642699755362 - <std[617be2ca0a6fd877]::thread::lifecycle::spawn_unchecked<test[aada8e7e76ba119b]::run_test::{closure#1}, ()>::{closure#1} as core[a373ad73a504971]::ops::function::FnOnce<()>>::call_once::{shim:vtable#0}
[INFO] [stdout]   18:     0x6426997bd91f - <std[617be2ca0a6fd877]::sys::thread::unix::Thread>::new::thread_start
[INFO] [stdout]   19:     0x7c030480bdfa - <unknown>
[INFO] [stdout]   20:     0x7c030489f3d4 - clone
[INFO] [stdout]   21:                0x0 - <unknown>
[INFO] [stdout] 
[INFO] [stdout] ---- cron_human_json_fields_present stdout ----
[INFO] [stdout] 
[INFO] [stdout] thread 'cron_human_json_fields_present' (2074) panicked at tpt-cli/tests/cli.rs:28:5:
[INFO] [stdout] could not find tpt-cli near /opt/rustwide/target/release/build/tpt-cli/3f595a9fca3baf0c/out/cli-3f595a9fca3baf0c
[INFO] [stdout] stack backtrace:
[INFO] [stdout]    0:     0x6426997be0c1 - <<std[617be2ca0a6fd877]::sys::backtrace::BacktraceLock>::print::DisplayBacktrace as core[a373ad73a504971]::fmt::Display>::fmt
[INFO] [stdout]    1:     0x6426997d2a4a - core[a373ad73a504971]::fmt::write
[INFO] [stdout]    2:     0x6426997c236c - <alloc[2e1b2a31b91974c5]::vec::Vec<u8> as core[a373ad73a504971]::io::write::Write>::write_fmt
[INFO] [stdout]    3:     0x642699799546 - std[617be2ca0a6fd877]::panicking::default_hook::{closure#0}
[INFO] [stdout]    4:     0x6426997b6759 - std[617be2ca0a6fd877]::panicking::default_hook
[INFO] [stdout]    5:     0x642699751cb0 - test[aada8e7e76ba119b]::test_main_inner::{closure#0}
[INFO] [stdout]    6:     0x6426997b6912 - std[617be2ca0a6fd877]::panicking::panic_with_hook
[INFO] [stdout]    7:     0x6426997995f2 - std[617be2ca0a6fd877]::panicking::panic_handler::{closure#0}
[INFO] [stdout]    8:     0x6426997921e9 - std[617be2ca0a6fd877]::sys::backtrace::__rust_end_short_backtrace::<std[617be2ca0a6fd877]::panicking::panic_handler::{closure#0}, !>
[INFO] [stdout]    9:     0x64269979a1fd - __rustc[ea4f61d10b84890b]::rust_begin_unwind
[INFO] [stdout]   10:     0x6426997d317c - core[a373ad73a504971]::panicking::panic_fmt
[INFO] [stdout]   11:     0x642699737701 - cli[d71649d0826e79aa]::bin
[INFO] [stdout]   12:     0x6426997377ea - cli[d71649d0826e79aa]::run
[INFO] [stdout]   13:     0x642699739ee5 - <cli[d71649d0826e79aa]::cron_human_json_fields_present::{closure#0} as core[a373ad73a504971]::ops::function::FnOnce<()>>::call_once
[INFO] [stdout]   14:     0x6426997450fb - test[aada8e7e76ba119b]::__rust_begin_short_backtrace::<core[a373ad73a504971]::result::Result<(), alloc[2e1b2a31b91974c5]::string::String>, fn() -> core[a373ad73a504971]::result::Result<(), alloc[2e1b2a31b91974c5]::string::String>>
[INFO] [stdout]   15:     0x6426997522d5 - test[aada8e7e76ba119b]::run_test::{closure#0}
[INFO] [stdout]   16:     0x64269974bbc4 - std[617be2ca0a6fd877]::sys::backtrace::__rust_begin_short_backtrace::<test[aada8e7e76ba119b]::run_test::{closure#1}, ()>
[INFO] [stdout]   17:     0x642699755362 - <std[617be2ca0a6fd877]::thread::lifecycle::spawn_unchecked<test[aada8e7e76ba119b]::run_test::{closure#1}, ()>::{closure#1} as core[a373ad73a504971]::ops::function::FnOnce<()>>::call_once::{shim:vtable#0}
[INFO] [stdout]   18:     0x6426997bd91f - <std[617be2ca0a6fd877]::sys::thread::unix::Thread>::new::thread_start
[INFO] [stdout]   19:     0x7c030480bdfa - <unknown>
[INFO] [stdout]   20:     0x7c030489f3d4 - clone
[INFO] [stdout]   21:                0x0 - <unknown>
[INFO] [stdout] 
[INFO] [stdout] ---- cron_timezone_changes_schedule_not_just_display stdout ----
[INFO] [stdout] 
[INFO] [stdout] thread 'cron_timezone_changes_schedule_not_just_display' (2078) panicked at tpt-cli/tests/cli.rs:28:5:
[INFO] [stdout] could not find tpt-cli near /opt/rustwide/target/release/build/tpt-cli/3f595a9fca3baf0c/out/cli-3f595a9fca3baf0c
[INFO] [stdout] stack backtrace:
[INFO] [stdout]    0:     0x6426997be0c1 - <<std[617be2ca0a6fd877]::sys::backtrace::BacktraceLock>::print::DisplayBacktrace as core[a373ad73a504971]::fmt::Display>::fmt
[INFO] [stdout]    1:     0x6426997d2a4a - core[a373ad73a504971]::fmt::write
[INFO] [stdout]    2:     0x6426997c236c - <alloc[2e1b2a31b91974c5]::vec::Vec<u8> as core[a373ad73a504971]::io::write::Write>::write_fmt
[INFO] [stdout]    3:     0x642699799546 - std[617be2ca0a6fd877]::panicking::default_hook::{closure#0}
[INFO] [stdout]    4:     0x6426997b6759 - std[617be2ca0a6fd877]::panicking::default_hook
[INFO] [stdout]    5:     0x642699751cb0 - test[aada8e7e76ba119b]::test_main_inner::{closure#0}
[INFO] [stdout]    6:     0x6426997b6912 - std[617be2ca0a6fd877]::panicking::panic_with_hook
[INFO] [stdout]    7:     0x6426997995f2 - std[617be2ca0a6fd877]::panicking::panic_handler::{closure#0}
[INFO] [stdout]    8:     0x6426997921e9 - std[617be2ca0a6fd877]::sys::backtrace::__rust_end_short_backtrace::<std[617be2ca0a6fd877]::panicking::panic_handler::{closure#0}, !>
[INFO] [stdout]    9:     0x64269979a1fd - __rustc[ea4f61d10b84890b]::rust_begin_unwind
[INFO] [stdout]   10:     0x6426997d317c - core[a373ad73a504971]::panicking::panic_fmt
[INFO] [stdout]   11:     0x642699737701 - cli[d71649d0826e79aa]::bin
[INFO] [stdout]   12:     0x6426997377ea - cli[d71649d0826e79aa]::run
[INFO] [stdout]   13:     0x64269973ba85 - <cli[d71649d0826e79aa]::cron_timezone_changes_schedule_not_just_display::{closure#0} as core[a373ad73a504971]::ops::function::FnOnce<()>>::call_once
[INFO] [stdout]   14:     0x6426997450fb - test[aada8e7e76ba119b]::__rust_begin_short_backtrace::<core[a373ad73a504971]::result::Result<(), alloc[2e1b2a31b91974c5]::string::String>, fn() -> core[a373ad73a504971]::result::Result<(), alloc[2e1b2a31b91974c5]::string::String>>
[INFO] [stdout]   15:     0x6426997522d5 - test[aada8e7e76ba119b]::run_test::{closure#0}
[INFO] [stdout]   16:     0x64269974bbc4 - std[617be2ca0a6fd877]::sys::backtrace::__rust_begin_short_backtrace::<test[aada8e7e76ba119b]::run_test::{closure#1}, ()>
[INFO] [stdout]   17:     0x642699755362 - <std[617be2ca0a6fd877]::thread::lifecycle::spawn_unchecked<test[aada8e7e76ba119b]::run_test::{closure#1}, ()>::{closure#1} as core[a373ad73a504971]::ops::function::FnOnce<()>>::call_once::{shim:vtable#0}
[INFO] [stdout]   18:     0x6426997bd91f - <std[617be2ca0a6fd877]::sys::thread::unix::Thread>::new::thread_start
[INFO] [stdout]   19:     0x7c030480bdfa - <unknown>
[INFO] [stdout]   20:     0x7c030489f3d4 - clone
[INFO] [stdout]   21:                0x0 - <unknown>
[INFO] [stdout] 
[INFO] [stdout] ---- cron_json_error_is_json stdout ----
[INFO] [stdout] 
[INFO] [stdout] thread 'cron_json_error_is_json' (2076) panicked at tpt-cli/tests/cli.rs:28:5:
[INFO] [stdout] could not find tpt-cli near /opt/rustwide/target/release/build/tpt-cli/3f595a9fca3baf0c/out/cli-3f595a9fca3baf0c
[INFO] [stdout] stack backtrace:
[INFO] [stdout]    0:     0x6426997be0c1 - <<std[617be2ca0a6fd877]::sys::backtrace::BacktraceLock>::print::DisplayBacktrace as core[a373ad73a504971]::fmt::Display>::fmt
[INFO] [stdout]    1:     0x6426997d2a4a - core[a373ad73a504971]::fmt::write
[INFO] [stdout]    2:     0x6426997c236c - <alloc[2e1b2a31b91974c5]::vec::Vec<u8> as core[a373ad73a504971]::io::write::Write>::write_fmt
[INFO] [stdout]    3:     0x642699799546 - std[617be2ca0a6fd877]::panicking::default_hook::{closure#0}
[INFO] [stdout]    4:     0x6426997b6759 - std[617be2ca0a6fd877]::panicking::default_hook
[INFO] [stdout]    5:     0x642699751cb0 - test[aada8e7e76ba119b]::test_main_inner::{closure#0}
[INFO] [stdout]    6:     0x6426997b6912 - std[617be2ca0a6fd877]::panicking::panic_with_hook
[INFO] [stdout]    7:     0x6426997995f2 - std[617be2ca0a6fd877]::panicking::panic_handler::{closure#0}
[INFO] [stdout]    8:     0x6426997921e9 - std[617be2ca0a6fd877]::sys::backtrace::__rust_end_short_backtrace::<std[617be2ca0a6fd877]::panicking::panic_handler::{closure#0}, !>
[INFO] [stdout]    9:     0x64269979a1fd - __rustc[ea4f61d10b84890b]::rust_begin_unwind
[INFO] [stdout]   10:     0x6426997d317c - core[a373ad73a504971]::panicking::panic_fmt
[INFO] [stdout]   11:     0x642699737701 - cli[d71649d0826e79aa]::bin
[INFO] [stdout]   12:     0x6426997377ea - cli[d71649d0826e79aa]::run
[INFO] [stdout]   13:     0x642699739257 - <cli[d71649d0826e79aa]::cron_json_error_is_json::{closure#0} as core[a373ad73a504971]::ops::function::FnOnce<()>>::call_once
[INFO] [stdout]   14:     0x6426997450fb - test[aada8e7e76ba119b]::__rust_begin_short_backtrace::<core[a373ad73a504971]::result::Result<(), alloc[2e1b2a31b91974c5]::string::String>, fn() -> core[a373ad73a504971]::result::Result<(), alloc[2e1b2a31b91974c5]::string::String>>
[INFO] [stdout]   15:     0x6426997522d5 - test[aada8e7e76ba119b]::run_test::{closure#0}
[INFO] [stdout]   16:     0x64269974bbc4 - std[617be2ca0a6fd877]::sys::backtrace::__rust_begin_short_backtrace::<test[aada8e7e76ba119b]::run_test::{closure#1}, ()>
[INFO] [stdout]   17:     0x642699755362 - <std[617be2ca0a6fd877]::thread::lifecycle::spawn_unchecked<test[aada8e7e76ba119b]::run_test::{closure#1}, ()>::{closure#1} as core[a373ad73a504971]::ops::function::FnOnce<()>>::call_once::{shim:vtable#0}
[INFO] [stdout]   18:     0x6426997bd91f - <std[617be2ca0a6fd877]::sys::thread::unix::Thread>::new::thread_start
[INFO] [stdout]   19:     0x7c030480bdfa - <unknown>
[INFO] [stdout]   20:     0x7c030489f3d4 - clone
[INFO] [stdout]   21:                0x0 - <unknown>
[INFO] [stdout] 
[INFO] [stdout] ---- geojson_validates stdout ----
[INFO] [stdout] 
[INFO] [stdout] thread 'geojson_validates' (2079) panicked at tpt-cli/tests/cli.rs:28:5:
[INFO] [stdout] could not find tpt-cli near /opt/rustwide/target/release/build/tpt-cli/3f595a9fca3baf0c/out/cli-3f595a9fca3baf0c
[INFO] [stdout] stack backtrace:
[INFO] [stdout]    0:     0x6426997be0c1 - <<std[617be2ca0a6fd877]::sys::backtrace::BacktraceLock>::print::DisplayBacktrace as core[a373ad73a504971]::fmt::Display>::fmt
[INFO] [stdout]    1:     0x6426997d2a4a - core[a373ad73a504971]::fmt::write
[INFO] [stdout]    2:     0x6426997c236c - <alloc[2e1b2a31b91974c5]::vec::Vec<u8> as core[a373ad73a504971]::io::write::Write>::write_fmt
[INFO] [stdout]    3:     0x642699799546 - std[617be2ca0a6fd877]::panicking::default_hook::{closure#0}
[INFO] [stdout]    4:     0x6426997b6759 - std[617be2ca0a6fd877]::panicking::default_hook
[INFO] [stdout]    5:     0x642699751cb0 - test[aada8e7e76ba119b]::test_main_inner::{closure#0}
[INFO] [stdout]    6:     0x6426997b6912 - std[617be2ca0a6fd877]::panicking::panic_with_hook
[INFO] [stdout]    7:     0x6426997995f2 - std[617be2ca0a6fd877]::panicking::panic_handler::{closure#0}
[INFO] [stdout]    8:     0x6426997921e9 - std[617be2ca0a6fd877]::sys::backtrace::__rust_end_short_backtrace::<std[617be2ca0a6fd877]::panicking::panic_handler::{closure#0}, !>
[INFO] [stdout]    9:     0x64269979a1fd - __rustc[ea4f61d10b84890b]::rust_begin_unwind
[INFO] [stdout]   10:     0x6426997d317c - core[a373ad73a504971]::panicking::panic_fmt
[INFO] [stdout]   11:     0x642699737701 - cli[d71649d0826e79aa]::bin
[INFO] [stdout]   12:     0x6426997377ea - cli[d71649d0826e79aa]::run
[INFO] [stdout]   13:     0x642699738a21 - <cli[d71649d0826e79aa]::geojson_validates::{closure#0} as core[a373ad73a504971]::ops::function::FnOnce<()>>::call_once
[INFO] [stdout]   14:     0x6426997450fb - test[aada8e7e76ba119b]::__rust_begin_short_backtrace::<core[a373ad73a504971]::result::Result<(), alloc[2e1b2a31b91974c5]::string::String>, fn() -> core[a373ad73a504971]::result::Result<(), alloc[2e1b2a31b91974c5]::string::String>>
[INFO] [stdout]   15:     0x6426997522d5 - test[aada8e7e76ba119b]::run_test::{closure#0}
[INFO] [stdout]   16:     0x64269974bbc4 - std[617be2ca0a6fd877]::sys::backtrace::__rust_begin_short_backtrace::<test[aada8e7e76ba119b]::run_test::{closure#1}, ()>
[INFO] [stdout]   17:     0x642699755362 - <std[617be2ca0a6fd877]::thread::lifecycle::spawn_unchecked<test[aada8e7e76ba119b]::run_test::{closure#1}, ()>::{closure#1} as core[a373ad73a504971]::ops::function::FnOnce<()>>::call_once::{shim:vtable#0}
[INFO] [stdout]   18:     0x6426997bd91f - <std[617be2ca0a6fd877]::sys::thread::unix::Thread>::new::thread_start
[INFO] [stdout]   19:     0x7c030480bdfa - <unknown>
[INFO] [stdout]   20:     0x7c030489f3d4 - clone
[INFO] [stdout]   21:                0x0 - <unknown>
[INFO] [stdout] 
[INFO] [stdout] ---- mime_extensionless_file_is_unknown stdout ----
[INFO] [stdout] 
[INFO] [stdout] thread 'mime_extensionless_file_is_unknown' (2083) panicked at tpt-cli/tests/cli.rs:28:5:
[INFO] [stdout] could not find tpt-cli near /opt/rustwide/target/release/build/tpt-cli/3f595a9fca3baf0c/out/cli-3f595a9fca3baf0c
[INFO] [stdout] stack backtrace:
[INFO] [stdout]    0:     0x6426997be0c1 - <<std[617be2ca0a6fd877]::sys::backtrace::BacktraceLock>::print::DisplayBacktrace as core[a373ad73a504971]::fmt::Display>::fmt
[INFO] [stdout]    1:     0x6426997d2a4a - core[a373ad73a504971]::fmt::write
[INFO] [stdout]    2:     0x6426997c236c - <alloc[2e1b2a31b91974c5]::vec::Vec<u8> as core[a373ad73a504971]::io::write::Write>::write_fmt
[INFO] [stdout]    3:     0x642699799546 - std[617be2ca0a6fd877]::panicking::default_hook::{closure#0}
[INFO] [stdout]    4:     0x6426997b6759 - std[617be2ca0a6fd877]::panicking::default_hook
[INFO] [stdout]    5:     0x642699751cb0 - test[aada8e7e76ba119b]::test_main_inner::{closure#0}
[INFO] [stdout]    6:     0x6426997b6912 - std[617be2ca0a6fd877]::panicking::panic_with_hook
[INFO] [stdout]    7:     0x6426997995f2 - std[617be2ca0a6fd877]::panicking::panic_handler::{closure#0}
[INFO] [stdout]    8:     0x6426997921e9 - std[617be2ca0a6fd877]::sys::backtrace::__rust_end_short_backtrace::<std[617be2ca0a6fd877]::panicking::panic_handler::{closure#0}, !>
[INFO] [stdout]    9:     0x64269979a1fd - __rustc[ea4f61d10b84890b]::rust_begin_unwind
[INFO] [stdout]   10:     0x6426997d317c - core[a373ad73a504971]::panicking::panic_fmt
[INFO] [stdout]   11:     0x642699737701 - cli[d71649d0826e79aa]::bin
[INFO] [stdout]   12:     0x6426997377ea - cli[d71649d0826e79aa]::run
[INFO] [stdout]   13:     0x64269973a25c - <cli[d71649d0826e79aa]::mime_extensionless_file_is_unknown::{closure#0} as core[a373ad73a504971]::ops::function::FnOnce<()>>::call_once
[INFO] [stdout]   14:     0x6426997450fb - test[aada8e7e76ba119b]::__rust_begin_short_backtrace::<core[a373ad73a504971]::result::Result<(), alloc[2e1b2a31b91974c5]::string::String>, fn() -> core[a373ad73a504971]::result::Result<(), alloc[2e1b2a31b91974c5]::string::String>>
[INFO] [stdout]   15:     0x6426997522d5 - test[aada8e7e76ba119b]::run_test::{closure#0}
[INFO] [stdout]   16:     0x64269974bbc4 - std[617be2ca0a6fd877]::sys::backtrace::__rust_begin_short_backtrace::<test[aada8e7e76ba119b]::run_test::{closure#1}, ()>
[INFO] [stdout]   17:     0x642699755362 - <std[617be2ca0a6fd877]::thread::lifecycle::spawn_unchecked<test[aada8e7e76ba119b]::run_test::{closure#1}, ()>::{closure#1} as core[a373ad73a504971]::ops::function::FnOnce<()>>::call_once::{shim:vtable#0}
[INFO] [stdout]   18:     0x6426997bd91f - <std[617be2ca0a6fd877]::sys::thread::unix::Thread>::new::thread_start
[INFO] [stdout]   19:     0x7c030480bdfa - <unknown>
[INFO] [stdout]   20:     0x7c030489f3d4 - clone
[INFO] [stdout]   21:                0x0 - <unknown>
[INFO] [stdout] 
[INFO] [stdout] ---- cron_six_field_next_is_utc_and_parseable stdout ----
[INFO] [stdout] 
[INFO] [stdout] thread 'cron_six_field_next_is_utc_and_parseable' (2077) panicked at tpt-cli/tests/cli.rs:28:5:
[INFO] [stdout] could not find tpt-cli near /opt/rustwide/target/release/build/tpt-cli/3f595a9fca3baf0c/out/cli-3f595a9fca3baf0c
[INFO] [stdout] stack backtrace:
[INFO] [stdout]    0:     0x6426997be0c1 - <<std[617be2ca0a6fd877]::sys::backtrace::BacktraceLock>::print::DisplayBacktrace as core[a373ad73a504971]::fmt::Display>::fmt
[INFO] [stdout]    1:     0x6426997d2a4a - core[a373ad73a504971]::fmt::write
[INFO] [stdout]    2:     0x6426997c236c - <alloc[2e1b2a31b91974c5]::vec::Vec<u8> as core[a373ad73a504971]::io::write::Write>::write_fmt
[INFO] [stdout]    3:     0x642699799546 - std[617be2ca0a6fd877]::panicking::default_hook::{closure#0}
[INFO] [stdout]    4:     0x6426997b6759 - std[617be2ca0a6fd877]::panicking::default_hook
[INFO] [stdout]    5:     0x642699751cb0 - test[aada8e7e76ba119b]::test_main_inner::{closure#0}
[INFO] [stdout]    6:     0x6426997b6912 - std[617be2ca0a6fd877]::panicking::panic_with_hook
[INFO] [stdout]    7:     0x6426997995f2 - std[617be2ca0a6fd877]::panicking::panic_handler::{closure#0}
[INFO] [stdout]    8:     0x6426997921e9 - std[617be2ca0a6fd877]::sys::backtrace::__rust_end_short_backtrace::<std[617be2ca0a6fd877]::panicking::panic_handler::{closure#0}, !>
[INFO] [stdout]    9:     0x64269979a1fd - __rustc[ea4f61d10b84890b]::rust_begin_unwind
[INFO] [stdout]   10:     0x6426997d317c - core[a373ad73a504971]::panicking::panic_fmt
[INFO] [stdout]   11:     0x642699737701 - cli[d71649d0826e79aa]::bin
[INFO] [stdout]   12:     0x6426997377ea - cli[d71649d0826e79aa]::run
[INFO] [stdout]   13:     0x64269973b315 - <cli[d71649d0826e79aa]::cron_six_field_next_is_utc_and_parseable::{closure#0} as core[a373ad73a504971]::ops::function::FnOnce<()>>::call_once
[INFO] [stdout]   14:     0x6426997450fb - test[aada8e7e76ba119b]::__rust_begin_short_backtrace::<core[a373ad73a504971]::result::Result<(), alloc[2e1b2a31b91974c5]::string::String>, fn() -> core[a373ad73a504971]::result::Result<(), alloc[2e1b2a31b91974c5]::string::String>>
[INFO] [stdout]   15:     0x6426997522d5 - test[aada8e7e76ba119b]::run_test::{closure#0}
[INFO] [stdout]   16:     0x64269974bbc4 - std[617be2ca0a6fd877]::sys::backtrace::__rust_begin_short_backtrace::<test[aada8e7e76ba119b]::run_test::{closure#1}, ()>
[INFO] [stdout]   17:     0x642699755362 - <std[617be2ca0a6fd877]::thread::lifecycle::spawn_unchecked<test[aada8e7e76ba119b]::run_test::{closure#1}, ()>::{closure#1} as core[a373ad73a504971]::ops::function::FnOnce<()>>::call_once::{shim:vtable#0}
[INFO] [stdout]   18:     0x6426997bd91f - <std[617be2ca0a6fd877]::sys::thread::unix::Thread>::new::thread_start
[INFO] [stdout]   19:     0x7c030480bdfa - <unknown>
[INFO] [stdout]   20:     0x7c030489f3d4 - clone
[INFO] [stdout]   21:                0x0 - <unknown>
[INFO] [stdout] 
[INFO] [stdout] ---- mime_stdin_detection stdout ----
[INFO] [stdout] 
[INFO] [stdout] thread 'mime_stdin_detection' (2086) panicked at tpt-cli/tests/cli.rs:28:5:
[INFO] [stdout] could not find tpt-cli near /opt/rustwide/target/release/build/tpt-cli/3f595a9fca3baf0c/out/cli-3f595a9fca3baf0c
[INFO] [stdout] stack backtrace:
[INFO] [stdout]    0:     0x6426997be0c1 - <<std[617be2ca0a6fd877]::sys::backtrace::BacktraceLock>::print::DisplayBacktrace as core[a373ad73a504971]::fmt::Display>::fmt
[INFO] [stdout]    1:     0x6426997d2a4a - core[a373ad73a504971]::fmt::write
[INFO] [stdout]    2:     0x6426997c236c - <alloc[2e1b2a31b91974c5]::vec::Vec<u8> as core[a373ad73a504971]::io::write::Write>::write_fmt
[INFO] [stdout]    3:     0x642699799546 - std[617be2ca0a6fd877]::panicking::default_hook::{closure#0}
[INFO] [stdout]    4:     0x6426997b6759 - std[617be2ca0a6fd877]::panicking::default_hook
[INFO] [stdout]    5:     0x642699751cb0 - test[aada8e7e76ba119b]::test_main_inner::{closure#0}
[INFO] [stdout]    6:     0x6426997b6912 - std[617be2ca0a6fd877]::panicking::panic_with_hook
[INFO] [stdout]    7:     0x6426997995f2 - std[617be2ca0a6fd877]::panicking::panic_handler::{closure#0}
[INFO] [stdout]    8:     0x6426997921e9 - std[617be2ca0a6fd877]::sys::backtrace::__rust_end_short_backtrace::<std[617be2ca0a6fd877]::panicking::panic_handler::{closure#0}, !>
[INFO] [stdout]    9:     0x64269979a1fd - __rustc[ea4f61d10b84890b]::rust_begin_unwind
[INFO] [stdout]   10:     0x6426997d317c - core[a373ad73a504971]::panicking::panic_fmt
[INFO] [stdout]   11:     0x642699737701 - cli[d71649d0826e79aa]::bin
[INFO] [stdout]   12:     0x642699738d0c - <cli[d71649d0826e79aa]::mime_stdin_detection::{closure#0} as core[a373ad73a504971]::ops::function::FnOnce<()>>::call_once
[INFO] [stdout]   13:     0x6426997450fb - test[aada8e7e76ba119b]::__rust_begin_short_backtrace::<core[a373ad73a504971]::result::Result<(), alloc[2e1b2a31b91974c5]::string::String>, fn() -> core[a373ad73a504971]::result::Result<(), alloc[2e1b2a31b91974c5]::string::String>>
[INFO] [stdout]   14:     0x6426997522d5 - test[aada8e7e76ba119b]::run_test::{closure#0}
[INFO] [stdout]   15:     0x64269974bbc4 - std[617be2ca0a6fd877]::sys::backtrace::__rust_begin_short_backtrace::<test[aada8e7e76ba119b]::run_test::{closure#1}, ()>
[INFO] [stdout]   16:     0x642699755362 - <std[617be2ca0a6fd877]::thread::lifecycle::spawn_unchecked<test[aada8e7e76ba119b]::run_test::{closure#1}, ()>::{closure#1} as core[a373ad73a504971]::ops::function::FnOnce<()>>::call_once::{shim:vtable#0}
[INFO] [stdout]   17:     0x6426997bd91f - <std[617be2ca0a6fd877]::sys::thread::unix::Thread>::new::thread_start
[INFO] [stdout]   18:     0x7c030480bdfa - <unknown>
[INFO] [stdout]   19:     0x7c030489f3d4 - clone
[INFO] [stdout]   20:                0x0 - <unknown>
[INFO] [stdout] 
[INFO] [stdout] ---- sniff_bare_scalars_not_jsonl stdout ----
[INFO] [stdout] 
[INFO] [stdout] thread 'sniff_bare_scalars_not_jsonl' (2087) panicked at tpt-cli/tests/cli.rs:28:5:
[INFO] [stdout] could not find tpt-cli near /opt/rustwide/target/release/build/tpt-cli/3f595a9fca3baf0c/out/cli-3f595a9fca3baf0c
[INFO] [stdout] stack backtrace:
[INFO] [stdout]    0:     0x6426997be0c1 - <<std[617be2ca0a6fd877]::sys::backtrace::BacktraceLock>::print::DisplayBacktrace as core[a373ad73a504971]::fmt::Display>::fmt
[INFO] [stdout]    1:     0x6426997d2a4a - core[a373ad73a504971]::fmt::write
[INFO] [stdout]    2:     0x6426997c236c - <alloc[2e1b2a31b91974c5]::vec::Vec<u8> as core[a373ad73a504971]::io::write::Write>::write_fmt
[INFO] [stdout]    3:     0x642699799546 - std[617be2ca0a6fd877]::panicking::default_hook::{closure#0}
[INFO] [stdout]    4:     0x6426997b6759 - std[617be2ca0a6fd877]::panicking::default_hook
[INFO] [stdout]    5:     0x642699751cb0 - test[aada8e7e76ba119b]::test_main_inner::{closure#0}
[INFO] [stdout]    6:     0x6426997b6912 - std[617be2ca0a6fd877]::panicking::panic_with_hook
[INFO] [stdout]    7:     0x6426997995f2 - std[617be2ca0a6fd877]::panicking::panic_handler::{closure#0}
[INFO] [stdout]    8:     0x6426997921e9 - std[617be2ca0a6fd877]::sys::backtrace::__rust_end_short_backtrace::<std[617be2ca0a6fd877]::panicking::panic_handler::{closure#0}, !>
[INFO] [stdout]    9:     0x64269979a1fd - __rustc[ea4f61d10b84890b]::rust_begin_unwind
[INFO] [stdout]   10:     0x6426997d317c - core[a373ad73a504971]::panicking::panic_fmt
[INFO] [stdout]   11:     0x642699737701 - cli[d71649d0826e79aa]::bin
[INFO] [stdout]   12:     0x6426997377ea - cli[d71649d0826e79aa]::run
[INFO] [stdout]   13:     0x642699739daf - <cli[d71649d0826e79aa]::sniff_bare_scalars_not_jsonl::{closure#0} as core[a373ad73a504971]::ops::function::FnOnce<()>>::call_once
[INFO] [stdout]   14:     0x6426997450fb - test[aada8e7e76ba119b]::__rust_begin_short_backtrace::<core[a373ad73a504971]::result::Result<(), alloc[2e1b2a31b91974c5]::string::String>, fn() -> core[a373ad73a504971]::result::Result<(), alloc[2e1b2a31b91974c5]::string::String>>
[INFO] [stdout]   15:     0x6426997522d5 - test[aada8e7e76ba119b]::run_test::{closure#0}
[INFO] [stdout]   16:     0x64269974bbc4 - std[617be2ca0a6fd877]::sys::backtrace::__rust_begin_short_backtrace::<test[aada8e7e76ba119b]::run_test::{closure#1}, ()>
[INFO] [stdout]   17:     0x642699755362 - <std[617be2ca0a6fd877]::thread::lifecycle::spawn_unchecked<test[aada8e7e76ba119b]::run_test::{closure#1}, ()>::{closure#1} as core[a373ad73a504971]::ops::function::FnOnce<()>>::call_once::{shim:vtable#0}
[INFO] [stdout]   18:     0x6426997bd91f - <std[617be2ca0a6fd877]::sys::thread::unix::Thread>::new::thread_start
[INFO] [stdout]   19:     0x7c030480bdfa - <unknown>
[INFO] [stdout]   20:     0x7c030489f3d4 - clone
[INFO] [stdout]   21:                0x0 - <unknown>
[INFO] [stdout] 
[INFO] [stdout] ---- sniff_exits_nonzero_on_unknown_like_mime stdout ----
[INFO] [stdout] 
[INFO] [stdout] thread 'sniff_exits_nonzero_on_unknown_like_mime' (2088) panicked at tpt-cli/tests/cli.rs:28:5:
[INFO] [stdout] could not find tpt-cli near /opt/rustwide/target/release/build/tpt-cli/3f595a9fca3baf0c/out/cli-3f595a9fca3baf0c
[INFO] [stdout] stack backtrace:
[INFO] [stdout]    0:     0x6426997be0c1 - <<std[617be2ca0a6fd877]::sys::backtrace::BacktraceLock>::print::DisplayBacktrace as core[a373ad73a504971]::fmt::Display>::fmt
[INFO] [stdout]    1:     0x6426997d2a4a - core[a373ad73a504971]::fmt::write
[INFO] [stdout]    2:     0x6426997c236c - <alloc[2e1b2a31b91974c5]::vec::Vec<u8> as core[a373ad73a504971]::io::write::Write>::write_fmt
[INFO] [stdout]    3:     0x642699799546 - std[617be2ca0a6fd877]::panicking::default_hook::{closure#0}
[INFO] [stdout]    4:     0x6426997b6759 - std[617be2ca0a6fd877]::panicking::default_hook
[INFO] [stdout]    5:     0x642699751cb0 - test[aada8e7e76ba119b]::test_main_inner::{closure#0}
[INFO] [stdout]    6:     0x6426997b6912 - std[617be2ca0a6fd877]::panicking::panic_with_hook
[INFO] [stdout]    7:     0x6426997995f2 - std[617be2ca0a6fd877]::panicking::panic_handler::{closure#0}
[INFO] [stdout]    8:     0x6426997921e9 - std[617be2ca0a6fd877]::sys::backtrace::__rust_end_short_backtrace::<std[617be2ca0a6fd877]::panicking::panic_handler::{closure#0}, !>
[INFO] [stdout]    9:     0x64269979a1fd - __rustc[ea4f61d10b84890b]::rust_begin_unwind
[INFO] [stdout]   10:     0x6426997d317c - core[a373ad73a504971]::panicking::panic_fmt
[INFO] [stdout]   11:     0x642699737701 - cli[d71649d0826e79aa]::bin
[INFO] [stdout]   12:     0x6426997377ea - cli[d71649d0826e79aa]::run
[INFO] [stdout]   13:     0x64269973b599 - <cli[d71649d0826e79aa]::sniff_exits_nonzero_on_unknown_like_mime::{closure#0} as core[a373ad73a504971]::ops::function::FnOnce<()>>::call_once
[INFO] [stdout]   14:     0x6426997450fb - test[aada8e7e76ba119b]::__rust_begin_short_backtrace::<core[a373ad73a504971]::result::Result<(), alloc[2e1b2a31b91974c5]::string::String>, fn() -> core[a373ad73a504971]::result::Result<(), alloc[2e1b2a31b91974c5]::string::String>>
[INFO] [stdout]   15:     0x6426997522d5 - test[aada8e7e76ba119b]::run_test::{closure#0}
[INFO] [stdout]   16:     0x64269974bbc4 - std[617be2ca0a6fd877]::sys::backtrace::__rust_begin_short_backtrace::<test[aada8e7e76ba119b]::run_test::{closure#1}, ()>
[INFO] [stdout]   17:     0x642699755362 - <std[617be2ca0a6fd877]::thread::lifecycle::spawn_unchecked<test[aada8e7e76ba119b]::run_test::{closure#1}, ()>::{closure#1} as core[a373ad73a504971]::ops::function::FnOnce<()>>::call_once::{shim:vtable#0}
[INFO] [stdout]   18:     0x6426997bd91f - <std[617be2ca0a6fd877]::sys::thread::unix::Thread>::new::thread_start
[INFO] [stdout]   19:     0x7c030480bdfa - <unknown>
[INFO] [stdout]   20:     0x7c030489f3d4 - clone
[INFO] [stdout]   21:                0x0 - <unknown>
[INFO] [stdout] 
[INFO] [stdout] ---- sniff_runs_mime_detection_on_ascii_clean_tar stdout ----
[INFO] [stdout] 
[INFO] [stdout] thread 'sniff_runs_mime_detection_on_ascii_clean_tar' (2091) panicked at tpt-cli/tests/cli.rs:28:5:
[INFO] [stdout] could not find tpt-cli near /opt/rustwide/target/release/build/tpt-cli/3f595a9fca3baf0c/out/cli-3f595a9fca3baf0c
[INFO] [stdout] stack backtrace:
[INFO] [stdout]    0:     0x6426997be0c1 - <<std[617be2ca0a6fd877]::sys::backtrace::BacktraceLock>::print::DisplayBacktrace as core[a373ad73a504971]::fmt::Display>::fmt
[INFO] [stdout]    1:     0x6426997d2a4a - core[a373ad73a504971]::fmt::write
[INFO] [stdout]    2:     0x6426997c236c - <alloc[2e1b2a31b91974c5]::vec::Vec<u8> as core[a373ad73a504971]::io::write::Write>::write_fmt
[INFO] [stdout]    3:     0x642699799546 - std[617be2ca0a6fd877]::panicking::default_hook::{closure#0}
[INFO] [stdout]    4:     0x6426997b6759 - std[617be2ca0a6fd877]::panicking::default_hook
[INFO] [stdout]    5:     0x642699751cb0 - test[aada8e7e76ba119b]::test_main_inner::{closure#0}
[INFO] [stdout]    6:     0x6426997b6912 - std[617be2ca0a6fd877]::panicking::panic_with_hook
[INFO] [stdout]    7:     0x6426997995f2 - std[617be2ca0a6fd877]::panicking::panic_handler::{closure#0}
[INFO] [stdout]    8:     0x6426997921e9 - std[617be2ca0a6fd877]::sys::backtrace::__rust_end_short_backtrace::<std[617be2ca0a6fd877]::panicking::panic_handler::{closure#0}, !>
[INFO] [stdout]    9:     0x64269979a1fd - __rustc[ea4f61d10b84890b]::rust_begin_unwind
[INFO] [stdout]   10:     0x6426997d317c - core[a373ad73a504971]::panicking::panic_fmt
[INFO] [stdout]   11:     0x642699737701 - cli[d71649d0826e79aa]::bin
[INFO] [stdout]   12:     0x6426997377ea - cli[d71649d0826e79aa]::run
[INFO] [stdout]   13:     0x64269973b8eb - <cli[d71649d0826e79aa]::sniff_runs_mime_detection_on_ascii_clean_tar::{closure#0} as core[a373ad73a504971]::ops::function::FnOnce<()>>::call_once
[INFO] [stdout]   14:     0x6426997450fb - test[aada8e7e76ba119b]::__rust_begin_short_backtrace::<core[a373ad73a504971]::result::Result<(), alloc[2e1b2a31b91974c5]::string::String>, fn() -> core[a373ad73a504971]::result::Result<(), alloc[2e1b2a31b91974c5]::string::String>>
[INFO] [stdout]   15:     0x6426997522d5 - test[aada8e7e76ba119b]::run_test::{closure#0}
[INFO] [stdout]   16:     0x64269974bbc4 - std[617be2ca0a6fd877]::sys::backtrace::__rust_begin_short_backtrace::<test[aada8e7e76ba119b]::run_test::{closure#1}, ()>
[INFO] [stdout]   17:     0x642699755362 - <std[617be2ca0a6fd877]::thread::lifecycle::spawn_unchecked<test[aada8e7e76ba119b]::run_test::{closure#1}, ()>::{closure#1} as core[a373ad73a504971]::ops::function::FnOnce<()>>::call_once::{shim:vtable#0}
[INFO] [stdout]   18:     0x6426997bd91f - <std[617be2ca0a6fd877]::sys::thread::unix::Thread>::new::thread_start
[INFO] [stdout]   19:     0x7c030480bdfa - <unknown>
[INFO] [stdout]   20:     0x7c030489f3d4 - clone
[INFO] [stdout]   21:                0x0 - <unknown>
[INFO] [stdout] 
[INFO] [stdout] ---- sniff_json_vs_geojson_distinguishable stdout ----
[INFO] [stdout] 
[INFO] [stdout] thread 'sniff_json_vs_geojson_distinguishable' (2089) panicked at tpt-cli/tests/cli.rs:28:5:
[INFO] [stdout] could not find tpt-cli near /opt/rustwide/target/release/build/tpt-cli/3f595a9fca3baf0c/out/cli-3f595a9fca3baf0c
[INFO] [stdout] stack backtrace:
[INFO] [stdout]    0:     0x6426997be0c1 - <<std[617be2ca0a6fd877]::sys::backtrace::BacktraceLock>::print::DisplayBacktrace as core[a373ad73a504971]::fmt::Display>::fmt
[INFO] [stdout]    1:     0x6426997d2a4a - core[a373ad73a504971]::fmt::write
[INFO] [stdout]    2:     0x6426997c236c - <alloc[2e1b2a31b91974c5]::vec::Vec<u8> as core[a373ad73a504971]::io::write::Write>::write_fmt
[INFO] [stdout]    3:     0x642699799546 - std[617be2ca0a6fd877]::panicking::default_hook::{closure#0}
[INFO] [stdout]    4:     0x6426997b6759 - std[617be2ca0a6fd877]::panicking::default_hook
[INFO] [stdout]    5:     0x642699751cb0 - test[aada8e7e76ba119b]::test_main_inner::{closure#0}
[INFO] [stdout]    6:     0x6426997b6912 - std[617be2ca0a6fd877]::panicking::panic_with_hook
[INFO] [stdout]    7:     0x6426997995f2 - std[617be2ca0a6fd877]::panicking::panic_handler::{closure#0}
[INFO] [stdout]    8:     0x6426997921e9 - std[617be2ca0a6fd877]::sys::backtrace::__rust_end_short_backtrace::<std[617be2ca0a6fd877]::panicking::panic_handler::{closure#0}, !>
[INFO] [stdout]    9:     0x64269979a1fd - __rustc[ea4f61d10b84890b]::rust_begin_unwind
[INFO] [stdout]   10:     0x6426997d317c - core[a373ad73a504971]::panicking::panic_fmt
[INFO] [stdout]   11:     0x642699737701 - cli[d71649d0826e79aa]::bin
[INFO] [stdout]   12:     0x6426997377ea - cli[d71649d0826e79aa]::run
[INFO] [stdout]   13:     0x64269973a784 - <cli[d71649d0826e79aa]::sniff_json_vs_geojson_distinguishable::{closure#0} as core[a373ad73a504971]::ops::function::FnOnce<()>>::call_once
[INFO] [stdout]   14:     0x6426997450fb - test[aada8e7e76ba119b]::__rust_begin_short_backtrace::<core[a373ad73a504971]::result::Result<(), alloc[2e1b2a31b91974c5]::string::String>, fn() -> core[a373ad73a504971]::result::Result<(), alloc[2e1b2a31b91974c5]::string::String>>
[INFO] [stdout]   15:     0x6426997522d5 - test[aada8e7e76ba119b]::run_test::{closure#0}
[INFO] [stdout]   16:     0x64269974bbc4 - std[617be2ca0a6fd877]::sys::backtrace::__rust_begin_short_backtrace::<test[aada8e7e76ba119b]::run_test::{closure#1}, ()>
[INFO] [stdout]   17:     0x642699755362 - <std[617be2ca0a6fd877]::thread::lifecycle::spawn_unchecked<test[aada8e7e76ba119b]::run_test::{closure#1}, ()>::{closure#1} as core[a373ad73a504971]::ops::function::FnOnce<()>>::call_once::{shim:vtable#0}
[INFO] [stdout]   18:     0x6426997bd91f - <std[617be2ca0a6fd877]::sys::thread::unix::Thread>::new::thread_start
[INFO] [stdout]   19:     0x7c030480bdfa - <unknown>
[INFO] [stdout]   20:     0x7c030489f3d4 - clone
[INFO] [stdout]   21:                0x0 - <unknown>
[INFO] [stdout] 
[INFO] [stdout] ---- logfmt_json_array_shape stdout ----
[INFO] [stdout] 
[INFO] [stdout] thread 'logfmt_json_array_shape' (2081) panicked at tpt-cli/tests/cli.rs:28:5:
[INFO] [stdout] could not find tpt-cli near /opt/rustwide/target/release/build/tpt-cli/3f595a9fca3baf0c/out/cli-3f595a9fca3baf0c
[INFO] [stdout] stack backtrace:
[INFO] [stdout]    0:     0x6426997be0c1 - <<std[617be2ca0a6fd877]::sys::backtrace::BacktraceLock>::print::DisplayBacktrace as core[a373ad73a504971]::fmt::Display>::fmt
[INFO] [stdout]    1:     0x6426997d2a4a - core[a373ad73a504971]::fmt::write
[INFO] [stdout]    2:     0x6426997c236c - <alloc[2e1b2a31b91974c5]::vec::Vec<u8> as core[a373ad73a504971]::io::write::Write>::write_fmt
[INFO] [stdout]    3:     0x642699799546 - std[617be2ca0a6fd877]::panicking::default_hook::{closure#0}
[INFO] [stdout]    4:     0x6426997b6759 - std[617be2ca0a6fd877]::panicking::default_hook
[INFO] [stdout]    5:     0x642699751cb0 - test[aada8e7e76ba119b]::test_main_inner::{closure#0}
[INFO] [stdout]    6:     0x6426997b6912 - std[617be2ca0a6fd877]::panicking::panic_with_hook
[INFO] [stdout]    7:     0x6426997995f2 - std[617be2ca0a6fd877]::panicking::panic_handler::{closure#0}
[INFO] [stdout]    8:     0x6426997921e9 - std[617be2ca0a6fd877]::sys::backtrace::__rust_end_short_backtrace::<std[617be2ca0a6fd877]::panicking::panic_handler::{closure#0}, !>
[INFO] [stdout]    9:     0x64269979a1fd - __rustc[ea4f61d10b84890b]::rust_begin_unwind
[INFO] [stdout]   10:     0x6426997d317c - core[a373ad73a504971]::panicking::panic_fmt
[INFO] [stdout]   11:     0x642699737701 - cli[d71649d0826e79aa]::bin
[INFO] [stdout]   12:     0x6426997377ea - cli[d71649d0826e79aa]::run
[INFO] [stdout]   13:     0x6426997394b5 - <cli[d71649d0826e79aa]::logfmt_json_array_shape::{closure#0} as core[a373ad73a504971]::ops::function::FnOnce<()>>::call_once
[INFO] [stdout]   14:     0x6426997450fb - test[aada8e7e76ba119b]::__rust_begin_short_backtrace::<core[a373ad73a504971]::result::Result<(), alloc[2e1b2a31b91974c5]::string::String>, fn() -> core[a373ad73a504971]::result::Result<(), alloc[2e1b2a31b91974c5]::string::String>>
[INFO] [stdout]   15:     0x6426997522d5 - test[aada8e7e76ba119b]::run_test::{closure#0}
[INFO] [stdout]   16:     0x64269974bbc4 - std[617be2ca0a6fd877]::sys::backtrace::__rust_begin_short_backtrace::<test[aada8e7e76ba119b]::run_test::{closure#1}, ()>
[INFO] [stdout]   17:     0x642699755362 - <std[617be2ca0a6fd877]::thread::lifecycle::spawn_unchecked<test[aada8e7e76ba119b]::run_test::{closure#1}, ()>::{closure#1} as core[a373ad73a504971]::ops::function::FnOnce<()>>::call_once::{shim:vtable#0}
[INFO] [stdout]   18:     0x6426997bd91f - <std[617be2ca0a6fd877]::sys::thread::unix::Thread>::new::thread_start
[INFO] [stdout]   19:     0x7c030480bdfa - <unknown>
[INFO] [stdout]   20:     0x7c030489f3d4 - clone
[INFO] [stdout]   21:                0x0 - <unknown>
[INFO] [stdout] 
[INFO] [stdout] ---- logfmt_preserves_order_and_duplicates stdout ----
[INFO] [stdout] 
[INFO] [stdout] thread 'logfmt_preserves_order_and_duplicates' (2082) panicked at tpt-cli/tests/cli.rs:28:5:
[INFO] [stdout] could not find tpt-cli near /opt/rustwide/target/release/build/tpt-cli/3f595a9fca3baf0c/out/cli-3f595a9fca3baf0c
[INFO] [stdout] stack backtrace:
[INFO] [stdout]    0:     0x6426997be0c1 - <<std[617be2ca0a6fd877]::sys::backtrace::BacktraceLock>::print::DisplayBacktrace as core[a373ad73a504971]::fmt::Display>::fmt
[INFO] [stdout]    1:     0x6426997d2a4a - core[a373ad73a504971]::fmt::write
[INFO] [stdout]    2:     0x6426997c236c - <alloc[2e1b2a31b91974c5]::vec::Vec<u8> as core[a373ad73a504971]::io::write::Write>::write_fmt
[INFO] [stdout]    3:     0x642699799546 - std[617be2ca0a6fd877]::panicking::default_hook::{closure#0}
[INFO] [stdout]    4:     0x6426997b6759 - std[617be2ca0a6fd877]::panicking::default_hook
[INFO] [stdout]    5:     0x642699751cb0 - test[aada8e7e76ba119b]::test_main_inner::{closure#0}
[INFO] [stdout]    6:     0x6426997b6912 - std[617be2ca0a6fd877]::panicking::panic_with_hook
[INFO] [stdout]    7:     0x6426997995f2 - std[617be2ca0a6fd877]::panicking::panic_handler::{closure#0}
[INFO] [stdout]    8:     0x6426997921e9 - std[617be2ca0a6fd877]::sys::backtrace::__rust_end_short_backtrace::<std[617be2ca0a6fd877]::panicking::panic_handler::{closure#0}, !>
[INFO] [stdout]    9:     0x64269979a1fd - __rustc[ea4f61d10b84890b]::rust_begin_unwind
[INFO] [stdout]   10:     0x6426997d317c - core[a373ad73a504971]::panicking::panic_fmt
[INFO] [stdout]   11:     0x642699737701 - cli[d71649d0826e79aa]::bin
[INFO] [stdout]   12:     0x6426997377ea - cli[d71649d0826e79aa]::run
[INFO] [stdout]   13:     0x64269973a3bc - <cli[d71649d0826e79aa]::logfmt_preserves_order_and_duplicates::{closure#0} as core[a373ad73a504971]::ops::function::FnOnce<()>>::call_once
[INFO] [stdout]   14:     0x6426997450fb - test[aada8e7e76ba119b]::__rust_begin_short_backtrace::<core[a373ad73a504971]::result::Result<(), alloc[2e1b2a31b91974c5]::string::String>, fn() -> core[a373ad73a504971]::result::Result<(), alloc[2e1b2a31b91974c5]::string::String>>
[INFO] [stdout]   15:     0x6426997522d5 - test[aada8e7e76ba119b]::run_test::{closure#0}
[INFO] [stdout]   16:     0x64269974bbc4 - std[617be2ca0a6fd877]::sys::backtrace::__rust_begin_short_backtrace::<test[aada8e7e76ba119b]::run_test::{closure#1}, ()>
[INFO] [stdout]   17:     0x642699755362 - <std[617be2ca0a6fd877]::thread::lifecycle::spawn_unchecked<test[aada8e7e76ba119b]::run_test::{closure#1}, ()>::{closure#1} as core[a373ad73a504971]::ops::function::FnOnce<()>>::call_once::{shim:vtable#0}
[INFO] [stdout]   18:     0x6426997bd91f - <std[617be2ca0a6fd877]::sys::thread::unix::Thread>::new::thread_start
[INFO] [stdout]   19:     0x7c030480bdfa - <unknown>
[INFO] [stdout]   20:     0x7c030489f3d4 - clone
[INFO] [stdout]   21:                0x0 - <unknown>
[INFO] [stdout] 
[INFO] [stdout] ---- mime_pdf_by_extension stdout ----
[INFO] [stdout] 
[INFO] [stdout] thread 'mime_pdf_by_extension' (2084) panicked at tpt-cli/tests/cli.rs:28:5:
[INFO] [stdout] could not find tpt-cli near /opt/rustwide/target/release/build/tpt-cli/3f595a9fca3baf0c/out/cli-3f595a9fca3baf0c
[INFO] [stdout] stack backtrace:
[INFO] [stdout]    0:     0x6426997be0c1 - <<std[617be2ca0a6fd877]::sys::backtrace::BacktraceLock>::print::DisplayBacktrace as core[a373ad73a504971]::fmt::Display>::fmt
[INFO] [stdout]    1:     0x6426997d2a4a - core[a373ad73a504971]::fmt::write
[INFO] [stdout]    2:     0x6426997c236c - <alloc[2e1b2a31b91974c5]::vec::Vec<u8> as core[a373ad73a504971]::io::write::Write>::write_fmt
[INFO] [stdout]    3:     0x642699799546 - std[617be2ca0a6fd877]::panicking::default_hook::{closure#0}
[INFO] [stdout]    4:     0x6426997b6759 - std[617be2ca0a6fd877]::panicking::default_hook
[INFO] [stdout]    5:     0x642699751cb0 - test[aada8e7e76ba119b]::test_main_inner::{closure#0}
[INFO] [stdout]    6:     0x6426997b6912 - std[617be2ca0a6fd877]::panicking::panic_with_hook
[INFO] [stdout]    7:     0x6426997995f2 - std[617be2ca0a6fd877]::panicking::panic_handler::{closure#0}
[INFO] [stdout]    8:     0x6426997921e9 - std[617be2ca0a6fd877]::sys::backtrace::__rust_end_short_backtrace::<std[617be2ca0a6fd877]::panicking::panic_handler::{closure#0}, !>
[INFO] [stdout]    9:     0x64269979a1fd - __rustc[ea4f61d10b84890b]::rust_begin_unwind
[INFO] [stdout]   10:     0x6426997d317c - core[a373ad73a504971]::panicking::panic_fmt
[INFO] [stdout]   11:     0x642699737701 - cli[d71649d0826e79aa]::bin
[INFO] [stdout]   12:     0x6426997377ea - cli[d71649d0826e79aa]::run
[INFO] [stdout]   13:     0x642699739101 - <cli[d71649d0826e79aa]::mime_pdf_by_extension::{closure#0} as core[a373ad73a504971]::ops::function::FnOnce<()>>::call_once
[INFO] [stdout]   14:     0x6426997450fb - test[aada8e7e76ba119b]::__rust_begin_short_backtrace::<core[a373ad73a504971]::result::Result<(), alloc[2e1b2a31b91974c5]::string::String>, fn() -> core[a373ad73a504971]::result::Result<(), alloc[2e1b2a31b91974c5]::string::String>>
[INFO] [stdout]   15:     0x6426997522d5 - test[aada8e7e76ba119b]::run_test::{closure#0}
[INFO] [stdout]   16:     0x64269974bbc4 - std[617be2ca0a6fd877]::sys::backtrace::__rust_begin_short_backtrace::<test[aada8e7e76ba119b]::run_test::{closure#1}, ()>
[INFO] [stdout]   17:     0x642699755362 - <std[617be2ca0a6fd877]::thread::lifecycle::spawn_unchecked<test[aada8e7e76ba119b]::run_test::{closure#1}, ()>::{closure#1} as core[a373ad73a504971]::ops::function::FnOnce<()>>::call_once::{shim:vtable#0}
[INFO] [stdout]   18:     0x6426997bd91f - <std[617be2ca0a6fd877]::sys::thread::unix::Thread>::new::thread_start
[INFO] [stdout]   19:     0x7c030480bdfa - <unknown>
[INFO] [stdout]   20:     0x7c030489f3d4 - clone
[INFO] [stdout]   21:                0x0 - <unknown>
[INFO] [stdout] 
[INFO] [stdout] ---- mime_pdf_by_extension_only stdout ----
[INFO] [stdout] 
[INFO] [stdout] thread 'mime_pdf_by_extension_only' (2085) panicked at tpt-cli/tests/cli.rs:28:5:
[INFO] [stdout] could not find tpt-cli near /opt/rustwide/target/release/build/tpt-cli/3f595a9fca3baf0c/out/cli-3f595a9fca3baf0c
[INFO] [stdout] stack backtrace:
[INFO] [stdout]    0:     0x6426997be0c1 - <<std[617be2ca0a6fd877]::sys::backtrace::BacktraceLock>::print::DisplayBacktrace as core[a373ad73a504971]::fmt::Display>::fmt
[INFO] [stderr] error: test failed, to rerun pass `-p tpt-cli --test cli`
[INFO] [stdout]    1:     0x6426997d2a4a - core[a373ad73a504971]::fmt::write
[INFO] [stdout]    2:     0x6426997c236c - <alloc[2e1b2a31b91974c5]::vec::Vec<u8> as core[a373ad73a504971]::io::write::Write>::write_fmt
[INFO] [stdout]    3:     0x642699799546 - std[617be2ca0a6fd877]::panicking::default_hook::{closure#0}
[INFO] [stdout]    4:     0x6426997b6759 - std[617be2ca0a6fd877]::panicking::default_hook
[INFO] [stdout]    5:     0x642699751cb0 - test[aada8e7e76ba119b]::test_main_inner::{closure#0}
[INFO] [stdout]    6:     0x6426997b6912 - std[617be2ca0a6fd877]::panicking::panic_with_hook
[INFO] [stdout]    7:     0x6426997995f2 - std[617be2ca0a6fd877]::panicking::panic_handler::{closure#0}
[INFO] [stdout]    8:     0x6426997921e9 - std[617be2ca0a6fd877]::sys::backtrace::__rust_end_short_backtrace::<std[617be2ca0a6fd877]::panicking::panic_handler::{closure#0}, !>
[INFO] [stdout]    9:     0x64269979a1fd - __rustc[ea4f61d10b84890b]::rust_begin_unwind
[INFO] [stdout]   10:     0x6426997d317c - core[a373ad73a504971]::panicking::panic_fmt
[INFO] [stdout]   11:     0x642699737701 - cli[d71649d0826e79aa]::bin
[INFO] [stdout]   12:     0x6426997377ea - cli[d71649d0826e79aa]::run
[INFO] [stdout]   13:     0x6426997397c7 - <cli[d71649d0826e79aa]::mime_pdf_by_extension_only::{closure#0} as core[a373ad73a504971]::ops::function::FnOnce<()>>::call_once
[INFO] [stdout]   14:     0x6426997450fb - test[aada8e7e76ba119b]::__rust_begin_short_backtrace::<core[a373ad73a504971]::result::Result<(), alloc[2e1b2a31b91974c5]::string::String>, fn() -> core[a373ad73a504971]::result::Result<(), alloc[2e1b2a31b91974c5]::string::String>>
[INFO] [stdout]   15:     0x6426997522d5 - test[aada8e7e76ba119b]::run_test::{closure#0}
[INFO] [stdout]   16:     0x64269974bbc4 - std[617be2ca0a6fd877]::sys::backtrace::__rust_begin_short_backtrace::<test[aada8e7e76ba119b]::run_test::{closure#1}, ()>
[INFO] [stdout]   17:     0x642699755362 - <std[617be2ca0a6fd877]::thread::lifecycle::spawn_unchecked<test[aada8e7e76ba119b]::run_test::{closure#1}, ()>::{closure#1} as core[a373ad73a504971]::ops::function::FnOnce<()>>::call_once::{shim:vtable#0}
[INFO] [stdout]   18:     0x6426997bd91f - <std[617be2ca0a6fd877]::sys::thread::unix::Thread>::new::thread_start
[INFO] [stdout]   19:     0x7c030480bdfa - <unknown>
[INFO] [stdout]   20:     0x7c030489f3d4 - clone
[INFO] [stdout]   21:                0x0 - <unknown>
[INFO] [stdout] 
[INFO] [stdout] ---- completions_produces_script stdout ----
[INFO] [stdout] 
[INFO] [stdout] thread 'completions_produces_script' (2073) panicked at tpt-cli/tests/cli.rs:28:5:
[INFO] [stdout] could not find tpt-cli near /opt/rustwide/target/release/build/tpt-cli/3f595a9fca3baf0c/out/cli-3f595a9fca3baf0c
[INFO] [stdout] stack backtrace:
[INFO] [stdout]    0:     0x6426997be0c1 - <<std[617be2ca0a6fd877]::sys::backtrace::BacktraceLock>::print::DisplayBacktrace as core[a373ad73a504971]::fmt::Display>::fmt
[INFO] [stdout]    1:     0x6426997d2a4a - core[a373ad73a504971]::fmt::write
[INFO] [stdout]    2:     0x6426997c236c - <alloc[2e1b2a31b91974c5]::vec::Vec<u8> as core[a373ad73a504971]::io::write::Write>::write_fmt
[INFO] [stdout]    3:     0x642699799546 - std[617be2ca0a6fd877]::panicking::default_hook::{closure#0}
[INFO] [stdout]    4:     0x6426997b6759 - std[617be2ca0a6fd877]::panicking::default_hook
[INFO] [stdout]    5:     0x642699751cb0 - test[aada8e7e76ba119b]::test_main_inner::{closure#0}
[INFO] [stdout]    6:     0x6426997b6912 - std[617be2ca0a6fd877]::panicking::panic_with_hook
[INFO] [stdout]    7:     0x6426997995f2 - std[617be2ca0a6fd877]::panicking::panic_handler::{closure#0}
[INFO] [stdout]    8:     0x6426997921e9 - std[617be2ca0a6fd877]::sys::backtrace::__rust_end_short_backtrace::<std[617be2ca0a6fd877]::panicking::panic_handler::{closure#0}, !>
[INFO] [stdout]    9:     0x64269979a1fd - __rustc[ea4f61d10b84890b]::rust_begin_unwind
[INFO] [stdout]   10:     0x6426997d317c - core[a373ad73a504971]::panicking::panic_fmt
[INFO] [stdout]   11:     0x642699737701 - cli[d71649d0826e79aa]::bin
[INFO] [stdout]   12:     0x6426997377ea - cli[d71649d0826e79aa]::run
[INFO] [stdout]   13:     0x642699739c65 - <cli[d71649d0826e79aa]::completions_produces_script::{closure#0} as core[a373ad73a504971]::ops::function::FnOnce<()>>::call_once
[INFO] [stdout]   14:     0x6426997450fb - test[aada8e7e76ba119b]::__rust_begin_short_backtrace::<core[a373ad73a504971]::result::Result<(), alloc[2e1b2a31b91974c5]::string::String>, fn() -> core[a373ad73a504971]::result::Result<(), alloc[2e1b2a31b91974c5]::string::String>>
[INFO] [stdout]   15:     0x6426997522d5 - test[aada8e7e76ba119b]::run_test::{closure#0}
[INFO] [stdout]   16:     0x64269974bbc4 - std[617be2ca0a6fd877]::sys::backtrace::__rust_begin_short_backtrace::<test[aada8e7e76ba119b]::run_test::{closure#1}, ()>
[INFO] [stdout]   17:     0x642699755362 - <std[617be2ca0a6fd877]::thread::lifecycle::spawn_unchecked<test[aada8e7e76ba119b]::run_test::{closure#1}, ()>::{closure#1} as core[a373ad73a504971]::ops::function::FnOnce<()>>::call_once::{shim:vtable#0}
[INFO] [stdout]   18:     0x6426997bd91f - <std[617be2ca0a6fd877]::sys::thread::unix::Thread>::new::thread_start
[INFO] [stdout]   19:     0x7c030480bdfa - <unknown>
[INFO] [stdout]   20:     0x7c030489f3d4 - clone
[INFO] [stdout]   21:                0x0 - <unknown>
[INFO] [stdout] 
[INFO] [stdout] ---- sniff_reports_truncated_for_large_files stdout ----
[INFO] [stdout] 
[INFO] [stdout] thread 'sniff_reports_truncated_for_large_files' (2090) panicked at tpt-cli/tests/cli.rs:28:5:
[INFO] [stdout] could not find tpt-cli near /opt/rustwide/target/release/build/tpt-cli/3f595a9fca3baf0c/out/cli-3f595a9fca3baf0c
[INFO] [stdout] stack backtrace:
[INFO] [stdout]    0:     0x6426997be0c1 - <<std[617be2ca0a6fd877]::sys::backtrace::BacktraceLock>::print::DisplayBacktrace as core[a373ad73a504971]::fmt::Display>::fmt
[INFO] [stdout]    1:     0x6426997d2a4a - core[a373ad73a504971]::fmt::write
[INFO] [stdout]    2:     0x6426997c236c - <alloc[2e1b2a31b91974c5]::vec::Vec<u8> as core[a373ad73a504971]::io::write::Write>::write_fmt
[INFO] [stdout]    3:     0x642699799546 - std[617be2ca0a6fd877]::panicking::default_hook::{closure#0}
[INFO] [stdout]    4:     0x6426997b6759 - std[617be2ca0a6fd877]::panicking::default_hook
[INFO] [stdout]    5:     0x642699751cb0 - test[aada8e7e76ba119b]::test_main_inner::{closure#0}
[INFO] [stdout]    6:     0x6426997b6912 - std[617be2ca0a6fd877]::panicking::panic_with_hook
[INFO] [stdout]    7:     0x6426997995f2 - std[617be2ca0a6fd877]::panicking::panic_handler::{closure#0}
[INFO] [stdout]    8:     0x6426997921e9 - std[617be2ca0a6fd877]::sys::backtrace::__rust_end_short_backtrace::<std[617be2ca0a6fd877]::panicking::panic_handler::{closure#0}, !>
[INFO] [stdout]    9:     0x64269979a1fd - __rustc[ea4f61d10b84890b]::rust_begin_unwind
[INFO] [stdout]   10:     0x6426997d317c - core[a373ad73a504971]::panicking::panic_fmt
[INFO] [stdout]   11:     0x642699737701 - cli[d71649d0826e79aa]::bin
[INFO] [stdout]   12:     0x6426997377ea - cli[d71649d0826e79aa]::run
[INFO] [stdout]   13:     0x64269973af69 - <cli[d71649d0826e79aa]::sniff_reports_truncated_for_large_files::{closure#0} as core[a373ad73a504971]::ops::function::FnOnce<()>>::call_once
[INFO] [stdout]   14:     0x6426997450fb - test[aada8e7e76ba119b]::__rust_begin_short_backtrace::<core[a373ad73a504971]::result::Result<(), alloc[2e1b2a31b91974c5]::string::String>, fn() -> core[a373ad73a504971]::result::Result<(), alloc[2e1b2a31b91974c5]::string::String>>
[INFO] [stdout]   15:     0x6426997522d5 - test[aada8e7e76ba119b]::run_test::{closure#0}
[INFO] [stdout]   16:     0x64269974bbc4 - std[617be2ca0a6fd877]::sys::backtrace::__rust_begin_short_backtrace::<test[aada8e7e76ba119b]::run_test::{closure#1}, ()>
[INFO] [stdout]   17:     0x642699755362 - <std[617be2ca0a6fd877]::thread::lifecycle::spawn_unchecked<test[aada8e7e76ba119b]::run_test::{closure#1}, ()>::{closure#1} as core[a373ad73a504971]::ops::function::FnOnce<()>>::call_once::{shim:vtable#0}
[INFO] [stdout]   18:     0x6426997bd91f - <std[617be2ca0a6fd877]::sys::thread::unix::Thread>::new::thread_start
[INFO] [stdout]   19:     0x7c030480bdfa - <unknown>
[INFO] [stdout]   20:     0x7c030489f3d4 - clone
[INFO] [stdout]   21:                0x0 - <unknown>
[INFO] [stdout] 
[INFO] [stdout] 
[INFO] [stdout] failures:
[INFO] [stdout]     completions_produces_script
[INFO] [stdout]     cron_human_json_fields_present
[INFO] [stdout]     cron_invalid_expr_exit_nonzero
[INFO] [stdout]     cron_json_error_is_json
[INFO] [stdout]     cron_six_field_next_is_utc_and_parseable
[INFO] [stdout]     cron_timezone_changes_schedule_not_just_display
[INFO] [stdout]     geojson_validates
[INFO] [stdout]     jsonl_counts_records
[INFO] [stdout]     logfmt_json_array_shape
[INFO] [stdout]     logfmt_preserves_order_and_duplicates
[INFO] [stdout]     mime_extensionless_file_is_unknown
[INFO] [stdout]     mime_pdf_by_extension
[INFO] [stdout]     mime_pdf_by_extension_only
[INFO] [stdout]     mime_stdin_detection
[INFO] [stdout]     sniff_bare_scalars_not_jsonl
[INFO] [stdout]     sniff_exits_nonzero_on_unknown_like_mime
[INFO] [stdout]     sniff_json_vs_geojson_distinguishable
[INFO] [stdout]     sniff_reports_truncated_for_large_files
[INFO] [stdout]     sniff_runs_mime_detection_on_ascii_clean_tar
[INFO] [stdout] 
[INFO] [stdout] test result: FAILED. 0 passed; 19 failed; 0 ignored; 0 measured; 0 filtered out; finished in 0.10s
[INFO] [stdout] 
[INFO] running `Command { std: "docker" "inspect" "b7717bc950a90de79c1ed88abaf19b44d6083e5456b9595c9eb338648f0184ce", kill_on_drop: false }`
[INFO] running `Command { std: "docker" "rm" "-f" "b7717bc950a90de79c1ed88abaf19b44d6083e5456b9595c9eb338648f0184ce", kill_on_drop: false }`
[INFO] [stdout] b7717bc950a90de79c1ed88abaf19b44d6083e5456b9595c9eb338648f0184ce
