[INFO] cloning repository https://github.com/tobs-code/myLSM-DB
[INFO] running `Command { std: "git" "-c" "credential.helper=" "-c" "credential.helper=/workspace/cargo-home/bin/git-credential-null" "clone" "--bare" "https://github.com/tobs-code/myLSM-DB" "/workspace/cache/git-repos/https%3A%2F%2Fgithub.com%2Ftobs-code%2FmyLSM-DB", kill_on_drop: false }`
[INFO] [stderr] Cloning into bare repository '/workspace/cache/git-repos/https%3A%2F%2Fgithub.com%2Ftobs-code%2FmyLSM-DB'...
[INFO] running `Command { std: "git" "rev-parse" "HEAD", kill_on_drop: false }`
[INFO] [stdout] 0a4e49201fb7768c6e7ae4b658bd625340963f36
[INFO] testing tobs-code/myLSM-DB against 1.100.0-beta.1+cargoflags=--release for beta-release-1.100-2
[INFO] running `Command { std: "git" "clone" "/workspace/cache/git-repos/https%3A%2F%2Fgithub.com%2Ftobs-code%2FmyLSM-DB" "/workspace/builds/worker-4-tc2/source", kill_on_drop: false }`
[INFO] [stderr] Cloning into '/workspace/builds/worker-4-tc2/source'...
[INFO] [stderr] done.
[INFO] started tweaking git repo https://github.com/tobs-code/myLSM-DB
[INFO] removed 0 missing examples
[INFO] finished tweaking git repo https://github.com/tobs-code/myLSM-DB
[INFO] tweaked toml for git repo https://github.com/tobs-code/myLSM-DB written to /workspace/builds/worker-4-tc2/source/Cargo.toml
[INFO] validating manifest of git repo https://github.com/tobs-code/myLSM-DB on toolchain 1.100.0-beta.1
[INFO] running `Command { std: CARGO_HOME="/workspace/cargo-home" RUSTUP_HOME="/workspace/rustup-home" "/workspace/cargo-home/bin/cargo" "+1.100.0-beta.1" "metadata" "--manifest-path" "Cargo.toml" "--no-deps", kill_on_drop: false }`
[INFO] crate git repo https://github.com/tobs-code/myLSM-DB already has a lockfile, it will not be regenerated
[INFO] running `Command { std: CARGO_HOME="/workspace/cargo-home" RUSTUP_HOME="/workspace/rustup-home" "/workspace/cargo-home/bin/cargo" "+1.100.0-beta.1" "fetch" "--manifest-path" "Cargo.toml", kill_on_drop: false }`
[INFO] [stderr] warning: `package.homepage` is redundant with `package.repository`
[INFO] [stderr]   --> Cargo.toml:51:12
[INFO] [stderr]    |
[INFO] [stderr] 51 | homepage = "https://github.com/tobs-code/myLSM-DB"
[INFO] [stderr]    |            ^^^^^^^^^^^^^^^^^^^^^^^^^^^^^^^^^^^^^^^
[INFO] [stderr] ...
[INFO] [stderr] 56 | repository = "https://github.com/tobs-code/myLSM-DB"
[INFO] [stderr]    |              ---------------------------------------
[INFO] [stderr]    |
[INFO] [stderr]    = note: `cargo::redundant_homepage` is set to `warn` by default
[INFO] [stderr] help: consider removing `package.homepage`
[INFO] [stderr] warning: `my-lsm-db` (manifest) generated 1 warning
[INFO] running `Command { std: "docker" "create" "-v" "/var/lib/crater-agent-workspace/builds/worker-4-tc2/source:/opt/rustwide/workdir:ro,Z" "-v" "/var/lib/crater-agent-workspace/builds/worker-4-tc2/target:/opt/rustwide/target:rw,Z" "-v" "/var/lib/crater-agent-workspace/cargo-home:/opt/rustwide/cargo-home:ro,Z" "-v" "/var/lib/crater-agent-workspace/rustup-home:/opt/rustwide/rustup-home:ro,Z" "-m" "1610612736" "--network" "none" "ghcr.io/rust-lang/crates-build-env/linux@sha256:77db811e55d90add9212f6832c23229e3de5f1c1f9905e8cb07319ea15df73ac" "sleep" "infinity", kill_on_drop: false }`
[INFO] [stdout] ee6eda7b473fee96f6a1473ddbd8edaabb9e3d195b65846e7c0d9d91193c135c
[INFO] running `Command { std: "docker" "start" "ee6eda7b473fee96f6a1473ddbd8edaabb9e3d195b65846e7c0d9d91193c135c", kill_on_drop: false }`
[INFO] running `Command { std: "docker" "inspect" "ee6eda7b473fee96f6a1473ddbd8edaabb9e3d195b65846e7c0d9d91193c135c", kill_on_drop: false }`
[INFO] running `Command { std: "docker" "exec" "-e" "SOURCE_DIR=/opt/rustwide/workdir" "-e" "CARGO_HOME=/opt/rustwide/cargo-home" "-e" "RUSTUP_HOME=/opt/rustwide/rustup-home" "-e" "CARGO_TARGET_DIR=/opt/rustwide/target" "-w" "/opt/rustwide/workdir" "--user" "0:0" "ee6eda7b473fee96f6a1473ddbd8edaabb9e3d195b65846e7c0d9d91193c135c" "/opt/rustwide/cargo-home/bin/cargo" "+1.100.0-beta.1" "metadata" "--no-deps" "--format-version=1", kill_on_drop: false }`
[INFO] running `Command { std: "docker" "inspect" "ee6eda7b473fee96f6a1473ddbd8edaabb9e3d195b65846e7c0d9d91193c135c", kill_on_drop: false }`
[INFO] running `Command { std: "docker" "exec" "-e" "SOURCE_DIR=/opt/rustwide/workdir" "-e" "CARGO_HOME=/opt/rustwide/cargo-home" "-e" "RUSTUP_HOME=/opt/rustwide/rustup-home" "-e" "CARGO_TARGET_DIR=/opt/rustwide/target" "-e" "CARGO_INCREMENTAL=0" "-e" "RUST_BACKTRACE=full" "-e" "RUSTFLAGS=--cap-lints=warn" "-e" "RUSTDOCFLAGS=--cap-lints=warn" "-w" "/opt/rustwide/workdir" "--user" "0:0" "ee6eda7b473fee96f6a1473ddbd8edaabb9e3d195b65846e7c0d9d91193c135c" "/opt/rustwide/cargo-home/bin/cargo" "+1.100.0-beta.1" "build" "--frozen" "--message-format=json" "--release", kill_on_drop: false }`
[INFO] [stderr] warning: `package.homepage` is redundant with `package.repository`
[INFO] [stderr]   --> Cargo.toml:51:12
[INFO] [stderr]    |
[INFO] [stderr] 51 | homepage = "https://github.com/tobs-code/myLSM-DB"
[INFO] [stderr]    |            ^^^^^^^^^^^^^^^^^^^^^^^^^^^^^^^^^^^^^^^
[INFO] [stderr] ...
[INFO] [stderr] 56 | repository = "https://github.com/tobs-code/myLSM-DB"
[INFO] [stderr]    |              ---------------------------------------
[INFO] [stderr]    |
[INFO] [stderr]    = note: `cargo::redundant_homepage` is set to `warn` by default
[INFO] [stderr] help: consider removing `package.homepage`
[INFO] [stderr] warning: `my-lsm-db` (manifest) generated 1 warning
[INFO] [stderr]    Compiling my-lsm-db v1.4.0 (/opt/rustwide/workdir)
[INFO] [stderr]     Finished `release` profile [optimized] target(s) in 17.92s
[INFO] running `Command { std: "docker" "inspect" "ee6eda7b473fee96f6a1473ddbd8edaabb9e3d195b65846e7c0d9d91193c135c", kill_on_drop: false }`
[INFO] running `Command { std: "docker" "exec" "-e" "SOURCE_DIR=/opt/rustwide/workdir" "-e" "CARGO_HOME=/opt/rustwide/cargo-home" "-e" "RUSTUP_HOME=/opt/rustwide/rustup-home" "-e" "CARGO_TARGET_DIR=/opt/rustwide/target" "-e" "CARGO_INCREMENTAL=0" "-e" "RUST_BACKTRACE=full" "-e" "RUSTFLAGS=--cap-lints=warn" "-e" "RUSTDOCFLAGS=--cap-lints=warn" "-w" "/opt/rustwide/workdir" "--user" "0:0" "ee6eda7b473fee96f6a1473ddbd8edaabb9e3d195b65846e7c0d9d91193c135c" "/opt/rustwide/cargo-home/bin/cargo" "+1.100.0-beta.1" "test" "--frozen" "--no-run" "--message-format=json" "--release", kill_on_drop: false }`
[INFO] [stderr] warning: `package.homepage` is redundant with `package.repository`
[INFO] [stderr]   --> Cargo.toml:51:12
[INFO] [stderr]    |
[INFO] [stderr] 51 | homepage = "https://github.com/tobs-code/myLSM-DB"
[INFO] [stderr]    |            ^^^^^^^^^^^^^^^^^^^^^^^^^^^^^^^^^^^^^^^
[INFO] [stderr] ...
[INFO] [stderr] 56 | repository = "https://github.com/tobs-code/myLSM-DB"
[INFO] [stderr]    |              ---------------------------------------
[INFO] [stderr]    |
[INFO] [stderr]    = note: `cargo::redundant_homepage` is set to `warn` by default
[INFO] [stderr] help: consider removing `package.homepage`
[INFO] [stderr] warning: `my-lsm-db` (manifest) generated 1 warning
[INFO] [stderr]    Compiling libc v0.2.189
[INFO] [stderr]    Compiling getrandom v0.4.3
[INFO] [stderr]    Compiling rustix v1.1.4
[INFO] [stderr]    Compiling bitflags v2.13.1
[INFO] [stderr]    Compiling linux-raw-sys v0.12.1
[INFO] [stderr]    Compiling fastrand v2.5.0
[INFO] [stderr]    Compiling once_cell v1.21.4
[INFO] [stderr]    Compiling tempfile v3.27.0
[INFO] [stderr]    Compiling my-lsm-db v1.4.0 (/opt/rustwide/workdir)
[INFO] [stderr]     Finished `release` profile [optimized] target(s) in 55.56s
[INFO] running `Command { std: "docker" "inspect" "ee6eda7b473fee96f6a1473ddbd8edaabb9e3d195b65846e7c0d9d91193c135c", kill_on_drop: false }`
[INFO] running `Command { std: "docker" "exec" "-e" "SOURCE_DIR=/opt/rustwide/workdir" "-e" "CARGO_HOME=/opt/rustwide/cargo-home" "-e" "RUSTUP_HOME=/opt/rustwide/rustup-home" "-e" "CARGO_TARGET_DIR=/opt/rustwide/target" "-e" "CARGO_INCREMENTAL=0" "-e" "RUST_BACKTRACE=full" "-e" "RUSTFLAGS=--cap-lints=warn" "-e" "RUSTDOCFLAGS=--cap-lints=warn" "-w" "/opt/rustwide/workdir" "--user" "0:0" "ee6eda7b473fee96f6a1473ddbd8edaabb9e3d195b65846e7c0d9d91193c135c" "/opt/rustwide/cargo-home/bin/cargo" "+1.100.0-beta.1" "test" "--frozen" "--release", kill_on_drop: false }`
[INFO] [stderr] warning: `package.homepage` is redundant with `package.repository`
[INFO] [stderr]   --> Cargo.toml:51:12
[INFO] [stderr]    |
[INFO] [stderr] 51 | homepage = "https://github.com/tobs-code/myLSM-DB"
[INFO] [stderr]    |            ^^^^^^^^^^^^^^^^^^^^^^^^^^^^^^^^^^^^^^^
[INFO] [stderr] ...
[INFO] [stderr] 56 | repository = "https://github.com/tobs-code/myLSM-DB"
[INFO] [stderr]    |              ---------------------------------------
[INFO] [stderr]    |
[INFO] [stderr]    = note: `cargo::redundant_homepage` is set to `warn` by default
[INFO] [stderr] help: consider removing `package.homepage`
[INFO] [stderr] warning: `my-lsm-db` (manifest) generated 1 warning
[INFO] [stderr]     Finished `release` profile [optimized] target(s) in 0.05s
[INFO] [stderr]      Running unittests src/lib.rs (/opt/rustwide/target/release/build/my-lsm-db/6eb36a606de55dfc/out/my_lsm_db-6eb36a606de55dfc)
[INFO] [stdout] 
[INFO] [stdout] running 69 tests
[INFO] [stdout] test codec::tests::decode_errors_on_bad_input ... ok
[INFO] [stdout] test codec::tests::roundtrips_all_types ... ok
[INFO] [stdout] test codec::tests::tags_are_stable ... ok
[INFO] [stdout] test compaction::tests::builds_sorted_table ... ok
[INFO] [stdout] test entity::tests::crash_before_commit_discards_tx ... ok
[INFO] [stdout] test entity::tests::put_replaces_and_removes_stale_fields ... ok
[INFO] [stdout] test entity::tests::delete_removes_entity ... ok
[INFO] [stdout] test entity::tests::put_get_roundtrip ... ok
[INFO] [stdout] test entity::tests::crash_after_commit_survives ... ok
[INFO] [stdout] test entity::tests::transaction_abort_leaves_no_trace ... ok
[INFO] [stdout] test entity::tests::transaction_with_error_aborts ... ok
[INFO] [stdout] test entity::tests::index_diff_on_warm_update_change_and_remove ... ok
[INFO] [stdout] test entity::tests::schema_persists_across_reopen ... ok
[INFO] [stdout] test entity::tests::cold_start_update_removes_stale_field ... ok
[INFO] [stdout] test entity::tests::tx_commit_invalidates_field_hint ... ok
[INFO] [stdout] test entity::tests::unicode_and_empty_values_roundtrip ... ok
[INFO] [stdout] test entity::tests::tx_reads_own_writes_for_get_scan_find ... ok
[INFO] [stdout] test entity::tests::update_across_flush_removes_stale_from_sstable ... ok
[INFO] [stdout] test entity::tests::transaction_commits_atomically_with_index ... ok
[INFO] [stdout] test iterator::tests::empty_sources ... ok
[INFO] [stdout] test iterator::tests::key_in_multiple_sources_shadowed_once ... ok
[INFO] [stdout] test entity::tests::warm_update_adds_and_removes_fields ... ok
[INFO] [stdout] test iterator::tests::memtable_source_materializes_only_range ... ok
[INFO] [stdout] test iterator::tests::memtable_source_unbounded_returns_all ... ok
[INFO] [stdout] test iterator::tests::merges_sorted_dedup_newest_wins ... ok
[INFO] [stdout] test iterator::tests::tombstone_shadows_older_value ... ok
[INFO] [stdout] test iterator::tests::value_then_tombstone_then_older_value_sequence ... ok
[INFO] [stdout] test iterator::tests::memtable_source_empty_range_returns_empty ... ok
[INFO] [stdout] test keycodec::tests::byte_sorting_respects_collection ... ok
[INFO] [stdout] test keycodec::tests::encode_decode_roundtrip ... ok
[INFO] [stdout] test keycodec::tests::decode_rejects_garbage ... ok
[INFO] [stdout] test keycodec::tests::successor_basics ... ok
[INFO] [stdout] test keycodec::tests::range_covers_all_fields_and_not_other_entities ... ok
[INFO] [stdout] test entity::tests::tx_read_your_own_writes_matrix ... ok
[INFO] [stdout] test index::tests::find_requires_index ... ok
[INFO] [stdout] test memtable::tests::put_get_delete ... ok
[INFO] [stdout] test memtable::tests::range_sorted ... ok
[INFO] [stdout] test ordering::tests::float_total_order ... ok
[INFO] [stdout] test ordering::tests::injective_and_roundtrip ... ok
[INFO] [stdout] test ordering::tests::bytes_order_preserved ... ok
[INFO] [stdout] test manifest::tests::rejects_overlapping_segments ... ok
[INFO] [stdout] test ordering::tests::int64_order_preserved ... ok
[INFO] [stdout] test ordering::tests::sort_stability_by_encoded ... ok
[INFO] [stdout] test ordering::tests::string_escapes_terminator_correctly ... ok
[INFO] [stdout] test schema::tests::assigns_stable_ids ... ok
[INFO] [stdout] test schema::tests::load_missing_returns_empty ... ok
[INFO] [stdout] test ordering::tests::string_order_preserved ... ok
[INFO] [stdout] test sstable::tests::bloom_basics ... ok
[INFO] [stdout] test manifest::tests::roundtrip ... ok
[INFO] [stdout] test index::tests::find_eq_and_range ... ok
[INFO] [stdout] test schema::tests::index_save_load_roundtrip_and_status ... ok
[INFO] [stdout] test schema::tests::save_load_roundtrip ... ok
[INFO] [stdout] test sstable::tests::lookup_distinguishes_tombstone ... ok
[INFO] [stdout] test sstable::tests::build_and_read ... ok
[INFO] [stdout] test sstable::tests::lookup_stays_within_record_region ... ok
[INFO] [stdout] test sstable::tests::table_iter_seeks_and_stops_at_bounds ... ok
[INFO] [stdout] test version::tests::compatible_range ... ok
[INFO] [stdout] test version::tests::parse_ok_and_reject ... ok
[INFO] [stdout] test wal::tests::committed_tx_replays_aborted_and_uncommitted_discarded ... ok
[INFO] [stdout] test index::tests::index_ready_after_create_and_rebuild ... ok
[INFO] [stdout] test wal::tests::roundtrip_and_replay ... ok
[INFO] [stdout] test index::tests::maintenance_on_update_and_delete ... ok
[INFO] [stdout] test wal::tests::truncated_log_recovers_prefix ... ok
[INFO] [stdout] test wal::tests::truncate_drops_buffered_records_and_reopen_sees_empty ... ok
[INFO] [stdout] test tests::lazy_streams_consistently_under_borrow ... ok
[INFO] [stdout] test sstable::tests::key_bounds_exact_at_block_alignment ... ok
[INFO] [stdout] test tests::scan_reuses_cached_table_readers ... ok
[INFO] [stdout] test tests::lazy_equals_eager ... ok
[INFO] [stderr]      Running unittests src/bin/crash_tester.rs (/opt/rustwide/target/release/build/my-lsm-db/b5b8e619fe2289f1/out/crash_tester-b5b8e619fe2289f1)
[INFO] [stdout] test entity::tests::warm_path_matches_cold_path_semantics ... ok
[INFO] [stdout] 
[INFO] [stdout] test result: ok. 69 passed; 0 failed; 0 ignored; 0 measured; 0 filtered out; finished in 0.16s
[INFO] [stdout] 
[INFO] [stdout] 
[INFO] [stdout] running 0 tests
[INFO] [stdout] 
[INFO] [stdout] test result: ok. 0 passed; 0 failed; 0 ignored; 0 measured; 0 filtered out; finished in 0.00s
[INFO] [stdout] 
[INFO] [stderr]      Running unittests src/bin/lsm-admin.rs (/opt/rustwide/target/release/build/my-lsm-db/548cbc6e2acafb78/out/lsm_admin-548cbc6e2acafb78)
[INFO] [stderr]      Running tests/backup.rs (/opt/rustwide/target/release/build/my-lsm-db/e0477b9c3a0b8d22/out/backup-e0477b9c3a0b8d22)
[INFO] [stdout] 
[INFO] [stdout] running 0 tests
[INFO] [stdout] 
[INFO] [stdout] test result: ok. 0 passed; 0 failed; 0 ignored; 0 measured; 0 filtered out; finished in 0.00s
[INFO] [stdout] 
[INFO] [stdout] 
[INFO] [stdout] running 12 tests
[INFO] [stdout] test backup_empty_db_roundtrip ... ok
[INFO] [stdout] test backup_flushes_pending_writes ... ok
[INFO] [stdout] test cli_restore_existing_target_errors ... FAILED
[INFO] [stdout] test cli_backup_restore_roundtrip ... FAILED
[INFO] [stdout] test backup_with_data_identical ... ok
[INFO] [stdout] test backup_after_compaction_identical ... ok
[INFO] [stdout] test backup_excludes_orphans ... ok
[INFO] [stdout] test restore_incompatible_version_errors ... ok
[INFO] [stdout] test backup_with_index_queries_identical ... ok
[INFO] [stdout] test restore_corrupted_backup_fails_open ... ok
[INFO] [stdout] test restore_then_mutate_full_lifecycle ... ok
[INFO] [stdout] test restore_into_existing_target_errors ... ok
[INFO] [stderr] error: test failed, to rerun pass `--test backup`
[INFO] [stdout] 
[INFO] [stdout] failures:
[INFO] [stdout] 
[INFO] [stdout] ---- cli_restore_existing_target_errors stdout ----
[INFO] [stdout] 
[INFO] [stdout] thread 'cli_restore_existing_target_errors' (1146) panicked at tests/backup.rs:408:10:
[INFO] [stdout] run backup: Os { code: 2, kind: NotFound, message: "No such file or directory" }
[INFO] [stdout] stack backtrace:
[INFO] [stdout]    0:     0x5e2626b654c1 - <<std[617be2ca0a6fd877]::sys::backtrace::BacktraceLock>::print::DisplayBacktrace as core[a373ad73a504971]::fmt::Display>::fmt
[INFO] [stdout]    1:     0x5e2626b7acca - core[a373ad73a504971]::fmt::write
[INFO] [stdout]    2:     0x5e2626b69b0c - <alloc[2e1b2a31b91974c5]::vec::Vec<u8> as core[a373ad73a504971]::io::write::Write>::write_fmt
[INFO] [stdout]    3:     0x5e2626b3e586 - std[617be2ca0a6fd877]::panicking::default_hook::{closure#0}
[INFO] [stdout]    4:     0x5e2626b5bcf9 - std[617be2ca0a6fd877]::panicking::default_hook
[INFO] [stdout]    5:     0x5e2626ab7ca0 - test[aada8e7e76ba119b]::test_main_inner::{closure#0}
[INFO] [stdout]    6:     0x5e2626b5beb2 - std[617be2ca0a6fd877]::panicking::panic_with_hook
[INFO] [stdout]    7:     0x5e2626b3e632 - std[617be2ca0a6fd877]::panicking::panic_handler::{closure#0}
[INFO] [stdout]    8:     0x5e2626b36f99 - std[617be2ca0a6fd877]::sys::backtrace::__rust_end_short_backtrace::<std[617be2ca0a6fd877]::panicking::panic_handler::{closure#0}, !>
[INFO] [stdout]    9:     0x5e2626b3f32d - __rustc[ea4f61d10b84890b]::rust_begin_unwind
[INFO] [stdout]   10:     0x5e2626b7b3fc - core[a373ad73a504971]::panicking::panic_fmt
[INFO] [stdout]   11:     0x5e2626b7b1d2 - core[a373ad73a504971]::result::unwrap_failed
[INFO] [stdout]   12:     0x5e2626aa1496 - <backup[88c0c2d50f5bb4e1]::cli_restore_existing_target_errors::{closure#0} as core[a373ad73a504971]::ops::function::FnOnce<()>>::call_once
[INFO] [stdout]   13:     0x5e2626aab0eb - test[aada8e7e76ba119b]::__rust_begin_short_backtrace::<core[a373ad73a504971]::result::Result<(), alloc[2e1b2a31b91974c5]::string::String>, fn() -> core[a373ad73a504971]::result::Result<(), alloc[2e1b2a31b91974c5]::string::String>>
[INFO] [stdout]   14:     0x5e2626ab82c5 - test[aada8e7e76ba119b]::run_test::{closure#0}
[INFO] [stdout]   15:     0x5e2626ab1bb4 - std[617be2ca0a6fd877]::sys::backtrace::__rust_begin_short_backtrace::<test[aada8e7e76ba119b]::run_test::{closure#1}, ()>
[INFO] [stdout]   16:     0x5e2626abb352 - <std[617be2ca0a6fd877]::thread::lifecycle::spawn_unchecked<test[aada8e7e76ba119b]::run_test::{closure#1}, ()>::{closure#1} as core[a373ad73a504971]::ops::function::FnOnce<()>>::call_once::{shim:vtable#0}
[INFO] [stdout]   17:     0x5e2626b6471f - <std[617be2ca0a6fd877]::sys::thread::unix::Thread>::new::thread_start
[INFO] [stdout]   18:     0x7125ee5f2dfa - <unknown>
[INFO] [stdout]   19:     0x7125ee6863d4 - clone
[INFO] [stdout]   20:                0x0 - <unknown>
[INFO] [stdout] 
[INFO] [stdout] ---- cli_backup_restore_roundtrip stdout ----
[INFO] [stdout] 
[INFO] [stdout] thread 'cli_backup_restore_roundtrip' (1145) panicked at tests/backup.rs:379:10:
[INFO] [stdout] run backup: Os { code: 2, kind: NotFound, message: "No such file or directory" }
[INFO] [stdout] stack backtrace:
[INFO] [stdout]    0:     0x5e2626b654c1 - <<std[617be2ca0a6fd877]::sys::backtrace::BacktraceLock>::print::DisplayBacktrace as core[a373ad73a504971]::fmt::Display>::fmt
[INFO] [stdout]    1:     0x5e2626b7acca - core[a373ad73a504971]::fmt::write
[INFO] [stdout]    2:     0x5e2626b69b0c - <alloc[2e1b2a31b91974c5]::vec::Vec<u8> as core[a373ad73a504971]::io::write::Write>::write_fmt
[INFO] [stdout]    3:     0x5e2626b3e586 - std[617be2ca0a6fd877]::panicking::default_hook::{closure#0}
[INFO] [stdout]    4:     0x5e2626b5bcf9 - std[617be2ca0a6fd877]::panicking::default_hook
[INFO] [stdout]    5:     0x5e2626ab7ca0 - test[aada8e7e76ba119b]::test_main_inner::{closure#0}
[INFO] [stdout]    6:     0x5e2626b5beb2 - std[617be2ca0a6fd877]::panicking::panic_with_hook
[INFO] [stdout]    7:     0x5e2626b3e632 - std[617be2ca0a6fd877]::panicking::panic_handler::{closure#0}
[INFO] [stdout]    8:     0x5e2626b36f99 - std[617be2ca0a6fd877]::sys::backtrace::__rust_end_short_backtrace::<std[617be2ca0a6fd877]::panicking::panic_handler::{closure#0}, !>
[INFO] [stdout]    9:     0x5e2626b3f32d - __rustc[ea4f61d10b84890b]::rust_begin_unwind
[INFO] [stdout]   10:     0x5e2626b7b3fc - core[a373ad73a504971]::panicking::panic_fmt
[INFO] [stdout]   11:     0x5e2626b7b1d2 - core[a373ad73a504971]::result::unwrap_failed
[INFO] [stdout]   12:     0x5e2626a9f67c - <backup[88c0c2d50f5bb4e1]::cli_backup_restore_roundtrip::{closure#0} as core[a373ad73a504971]::ops::function::FnOnce<()>>::call_once
[INFO] [stdout]   13:     0x5e2626aab0eb - test[aada8e7e76ba119b]::__rust_begin_short_backtrace::<core[a373ad73a504971]::result::Result<(), alloc[2e1b2a31b91974c5]::string::String>, fn() -> core[a373ad73a504971]::result::Result<(), alloc[2e1b2a31b91974c5]::string::String>>
[INFO] [stdout]   14:     0x5e2626ab82c5 - test[aada8e7e76ba119b]::run_test::{closure#0}
[INFO] [stdout]   15:     0x5e2626ab1bb4 - std[617be2ca0a6fd877]::sys::backtrace::__rust_begin_short_backtrace::<test[aada8e7e76ba119b]::run_test::{closure#1}, ()>
[INFO] [stdout]   16:     0x5e2626abb352 - <std[617be2ca0a6fd877]::thread::lifecycle::spawn_unchecked<test[aada8e7e76ba119b]::run_test::{closure#1}, ()>::{closure#1} as core[a373ad73a504971]::ops::function::FnOnce<()>>::call_once::{shim:vtable#0}
[INFO] [stdout]   17:     0x5e2626b6471f - <std[617be2ca0a6fd877]::sys::thread::unix::Thread>::new::thread_start
[INFO] [stdout]   18:     0x7125ee5f2dfa - <unknown>
[INFO] [stdout]   19:     0x7125ee6863d4 - clone
[INFO] [stdout]   20:                0x0 - <unknown>
[INFO] [stdout] 
[INFO] [stdout] 
[INFO] [stdout] failures:
[INFO] [stdout]     cli_backup_restore_roundtrip
[INFO] [stdout]     cli_restore_existing_target_errors
[INFO] [stdout] 
[INFO] [stdout] test result: FAILED. 10 passed; 2 failed; 0 ignored; 0 measured; 0 filtered out; finished in 0.25s
[INFO] [stdout] 
[INFO] running `Command { std: "docker" "inspect" "ee6eda7b473fee96f6a1473ddbd8edaabb9e3d195b65846e7c0d9d91193c135c", kill_on_drop: false }`
[INFO] running `Command { std: "docker" "rm" "-f" "ee6eda7b473fee96f6a1473ddbd8edaabb9e3d195b65846e7c0d9d91193c135c", kill_on_drop: false }`
[INFO] [stdout] ee6eda7b473fee96f6a1473ddbd8edaabb9e3d195b65846e7c0d9d91193c135c
