[INFO] cloning repository https://github.com/tailcalled/ttr-ai-tournament
[INFO] running `Command { std: "git" "-c" "credential.helper=" "-c" "credential.helper=/workspace/cargo-home/bin/git-credential-null" "clone" "--bare" "https://github.com/tailcalled/ttr-ai-tournament" "/workspace/cache/git-repos/https%3A%2F%2Fgithub.com%2Ftailcalled%2Fttr-ai-tournament", kill_on_drop: false }`
[INFO] [stderr] Cloning into bare repository '/workspace/cache/git-repos/https%3A%2F%2Fgithub.com%2Ftailcalled%2Fttr-ai-tournament'...
[INFO] running `Command { std: "git" "rev-parse" "HEAD", kill_on_drop: false }`
[INFO] [stdout] bb854b6c26e66584fc14acbc91c03527c6056ce9
[INFO] testing tailcalled/ttr-ai-tournament against 1.100.0-beta.1+cargoflags=--release for beta-release-1.100-2
[INFO] running `Command { std: "git" "clone" "/workspace/cache/git-repos/https%3A%2F%2Fgithub.com%2Ftailcalled%2Fttr-ai-tournament" "/workspace/builds/worker-4-tc2/source", kill_on_drop: false }`
[INFO] [stderr] Cloning into '/workspace/builds/worker-4-tc2/source'...
[INFO] [stderr] done.
[INFO] started tweaking git repo https://github.com/tailcalled/ttr-ai-tournament
[INFO] finished tweaking git repo https://github.com/tailcalled/ttr-ai-tournament
[INFO] tweaked toml for git repo https://github.com/tailcalled/ttr-ai-tournament written to /workspace/builds/worker-4-tc2/source/Cargo.toml
[INFO] validating manifest of git repo https://github.com/tailcalled/ttr-ai-tournament on toolchain 1.100.0-beta.1
[INFO] running `Command { std: CARGO_HOME="/workspace/cargo-home" RUSTUP_HOME="/workspace/rustup-home" "/workspace/cargo-home/bin/cargo" "+1.100.0-beta.1" "metadata" "--manifest-path" "Cargo.toml" "--no-deps", kill_on_drop: false }`
[INFO] crate git repo https://github.com/tailcalled/ttr-ai-tournament already has a lockfile, it will not be regenerated
[INFO] running `Command { std: CARGO_HOME="/workspace/cargo-home" RUSTUP_HOME="/workspace/rustup-home" "/workspace/cargo-home/bin/cargo" "+1.100.0-beta.1" "fetch" "--manifest-path" "Cargo.toml", kill_on_drop: false }`
[INFO] running `Command { std: "docker" "create" "-v" "/var/lib/crater-agent-workspace/builds/worker-4-tc2/source:/opt/rustwide/workdir:ro,Z" "-v" "/var/lib/crater-agent-workspace/builds/worker-4-tc2/target:/opt/rustwide/target:rw,Z" "-v" "/var/lib/crater-agent-workspace/cargo-home:/opt/rustwide/cargo-home:ro,Z" "-v" "/var/lib/crater-agent-workspace/rustup-home:/opt/rustwide/rustup-home:ro,Z" "-m" "1610612736" "--network" "none" "ghcr.io/rust-lang/crates-build-env/linux@sha256:77db811e55d90add9212f6832c23229e3de5f1c1f9905e8cb07319ea15df73ac" "sleep" "infinity", kill_on_drop: false }`
[INFO] [stdout] 36f4ffd0f446dbb6e8e0a53476107cc4dd8bdfc11cbb0172ecf13c9d7fdef6ad
[INFO] running `Command { std: "docker" "start" "36f4ffd0f446dbb6e8e0a53476107cc4dd8bdfc11cbb0172ecf13c9d7fdef6ad", kill_on_drop: false }`
[INFO] running `Command { std: "docker" "inspect" "36f4ffd0f446dbb6e8e0a53476107cc4dd8bdfc11cbb0172ecf13c9d7fdef6ad", kill_on_drop: false }`
[INFO] running `Command { std: "docker" "exec" "-e" "SOURCE_DIR=/opt/rustwide/workdir" "-e" "CARGO_HOME=/opt/rustwide/cargo-home" "-e" "RUSTUP_HOME=/opt/rustwide/rustup-home" "-e" "CARGO_TARGET_DIR=/opt/rustwide/target" "-w" "/opt/rustwide/workdir" "--user" "0:0" "36f4ffd0f446dbb6e8e0a53476107cc4dd8bdfc11cbb0172ecf13c9d7fdef6ad" "/opt/rustwide/cargo-home/bin/cargo" "+1.100.0-beta.1" "metadata" "--no-deps" "--format-version=1", kill_on_drop: false }`
[INFO] running `Command { std: "docker" "inspect" "36f4ffd0f446dbb6e8e0a53476107cc4dd8bdfc11cbb0172ecf13c9d7fdef6ad", kill_on_drop: false }`
[INFO] running `Command { std: "docker" "exec" "-e" "SOURCE_DIR=/opt/rustwide/workdir" "-e" "CARGO_HOME=/opt/rustwide/cargo-home" "-e" "RUSTUP_HOME=/opt/rustwide/rustup-home" "-e" "CARGO_TARGET_DIR=/opt/rustwide/target" "-e" "CARGO_INCREMENTAL=0" "-e" "RUST_BACKTRACE=full" "-e" "RUSTFLAGS=--cap-lints=warn" "-e" "RUSTDOCFLAGS=--cap-lints=warn" "-w" "/opt/rustwide/workdir" "--user" "0:0" "36f4ffd0f446dbb6e8e0a53476107cc4dd8bdfc11cbb0172ecf13c9d7fdef6ad" "/opt/rustwide/cargo-home/bin/cargo" "+1.100.0-beta.1" "build" "--frozen" "--message-format=json" "--release", kill_on_drop: false }`
[INFO] [stderr]    Compiling quote v1.0.46
[INFO] [stderr]    Compiling zerocopy v0.8.53
[INFO] [stderr]    Compiling bytes v1.12.0
[INFO] [stderr]    Compiling serde_json v1.0.150
[INFO] [stderr]    Compiling memchr v2.8.2
[INFO] [stderr]    Compiling getrandom v0.3.4
[INFO] [stderr]    Compiling mio v1.2.1
[INFO] [stderr]    Compiling socket2 v0.6.4
[INFO] [stderr]    Compiling futures-util v0.3.32
[INFO] [stderr]    Compiling tracing v0.1.44
[INFO] [stderr]    Compiling mime_guess v2.0.5
[INFO] [stderr]    Compiling data-encoding v2.11.0
[INFO] [stderr]    Compiling smallvec v1.15.2
[INFO] [stderr]    Compiling sha1 v0.10.6
[INFO] [stderr]    Compiling unicase v2.9.0
[INFO] [stderr]    Compiling bitflags v2.13.0
[INFO] [stderr]    Compiling http-range-header v0.4.2
[INFO] [stderr]    Compiling rand_core v0.9.5
[INFO] [stderr]    Compiling syn v2.0.118
[INFO] [stderr]    Compiling http v1.4.2
[INFO] [stderr]    Compiling http-body v1.0.1
[INFO] [stderr]    Compiling http-body-util v0.1.3
[INFO] [stderr]    Compiling axum-core v0.5.6
[INFO] [stderr]    Compiling serde_derive v1.0.228
[INFO] [stderr]    Compiling tokio-macros v2.7.0
[INFO] [stderr]    Compiling thiserror-impl v2.0.18
[INFO] [stderr]    Compiling tokio v1.52.3
[INFO] [stderr]    Compiling thiserror v2.0.18
[INFO] [stderr]    Compiling ppv-lite86 v0.2.21
[INFO] [stderr]    Compiling serde v1.0.228
[INFO] [stderr]    Compiling rand_chacha v0.9.0
[INFO] [stderr]    Compiling rand v0.9.4
[INFO] [stderr]    Compiling serde_urlencoded v0.7.1
[INFO] [stderr]    Compiling ttr-engine v0.1.0 (/opt/rustwide/workdir/crates/ttr-engine)
[INFO] [stderr]    Compiling tungstenite v0.29.0
[INFO] [stderr]    Compiling ttr-protocol v0.1.0 (/opt/rustwide/workdir/crates/ttr-protocol)
[INFO] [stderr]    Compiling ttr-bots v0.1.0 (/opt/rustwide/workdir/crates/ttr-bots)
[INFO] [stderr]    Compiling hyper v1.10.1
[INFO] [stderr]    Compiling tokio-util v0.7.18
[INFO] [stderr]    Compiling tower v0.5.3
[INFO] [stderr]    Compiling tokio-tungstenite v0.29.0
[INFO] [stderr]    Compiling ttr-runner v0.1.0 (/opt/rustwide/workdir/crates/ttr-runner)
[INFO] [stderr]    Compiling tower-http v0.6.11
[INFO] [stderr]    Compiling hyper-util v0.1.20
[INFO] [stderr]    Compiling axum v0.8.9
[INFO] [stderr]    Compiling ttr-server v0.1.0 (/opt/rustwide/workdir/crates/ttr-server)
[INFO] [stderr]     Finished `release` profile [optimized] target(s) in 1m 03s
[INFO] running `Command { std: "docker" "inspect" "36f4ffd0f446dbb6e8e0a53476107cc4dd8bdfc11cbb0172ecf13c9d7fdef6ad", kill_on_drop: false }`
[INFO] running `Command { std: "docker" "exec" "-e" "SOURCE_DIR=/opt/rustwide/workdir" "-e" "CARGO_HOME=/opt/rustwide/cargo-home" "-e" "RUSTUP_HOME=/opt/rustwide/rustup-home" "-e" "CARGO_TARGET_DIR=/opt/rustwide/target" "-e" "CARGO_INCREMENTAL=0" "-e" "RUST_BACKTRACE=full" "-e" "RUSTFLAGS=--cap-lints=warn" "-e" "RUSTDOCFLAGS=--cap-lints=warn" "-w" "/opt/rustwide/workdir" "--user" "0:0" "36f4ffd0f446dbb6e8e0a53476107cc4dd8bdfc11cbb0172ecf13c9d7fdef6ad" "/opt/rustwide/cargo-home/bin/cargo" "+1.100.0-beta.1" "test" "--frozen" "--no-run" "--message-format=json" "--release", kill_on_drop: false }`
[INFO] [stderr]    Compiling futures-macro v0.3.32
[INFO] [stderr]    Compiling ttr-engine v0.1.0 (/opt/rustwide/workdir/crates/ttr-engine)
[INFO] [stderr]    Compiling ttr-bots v0.1.0 (/opt/rustwide/workdir/crates/ttr-bots)
[INFO] [stderr]    Compiling ttr-protocol v0.1.0 (/opt/rustwide/workdir/crates/ttr-protocol)
[INFO] [stderr]    Compiling tungstenite v0.26.2
[INFO] [stderr]    Compiling ttr-runner v0.1.0 (/opt/rustwide/workdir/crates/ttr-runner)
[INFO] [stderr]    Compiling futures-util v0.3.32
[INFO] [stderr]    Compiling tower v0.5.3
[INFO] [stderr]    Compiling tokio-tungstenite v0.29.0
[INFO] [stderr]    Compiling tower-http v0.6.11
[INFO] [stderr]    Compiling tokio-tungstenite v0.26.2
[INFO] [stderr]    Compiling axum v0.8.9
[INFO] [stderr]    Compiling ttr-server v0.1.0 (/opt/rustwide/workdir/crates/ttr-server)
[INFO] [stderr]     Finished `release` profile [optimized] target(s) in 48.13s
[INFO] running `Command { std: "docker" "inspect" "36f4ffd0f446dbb6e8e0a53476107cc4dd8bdfc11cbb0172ecf13c9d7fdef6ad", kill_on_drop: false }`
[INFO] running `Command { std: "docker" "exec" "-e" "SOURCE_DIR=/opt/rustwide/workdir" "-e" "CARGO_HOME=/opt/rustwide/cargo-home" "-e" "RUSTUP_HOME=/opt/rustwide/rustup-home" "-e" "CARGO_TARGET_DIR=/opt/rustwide/target" "-e" "CARGO_INCREMENTAL=0" "-e" "RUST_BACKTRACE=full" "-e" "RUSTFLAGS=--cap-lints=warn" "-e" "RUSTDOCFLAGS=--cap-lints=warn" "-w" "/opt/rustwide/workdir" "--user" "0:0" "36f4ffd0f446dbb6e8e0a53476107cc4dd8bdfc11cbb0172ecf13c9d7fdef6ad" "/opt/rustwide/cargo-home/bin/cargo" "+1.100.0-beta.1" "test" "--frozen" "--release", kill_on_drop: false }`
[INFO] [stderr]     Finished `release` profile [optimized] target(s) in 0.12s
[INFO] [stderr]      Running unittests src/lib.rs (/opt/rustwide/target/release/build/ttr-bots/dc4f2272112e7fe7/out/ttr_bots-dc4f2272112e7fe7)
[INFO] [stdout] 
[INFO] [stderr]      Running tests/bots.rs (/opt/rustwide/target/release/build/ttr-bots/b25943c1546f2244/out/bots-b25943c1546f2244)
[INFO] [stdout] running 0 tests
[INFO] [stdout] 
[INFO] [stdout] test result: ok. 0 passed; 0 failed; 0 ignored; 0 measured; 0 filtered out; finished in 0.00s
[INFO] [stdout] 
[INFO] [stdout] 
[INFO] [stdout] running 2 tests
[INFO] [stdout] test bots_are_deterministic ... ok
[INFO] [stdout] test all_bots_play_legal_terminating_games ... ok
[INFO] [stdout] 
[INFO] [stdout] test result: ok. 2 passed; 0 failed; 0 ignored; 0 measured; 0 filtered out; finished in 0.09s
[INFO] [stdout] 
[INFO] [stderr]      Running unittests src/lib.rs (/opt/rustwide/target/release/build/ttr-engine/ce656ac1da5af149/out/ttr_engine-ce656ac1da5af149)
[INFO] [stdout] 
[INFO] [stdout] running 0 tests
[INFO] [stdout] 
[INFO] [stdout] test result: ok. 0 passed; 0 failed; 0 ignored; 0 measured; 0 filtered out; finished in 0.00s
[INFO] [stdout] 
[INFO] [stderr]      Running tests/determinism.rs (/opt/rustwide/target/release/build/ttr-engine/ac09c5ef49c6ea04/out/determinism-ac09c5ef49c6ea04)
[INFO] [stdout] 
[INFO] [stdout] running 2 tests
[INFO] [stdout] test different_seeds_differ ... ok
[INFO] [stdout] test replay_reproduces_identical_states ... ok
[INFO] [stdout] 
[INFO] [stdout] test result: ok. 2 passed; 0 failed; 0 ignored; 0 measured; 0 filtered out; finished in 0.01s
[INFO] [stdout] 
[INFO] [stderr]      Running tests/fuzz.rs (/opt/rustwide/target/release/build/ttr-engine/4edf73b3efabcafb/out/fuzz-4edf73b3efabcafb)
[INFO] [stdout] 
[INFO] [stdout] running 1 test
[INFO] [stdout] test fuzz_random_games ... ok
[INFO] [stdout] 
[INFO] [stdout] test result: ok. 1 passed; 0 failed; 0 ignored; 0 measured; 0 filtered out; finished in 1.05s
[INFO] [stdout] 
[INFO] [stderr]      Running tests/map_serde.rs (/opt/rustwide/target/release/build/ttr-engine/2216f35946d66d5e/out/map_serde-2216f35946d66d5e)
[INFO] [stdout] 
[INFO] [stdout] running 2 tests
[INFO] [stdout] test deserialize_rejects_invalid_maps ... ok
[INFO] [stdout] test map_roundtrips_through_source_form ... ok
[INFO] [stdout] 
[INFO] [stdout] test result: ok. 2 passed; 0 failed; 0 ignored; 0 measured; 0 filtered out; finished in 0.00s
[INFO] [stdout] 
[INFO] [stderr]      Running tests/rules.rs (/opt/rustwide/target/release/build/ttr-engine/1210a66ba5661ec7/out/rules-1210a66ba5661ec7)
[INFO] [stdout] 
[INFO] [stdout] running 23 tests
[INFO] [stdout] test flush_skipped_when_replacement_impossible ... ok
[INFO] [stdout] test longest_trail_shapes ... ok
[INFO] [stdout] test blind_locos_are_never_restricted ... ok
[INFO] [stdout] test deadlocked_game_ends_after_a_round_of_passes ... ok
[INFO] [stdout] test final_scoring_tickets_and_bonus ... ok
[INFO] [stdout] test final_round_gives_everyone_one_more_turn ... ok
[INFO] [stdout] test three_locos_flush_the_row ... ok
[INFO] [stdout] test ticket_deck_depletion ... ok
[INFO] [stdout] test claiming_pays_scores_and_places_trains ... ok
[INFO] [stdout] test map_loads_and_links_doubles ... ok
[INFO] [stdout] test map_rejects_bad_data ... ok
[INFO] [stdout] test ticket_draw_keep_and_return_to_bottom ... ok
[INFO] [stdout] test official_faceup_loco_is_entire_draw ... ok
[INFO] [stdout] test ticket_path_prefers_cheap_and_respects_ownership ... ok
[INFO] [stdout] test pass_is_rejected_when_anything_else_is_legal ... ok
[INFO] [stdout] test payment_enumeration_is_canonical ... ok
[INFO] [stdout] test second_must_be_blind_rule ... ok
[INFO] [stdout] test determinize_matches_view_accounting ... ok
[INFO] [stdout] test setup_deals_tickets_sequentially ... ok
[INFO] [stdout] test double_routes_respect_player_count ... ok
[INFO] [stdout] test tied_longest_route_shares_bonus ... ok
[INFO] [stdout] test unrestricted_allows_two_faceup_locos ... ok
[INFO] [stdout] test views_hide_hidden_information ... ok
[INFO] [stdout] 
[INFO] [stdout] test result: ok. 23 passed; 0 failed; 0 ignored; 0 measured; 0 filtered out; finished in 0.02s
[INFO] [stdout] 
[INFO] [stderr]      Running tests/usa_map.rs (/opt/rustwide/target/release/build/ttr-engine/ed27ceb4c7c98451/out/usa_map-ed27ceb4c7c98451)
[INFO] [stdout] 
[INFO] [stdout] running 7 tests
[INFO] [stdout] test double_route_pairs ... ok
[INFO] [stdout] test map_is_connected ... ok
[INFO] [stdout] test spot_checks ... ok
[INFO] [stdout] test paths_match_cities ... ok
[INFO] [stdout] test counts_and_defaults ... ok
[INFO] [stdout] test per_color_totals ... ok
[INFO] [stdout] test random_games_smoke ... ok
[INFO] [stdout] 
[INFO] [stdout] test result: ok. 7 passed; 0 failed; 0 ignored; 0 measured; 0 filtered out; finished in 0.03s
[INFO] [stdout] 
[INFO] [stderr]      Running unittests src/lib.rs (/opt/rustwide/target/release/build/ttr-protocol/9e261f50699fbaaa/out/ttr_protocol-9e261f50699fbaaa)
[INFO] [stderr]      Running unittests src/lib.rs (/opt/rustwide/target/release/build/ttr-runner/921155a3a82b39e5/out/ttr_runner-921155a3a82b39e5)
[INFO] [stdout] 
[INFO] [stdout] running 0 tests
[INFO] [stdout] 
[INFO] [stdout] test result: ok. 0 passed; 0 failed; 0 ignored; 0 measured; 0 filtered out; finished in 0.00s
[INFO] [stdout] 
[INFO] [stdout] 
[INFO] [stdout] running 0 tests
[INFO] [stdout] 
[INFO] [stderr]      Running unittests src/bin/ttr-correlate.rs (/opt/rustwide/target/release/build/ttr-runner/e23088a18432b97e/out/ttr_correlate-e23088a18432b97e)
[INFO] [stdout] test result: ok. 0 passed; 0 failed; 0 ignored; 0 measured; 0 filtered out; finished in 0.00s
[INFO] [stdout] 
[INFO] [stdout] 
[INFO] [stderr]      Running unittests src/main.rs (/opt/rustwide/target/release/build/ttr-runner/7074da2778e175c0/out/ttr_runner-7074da2778e175c0)
[INFO] [stdout] running 0 tests
[INFO] [stdout] 
[INFO] [stdout] test result: ok. 0 passed; 0 failed; 0 ignored; 0 measured; 0 filtered out; finished in 0.00s
[INFO] [stdout] 
[INFO] [stderr]      Running tests/tournament.rs (/opt/rustwide/target/release/build/ttr-runner/05d2299130d19051/out/tournament-05d2299130d19051)
[INFO] [stdout] 
[INFO] [stdout] running 0 tests
[INFO] [stdout] 
[INFO] [stdout] test result: ok. 0 passed; 0 failed; 0 ignored; 0 measured; 0 filtered out; finished in 0.00s
[INFO] [stdout] 
[INFO] [stdout] 
[INFO] [stdout] running 4 tests
[INFO] [stdout] test melee_lineups_are_multisets_without_mirrors ... ok
[INFO] [stdout] test win_shares_use_official_tiebreakers ... ok
[INFO] [stdout] test rotations_are_distinct_and_cyclic ... ok
[INFO] [stdout] test tournament_is_thread_count_independent_and_greedy_beats_random ... ok
[INFO] [stderr]      Running unittests src/lib.rs (/opt/rustwide/target/release/build/ttr-server/791726e85fe0bd82/out/ttr_server-791726e85fe0bd82)
[INFO] [stdout] 
[INFO] [stdout] test result: ok. 4 passed; 0 failed; 0 ignored; 0 measured; 0 filtered out; finished in 0.02s
[INFO] [stdout] 
[INFO] [stdout] 
[INFO] [stdout] running 0 tests
[INFO] [stdout] 
[INFO] [stdout] test result: ok. 0 passed; 0 failed; 0 ignored; 0 measured; 0 filtered out; finished in 0.00s
[INFO] [stdout] 
[INFO] [stderr]      Running unittests src/main.rs (/opt/rustwide/target/release/build/ttr-server/a4c559508d77a684/out/ttr_server-a4c559508d77a684)
[INFO] [stdout] 
[INFO] [stdout] running 0 tests
[INFO] [stdout] 
[INFO] [stdout] test result: ok. 0 passed; 0 failed; 0 ignored; 0 measured; 0 filtered out; finished in 0.00s
[INFO] [stdout] 
[INFO] [stderr]      Running tests/ws_game.rs (/opt/rustwide/target/release/build/ttr-server/b5fd307b6c495566/out/ws_game-b5fd307b6c495566)
[INFO] [stdout] 
[INFO] [stdout] running 5 tests
[INFO] [stdout] test launched_tournament_runs_to_a_summary ... FAILED
[INFO] [stdout] test spectator_watches_a_bots_only_game_omnisciently ... ok
[INFO] [stdout] test waiting_game_pushes_seat_updates_until_it_starts ... ok
[INFO] [stdout] test replay_annotations_persist_and_actions_index_ships ... ok
[INFO] [stdout] test human_seat_plays_a_full_game_against_two_bots ... ok
[INFO] [stdout] 
[INFO] [stdout] failures:
[INFO] [stdout] 
[INFO] [stdout] ---- launched_tournament_runs_to_a_summary stdout ----
[INFO] [stdout] 
[INFO] [stdout] thread 'launched_tournament_runs_to_a_summary' (1907) panicked at crates/ttr-server/tests/ws_game.rs:67:49:
[INFO] [stdout] server error: ttr-runner binary not found at /opt/rustwide/target/release/build/ttr-server/b5fd307b6c495566/out/ttr-runner (build it alongside the server)
[INFO] [stdout] stack backtrace:
[INFO] [stdout]    0:     0x56605aa6d241 - <<std[617be2ca0a6fd877]::sys::backtrace::BacktraceLock>::print::DisplayBacktrace as core[a373ad73a504971]::fmt::Display>::fmt
[INFO] [stdout]    1:     0x56605aa84b0a - core[a373ad73a504971]::fmt::write
[INFO] [stdout]    2:     0x56605aa71e7c - <alloc[2e1b2a31b91974c5]::vec::Vec<u8> as core[a373ad73a504971]::io::write::Write>::write_fmt
[INFO] [stdout]    3:     0x56605aa46196 - std[617be2ca0a6fd877]::panicking::default_hook::{closure#0}
[INFO] [stdout]    4:     0x56605aa64349 - std[617be2ca0a6fd877]::panicking::default_hook
[INFO] [stdout]    5:     0x56605a8bf650 - test[aada8e7e76ba119b]::test_main_inner::{closure#0}
[INFO] [stdout]    6:     0x56605aa64672 - std[617be2ca0a6fd877]::panicking::panic_with_hook
[INFO] [stdout]    7:     0x56605aa46242 - std[617be2ca0a6fd877]::panicking::panic_handler::{closure#0}
[INFO] [stdout]    8:     0x56605aa3eb29 - std[617be2ca0a6fd877]::sys::backtrace::__rust_end_short_backtrace::<std[617be2ca0a6fd877]::panicking::panic_handler::{closure#0}, !>
[INFO] [stdout]    9:     0x56605aa4703d - __rustc[ea4f61d10b84890b]::rust_begin_unwind
[INFO] [stdout]   10:     0x56605aa8526c - core[a373ad73a504971]::panicking::panic_fmt
[INFO] [stdout]   11:     0x56605a863805 - <ws_game[3452775053b5d7a1]::TestClient>::recv_skipping_events::{closure#0}
[INFO] [stdout]   12:     0x56605a85a2ce - ws_game[3452775053b5d7a1]::launched_tournament_runs_to_a_summary::{closure#0}
[INFO] [stdout]   13:     0x56605a87a3f3 - <tokio[aff290fe25e9a230]::runtime::scheduler::current_thread::Context>::enter::<core[a373ad73a504971]::task::poll::Poll<()>, <tokio[aff290fe25e9a230]::runtime::scheduler::current_thread::CoreGuard>::block_on<core[a373ad73a504971]::pin::Pin<&mut core[a373ad73a504971]::pin::Pin<&mut dyn core[a373ad73a504971]::future::future::Future<Output = ()>>>>::{closure#0}::{closure#0}>
[INFO] [stdout]   14:     0x56605a88efbc - <tokio[aff290fe25e9a230]::runtime::context::scoped::Scoped<tokio[aff290fe25e9a230]::runtime::scheduler::Context>>::set::<<tokio[aff290fe25e9a230]::runtime::scheduler::current_thread::CoreGuard>::enter<<tokio[aff290fe25e9a230]::runtime::scheduler::current_thread::CoreGuard>::block_on<core[a373ad73a504971]::pin::Pin<&mut core[a373ad73a504971]::pin::Pin<&mut dyn core[a373ad73a504971]::future::future::Future<Output = ()>>>>::{closure#0}, core[a373ad73a504971]::option::Option<()>>::{closure#0}, (alloc[2e1b2a31b91974c5]::boxed::Box<tokio[aff290fe25e9a230]::runtime::scheduler::current_thread::Core>, core[a373ad73a504971]::option::Option<()>)>
[INFO] [stdout]   15:     0x56605a87a947 - <tokio[aff290fe25e9a230]::runtime::scheduler::current_thread::CoreGuard>::block_on::<core[a373ad73a504971]::pin::Pin<&mut core[a373ad73a504971]::pin::Pin<&mut dyn core[a373ad73a504971]::future::future::Future<Output = ()>>>>
[INFO] [stdout]   16:     0x56605a88cd0d - tokio[aff290fe25e9a230]::runtime::context::runtime::enter_runtime::<<tokio[aff290fe25e9a230]::runtime::scheduler::current_thread::CurrentThread>::block_on<core[a373ad73a504971]::pin::Pin<&mut dyn core[a373ad73a504971]::future::future::Future<Output = ()>>>::{closure#0}, ()>
[INFO] [stdout]   17:     0x56605a88899e - <tokio[aff290fe25e9a230]::runtime::runtime::Runtime>::block_on::<core[a373ad73a504971]::pin::Pin<&mut dyn core[a373ad73a504971]::future::future::Future<Output = ()>>>
[INFO] [stdout]   18:     0x56605a86861e - <ws_game[3452775053b5d7a1]::launched_tournament_runs_to_a_summary::{closure#0} as core[a373ad73a504971]::ops::function::FnOnce<()>>::call_once
[INFO] [stdout]   19:     0x56605a8b2a9b - test[aada8e7e76ba119b]::__rust_begin_short_backtrace::<core[a373ad73a504971]::result::Result<(), alloc[2e1b2a31b91974c5]::string::String>, fn() -> core[a373ad73a504971]::result::Result<(), alloc[2e1b2a31b91974c5]::string::String>>
[INFO] [stdout]   20:     0x56605a8bfc75 - test[aada8e7e76ba119b]::run_test::{closure#0}
[INFO] [stdout]   21:     0x56605a8b9564 - std[617be2ca0a6fd877]::sys::backtrace::__rust_begin_short_backtrace::<test[aada8e7e76ba119b]::run_test::{closure#1}, ()>
[INFO] [stdout]   22:     0x56605a8c2d02 - <std[617be2ca0a6fd877]::thread::lifecycle::spawn_unchecked<test[aada8e7e76ba119b]::run_test::{closure#1}, ()>::{closure#1} as core[a373ad73a504971]::ops::function::FnOnce<()>>::call_once::{shim:vtable#0}
[INFO] [stdout]   23:     0x56605aa6c1af - <std[617be2ca0a6fd877]::sys::thread::unix::Thread>::new::thread_start
[INFO] [stdout]   24:     0x763969d3adfa - <unknown>
[INFO] [stdout]   25:     0x763969dce3d4 - clone
[INFO] [stdout]   26:                0x0 - <unknown>
[INFO] [stdout] 
[INFO] [stdout] 
[INFO] [stdout] failures:
[INFO] [stdout]     launched_tournament_runs_to_a_summary
[INFO] [stdout] 
[INFO] [stdout] test result: FAILED. 4 passed; 1 failed; 0 ignored; 0 measured; 0 filtered out; finished in 1.07s
[INFO] [stdout] 
[INFO] [stderr] error: test failed, to rerun pass `-p ttr-server --test ws_game`
[INFO] running `Command { std: "docker" "inspect" "36f4ffd0f446dbb6e8e0a53476107cc4dd8bdfc11cbb0172ecf13c9d7fdef6ad", kill_on_drop: false }`
[INFO] running `Command { std: "docker" "rm" "-f" "36f4ffd0f446dbb6e8e0a53476107cc4dd8bdfc11cbb0172ecf13c9d7fdef6ad", kill_on_drop: false }`
[INFO] [stdout] 36f4ffd0f446dbb6e8e0a53476107cc4dd8bdfc11cbb0172ecf13c9d7fdef6ad
