[INFO] cloning repository https://github.com/t-rust-db/column-rs
[INFO] running `Command { std: "git" "-c" "credential.helper=" "-c" "credential.helper=/workspace/cargo-home/bin/git-credential-null" "clone" "--bare" "https://github.com/t-rust-db/column-rs" "/workspace/cache/git-repos/https%3A%2F%2Fgithub.com%2Ft-rust-db%2Fcolumn-rs", kill_on_drop: false }`
[INFO] [stderr] Cloning into bare repository '/workspace/cache/git-repos/https%3A%2F%2Fgithub.com%2Ft-rust-db%2Fcolumn-rs'...
[INFO] running `Command { std: "git" "rev-parse" "HEAD", kill_on_drop: false }`
[INFO] [stdout] 32cdfcb7c3b238a0a133777e9d253cd2f75859d9
[INFO] testing t-rust-db/column-rs against 1.100.0-beta.1+cargoflags=--release for beta-release-1.100-2
[INFO] running `Command { std: "git" "clone" "/workspace/cache/git-repos/https%3A%2F%2Fgithub.com%2Ft-rust-db%2Fcolumn-rs" "/workspace/builds/worker-7-tc2/source", kill_on_drop: false }`
[INFO] [stderr] Cloning into '/workspace/builds/worker-7-tc2/source'...
[INFO] [stderr] done.
[INFO] removed /workspace/builds/worker-7-tc2/source/.cargo/config.toml
[INFO] started tweaking git repo https://github.com/t-rust-db/column-rs
[INFO] finished tweaking git repo https://github.com/t-rust-db/column-rs
[INFO] tweaked toml for git repo https://github.com/t-rust-db/column-rs written to /workspace/builds/worker-7-tc2/source/Cargo.toml
[INFO] validating manifest of git repo https://github.com/t-rust-db/column-rs on toolchain 1.100.0-beta.1
[INFO] running `Command { std: CARGO_HOME="/workspace/cargo-home" RUSTUP_HOME="/workspace/rustup-home" "/workspace/cargo-home/bin/cargo" "+1.100.0-beta.1" "metadata" "--manifest-path" "Cargo.toml" "--no-deps", kill_on_drop: false }`
[INFO] crate git repo https://github.com/t-rust-db/column-rs already has a lockfile, it will not be regenerated
[INFO] running `Command { std: CARGO_HOME="/workspace/cargo-home" RUSTUP_HOME="/workspace/rustup-home" "/workspace/cargo-home/bin/cargo" "+1.100.0-beta.1" "fetch" "--manifest-path" "Cargo.toml", kill_on_drop: false }`
[INFO] [stderr]     Blocking waiting for file lock on package cache
[INFO] [stderr]     Blocking waiting for file lock on package cache
[INFO] running `Command { std: "docker" "create" "-v" "/var/lib/crater-agent-workspace/builds/worker-7-tc2/source:/opt/rustwide/workdir:ro,Z" "-v" "/var/lib/crater-agent-workspace/builds/worker-7-tc2/target:/opt/rustwide/target:rw,Z" "-v" "/var/lib/crater-agent-workspace/cargo-home:/opt/rustwide/cargo-home:ro,Z" "-v" "/var/lib/crater-agent-workspace/rustup-home:/opt/rustwide/rustup-home:ro,Z" "-m" "1610612736" "--network" "none" "ghcr.io/rust-lang/crates-build-env/linux@sha256:77db811e55d90add9212f6832c23229e3de5f1c1f9905e8cb07319ea15df73ac" "sleep" "infinity", kill_on_drop: false }`
[INFO] [stdout] 7f5563e07887abed3e077c8931d0ac11366924845ace8f5bb4e375d53a12a020
[INFO] running `Command { std: "docker" "start" "7f5563e07887abed3e077c8931d0ac11366924845ace8f5bb4e375d53a12a020", kill_on_drop: false }`
[INFO] running `Command { std: "docker" "inspect" "7f5563e07887abed3e077c8931d0ac11366924845ace8f5bb4e375d53a12a020", kill_on_drop: false }`
[INFO] running `Command { std: "docker" "exec" "-e" "SOURCE_DIR=/opt/rustwide/workdir" "-e" "CARGO_HOME=/opt/rustwide/cargo-home" "-e" "RUSTUP_HOME=/opt/rustwide/rustup-home" "-e" "CARGO_TARGET_DIR=/opt/rustwide/target" "-w" "/opt/rustwide/workdir" "--user" "0:0" "7f5563e07887abed3e077c8931d0ac11366924845ace8f5bb4e375d53a12a020" "/opt/rustwide/cargo-home/bin/cargo" "+1.100.0-beta.1" "metadata" "--no-deps" "--format-version=1", kill_on_drop: false }`
[INFO] running `Command { std: "docker" "inspect" "7f5563e07887abed3e077c8931d0ac11366924845ace8f5bb4e375d53a12a020", kill_on_drop: false }`
[INFO] running `Command { std: "docker" "exec" "-e" "SOURCE_DIR=/opt/rustwide/workdir" "-e" "CARGO_HOME=/opt/rustwide/cargo-home" "-e" "RUSTUP_HOME=/opt/rustwide/rustup-home" "-e" "CARGO_TARGET_DIR=/opt/rustwide/target" "-e" "CARGO_INCREMENTAL=0" "-e" "RUST_BACKTRACE=full" "-e" "RUSTFLAGS=--cap-lints=warn" "-e" "RUSTDOCFLAGS=--cap-lints=warn" "-w" "/opt/rustwide/workdir" "--user" "0:0" "7f5563e07887abed3e077c8931d0ac11366924845ace8f5bb4e375d53a12a020" "/opt/rustwide/cargo-home/bin/cargo" "+1.100.0-beta.1" "build" "--frozen" "--message-format=json" "--release", kill_on_drop: false }`
[INFO] [stderr]    Compiling option-ext v0.2.0
[INFO] [stderr]    Compiling twox-hash v1.6.3
[INFO] [stderr]    Compiling memmap2 v0.9.11
[INFO] [stderr]    Compiling dirs-sys v0.4.1
[INFO] [stderr]    Compiling dirs v5.0.1
[INFO] [stderr]    Compiling db-cli v0.5.0 (https://github.com/t-rust-db/db-cli?tag=v0.5.0#e4013ac4)
[INFO] [stderr]    Compiling ruzstd v0.7.3
[INFO] [stderr]    Compiling db-core v0.114.0 (https://github.com/t-rust-db/db-core?tag=v0.114.0#acc3dab2)
[INFO] [stderr]    Compiling column-rs v0.20.4 (/opt/rustwide/workdir)
[INFO] [stderr]     Finished `release` profile [optimized] target(s) in 51.92s
[INFO] running `Command { std: "docker" "inspect" "7f5563e07887abed3e077c8931d0ac11366924845ace8f5bb4e375d53a12a020", kill_on_drop: false }`
[INFO] running `Command { std: "docker" "exec" "-e" "SOURCE_DIR=/opt/rustwide/workdir" "-e" "CARGO_HOME=/opt/rustwide/cargo-home" "-e" "RUSTUP_HOME=/opt/rustwide/rustup-home" "-e" "CARGO_TARGET_DIR=/opt/rustwide/target" "-e" "CARGO_INCREMENTAL=0" "-e" "RUST_BACKTRACE=full" "-e" "RUSTFLAGS=--cap-lints=warn" "-e" "RUSTDOCFLAGS=--cap-lints=warn" "-w" "/opt/rustwide/workdir" "--user" "0:0" "7f5563e07887abed3e077c8931d0ac11366924845ace8f5bb4e375d53a12a020" "/opt/rustwide/cargo-home/bin/cargo" "+1.100.0-beta.1" "test" "--frozen" "--no-run" "--message-format=json" "--release", kill_on_drop: false }`
[INFO] [stderr]    Compiling column-rs v0.20.4 (/opt/rustwide/workdir)
[INFO] [stderr]     Finished `release` profile [optimized] target(s) in 10.97s
[INFO] running `Command { std: "docker" "inspect" "7f5563e07887abed3e077c8931d0ac11366924845ace8f5bb4e375d53a12a020", kill_on_drop: false }`
[INFO] running `Command { std: "docker" "exec" "-e" "SOURCE_DIR=/opt/rustwide/workdir" "-e" "CARGO_HOME=/opt/rustwide/cargo-home" "-e" "RUSTUP_HOME=/opt/rustwide/rustup-home" "-e" "CARGO_TARGET_DIR=/opt/rustwide/target" "-e" "CARGO_INCREMENTAL=0" "-e" "RUST_BACKTRACE=full" "-e" "RUSTFLAGS=--cap-lints=warn" "-e" "RUSTDOCFLAGS=--cap-lints=warn" "-w" "/opt/rustwide/workdir" "--user" "0:0" "7f5563e07887abed3e077c8931d0ac11366924845ace8f5bb4e375d53a12a020" "/opt/rustwide/cargo-home/bin/cargo" "+1.100.0-beta.1" "test" "--frozen" "--release", kill_on_drop: false }`
[INFO] [stderr]     Finished `release` profile [optimized] target(s) in 0.06s
[INFO] [stderr]      Running unittests src/lib.rs (/opt/rustwide/target/release/build/column-rs/6719d98fea58afae/out/column_rs-6719d98fea58afae)
[INFO] [stdout] 
[INFO] [stdout] running 6 tests
[INFO] [stdout] test query::tests::explain_plain_filter_group_by_aggregate ... ok
[INFO] [stdout] test query::tests::explain_semi_join_describes_subquery ... ok
[INFO] [stdout] test query::tests::explain_limit_without_group_by ... ok
[INFO] [stdout] test query::tests::explain_window_describes_partition_and_order ... ok
[INFO] [stdout] test query::tests::explain_join_describes_both_scans_and_condition ... ok
[INFO] [stdout] test query::tests::parse_explain_distinguishes_opcodes_from_query_plan ... ok
[INFO] [stdout] 
[INFO] [stdout] test result: ok. 6 passed; 0 failed; 0 ignored; 0 measured; 0 filtered out; finished in 0.00s
[INFO] [stdout] 
[INFO] [stderr]      Running unittests src/bin/column-rs/main.rs (/opt/rustwide/target/release/build/column-rs/0278c8b557838e42/out/column_rs-0278c8b557838e42)
[INFO] [stdout] 
[INFO] [stdout] running 8 tests
[INFO] [stdout] test handler::tests::format_opcodes_draws_a_divider_before_finalize ... ok
[INFO] [stdout] test handler::tests::multiple_children_use_middle_and_last_markers ... ok
[INFO] [stdout] test handler::tests::empty_plan_is_empty_string ... ok
[INFO] [stdout] test handler::tests::format_opcodes_single_section_has_no_label_header ... ok
[INFO] [stdout] test handler::tests::format_opcodes_labels_multiple_sections ... ok
[INFO] [stdout] test handler::tests::two_level_plan_uses_last_branch_marker ... ok
[INFO] [stdout] test handler::tests::single_node_plan_prints_just_the_root ... ok
[INFO] [stdout] test handler::tests::three_level_nesting_indents_grandchildren ... ok
[INFO] [stdout] 
[INFO] [stdout] test result: ok. 8 passed; 0 failed; 0 ignored; 0 measured; 0 filtered out; finished in 0.01s
[INFO] [stdout] 
[INFO] [stderr]      Running tests/cli_smoke.rs (/opt/rustwide/target/release/build/column-rs/df93eb2e1a658b02/out/cli_smoke-df93eb2e1a658b02)
[INFO] [stdout] 
[INFO] [stdout] running 2 tests
[INFO] [stdout] test version_exits_zero_with_name_and_version ... ok
[INFO] [stdout] test help_exits_zero_with_usage_on_stdout ... ok
[INFO] [stdout] 
[INFO] [stdout] test result: ok. 2 passed; 0 failed; 0 ignored; 0 measured; 0 filtered out; finished in 0.01s
[INFO] [stdout] 
[INFO] [stderr]      Running tests/codegen_e2e.rs (/opt/rustwide/target/release/build/column-rs/da069caa9fa07bcd/out/codegen_e2e-da069caa9fa07bcd)
[INFO] [stdout] 
[INFO] [stdout] running 7 tests
[INFO] [stdout] test codegen_join_matches_query_engine ... FAILED
[INFO] [stdout] test codegen_row_number_window_matches_query_engine ... FAILED
[INFO] [stdout] test codegen_lag_lead_window_matches_query_engine ... FAILED
[INFO] [stdout] test codegen_flat_filter_matches_query_engine ... FAILED
[INFO] [stdout] test codegen_group_by_matches_query_engine_across_multiple_row_groups ... FAILED
[INFO] [stdout] test codegen_semi_join_matches_query_engine ... FAILED
[INFO] [stdout] test codegen_sum_over_window_matches_query_engine ... FAILED
[INFO] [stdout] 
[INFO] [stdout] failures:
[INFO] [stdout] 
[INFO] [stdout] ---- codegen_join_matches_query_engine stdout ----
[INFO] [stdout] 
[INFO] [stdout] thread 'codegen_join_matches_query_engine' (465) panicked at tests/codegen_e2e.rs:35:10:
[INFO] [stdout] libcolumn_rs-*.rlib not found in target deps -- expected `cargo test` to have already built it
[INFO] [stdout] stack backtrace:
[INFO] [stdout]    0:     0x5cb274eb9ad1 - <<std[617be2ca0a6fd877]::sys::backtrace::BacktraceLock>::print::DisplayBacktrace as core[a373ad73a504971]::fmt::Display>::fmt
[INFO] [stdout]    1:     0x5cb274ecf98a - core[a373ad73a504971]::fmt::write
[INFO] [stdout]    2:     0x5cb274ebe02c - <alloc[2e1b2a31b91974c5]::vec::Vec<u8> as core[a373ad73a504971]::io::write::Write>::write_fmt
[INFO] [stdout]    3:     0x5cb274e94156 - std[617be2ca0a6fd877]::panicking::default_hook::{closure#0}
[INFO] [stdout]    4:     0x5cb274eb1489 - std[617be2ca0a6fd877]::panicking::default_hook
[INFO] [stdout]    5:     0x5cb274e4c6e0 - test[aada8e7e76ba119b]::test_main_inner::{closure#0}
[INFO] [stdout]    6:     0x5cb274eb17b2 - std[617be2ca0a6fd877]::panicking::panic_with_hook
[INFO] [stdout]    7:     0x5cb274e94202 - std[617be2ca0a6fd877]::panicking::panic_handler::{closure#0}
[INFO] [stdout]    8:     0x5cb274e8cd59 - std[617be2ca0a6fd877]::sys::backtrace::__rust_end_short_backtrace::<std[617be2ca0a6fd877]::panicking::panic_handler::{closure#0}, !>
[INFO] [stdout]    9:     0x5cb274e94e0d - __rustc[ea4f61d10b84890b]::rust_begin_unwind
[INFO] [stdout]   10:     0x5cb274ed00bc - core[a373ad73a504971]::panicking::panic_fmt
[INFO] [stdout]   11:     0x5cb274ecfe14 - core[a373ad73a504971]::option::expect_failed
[INFO] [stdout]   12:     0x5cb274d293b6 - codegen_e2e[b4a1af8af341ca64]::compile_and_run
[INFO] [stdout]   13:     0x5cb274d29dbc - <codegen_e2e[b4a1af8af341ca64]::codegen_join_matches_query_engine::{closure#0} as core[a373ad73a504971]::ops::function::FnOnce<()>>::call_once
[INFO] [stdout]   14:     0x5cb274e3fb2b - test[aada8e7e76ba119b]::__rust_begin_short_backtrace::<core[a373ad73a504971]::result::Result<(), alloc[2e1b2a31b91974c5]::string::String>, fn() -> core[a373ad73a504971]::result::Result<(), alloc[2e1b2a31b91974c5]::string::String>>
[INFO] [stdout]   15:     0x5cb274e4cd05 - test[aada8e7e76ba119b]::run_test::{closure#0}
[INFO] [stdout]   16:     0x5cb274e465f4 - std[617be2ca0a6fd877]::sys::backtrace::__rust_begin_short_backtrace::<test[aada8e7e76ba119b]::run_test::{closure#1}, ()>
[INFO] [stdout]   17:     0x5cb274e4fd92 - <std[617be2ca0a6fd877]::thread::lifecycle::spawn_unchecked<test[aada8e7e76ba119b]::run_test::{closure#1}, ()>::{closure#1} as core[a373ad73a504971]::ops::function::FnOnce<()>>::call_once::{shim:vtable#0}
[INFO] [stdout]   18:     0x5cb274eb913f - <std[617be2ca0a6fd877]::sys::thread::unix::Thread>::new::thread_start
[INFO] [stdout]   19:     0x7f9de5196dfa - <unknown>
[INFO] [stdout]   20:     0x7f9de522a3d4 - clone
[INFO] [stdout]   21:                0x0 - <unknown>
[INFO] [stdout] 
[INFO] [stdout] ---- codegen_row_number_window_matches_query_engine stdout ----
[INFO] [stdout] 
[INFO] [stdout] thread 'codegen_row_number_window_matches_query_engine' (467) panicked at tests/codegen_e2e.rs:35:10:
[INFO] [stdout] libcolumn_rs-*.rlib not found in target deps -- expected `cargo test` to have already built it
[INFO] [stdout] stack backtrace:
[INFO] [stdout]    0:     0x5cb274eb9ad1 - <<std[617be2ca0a6fd877]::sys::backtrace::BacktraceLock>::print::DisplayBacktrace as core[a373ad73a504971]::fmt::Display>::fmt
[INFO] [stdout]    1:     0x5cb274ecf98a - core[a373ad73a504971]::fmt::write
[INFO] [stdout]    2:     0x5cb274ebe02c - <alloc[2e1b2a31b91974c5]::vec::Vec<u8> as core[a373ad73a504971]::io::write::Write>::write_fmt
[INFO] [stdout]    3:     0x5cb274e94156 - std[617be2ca0a6fd877]::panicking::default_hook::{closure#0}
[INFO] [stdout]    4:     0x5cb274eb1489 - std[617be2ca0a6fd877]::panicking::default_hook
[INFO] [stdout]    5:     0x5cb274e4c6e0 - test[aada8e7e76ba119b]::test_main_inner::{closure#0}
[INFO] [stdout]    6:     0x5cb274eb17b2 - std[617be2ca0a6fd877]::panicking::panic_with_hook
[INFO] [stdout]    7:     0x5cb274e94202 - std[617be2ca0a6fd877]::panicking::panic_handler::{closure#0}
[INFO] [stdout]    8:     0x5cb274e8cd59 - std[617be2ca0a6fd877]::sys::backtrace::__rust_end_short_backtrace::<std[617be2ca0a6fd877]::panicking::panic_handler::{closure#0}, !>
[INFO] [stdout]    9:     0x5cb274e94e0d - __rustc[ea4f61d10b84890b]::rust_begin_unwind
[INFO] [stdout]   10:     0x5cb274ed00bc - core[a373ad73a504971]::panicking::panic_fmt
[INFO] [stdout]   11:     0x5cb274ecfe14 - core[a373ad73a504971]::option::expect_failed
[INFO] [stdout]   12:     0x5cb274d293b6 - codegen_e2e[b4a1af8af341ca64]::compile_and_run
[INFO] [stdout]   13:     0x5cb274d2cc84 - <codegen_e2e[b4a1af8af341ca64]::codegen_row_number_window_matches_query_engine::{closure#0} as core[a373ad73a504971]::ops::function::FnOnce<()>>::call_once
[INFO] [stdout]   14:     0x5cb274e3fb2b - test[aada8e7e76ba119b]::__rust_begin_short_backtrace::<core[a373ad73a504971]::result::Result<(), alloc[2e1b2a31b91974c5]::string::String>, fn() -> core[a373ad73a504971]::result::Result<(), alloc[2e1b2a31b91974c5]::string::String>>
[INFO] [stdout]   15:     0x5cb274e4cd05 - test[aada8e7e76ba119b]::run_test::{closure#0}
[INFO] [stdout]   16:     0x5cb274e465f4 - std[617be2ca0a6fd877]::sys::backtrace::__rust_begin_short_backtrace::<test[aada8e7e76ba119b]::run_test::{closure#1}, ()>
[INFO] [stdout]   17:     0x5cb274e4fd92 - <std[617be2ca0a6fd877]::thread::lifecycle::spawn_unchecked<test[aada8e7e76ba119b]::run_test::{closure#1}, ()>::{closure#1} as core[a373ad73a504971]::ops::function::FnOnce<()>>::call_once::{shim:vtable#0}
[INFO] [stdout]   18:     0x5cb274eb913f - <std[617be2ca0a6fd877]::sys::thread::unix::Thread>::new::thread_start
[INFO] [stdout]   19:     0x7f9de5196dfa - <unknown>
[INFO] [stdout]   20:     0x7f9de522a3d4 - clone
[INFO] [stdout]   21:                0x0 - <unknown>
[INFO] [stdout] 
[INFO] [stdout] ---- codegen_lag_lead_window_matches_query_engine stdout ----
[INFO] [stdout] 
[INFO] [stdout] thread 'codegen_lag_lead_window_matches_query_engine' (466) panicked at tests/codegen_e2e.rs:35:10:
[INFO] [stdout] libcolumn_rs-*.rlib not found in target deps -- expected `cargo test` to have already built it
[INFO] [stdout] stack backtrace:
[INFO] [stdout]    0:     0x5cb274eb9ad1 - <<std[617be2ca0a6fd877]::sys::backtrace::BacktraceLock>::print::DisplayBacktrace as core[a373ad73a504971]::fmt::Display>::fmt
[INFO] [stdout]    1:     0x5cb274ecf98a - core[a373ad73a504971]::fmt::write
[INFO] [stdout]    2:     0x5cb274ebe02c - <alloc[2e1b2a31b91974c5]::vec::Vec<u8> as core[a373ad73a504971]::io::write::Write>::write_fmt
[INFO] [stdout]    3:     0x5cb274e94156 - std[617be2ca0a6fd877]::panicking::default_hook::{closure#0}
[INFO] [stdout]    4:     0x5cb274eb1489 - std[617be2ca0a6fd877]::panicking::default_hook
[INFO] [stdout]    5:     0x5cb274e4c6e0 - test[aada8e7e76ba119b]::test_main_inner::{closure#0}
[INFO] [stdout]    6:     0x5cb274eb17b2 - std[617be2ca0a6fd877]::panicking::panic_with_hook
[INFO] [stdout]    7:     0x5cb274e94202 - std[617be2ca0a6fd877]::panicking::panic_handler::{closure#0}
[INFO] [stdout]    8:     0x5cb274e8cd59 - std[617be2ca0a6fd877]::sys::backtrace::__rust_end_short_backtrace::<std[617be2ca0a6fd877]::panicking::panic_handler::{closure#0}, !>
[INFO] [stdout]    9:     0x5cb274e94e0d - __rustc[ea4f61d10b84890b]::rust_begin_unwind
[INFO] [stdout]   10:     0x5cb274ed00bc - core[a373ad73a504971]::panicking::panic_fmt
[INFO] [stdout]   11:     0x5cb274ecfe14 - core[a373ad73a504971]::option::expect_failed
[INFO] [stdout]   12:     0x5cb274d293b6 - codegen_e2e[b4a1af8af341ca64]::compile_and_run
[INFO] [stdout]   13:     0x5cb274d2bb24 - <codegen_e2e[b4a1af8af341ca64]::codegen_lag_lead_window_matches_query_engine::{closure#0} as core[a373ad73a504971]::ops::function::FnOnce<()>>::call_once
[INFO] [stdout]   14:     0x5cb274e3fb2b - test[aada8e7e76ba119b]::__rust_begin_short_backtrace::<core[a373ad73a504971]::result::Result<(), alloc[2e1b2a31b91974c5]::string::String>, fn() -> core[a373ad73a504971]::result::Result<(), alloc[2e1b2a31b91974c5]::string::String>>
[INFO] [stdout]   15:     0x5cb274e4cd05 - test[aada8e7e76ba119b]::run_test::{closure#0}
[INFO] [stdout]   16:     0x5cb274e465f4 - std[617be2ca0a6fd877]::sys::backtrace::__rust_begin_short_backtrace::<test[aada8e7e76ba119b]::run_test::{closure#1}, ()>
[INFO] [stdout]   17:     0x5cb274e4fd92 - <std[617be2ca0a6fd877]::thread::lifecycle::spawn_unchecked<test[aada8e7e76ba119b]::run_test::{closure#1}, ()>::{closure#1} as core[a373ad73a504971]::ops::function::FnOnce<()>>::call_once::{shim:vtable#0}
[INFO] [stdout]   18:     0x5cb274eb913f - <std[617be2ca0a6fd877]::sys::thread::unix::Thread>::new::thread_start
[INFO] [stdout]   19:     0x7f9de5196dfa - <unknown>
[INFO] [stdout]   20:     0x7f9de522a3d4 - clone
[INFO] [stdout]   21:                0x0 - <unknown>
[INFO] [stdout] 
[INFO] [stdout] ---- codegen_flat_filter_matches_query_engine stdout ----
[INFO] [stdout] 
[INFO] [stdout] thread 'codegen_flat_filter_matches_query_engine' (463) panicked at tests/codegen_e2e.rs:35:10:
[INFO] [stdout] libcolumn_rs-*.rlib not found in target deps -- expected `cargo test` to have already built it
[INFO] [stdout] stack backtrace:
[INFO] [stdout]    0:     0x5cb274eb9ad1 - <<std[617be2ca0a6fd877]::sys::backtrace::BacktraceLock>::print::DisplayBacktrace as core[a373ad73a504971]::fmt::Display>::fmt
[INFO] [stdout]    1:     0x5cb274ecf98a - core[a373ad73a504971]::fmt::write
[INFO] [stdout]    2:     0x5cb274ebe02c - <alloc[2e1b2a31b91974c5]::vec::Vec<u8> as core[a373ad73a504971]::io::write::Write>::write_fmt
[INFO] [stdout]    3:     0x5cb274e94156 - std[617be2ca0a6fd877]::panicking::default_hook::{closure#0}
[INFO] [stdout]    4:     0x5cb274eb1489 - std[617be2ca0a6fd877]::panicking::default_hook
[INFO] [stdout]    5:     0x5cb274e4c6e0 - test[aada8e7e76ba119b]::test_main_inner::{closure#0}
[INFO] [stdout]    6:     0x5cb274eb17b2 - std[617be2ca0a6fd877]::panicking::panic_with_hook
[INFO] [stdout]    7:     0x5cb274e94202 - std[617be2ca0a6fd877]::panicking::panic_handler::{closure#0}
[INFO] [stdout]    8:     0x5cb274e8cd59 - std[617be2ca0a6fd877]::sys::backtrace::__rust_end_short_backtrace::<std[617be2ca0a6fd877]::panicking::panic_handler::{closure#0}, !>
[INFO] [stdout]    9:     0x5cb274e94e0d - __rustc[ea4f61d10b84890b]::rust_begin_unwind
[INFO] [stdout]   10:     0x5cb274ed00bc - core[a373ad73a504971]::panicking::panic_fmt
[INFO] [stdout]   11:     0x5cb274ecfe14 - core[a373ad73a504971]::option::expect_failed
[INFO] [stdout]   12:     0x5cb274d293b6 - codegen_e2e[b4a1af8af341ca64]::compile_and_run
[INFO] [stdout]   13:     0x5cb274d2b274 - <codegen_e2e[b4a1af8af341ca64]::codegen_flat_filter_matches_query_engine::{closure#0} as core[a373ad73a504971]::ops::function::FnOnce<()>>::call_once
[INFO] [stdout]   14:     0x5cb274e3fb2b - test[aada8e7e76ba119b]::__rust_begin_short_backtrace::<core[a373ad73a504971]::result::Result<(), alloc[2e1b2a31b91974c5]::string::String>, fn() -> core[a373ad73a504971]::result::Result<(), alloc[2e1b2a31b91974c5]::string::String>>
[INFO] [stdout]   15:     0x5cb274e4cd05 - test[aada8e7e76ba119b]::run_test::{closure#0}
[INFO] [stdout]   16:     0x5cb274e465f4 - std[617be2ca0a6fd877]::sys::backtrace::__rust_begin_short_backtrace::<test[aada8e7e76ba119b]::run_test::{closure#1}, ()>
[INFO] [stdout]   17:     0x5cb274e4fd92 - <std[617be2ca0a6fd877]::thread::lifecycle::spawn_unchecked<test[aada8e7e76ba119b]::run_test::{closure#1}, ()>::{closure#1} as core[a373ad73a504971]::ops::function::FnOnce<()>>::call_once::{shim:vtable#0}
[INFO] [stdout]   18:     0x5cb274eb913f - <std[617be2ca0a6fd877]::sys::thread::unix::Thread>::new::thread_start
[INFO] [stdout]   19:     0x7f9de5196dfa - <unknown>
[INFO] [stdout]   20:     0x7f9de522a3d4 - clone
[INFO] [stdout]   21:                0x0 - <unknown>
[INFO] [stdout] 
[INFO] [stdout] ---- codegen_group_by_matches_query_engine_across_multiple_row_groups stdout ----
[INFO] [stdout] 
[INFO] [stdout] thread 'codegen_group_by_matches_query_engine_across_multiple_row_groups' (464) panicked at tests/codegen_e2e.rs:35:10:
[INFO] [stdout] libcolumn_rs-*.rlib not found in target deps -- expected `cargo test` to have already built it
[INFO] [stdout] stack backtrace:
[INFO] [stdout]    0:     0x5cb274eb9ad1 - <<std[617be2ca0a6fd877]::sys::backtrace::BacktraceLock>::print::DisplayBacktrace as core[a373ad73a504971]::fmt::Display>::fmt
[INFO] [stdout]    1:     0x5cb274ecf98a - core[a373ad73a504971]::fmt::write
[INFO] [stdout]    2:     0x5cb274ebe02c - <alloc[2e1b2a31b91974c5]::vec::Vec<u8> as core[a373ad73a504971]::io::write::Write>::write_fmt
[INFO] [stdout]    3:     0x5cb274e94156 - std[617be2ca0a6fd877]::panicking::default_hook::{closure#0}
[INFO] [stdout]    4:     0x5cb274eb1489 - std[617be2ca0a6fd877]::panicking::default_hook
[INFO] [stdout]    5:     0x5cb274e4c6e0 - test[aada8e7e76ba119b]::test_main_inner::{closure#0}
[INFO] [stdout]    6:     0x5cb274eb17b2 - std[617be2ca0a6fd877]::panicking::panic_with_hook
[INFO] [stdout]    7:     0x5cb274e94202 - std[617be2ca0a6fd877]::panicking::panic_handler::{closure#0}
[INFO] [stdout]    8:     0x5cb274e8cd59 - std[617be2ca0a6fd877]::sys::backtrace::__rust_end_short_backtrace::<std[617be2ca0a6fd877]::panicking::panic_handler::{closure#0}, !>
[INFO] [stdout]    9:     0x5cb274e94e0d - __rustc[ea4f61d10b84890b]::rust_begin_unwind
[INFO] [stdout]   10:     0x5cb274ed00bc - core[a373ad73a504971]::panicking::panic_fmt
[INFO] [stdout]   11:     0x5cb274ecfe14 - core[a373ad73a504971]::option::expect_failed
[INFO] [stdout]   12:     0x5cb274d293b6 - codegen_e2e[b4a1af8af341ca64]::compile_and_run
[INFO] [stdout]   13:     0x5cb274d2d534 - <codegen_e2e[b4a1af8af341ca64]::codegen_group_by_matches_query_engine_across_multiple_row_groups::{closure#0} as core[a373ad73a504971]::ops::function::FnOnce<()>>::call_once
[INFO] [stdout]   14:     0x5cb274e3fb2b - test[aada8e7e76ba119b]::__rust_begin_short_backtrace::<core[a373ad73a504971]::result::Result<(), alloc[2e1b2a31b91974c5]::string::String>, fn() -> core[a373ad73a504971]::result::Result<(), alloc[2e1b2a31b91974c5]::string::String>>
[INFO] [stdout]   15:     0x5cb274e4cd05 - test[aada8e7e76ba119b]::run_test::{closure#0}
[INFO] [stdout]   16:     0x5cb274e465f4 - std[617be2ca0a6fd877]::sys::backtrace::__rust_begin_short_backtrace::<test[aada8e7e76ba119b]::run_test::{closure#1}, ()>
[INFO] [stdout]   17:     0x5cb274e4fd92 - <std[617be2ca0a6fd877]::thread::lifecycle::spawn_unchecked<test[aada8e7e76ba119b]::run_test::{closure#1}, ()>::{closure#1} as core[a373ad73a504971]::ops::function::FnOnce<()>>::call_once::{shim:vtable#0}
[INFO] [stdout]   18:     0x5cb274eb913f - <std[617be2ca0a6fd877]::sys::thread::unix::Thread>::new::thread_start
[INFO] [stdout]   19:     0x7f9de5196dfa - <unknown>
[INFO] [stdout]   20:     0x7f9de522a3d4 - clone
[INFO] [stdout]   21:                0x0 - <unknown>
[INFO] [stdout] 
[INFO] [stdout] ---- codegen_semi_join_matches_query_engine stdout ----
[INFO] [stdout] 
[INFO] [stdout] thread 'codegen_semi_join_matches_query_engine' (468) panicked at tests/codegen_e2e.rs:35:10:
[INFO] [stdout] libcolumn_rs-*.rlib not found in target deps -- expected `cargo test` to have already built it
[INFO] [stdout] stack backtrace:
[INFO] [stdout]    0:     0x5cb274eb9ad1 - <<std[617be2ca0a6fd877]::sys::backtrace::BacktraceLock>::print::DisplayBacktrace as core[a373ad73a504971]::fmt::Display>::fmt
[INFO] [stdout]    1:     0x5cb274ecf98a - core[a373ad73a504971]::fmt::write
[INFO] [stdout]    2:     0x5cb274ebe02c - <alloc[2e1b2a31b91974c5]::vec::Vec<u8> as core[a373ad73a504971]::io::write::Write>::write_fmt
[INFO] [stdout]    3:     0x5cb274e94156 - std[617be2ca0a6fd877]::panicking::default_hook::{closure#0}
[INFO] [stdout]    4:     0x5cb274eb1489 - std[617be2ca0a6fd877]::panicking::default_hook
[INFO] [stdout]    5:     0x5cb274e4c6e0 - test[aada8e7e76ba119b]::test_main_inner::{closure#0}
[INFO] [stdout]    6:     0x5cb274eb17b2 - std[617be2ca0a6fd877]::panicking::panic_with_hook
[INFO] [stdout]    7:     0x5cb274e94202 - std[617be2ca0a6fd877]::panicking::panic_handler::{closure#0}
[INFO] [stdout]    8:     0x5cb274e8cd59 - std[617be2ca0a6fd877]::sys::backtrace::__rust_end_short_backtrace::<std[617be2ca0a6fd877]::panicking::panic_handler::{closure#0}, !>
[INFO] [stdout]    9:     0x5cb274e94e0d - __rustc[ea4f61d10b84890b]::rust_begin_unwind
[INFO] [stdout]   10:     0x5cb274ed00bc - core[a373ad73a504971]::panicking::panic_fmt
[INFO] [stdout]   11:     0x5cb274ecfe14 - core[a373ad73a504971]::option::expect_failed
[INFO] [stdout]   12:     0x5cb274d293b6 - codegen_e2e[b4a1af8af341ca64]::compile_and_run
[INFO] [stdout]   13:     0x5cb274d2a83c - <codegen_e2e[b4a1af8af341ca64]::codegen_semi_join_matches_query_engine::{closure#0} as core[a373ad73a504971]::ops::function::FnOnce<()>>::call_once
[INFO] [stdout]   14:     0x5cb274e3fb2b - test[aada8e7e76ba119b]::__rust_begin_short_backtrace::<core[a373ad73a504971]::result::Result<(), alloc[2e1b2a31b91974c5]::string::String>, fn() -> core[a373ad73a504971]::result::Result<(), alloc[2e1b2a31b91974c5]::string::String>>
[INFO] [stdout]   15:     0x5cb274e4cd05 - test[aada8e7e76ba119b]::run_test::{closure#0}
[INFO] [stdout]   16:     0x5cb274e465f4 - std[617be2ca0a6fd877]::sys::backtrace::__rust_begin_short_backtrace::<test[aada8e7e76ba119b]::run_test::{closure#1}, ()>
[INFO] [stdout]   17:     0x5cb274e4fd92 - <std[617be2ca0a6fd877]::thread::lifecycle::spawn_unchecked<test[aada8e7e76ba119b]::run_test::{closure#1}, ()>::{closure#1} as core[a373ad73a504971]::ops::function::FnOnce<()>>::call_once::{shim:vtable#0}
[INFO] [stdout]   18:     0x5cb274eb913f - <std[617be2ca0a6fd877]::sys::thread::unix::Thread>::new::thread_start
[INFO] [stdout]   19:     0x7f9de5196dfa - <unknown>
[INFO] [stdout]   20:     0x7f9de522a3d4 - clone
[INFO] [stdout]   21:                0x0 - <unknown>
[INFO] [stdout] 
[INFO] [stdout] ---- codegen_sum_over_window_matches_query_engine stdout ----
[INFO] [stdout] 
[INFO] [stdout] thread 'codegen_sum_over_window_matches_query_engine' (469) panicked at tests/codegen_e2e.rs:35:10:
[INFO] [stdout] libcolumn_rs-*.rlib not found in target deps -- expected `cargo test` to have already built it
[INFO] [stdout] stack backtrace:
[INFO] [stdout]    0:     0x5cb274eb9ad1 - <<std[617be2ca0a6fd877]::sys::backtrace::BacktraceLock>::print::DisplayBacktrace as core[a373ad73a504971]::fmt::Display>::fmt
[INFO] [stdout]    1:     0x5cb274ecf98a - core[a373ad73a504971]::fmt::write
[INFO] [stdout]    2:     0x5cb274ebe02c - <alloc[2e1b2a31b91974c5]::vec::Vec<u8> as core[a373ad73a504971]::io::write::Write>::write_fmt
[INFO] [stdout]    3:     0x5cb274e94156 - std[617be2ca0a6fd877]::panicking::default_hook::{closure#0}
[INFO] [stdout]    4:     0x5cb274eb1489 - std[617be2ca0a6fd877]::panicking::default_hook
[INFO] [stdout]    5:     0x5cb274e4c6e0 - test[aada8e7e76ba119b]::test_main_inner::{closure#0}
[INFO] [stdout]    6:     0x5cb274eb17b2 - std[617be2ca0a6fd877]::panicking::panic_with_hook
[INFO] [stdout]    7:     0x5cb274e94202 - std[617be2ca0a6fd877]::panicking::panic_handler::{closure#0}
[INFO] [stdout]    8:     0x5cb274e8cd59 - std[617be2ca0a6fd877]::sys::backtrace::__rust_end_short_backtrace::<std[617be2ca0a6fd877]::panicking::panic_handler::{closure#0}, !>
[INFO] [stdout]    9:     0x5cb274e94e0d - __rustc[ea4f61d10b84890b]::rust_begin_unwind
[INFO] [stdout]   10:     0x5cb274ed00bc - core[a373ad73a504971]::panicking::panic_fmt
[INFO] [stdout]   11:     0x5cb274ecfe14 - core[a373ad73a504971]::option::expect_failed
[INFO] [stdout]   12:     0x5cb274d293b6 - codegen_e2e[b4a1af8af341ca64]::compile_and_run
[INFO] [stdout]   13:     0x5cb274d2c3d4 - <codegen_e2e[b4a1af8af341ca64]::codegen_sum_over_window_matches_query_engine::{closure#0} as core[a373ad73a504971]::ops::function::FnOnce<()>>::call_once
[INFO] [stdout]   14:     0x5cb274e3fb2b - test[aada8e7e76ba119b]::__rust_begin_short_backtrace::<core[a373ad73a504971]::result::Result<(), alloc[2e1b2a31b91974c5]::string::String>, fn() -> core[a373ad73a504971]::result::Result<(), alloc[2e1b2a31b91974c5]::string::String>>
[INFO] [stdout]   15:     0x5cb274e4cd05 - test[aada8e7e76ba119b]::run_test::{closure#0}
[INFO] [stdout]   16:     0x5cb274e465f4 - std[617be2ca0a6fd877]::sys::backtrace::__rust_begin_short_backtrace::<test[aada8e7e76ba119b]::run_test::{closure#1}, ()>
[INFO] [stdout]   17:     0x5cb274e4fd92 - <std[617be2ca0a6fd877]::thread::lifecycle::spawn_unchecked<test[aada8e7e76ba119b]::run_test::{closure#1}, ()>::{closure#1} as core[a373ad73a504971]::ops::function::FnOnce<()>>::call_once::{shim:vtable#0}
[INFO] [stdout]   18:     0x5cb274eb913f - <std[617be2ca0a6fd877]::sys::thread::unix::Thread>::new::thread_start
[INFO] [stdout]   19:     0x7f9de5196dfa - <unknown>
[INFO] [stdout]   20:     0x7f9de522a3d4 - clone
[INFO] [stdout]   21:                0x0 - <unknown>
[INFO] [stdout] 
[INFO] [stdout] 
[INFO] [stdout] failures:
[INFO] [stdout]     codegen_flat_filter_matches_query_engine
[INFO] [stdout]     codegen_group_by_matches_query_engine_across_multiple_row_groups
[INFO] [stdout]     codegen_join_matches_query_engine
[INFO] [stdout]     codegen_lag_lead_window_matches_query_engine
[INFO] [stdout]     codegen_row_number_window_matches_query_engine
[INFO] [stdout]     codegen_semi_join_matches_query_engine
[INFO] [stdout]     codegen_sum_over_window_matches_query_engine
[INFO] [stdout] 
[INFO] [stdout] test result: FAILED. 0 passed; 7 failed; 0 ignored; 0 measured; 0 filtered out; finished in 0.01s
[INFO] [stdout] 
[INFO] [stderr] error: test failed, to rerun pass `--test codegen_e2e`
[INFO] running `Command { std: "docker" "inspect" "7f5563e07887abed3e077c8931d0ac11366924845ace8f5bb4e375d53a12a020", kill_on_drop: false }`
[INFO] running `Command { std: "docker" "rm" "-f" "7f5563e07887abed3e077c8931d0ac11366924845ace8f5bb4e375d53a12a020", kill_on_drop: false }`
[INFO] [stdout] 7f5563e07887abed3e077c8931d0ac11366924845ace8f5bb4e375d53a12a020
