[INFO] cloning repository https://github.com/sumeete/limine-manager
[INFO] running `Command { std: "git" "-c" "credential.helper=" "-c" "credential.helper=/workspace/cargo-home/bin/git-credential-null" "clone" "--bare" "https://github.com/sumeete/limine-manager" "/workspace/cache/git-repos/https%3A%2F%2Fgithub.com%2Fsumeete%2Flimine-manager", kill_on_drop: false }`
[INFO] [stderr] Cloning into bare repository '/workspace/cache/git-repos/https%3A%2F%2Fgithub.com%2Fsumeete%2Flimine-manager'...
[INFO] running `Command { std: "git" "rev-parse" "HEAD", kill_on_drop: false }`
[INFO] [stdout] 618462ad570169f9e40158ec0a25fc80d0059c82
[INFO] testing sumeete/limine-manager against 1.100.0-beta.1+cargoflags=--release for beta-release-1.100-2
[INFO] running `Command { std: "git" "clone" "/workspace/cache/git-repos/https%3A%2F%2Fgithub.com%2Fsumeete%2Flimine-manager" "/workspace/builds/worker-5-tc2/source", kill_on_drop: false }`
[INFO] [stderr] Cloning into '/workspace/builds/worker-5-tc2/source'...
[INFO] [stderr] done.
[INFO] started tweaking git repo https://github.com/sumeete/limine-manager
[INFO] finished tweaking git repo https://github.com/sumeete/limine-manager
[INFO] tweaked toml for git repo https://github.com/sumeete/limine-manager written to /workspace/builds/worker-5-tc2/source/Cargo.toml
[INFO] validating manifest of git repo https://github.com/sumeete/limine-manager on toolchain 1.100.0-beta.1
[INFO] running `Command { std: CARGO_HOME="/workspace/cargo-home" RUSTUP_HOME="/workspace/rustup-home" "/workspace/cargo-home/bin/cargo" "+1.100.0-beta.1" "metadata" "--manifest-path" "Cargo.toml" "--no-deps", kill_on_drop: false }`
[INFO] crate git repo https://github.com/sumeete/limine-manager already has a lockfile, it will not be regenerated
[INFO] running `Command { std: CARGO_HOME="/workspace/cargo-home" RUSTUP_HOME="/workspace/rustup-home" "/workspace/cargo-home/bin/cargo" "+1.100.0-beta.1" "fetch" "--manifest-path" "Cargo.toml", kill_on_drop: false }`
[INFO] [stderr] warning: `package.homepage` is redundant with `package.repository`
[INFO] [stderr]   --> Cargo.toml:23:12
[INFO] [stderr]    |
[INFO] [stderr] 23 | homepage = "https://github.com/sumeete/limine-manager"
[INFO] [stderr]    |            ^^^^^^^^^^^^^^^^^^^^^^^^^^^^^^^^^^^^^^^^^^^
[INFO] [stderr] ...
[INFO] [stderr] 28 | repository = "https://github.com/sumeete/limine-manager"
[INFO] [stderr]    |              -------------------------------------------
[INFO] [stderr]    |
[INFO] [stderr]    = note: `cargo::redundant_homepage` is set to `warn` by default
[INFO] [stderr] help: consider removing `package.homepage`
[INFO] [stderr] warning: `limine-manager` (manifest) generated 1 warning
[INFO] running `Command { std: "docker" "create" "-v" "/var/lib/crater-agent-workspace/builds/worker-5-tc2/source:/opt/rustwide/workdir:ro,Z" "-v" "/var/lib/crater-agent-workspace/builds/worker-5-tc2/target:/opt/rustwide/target:rw,Z" "-v" "/var/lib/crater-agent-workspace/cargo-home:/opt/rustwide/cargo-home:ro,Z" "-v" "/var/lib/crater-agent-workspace/rustup-home:/opt/rustwide/rustup-home:ro,Z" "-m" "1610612736" "--network" "none" "ghcr.io/rust-lang/crates-build-env/linux@sha256:77db811e55d90add9212f6832c23229e3de5f1c1f9905e8cb07319ea15df73ac" "sleep" "infinity", kill_on_drop: false }`
[INFO] [stdout] 74d12dfa1bcad7170e847620dfae3a9c51c199516fe2c66c769c557c557434d9
[INFO] running `Command { std: "docker" "start" "74d12dfa1bcad7170e847620dfae3a9c51c199516fe2c66c769c557c557434d9", kill_on_drop: false }`
[INFO] running `Command { std: "docker" "inspect" "74d12dfa1bcad7170e847620dfae3a9c51c199516fe2c66c769c557c557434d9", kill_on_drop: false }`
[INFO] running `Command { std: "docker" "exec" "-e" "SOURCE_DIR=/opt/rustwide/workdir" "-e" "CARGO_HOME=/opt/rustwide/cargo-home" "-e" "RUSTUP_HOME=/opt/rustwide/rustup-home" "-e" "CARGO_TARGET_DIR=/opt/rustwide/target" "-w" "/opt/rustwide/workdir" "--user" "0:0" "74d12dfa1bcad7170e847620dfae3a9c51c199516fe2c66c769c557c557434d9" "/opt/rustwide/cargo-home/bin/cargo" "+1.100.0-beta.1" "metadata" "--no-deps" "--format-version=1", kill_on_drop: false }`
[INFO] running `Command { std: "docker" "inspect" "74d12dfa1bcad7170e847620dfae3a9c51c199516fe2c66c769c557c557434d9", kill_on_drop: false }`
[INFO] running `Command { std: "docker" "exec" "-e" "SOURCE_DIR=/opt/rustwide/workdir" "-e" "CARGO_HOME=/opt/rustwide/cargo-home" "-e" "RUSTUP_HOME=/opt/rustwide/rustup-home" "-e" "CARGO_TARGET_DIR=/opt/rustwide/target" "-e" "CARGO_INCREMENTAL=0" "-e" "RUST_BACKTRACE=full" "-e" "RUSTFLAGS=--cap-lints=warn" "-e" "RUSTDOCFLAGS=--cap-lints=warn" "-w" "/opt/rustwide/workdir" "--user" "0:0" "74d12dfa1bcad7170e847620dfae3a9c51c199516fe2c66c769c557c557434d9" "/opt/rustwide/cargo-home/bin/cargo" "+1.100.0-beta.1" "build" "--frozen" "--message-format=json" "--release", kill_on_drop: false }`
[INFO] [stderr] warning: `package.homepage` is redundant with `package.repository`
[INFO] [stderr]   --> Cargo.toml:23:12
[INFO] [stderr]    |
[INFO] [stderr] 23 | homepage = "https://github.com/sumeete/limine-manager"
[INFO] [stderr]    |            ^^^^^^^^^^^^^^^^^^^^^^^^^^^^^^^^^^^^^^^^^^^
[INFO] [stderr] ...
[INFO] [stderr] 28 | repository = "https://github.com/sumeete/limine-manager"
[INFO] [stderr]    |              -------------------------------------------
[INFO] [stderr]    |
[INFO] [stderr]    = note: `cargo::redundant_homepage` is set to `warn` by default
[INFO] [stderr] help: consider removing `package.homepage`
[INFO] [stderr] warning: `limine-manager` (manifest) generated 1 warning
[INFO] [stderr]    Compiling proc-macro2 v1.0.107
[INFO] [stderr]    Compiling unicode-ident v1.0.24
[INFO] [stderr]    Compiling quote v1.0.47
[INFO] [stderr]    Compiling libc v0.2.189
[INFO] [stderr]    Compiling rustversion v1.0.23
[INFO] [stderr]    Compiling cfg-if v1.0.4
[INFO] [stderr]    Compiling heck v0.5.0
[INFO] [stderr]    Compiling equivalent v1.0.2
[INFO] [stderr]    Compiling foldhash v0.2.0
[INFO] [stderr]    Compiling allocator-api2 v0.2.21
[INFO] [stderr]    Compiling ident_case v1.0.1
[INFO] [stderr]    Compiling strsim v0.11.1
[INFO] [stderr]    Compiling bitflags v2.13.1
[INFO] [stderr]    Compiling thiserror v2.0.20
[INFO] [stderr]    Compiling either v1.18.0
[INFO] [stderr]    Compiling signal-hook v0.3.18
[INFO] [stderr]    Compiling instability v0.3.13
[INFO] [stderr]    Compiling parking_lot_core v0.9.12
[INFO] [stderr]    Compiling unicode-segmentation v1.13.3
[INFO] [stderr]    Compiling ryu v1.0.23
[INFO] [stderr]    Compiling static_assertions v1.1.0
[INFO] [stderr]    Compiling itoa v1.0.18
[INFO] [stderr]    Compiling unicode-width v0.2.2
[INFO] [stderr]    Compiling indoc v2.0.7
[INFO] [stderr]    Compiling smallvec v1.15.2
[INFO] [stderr]    Compiling scopeguard v1.2.0
[INFO] [stderr]    Compiling critical-section v1.2.0
[INFO] [stderr]    Compiling log v0.4.33
[INFO] [stderr]    Compiling rustix v1.1.4
[INFO] [stderr]    Compiling lock_api v0.4.14
[INFO] [stderr]    Compiling utf8parse v0.2.2
[INFO] [stderr]    Compiling itertools v0.14.0
[INFO] [stderr]    Compiling litrs v1.0.0
[INFO] [stderr]    Compiling deranged v0.5.8
[INFO] [stderr]    Compiling num-conv v0.2.2
[INFO] [stderr]    Compiling powerfmt v0.2.0
[INFO] [stderr]    Compiling linux-raw-sys v0.12.1
[INFO] [stderr]    Compiling syn v3.0.3
[INFO] [stderr]    Compiling syn v2.0.119
[INFO] [stderr]    Compiling time-core v0.1.9
[INFO] [stderr]    Compiling hashbrown v0.16.1
[INFO] [stderr]    Compiling hashbrown v0.17.1
[INFO] [stderr]    Compiling convert_case v0.10.0
[INFO] [stderr]    Compiling num_threads v0.1.7
[INFO] [stderr]    Compiling anstyle-parse v1.0.0
[INFO] [stderr]    Compiling line-clipping v0.3.8
[INFO] [stderr]    Compiling is_terminal_polyfill v1.70.2
[INFO] [stderr]    Compiling anstyle-query v1.1.5
[INFO] [stderr]    Compiling anstyle v1.0.14
[INFO] [stderr]    Compiling castaway v0.2.4
[INFO] [stderr]    Compiling colorchoice v1.0.5
[INFO] [stderr]    Compiling clap_lex v1.1.0
[INFO] [stderr]    Compiling anyhow v1.0.104
[INFO] [stderr]    Compiling compact_str v0.9.1
[INFO] [stderr]    Compiling anstream v1.0.0
[INFO] [stderr]    Compiling document-features v0.2.12
[INFO] [stderr]    Compiling clap_builder v4.6.6
[INFO] [stderr]    Compiling lru v0.18.2
[INFO] [stderr]    Compiling errno v0.3.14
[INFO] [stderr]    Compiling mio v1.2.2
[INFO] [stderr]    Compiling time v0.3.55
[INFO] [stderr]    Compiling signal-hook-registry v1.4.8
[INFO] [stderr]    Compiling parking_lot v0.12.5
[INFO] [stderr]    Compiling signal-hook-mio v0.2.5
[INFO] [stderr]    Compiling unicode-truncate v2.0.1
[INFO] [stderr]    Compiling strum_macros v0.28.0
[INFO] [stderr]    Compiling derive_more-impl v2.1.1
[INFO] [stderr]    Compiling derive_more v2.1.1
[INFO] [stderr]    Compiling crossterm v0.29.0
[INFO] [stderr]    Compiling darling_core v0.24.1
[INFO] [stderr]    Compiling thiserror-impl v2.0.20
[INFO] [stderr]    Compiling clap_derive v4.6.4
[INFO] [stderr]    Compiling strum v0.28.0
[INFO] [stderr]    Compiling kasuari v0.4.12
[INFO] [stderr]    Compiling clap v4.6.6
[INFO] [stderr]    Compiling ratatui-core v0.1.2
[INFO] [stderr]    Compiling darling_macro v0.24.1
[INFO] [stderr]    Compiling darling v0.24.1
[INFO] [stderr]    Compiling ratatui-widgets v0.3.2
[INFO] [stderr]    Compiling ratatui-crossterm v0.1.2
[INFO] [stderr]    Compiling ratatui-macros v0.7.2
[INFO] [stderr]    Compiling ratatui v0.30.2
[INFO] [stderr]    Compiling limine-manager v0.1.0 (/opt/rustwide/workdir)
[INFO] [stderr]     Finished `release` profile [optimized] target(s) in 47.71s
[INFO] running `Command { std: "docker" "inspect" "74d12dfa1bcad7170e847620dfae3a9c51c199516fe2c66c769c557c557434d9", kill_on_drop: false }`
[INFO] running `Command { std: "docker" "exec" "-e" "SOURCE_DIR=/opt/rustwide/workdir" "-e" "CARGO_HOME=/opt/rustwide/cargo-home" "-e" "RUSTUP_HOME=/opt/rustwide/rustup-home" "-e" "CARGO_TARGET_DIR=/opt/rustwide/target" "-e" "CARGO_INCREMENTAL=0" "-e" "RUST_BACKTRACE=full" "-e" "RUSTFLAGS=--cap-lints=warn" "-e" "RUSTDOCFLAGS=--cap-lints=warn" "-w" "/opt/rustwide/workdir" "--user" "0:0" "74d12dfa1bcad7170e847620dfae3a9c51c199516fe2c66c769c557c557434d9" "/opt/rustwide/cargo-home/bin/cargo" "+1.100.0-beta.1" "test" "--frozen" "--no-run" "--message-format=json" "--release", kill_on_drop: false }`
[INFO] [stderr] warning: `package.homepage` is redundant with `package.repository`
[INFO] [stderr]   --> Cargo.toml:23:12
[INFO] [stderr]    |
[INFO] [stderr] 23 | homepage = "https://github.com/sumeete/limine-manager"
[INFO] [stderr]    |            ^^^^^^^^^^^^^^^^^^^^^^^^^^^^^^^^^^^^^^^^^^^
[INFO] [stderr] ...
[INFO] [stderr] 28 | repository = "https://github.com/sumeete/limine-manager"
[INFO] [stderr]    |              -------------------------------------------
[INFO] [stderr]    |
[INFO] [stderr]    = note: `cargo::redundant_homepage` is set to `warn` by default
[INFO] [stderr] help: consider removing `package.homepage`
[INFO] [stderr] warning: `limine-manager` (manifest) generated 1 warning
[INFO] [stderr]    Compiling libc v0.2.189
[INFO] [stderr]    Compiling rustix v1.1.4
[INFO] [stderr]    Compiling cfg-if v1.0.4
[INFO] [stderr]    Compiling bitflags v2.13.1
[INFO] [stderr]    Compiling equivalent v1.0.2
[INFO] [stderr]    Compiling foldhash v0.2.0
[INFO] [stderr]    Compiling allocator-api2 v0.2.21
[INFO] [stderr]    Compiling either v1.18.0
[INFO] [stderr]    Compiling castaway v0.2.4
[INFO] [stderr]    Compiling thiserror v2.0.20
[INFO] [stderr]    Compiling unicode-width v0.2.2
[INFO] [stderr]    Compiling static_assertions v1.1.0
[INFO] [stderr]    Compiling unicode-segmentation v1.13.3
[INFO] [stderr]    Compiling itoa v1.0.18
[INFO] [stderr]    Compiling ryu v1.0.23
[INFO] [stderr]    Compiling strum v0.28.0
[INFO] [stderr]    Compiling critical-section v1.2.0
[INFO] [stderr]    Compiling log v0.4.33
[INFO] [stderr]    Compiling linux-raw-sys v0.12.1
[INFO] [stderr]    Compiling smallvec v1.15.2
[INFO] [stderr]    Compiling scopeguard v1.2.0
[INFO] [stderr]    Compiling deranged v0.5.8
[INFO] [stderr]    Compiling num-conv v0.2.2
[INFO] [stderr]    Compiling lock_api v0.4.14
[INFO] [stderr]    Compiling compact_str v0.9.1
[INFO] [stderr]    Compiling itertools v0.14.0
[INFO] [stderr]    Compiling num_threads v0.1.7
[INFO] [stderr]    Compiling powerfmt v0.2.0
[INFO] [stderr]    Compiling utf8parse v0.2.2
[INFO] [stderr]    Compiling time-core v0.1.9
[INFO] [stderr]    Compiling anstyle-parse v1.0.0
[INFO] [stderr]    Compiling line-clipping v0.3.8
[INFO] [stderr]    Compiling derive_more v2.1.1
[INFO] [stderr]    Compiling anstyle v1.0.14
[INFO] [stderr]    Compiling colorchoice v1.0.5
[INFO] [stderr]    Compiling is_terminal_polyfill v1.70.2
[INFO] [stderr]    Compiling anstyle-query v1.1.5
[INFO] [stderr]    Compiling clap_lex v1.1.0
[INFO] [stderr]    Compiling strsim v0.11.1
[INFO] [stderr]    Compiling getrandom v0.4.3
[INFO] [stderr]    Compiling anyhow v1.0.104
[INFO] [stderr]    Compiling once_cell v1.21.4
[INFO] [stderr]    Compiling fastrand v2.5.0
[INFO] [stderr]    Compiling anstream v1.0.0
[INFO] [stderr]    Compiling hashbrown v0.17.1
[INFO] [stderr]    Compiling hashbrown v0.16.1
[INFO] [stderr]    Compiling clap_builder v4.6.6
[INFO] [stderr]    Compiling errno v0.3.14
[INFO] [stderr]    Compiling parking_lot_core v0.9.12
[INFO] [stderr]    Compiling mio v1.2.2
[INFO] [stderr]    Compiling signal-hook-registry v1.4.8
[INFO] [stderr]    Compiling parking_lot v0.12.5
[INFO] [stderr]    Compiling signal-hook v0.3.18
[INFO] [stderr]    Compiling lru v0.18.2
[INFO] [stderr]    Compiling kasuari v0.4.12
[INFO] [stderr]    Compiling time v0.3.55
[INFO] [stderr]    Compiling signal-hook-mio v0.2.5
[INFO] [stderr]    Compiling unicode-truncate v2.0.1
[INFO] [stderr]    Compiling ratatui-core v0.1.2
[INFO] [stderr]    Compiling crossterm v0.29.0
[INFO] [stderr]    Compiling tempfile v3.27.0
[INFO] [stderr]    Compiling clap v4.6.6
[INFO] [stderr]    Compiling ratatui-crossterm v0.1.2
[INFO] [stderr]    Compiling ratatui-widgets v0.3.2
[INFO] [stderr]    Compiling ratatui v0.30.2
[INFO] [stderr]    Compiling limine-manager v0.1.0 (/opt/rustwide/workdir)
[INFO] [stderr]    Compiling ratatui-macros v0.7.2
[INFO] [stderr]     Finished `release` profile [optimized] target(s) in 1m 08s
[INFO] running `Command { std: "docker" "inspect" "74d12dfa1bcad7170e847620dfae3a9c51c199516fe2c66c769c557c557434d9", kill_on_drop: false }`
[INFO] running `Command { std: "docker" "exec" "-e" "SOURCE_DIR=/opt/rustwide/workdir" "-e" "CARGO_HOME=/opt/rustwide/cargo-home" "-e" "RUSTUP_HOME=/opt/rustwide/rustup-home" "-e" "CARGO_TARGET_DIR=/opt/rustwide/target" "-e" "CARGO_INCREMENTAL=0" "-e" "RUST_BACKTRACE=full" "-e" "RUSTFLAGS=--cap-lints=warn" "-e" "RUSTDOCFLAGS=--cap-lints=warn" "-w" "/opt/rustwide/workdir" "--user" "0:0" "74d12dfa1bcad7170e847620dfae3a9c51c199516fe2c66c769c557c557434d9" "/opt/rustwide/cargo-home/bin/cargo" "+1.100.0-beta.1" "test" "--frozen" "--release", kill_on_drop: false }`
[INFO] [stderr] warning: `package.homepage` is redundant with `package.repository`
[INFO] [stderr]   --> Cargo.toml:23:12
[INFO] [stderr]    |
[INFO] [stderr] 23 | homepage = "https://github.com/sumeete/limine-manager"
[INFO] [stderr]    |            ^^^^^^^^^^^^^^^^^^^^^^^^^^^^^^^^^^^^^^^^^^^
[INFO] [stderr] ...
[INFO] [stderr] 28 | repository = "https://github.com/sumeete/limine-manager"
[INFO] [stderr]    |              -------------------------------------------
[INFO] [stderr]    |
[INFO] [stderr]    = note: `cargo::redundant_homepage` is set to `warn` by default
[INFO] [stderr] help: consider removing `package.homepage`
[INFO] [stderr] warning: `limine-manager` (manifest) generated 1 warning
[INFO] [stderr]     Finished `release` profile [optimized] target(s) in 0.20s
[INFO] [stderr]      Running unittests src/lib.rs (/opt/rustwide/target/release/build/limine-manager/8d66e458d1a7c69f/out/limine_manager-8d66e458d1a7c69f)
[INFO] [stdout] 
[INFO] [stdout] running 1 test
[INFO] [stderr]      Running unittests src/main.rs (/opt/rustwide/target/release/build/limine-manager/ecafa5d1c60311e2/out/limine_manager-ecafa5d1c60311e2)
[INFO] [stdout] test persist::tests::civil_conversion_matches_known_instants ... ok
[INFO] [stdout] 
[INFO] [stdout] test result: ok. 1 passed; 0 failed; 0 ignored; 0 measured; 0 filtered out; finished in 0.00s
[INFO] [stdout] 
[INFO] [stdout] 
[INFO] [stdout] running 0 tests
[INFO] [stdout] 
[INFO] [stdout] test result: ok. 0 passed; 0 failed; 0 ignored; 0 measured; 0 filtered out; finished in 0.00s
[INFO] [stdout] 
[INFO] [stderr]      Running tests/cli.rs (/opt/rustwide/target/release/build/limine-manager/f673809fa373dc7d/out/cli-f673809fa373dc7d)
[INFO] [stdout] 
[INFO] [stdout] running 9 tests
[INFO] [stdout] test check_succeeds_on_a_healthy_config ... FAILED
[INFO] [stdout] test check_exits_non_zero_when_there_are_errors ... FAILED
[INFO] [stdout] test list_marks_the_default_entry_and_indents_submenus ... FAILED
[INFO] [stdout] test saving_through_the_cli_leaves_a_backup ... FAILED
[INFO] [stdout] test default_can_be_read_and_set_by_path ... FAILED
[INFO] [stdout] test a_missing_config_reports_cleanly ... FAILED
[INFO] [stdout] test format_prints_without_modifying_the_file ... FAILED
[INFO] [stdout] test timeout_accepts_a_number_or_no_and_rejects_anything_else ... FAILED
[INFO] [stderr] error: test failed, to rerun pass `--test cli`
[INFO] [stdout] test default_refuses_an_entry_that_does_not_exist ... FAILED
[INFO] [stdout] 
[INFO] [stdout] failures:
[INFO] [stdout] 
[INFO] [stdout] ---- check_succeeds_on_a_healthy_config stdout ----
[INFO] [stdout] 
[INFO] [stdout] thread 'check_succeeds_on_a_healthy_config' (2048) panicked at tests/cli.rs:25:10:
[INFO] [stdout] failed to run limine-manager: Os { code: 2, kind: NotFound, message: "No such file or directory" }
[INFO] [stdout] stack backtrace:
[INFO] [stdout]    0:     0x57121bc49595 - <unknown>
[INFO] [stdout]    1:     0x57121bc3141a - <unknown>
[INFO] [stdout]    2:     0x57121bc48c2b - <unknown>
[INFO] [stdout]    3:     0x57121bc4870f - <unknown>
[INFO] [stdout]    4:     0x57121bc4833a - <unknown>
[INFO] [stdout]    5:     0x57121bc47e75 - <unknown>
[INFO] [stdout]    6:     0x57121bc6ecb1 - <unknown>
[INFO] [stdout]    7:     0x57121bc6ec69 - <unknown>
[INFO] [stdout]    8:     0x57121bc6f16c - <unknown>
[INFO] [stdout]    9:     0x57121bc312ab - <unknown>
[INFO] [stdout]   10:     0x57121bc34511 - <unknown>
[INFO] [stdout]   11:     0x57121bc29cdf - <unknown>
[INFO] [stdout]   12:     0x57121bc2d553 - <unknown>
[INFO] [stdout]   13:     0x57121bc88f9b - <unknown>
[INFO] [stdout]   14:     0x57121bc84f61 - <unknown>
[INFO] [stdout]   15:     0x57121bc8474c - <unknown>
[INFO] [stdout]   16:     0x57121bca43ec - <unknown>
[INFO] [stdout]   17:     0x57121bc709e4 - <unknown>
[INFO] [stdout]   18:     0x78327ad41dfa - <unknown>
[INFO] [stdout]   19:     0x78327add53d4 - clone
[INFO] [stdout]   20:                0x0 - <unknown>
[INFO] [stdout] 
[INFO] [stdout] ---- check_exits_non_zero_when_there_are_errors stdout ----
[INFO] [stdout] 
[INFO] [stdout] thread 'check_exits_non_zero_when_there_are_errors' (2047) panicked at tests/cli.rs:25:10:
[INFO] [stdout] failed to run limine-manager: Os { code: 2, kind: NotFound, message: "No such file or directory" }
[INFO] [stdout] stack backtrace:
[INFO] [stdout]    0:     0x57121bc49595 - <unknown>
[INFO] [stdout]    1:     0x57121bc3141a - <unknown>
[INFO] [stdout]    2:     0x57121bc48c2b - <unknown>
[INFO] [stdout]    3:     0x57121bc4870f - <unknown>
[INFO] [stdout]    4:     0x57121bc4833a - <unknown>
[INFO] [stdout]    5:     0x57121bc47e75 - <unknown>
[INFO] [stdout]    6:     0x57121bc6ecb1 - <unknown>
[INFO] [stdout]    7:     0x57121bc6ec69 - <unknown>
[INFO] [stdout]    8:     0x57121bc6f16c - <unknown>
[INFO] [stdout]    9:     0x57121bc312ab - <unknown>
[INFO] [stdout]   10:     0x57121bc34511 - <unknown>
[INFO] [stdout]   11:     0x57121bc29cdf - <unknown>
[INFO] [stdout]   12:     0x57121bc2eee8 - <unknown>
[INFO] [stdout]   13:     0x57121bc88f9b - <unknown>
[INFO] [stdout]   14:     0x57121bc84f61 - <unknown>
[INFO] [stdout]   15:     0x57121bc8474c - <unknown>
[INFO] [stdout]   16:     0x57121bca43ec - <unknown>
[INFO] [stdout]   17:     0x57121bc709e4 - <unknown>
[INFO] [stdout]   18:     0x78327ad41dfa - <unknown>
[INFO] [stdout]   19:     0x78327add53d4 - clone
[INFO] [stdout]   20:                0x0 - <unknown>
[INFO] [stdout] 
[INFO] [stdout] ---- list_marks_the_default_entry_and_indents_submenus stdout ----
[INFO] [stdout] 
[INFO] [stdout] thread 'list_marks_the_default_entry_and_indents_submenus' (2052) panicked at tests/cli.rs:25:10:
[INFO] [stdout] failed to run limine-manager: Os { code: 2, kind: NotFound, message: "No such file or directory" }
[INFO] [stdout] stack backtrace:
[INFO] [stdout]    0:     0x57121bc49595 - <unknown>
[INFO] [stdout]    1:     0x57121bc3141a - <unknown>
[INFO] [stdout]    2:     0x57121bc48c2b - <unknown>
[INFO] [stdout]    3:     0x57121bc4870f - <unknown>
[INFO] [stdout]    4:     0x57121bc4833a - <unknown>
[INFO] [stdout]    5:     0x57121bc47e75 - <unknown>
[INFO] [stdout]    6:     0x57121bc6ecb1 - <unknown>
[INFO] [stdout]    7:     0x57121bc6ec69 - <unknown>
[INFO] [stdout]    8:     0x57121bc6f16c - <unknown>
[INFO] [stdout]    9:     0x57121bc312ab - <unknown>
[INFO] [stdout]   10:     0x57121bc34511 - <unknown>
[INFO] [stdout]   11:     0x57121bc29cdf - <unknown>
[INFO] [stdout]   12:     0x57121bc2f653 - <unknown>
[INFO] [stdout]   13:     0x57121bc88f9b - <unknown>
[INFO] [stdout]   14:     0x57121bc84f61 - <unknown>
[INFO] [stdout]   15:     0x57121bc8474c - <unknown>
[INFO] [stdout]   16:     0x57121bca43ec - <unknown>
[INFO] [stdout]   17:     0x57121bc709e4 - <unknown>
[INFO] [stdout]   18:     0x78327ad41dfa - <unknown>
[INFO] [stdout]   19:     0x78327add53d4 - clone
[INFO] [stdout]   20:                0x0 - <unknown>
[INFO] [stdout] 
[INFO] [stdout] ---- saving_through_the_cli_leaves_a_backup stdout ----
[INFO] [stdout] 
[INFO] [stdout] thread 'saving_through_the_cli_leaves_a_backup' (2053) panicked at tests/cli.rs:25:10:
[INFO] [stdout] failed to run limine-manager: Os { code: 2, kind: NotFound, message: "No such file or directory" }
[INFO] [stdout] stack backtrace:
[INFO] [stdout]    0:     0x57121bc49595 - <unknown>
[INFO] [stdout]    1:     0x57121bc3141a - <unknown>
[INFO] [stdout]    2:     0x57121bc48c2b - <unknown>
[INFO] [stdout]    3:     0x57121bc4870f - <unknown>
[INFO] [stdout]    4:     0x57121bc4833a - <unknown>
[INFO] [stdout]    5:     0x57121bc47e75 - <unknown>
[INFO] [stdout]    6:     0x57121bc6ecb1 - <unknown>
[INFO] [stdout]    7:     0x57121bc6ec69 - <unknown>
[INFO] [stdout]    8:     0x57121bc6f16c - <unknown>
[INFO] [stdout]    9:     0x57121bc312ab - <unknown>
[INFO] [stdout]   10:     0x57121bc34511 - <unknown>
[INFO] [stdout]   11:     0x57121bc29cdf - <unknown>
[INFO] [stdout]   12:     0x57121bc2e149 - <unknown>
[INFO] [stdout]   13:     0x57121bc88f9b - <unknown>
[INFO] [stdout]   14:     0x57121bc84f61 - <unknown>
[INFO] [stdout]   15:     0x57121bc8474c - <unknown>
[INFO] [stdout]   16:     0x57121bca43ec - <unknown>
[INFO] [stdout]   17:     0x57121bc709e4 - <unknown>
[INFO] [stdout]   18:     0x78327ad41dfa - <unknown>
[INFO] [stdout]   19:     0x78327add53d4 - clone
[INFO] [stdout]   20:                0x0 - <unknown>
[INFO] [stdout] 
[INFO] [stdout] ---- default_can_be_read_and_set_by_path stdout ----
[INFO] [stdout] 
[INFO] [stdout] thread 'default_can_be_read_and_set_by_path' (2049) panicked at tests/cli.rs:25:10:
[INFO] [stdout] failed to run limine-manager: Os { code: 2, kind: NotFound, message: "No such file or directory" }
[INFO] [stdout] stack backtrace:
[INFO] [stdout]    0:     0x57121bc49595 - <unknown>
[INFO] [stdout]    1:     0x57121bc3141a - <unknown>
[INFO] [stdout]    2:     0x57121bc48c2b - <unknown>
[INFO] [stdout]    3:     0x57121bc4870f - <unknown>
[INFO] [stdout]    4:     0x57121bc4833a - <unknown>
[INFO] [stdout]    5:     0x57121bc47e75 - <unknown>
[INFO] [stdout]    6:     0x57121bc6ecb1 - <unknown>
[INFO] [stdout]    7:     0x57121bc6ec69 - <unknown>
[INFO] [stdout]    8:     0x57121bc6f16c - <unknown>
[INFO] [stdout]    9:     0x57121bc312ab - <unknown>
[INFO] [stdout]   10:     0x57121bc34511 - <unknown>
[INFO] [stdout]   11:     0x57121bc29cdf - <unknown>
[INFO] [stdout]   12:     0x57121bc2d76c - <unknown>
[INFO] [stdout]   13:     0x57121bc88f9b - <unknown>
[INFO] [stdout]   14:     0x57121bc84f61 - <unknown>
[INFO] [stdout]   15:     0x57121bc8474c - <unknown>
[INFO] [stdout]   16:     0x57121bca43ec - <unknown>
[INFO] [stdout]   17:     0x57121bc709e4 - <unknown>
[INFO] [stdout]   18:     0x78327ad41dfa - <unknown>
[INFO] [stdout]   19:     0x78327add53d4 - clone
[INFO] [stdout]   20:                0x0 - <unknown>
[INFO] [stdout] 
[INFO] [stdout] ---- a_missing_config_reports_cleanly stdout ----
[INFO] [stdout] 
[INFO] [stdout] thread 'a_missing_config_reports_cleanly' (2046) panicked at tests/cli.rs:178:10:
[INFO] [stdout] called `Result::unwrap()` on an `Err` value: Os { code: 2, kind: NotFound, message: "No such file or directory" }
[INFO] [stdout] stack backtrace:
[INFO] [stdout]    0:     0x57121bc49595 - <unknown>
[INFO] [stdout]    1:     0x57121bc3141a - <unknown>
[INFO] [stdout]    2:     0x57121bc48c2b - <unknown>
[INFO] [stdout]    3:     0x57121bc4870f - <unknown>
[INFO] [stdout]    4:     0x57121bc4833a - <unknown>
[INFO] [stdout]    5:     0x57121bc47e75 - <unknown>
[INFO] [stdout]    6:     0x57121bc6ecb1 - <unknown>
[INFO] [stdout]    7:     0x57121bc6ec69 - <unknown>
[INFO] [stdout]    8:     0x57121bc6f16c - <unknown>
[INFO] [stdout]    9:     0x57121bc312ab - <unknown>
[INFO] [stdout]   10:     0x57121bc34511 - <unknown>
[INFO] [stdout]   11:     0x57121bc2d3fe - <unknown>
[INFO] [stdout]   12:     0x57121bc88f9b - <unknown>
[INFO] [stdout]   13:     0x57121bc84f61 - <unknown>
[INFO] [stdout]   14:     0x57121bc8474c - <unknown>
[INFO] [stdout]   15:     0x57121bca43ec - <unknown>
[INFO] [stdout]   16:     0x57121bc709e4 - <unknown>
[INFO] [stdout]   17:     0x78327ad41dfa - <unknown>
[INFO] [stdout]   18:     0x78327add53d4 - clone
[INFO] [stdout]   19:                0x0 - <unknown>
[INFO] [stdout] 
[INFO] [stdout] ---- format_prints_without_modifying_the_file stdout ----
[INFO] [stdout] 
[INFO] [stdout] thread 'format_prints_without_modifying_the_file' (2051) panicked at tests/cli.rs:25:10:
[INFO] [stdout] failed to run limine-manager: Os { code: 2, kind: NotFound, message: "No such file or directory" }
[INFO] [stdout] stack backtrace:
[INFO] [stdout]    0:     0x57121bc49595 - <unknown>
[INFO] [stdout]    1:     0x57121bc3141a - <unknown>
[INFO] [stdout]    2:     0x57121bc48c2b - <unknown>
[INFO] [stdout]    3:     0x57121bc4870f - <unknown>
[INFO] [stdout]    4:     0x57121bc4833a - <unknown>
[INFO] [stdout]    5:     0x57121bc47e75 - <unknown>
[INFO] [stdout]    6:     0x57121bc6ecb1 - <unknown>
[INFO] [stdout]    7:     0x57121bc6ec69 - <unknown>
[INFO] [stdout]    8:     0x57121bc6f16c - <unknown>
[INFO] [stdout]    9:     0x57121bc312ab - <unknown>
[INFO] [stdout]   10:     0x57121bc34511 - <unknown>
[INFO] [stdout]   11:     0x57121bc29cdf - <unknown>
[INFO] [stdout]   12:     0x57121bc2ebe6 - <unknown>
[INFO] [stdout]   13:     0x57121bc88f9b - <unknown>
[INFO] [stdout]   14:     0x57121bc84f61 - <unknown>
[INFO] [stdout]   15:     0x57121bc8474c - <unknown>
[INFO] [stdout]   16:     0x57121bca43ec - <unknown>
[INFO] [stdout]   17:     0x57121bc709e4 - <unknown>
[INFO] [stdout]   18:     0x78327ad41dfa - <unknown>
[INFO] [stdout]   19:     0x78327add53d4 - clone
[INFO] [stdout]   20:                0x0 - <unknown>
[INFO] [stdout] 
[INFO] [stdout] ---- timeout_accepts_a_number_or_no_and_rejects_anything_else stdout ----
[INFO] [stdout] 
[INFO] [stdout] thread 'timeout_accepts_a_number_or_no_and_rejects_anything_else' (2054) panicked at tests/cli.rs:25:10:
[INFO] [stdout] failed to run limine-manager: Os { code: 2, kind: NotFound, message: "No such file or directory" }
[INFO] [stdout] stack backtrace:
[INFO] [stdout]    0:     0x57121bc49595 - <unknown>
[INFO] [stdout]    1:     0x57121bc3141a - <unknown>
[INFO] [stdout]    2:     0x57121bc48c2b - <unknown>
[INFO] [stdout]    3:     0x57121bc4870f - <unknown>
[INFO] [stdout]    4:     0x57121bc4833a - <unknown>
[INFO] [stdout]    5:     0x57121bc47e75 - <unknown>
[INFO] [stdout]    6:     0x57121bc6ecb1 - <unknown>
[INFO] [stdout]    7:     0x57121bc6ec69 - <unknown>
[INFO] [stdout]    8:     0x57121bc6f16c - <unknown>
[INFO] [stdout]    9:     0x57121bc312ab - <unknown>
[INFO] [stdout]   10:     0x57121bc34511 - <unknown>
[INFO] [stdout]   11:     0x57121bc29cdf - <unknown>
[INFO] [stdout]   12:     0x57121bc2f8e9 - <unknown>
[INFO] [stdout]   13:     0x57121bc88f9b - <unknown>
[INFO] [stdout]   14:     0x57121bc84f61 - <unknown>
[INFO] [stdout]   15:     0x57121bc8474c - <unknown>
[INFO] [stdout]   16:     0x57121bca43ec - <unknown>
[INFO] [stdout]   17:     0x57121bc709e4 - <unknown>
[INFO] [stdout]   18:     0x78327ad41dfa - <unknown>
[INFO] [stdout]   19:     0x78327add53d4 - clone
[INFO] [stdout]   20:                0x0 - <unknown>
[INFO] [stdout] 
[INFO] [stdout] ---- default_refuses_an_entry_that_does_not_exist stdout ----
[INFO] [stdout] 
[INFO] [stdout] thread 'default_refuses_an_entry_that_does_not_exist' (2050) panicked at tests/cli.rs:25:10:
[INFO] [stdout] failed to run limine-manager: Os { code: 2, kind: NotFound, message: "No such file or directory" }
[INFO] [stdout] stack backtrace:
[INFO] [stdout]    0:     0x57121bc49595 - <unknown>
[INFO] [stdout]    1:     0x57121bc3141a - <unknown>
[INFO] [stdout]    2:     0x57121bc48c2b - <unknown>
[INFO] [stdout]    3:     0x57121bc4870f - <unknown>
[INFO] [stdout]    4:     0x57121bc4833a - <unknown>
[INFO] [stdout]    5:     0x57121bc47e75 - <unknown>
[INFO] [stdout]    6:     0x57121bc6ecb1 - <unknown>
[INFO] [stdout]    7:     0x57121bc6ec69 - <unknown>
[INFO] [stdout]    8:     0x57121bc6f16c - <unknown>
[INFO] [stdout]    9:     0x57121bc312ab - <unknown>
[INFO] [stdout]   10:     0x57121bc34511 - <unknown>
[INFO] [stdout]   11:     0x57121bc29cdf - <unknown>
[INFO] [stdout]   12:     0x57121bc2f227 - <unknown>
[INFO] [stdout]   13:     0x57121bc88f9b - <unknown>
[INFO] [stdout]   14:     0x57121bc84f61 - <unknown>
[INFO] [stdout]   15:     0x57121bc8474c - <unknown>
[INFO] [stdout]   16:     0x57121bca43ec - <unknown>
[INFO] [stdout]   17:     0x57121bc709e4 - <unknown>
[INFO] [stdout]   18:     0x78327ad41dfa - <unknown>
[INFO] [stdout]   19:     0x78327add53d4 - clone
[INFO] [stdout]   20:                0x0 - <unknown>
[INFO] [stdout] 
[INFO] [stdout] 
[INFO] [stdout] failures:
[INFO] [stdout]     a_missing_config_reports_cleanly
[INFO] [stdout]     check_exits_non_zero_when_there_are_errors
[INFO] [stdout]     check_succeeds_on_a_healthy_config
[INFO] [stdout]     default_can_be_read_and_set_by_path
[INFO] [stdout]     default_refuses_an_entry_that_does_not_exist
[INFO] [stdout]     format_prints_without_modifying_the_file
[INFO] [stdout]     list_marks_the_default_entry_and_indents_submenus
[INFO] [stdout]     saving_through_the_cli_leaves_a_backup
[INFO] [stdout]     timeout_accepts_a_number_or_no_and_rejects_anything_else
[INFO] [stdout] 
[INFO] [stdout] test result: FAILED. 0 passed; 9 failed; 0 ignored; 0 measured; 0 filtered out; finished in 0.04s
[INFO] [stdout] 
[INFO] running `Command { std: "docker" "inspect" "74d12dfa1bcad7170e847620dfae3a9c51c199516fe2c66c769c557c557434d9", kill_on_drop: false }`
[INFO] running `Command { std: "docker" "rm" "-f" "74d12dfa1bcad7170e847620dfae3a9c51c199516fe2c66c769c557c557434d9", kill_on_drop: false }`
[INFO] [stdout] 74d12dfa1bcad7170e847620dfae3a9c51c199516fe2c66c769c557c557434d9
