[INFO] cloning repository https://github.com/sotomayorlucas/sotfs
[INFO] running `Command { std: "git" "-c" "credential.helper=" "-c" "credential.helper=/workspace/cargo-home/bin/git-credential-null" "clone" "--bare" "https://github.com/sotomayorlucas/sotfs" "/workspace/cache/git-repos/https%3A%2F%2Fgithub.com%2Fsotomayorlucas%2Fsotfs", kill_on_drop: false }`
[INFO] [stderr] Cloning into bare repository '/workspace/cache/git-repos/https%3A%2F%2Fgithub.com%2Fsotomayorlucas%2Fsotfs'...
[INFO] running `Command { std: "git" "rev-parse" "HEAD", kill_on_drop: false }`
[INFO] [stdout] e8e6a15fc17fceea1c54cd6849c028b55f468d55
[INFO] testing sotomayorlucas/sotfs against 1.100.0-beta.1+cargoflags=--release for beta-release-1.100-2
[INFO] running `Command { std: "git" "clone" "/workspace/cache/git-repos/https%3A%2F%2Fgithub.com%2Fsotomayorlucas%2Fsotfs" "/workspace/builds/worker-5-tc2/source", kill_on_drop: false }`
[INFO] [stderr] Cloning into '/workspace/builds/worker-5-tc2/source'...
[INFO] [stderr] done.
[INFO] removed /workspace/builds/worker-5-tc2/source/rust-toolchain.toml
[INFO] started tweaking git repo https://github.com/sotomayorlucas/sotfs
[INFO] finished tweaking git repo https://github.com/sotomayorlucas/sotfs
[INFO] tweaked toml for git repo https://github.com/sotomayorlucas/sotfs written to /workspace/builds/worker-5-tc2/source/Cargo.toml
[INFO] validating manifest of git repo https://github.com/sotomayorlucas/sotfs on toolchain 1.100.0-beta.1
[INFO] running `Command { std: CARGO_HOME="/workspace/cargo-home" RUSTUP_HOME="/workspace/rustup-home" "/workspace/cargo-home/bin/cargo" "+1.100.0-beta.1" "metadata" "--manifest-path" "Cargo.toml" "--no-deps", kill_on_drop: false }`
[INFO] crate git repo https://github.com/sotomayorlucas/sotfs already has a lockfile, it will not be regenerated
[INFO] running `Command { std: CARGO_HOME="/workspace/cargo-home" RUSTUP_HOME="/workspace/rustup-home" "/workspace/cargo-home/bin/cargo" "+1.100.0-beta.1" "fetch" "--manifest-path" "Cargo.toml", kill_on_drop: false }`
[INFO] [stderr] warning: unused workspace dependency `sotfs-cli`
[INFO] [stderr]   --> Cargo.toml:13:25
[INFO] [stderr]    |
[INFO] [stderr] 13 | [workspace.dependencies.sotfs-cli]
[INFO] [stderr]    |                         ^^^^^^^^^
[INFO] [stderr]    |
[INFO] [stderr]    = note: `cargo::unused_workspace_dependencies` is set to `warn` by default
[INFO] [stderr] help: consider removing the workspace dependency `sotfs-cli`
[INFO] [stderr] warning: unused field `description` in `workspace.package`
[INFO] [stderr]   --> Cargo.toml:31:1
[INFO] [stderr]    |
[INFO] [stderr] 31 | description = "sotFS — content-addressed type-graph filesystem with DPO rewrites"
[INFO] [stderr]    | ^^^^^^^^^^^
[INFO] [stderr]    |
[INFO] [stderr]    = note: `cargo::unused_workspace_package_fields` is set to `warn` by default
[INFO] [stderr] help: consider removing the field `workspace.package.description`
[INFO] [stderr] warning: unused field `readme` in `workspace.package`
[INFO] [stderr]   --> Cargo.toml:34:1
[INFO] [stderr]    |
[INFO] [stderr] 34 | readme = "README.md"
[INFO] [stderr]    | ^^^^^^
[INFO] [stderr]    |
[INFO] [stderr] help: consider removing the field `workspace.package.readme`
[INFO] [stderr] warning: workspace (manifest) generated 3 warnings
[INFO] running `Command { std: "docker" "create" "-v" "/var/lib/crater-agent-workspace/builds/worker-5-tc2/source:/opt/rustwide/workdir:ro,Z" "-v" "/var/lib/crater-agent-workspace/builds/worker-5-tc2/target:/opt/rustwide/target:rw,Z" "-v" "/var/lib/crater-agent-workspace/cargo-home:/opt/rustwide/cargo-home:ro,Z" "-v" "/var/lib/crater-agent-workspace/rustup-home:/opt/rustwide/rustup-home:ro,Z" "-m" "1610612736" "--network" "none" "ghcr.io/rust-lang/crates-build-env/linux@sha256:77db811e55d90add9212f6832c23229e3de5f1c1f9905e8cb07319ea15df73ac" "sleep" "infinity", kill_on_drop: false }`
[INFO] [stdout] 045888c4a254e2ef4014c6f9b4cd008ce7cd183f4e604dba1c231860c64e008f
[INFO] running `Command { std: "docker" "start" "045888c4a254e2ef4014c6f9b4cd008ce7cd183f4e604dba1c231860c64e008f", kill_on_drop: false }`
[INFO] running `Command { std: "docker" "inspect" "045888c4a254e2ef4014c6f9b4cd008ce7cd183f4e604dba1c231860c64e008f", kill_on_drop: false }`
[INFO] running `Command { std: "docker" "exec" "-e" "SOURCE_DIR=/opt/rustwide/workdir" "-e" "CARGO_HOME=/opt/rustwide/cargo-home" "-e" "RUSTUP_HOME=/opt/rustwide/rustup-home" "-e" "CARGO_TARGET_DIR=/opt/rustwide/target" "-w" "/opt/rustwide/workdir" "--user" "0:0" "045888c4a254e2ef4014c6f9b4cd008ce7cd183f4e604dba1c231860c64e008f" "/opt/rustwide/cargo-home/bin/cargo" "+1.100.0-beta.1" "metadata" "--no-deps" "--format-version=1", kill_on_drop: false }`
[INFO] running `Command { std: "docker" "inspect" "045888c4a254e2ef4014c6f9b4cd008ce7cd183f4e604dba1c231860c64e008f", kill_on_drop: false }`
[INFO] running `Command { std: "docker" "exec" "-e" "SOURCE_DIR=/opt/rustwide/workdir" "-e" "CARGO_HOME=/opt/rustwide/cargo-home" "-e" "RUSTUP_HOME=/opt/rustwide/rustup-home" "-e" "CARGO_TARGET_DIR=/opt/rustwide/target" "-e" "CARGO_INCREMENTAL=0" "-e" "RUST_BACKTRACE=full" "-e" "RUSTFLAGS=--cap-lints=warn" "-e" "RUSTDOCFLAGS=--cap-lints=warn" "-w" "/opt/rustwide/workdir" "--user" "0:0" "045888c4a254e2ef4014c6f9b4cd008ce7cd183f4e604dba1c231860c64e008f" "/opt/rustwide/cargo-home/bin/cargo" "+1.100.0-beta.1" "build" "--frozen" "--message-format=json" "--release", kill_on_drop: false }`
[INFO] [stderr] warning: unused workspace dependency `sotfs-cli`
[INFO] [stderr]   --> Cargo.toml:13:25
[INFO] [stderr]    |
[INFO] [stderr] 13 | [workspace.dependencies.sotfs-cli]
[INFO] [stderr]    |                         ^^^^^^^^^
[INFO] [stderr]    |
[INFO] [stderr]    = note: `cargo::unused_workspace_dependencies` is set to `warn` by default
[INFO] [stderr] help: consider removing the workspace dependency `sotfs-cli`
[INFO] [stderr] warning: unused field `description` in `workspace.package`
[INFO] [stderr]   --> Cargo.toml:31:1
[INFO] [stderr]    |
[INFO] [stderr] 31 | description = "sotFS — content-addressed type-graph filesystem with DPO rewrites"
[INFO] [stderr]    | ^^^^^^^^^^^
[INFO] [stderr]    |
[INFO] [stderr]    = note: `cargo::unused_workspace_package_fields` is set to `warn` by default
[INFO] [stderr] help: consider removing the field `workspace.package.description`
[INFO] [stderr] warning: unused field `readme` in `workspace.package`
[INFO] [stderr]   --> Cargo.toml:34:1
[INFO] [stderr]    |
[INFO] [stderr] 34 | readme = "README.md"
[INFO] [stderr]    | ^^^^^^
[INFO] [stderr]    |
[INFO] [stderr] help: consider removing the field `workspace.package.readme`
[INFO] [stderr] warning: workspace (manifest) generated 3 warnings
[INFO] [stderr]    Compiling libc v0.2.186
[INFO] [stderr]    Compiling serde v1.0.219
[INFO] [stderr]    Compiling redb v2.1.0
[INFO] [stderr]    Compiling nix v0.29.0
[INFO] [stderr]    Compiling zerocopy v0.8.48
[INFO] [stderr]    Compiling bitflags v2.11.1
[INFO] [stderr]    Compiling regex-automata v0.4.14
[INFO] [stderr]    Compiling fuser v0.15.1
[INFO] [stderr]    Compiling jiff v0.2.15
[INFO] [stderr]    Compiling sotfs-experimental v0.2.4 (/opt/rustwide/workdir/sotfs-experimental)
[INFO] [stderr]    Compiling anstream v0.6.21
[INFO] [stderr]    Compiling serde_derive v1.0.219
[INFO] [stderr]    Compiling zerocopy-derive v0.8.48
[INFO] [stderr]    Compiling regex v1.12.3
[INFO] [stderr]    Compiling page_size v0.6.0
[INFO] [stderr]    Compiling parking_lot_core v0.9.12
[INFO] [stderr]    Compiling parking_lot v0.12.5
[INFO] [stderr]    Compiling env_filter v1.0.1
[INFO] [stderr]    Compiling env_logger v0.11.9
[INFO] [stderr]    Compiling sotfs-graph v0.2.4 (/opt/rustwide/workdir/sotfs-graph)
[INFO] [stderr]    Compiling serde_json v1.0.143
[INFO] [stderr]    Compiling sotfs-ops v0.2.4 (/opt/rustwide/workdir/sotfs-ops)
[INFO] [stderr]    Compiling sotfs-monitor v0.2.4 (/opt/rustwide/workdir/sotfs-monitor)
[INFO] [stderr]    Compiling sotfs-storage v0.2.4 (/opt/rustwide/workdir/sotfs-storage)
[INFO] [stderr]    Compiling sotfs-tx v0.2.4 (/opt/rustwide/workdir/sotfs-tx)
[INFO] [stderr]    Compiling sotfs-fuse v0.2.4 (/opt/rustwide/workdir/sotfs-fuse)
[INFO] [stderr]    Compiling sotfs-cli v0.2.4 (/opt/rustwide/workdir/sotfs-cli)
[INFO] [stderr] warning: unused dependency `sotfs-tx`
[INFO] [stderr]   --> sotfs-fuse/Cargo.toml:11:1
[INFO] [stderr]    |
[INFO] [stderr] 11 | sotfs-tx = { workspace = true }
[INFO] [stderr]    | ^^^^^^^^^^^^^^^^^^^^^^^^^^^^^^^
[INFO] [stderr]    |
[INFO] [stderr]    = note: `cargo::unused_dependencies` is set to `warn` by default
[INFO] [stderr] help: consider removing the dependency on `sotfs-tx`
[INFO] [stderr] warning: `sotfs-fuse` (manifest) generated 1 warning
[INFO] [stderr] warning: unused dependency `thiserror`
[INFO] [stderr]   --> sotfs-graph/Cargo.toml:14:1
[INFO] [stderr]    |
[INFO] [stderr] 14 | thiserror = { workspace = true, optional = true }
[INFO] [stderr]    | ^^^^^^^^^^^^^^^^^^^^^^^^^^^^^^^^^^^^^^^^^^^^^^^^^
[INFO] [stderr]    |
[INFO] [stderr]    = note: `cargo::unused_dependencies` is set to `warn` by default
[INFO] [stderr] help: consider removing the dependency on `thiserror`
[INFO] [stderr] warning: `sotfs-graph` (manifest) generated 1 warning
[INFO] [stderr] warning: unused dependency `sotfs-ops`
[INFO] [stderr]   --> sotfs-storage/Cargo.toml:10:1
[INFO] [stderr]    |
[INFO] [stderr] 10 | sotfs-ops = { workspace = true }
[INFO] [stderr]    | ^^^^^^^^^^^^^^^^^^^^^^^^^^^^^^^^
[INFO] [stderr]    |
[INFO] [stderr]    = note: `cargo::unused_dependencies` is set to `warn` by default
[INFO] [stderr] help: consider removing the dependency on `sotfs-ops`
[INFO] [stderr] warning: `sotfs-storage` (manifest) generated 1 warning
[INFO] [stderr] warning: unused dependency `sotfs-ops`
[INFO] [stderr]   --> sotfs-tx/Cargo.toml:10:1
[INFO] [stderr]    |
[INFO] [stderr] 10 | sotfs-ops = { workspace = true }
[INFO] [stderr]    | ^^^^^^^^^^^^^^^^^^^^^^^^^^^^^^^^
[INFO] [stderr]    |
[INFO] [stderr]    = note: `cargo::unused_dependencies` is set to `warn` by default
[INFO] [stderr] help: consider removing the dependency on `sotfs-ops`
[INFO] [stderr] warning: `sotfs-tx` (manifest) generated 1 warning
[INFO] [stderr]     Finished `release` profile [optimized] target(s) in 50.21s
[INFO] [stderr] warning: the following packages contain code that will be rejected by a future version of Rust: nix v0.29.0
[INFO] [stderr] note: to see what the problems were, use the option `--future-incompat-report`, or run `cargo report future-incompatibilities --id 4`
[INFO] running `Command { std: "docker" "inspect" "045888c4a254e2ef4014c6f9b4cd008ce7cd183f4e604dba1c231860c64e008f", kill_on_drop: false }`
[INFO] running `Command { std: "docker" "exec" "-e" "SOURCE_DIR=/opt/rustwide/workdir" "-e" "CARGO_HOME=/opt/rustwide/cargo-home" "-e" "RUSTUP_HOME=/opt/rustwide/rustup-home" "-e" "CARGO_TARGET_DIR=/opt/rustwide/target" "-e" "CARGO_INCREMENTAL=0" "-e" "RUST_BACKTRACE=full" "-e" "RUSTFLAGS=--cap-lints=warn" "-e" "RUSTDOCFLAGS=--cap-lints=warn" "-w" "/opt/rustwide/workdir" "--user" "0:0" "045888c4a254e2ef4014c6f9b4cd008ce7cd183f4e604dba1c231860c64e008f" "/opt/rustwide/cargo-home/bin/cargo" "+1.100.0-beta.1" "test" "--frozen" "--no-run" "--message-format=json" "--release", kill_on_drop: false }`
[INFO] [stderr] warning: unused workspace dependency `sotfs-cli`
[INFO] [stderr]   --> Cargo.toml:13:25
[INFO] [stderr]    |
[INFO] [stderr] 13 | [workspace.dependencies.sotfs-cli]
[INFO] [stderr]    |                         ^^^^^^^^^
[INFO] [stderr]    |
[INFO] [stderr]    = note: `cargo::unused_workspace_dependencies` is set to `warn` by default
[INFO] [stderr] help: consider removing the workspace dependency `sotfs-cli`
[INFO] [stderr] warning: unused field `description` in `workspace.package`
[INFO] [stderr]   --> Cargo.toml:31:1
[INFO] [stderr]    |
[INFO] [stderr] 31 | description = "sotFS — content-addressed type-graph filesystem with DPO rewrites"
[INFO] [stderr]    | ^^^^^^^^^^^
[INFO] [stderr]    |
[INFO] [stderr]    = note: `cargo::unused_workspace_package_fields` is set to `warn` by default
[INFO] [stderr] help: consider removing the field `workspace.package.description`
[INFO] [stderr] warning: unused field `readme` in `workspace.package`
[INFO] [stderr]   --> Cargo.toml:34:1
[INFO] [stderr]    |
[INFO] [stderr] 34 | readme = "README.md"
[INFO] [stderr]    | ^^^^^^
[INFO] [stderr]    |
[INFO] [stderr] help: consider removing the field `workspace.package.readme`
[INFO] [stderr] warning: workspace (manifest) generated 3 warnings
[INFO] [stderr]    Compiling zerocopy v0.8.48
[INFO] [stderr]    Compiling regex-automata v0.4.14
[INFO] [stderr]    Compiling ciborium-io v0.2.2
[INFO] [stderr]    Compiling plotters-backend v0.3.7
[INFO] [stderr]    Compiling cast v0.3.0
[INFO] [stderr]    Compiling getrandom v0.4.2
[INFO] [stderr]    Compiling clap_builder v4.6.0
[INFO] [stderr]    Compiling itertools v0.10.5
[INFO] [stderr]    Compiling is-terminal v0.4.17
[INFO] [stderr]    Compiling getrandom v0.3.4
[INFO] [stderr]    Compiling serde v1.0.219
[INFO] [stderr]    Compiling anes v0.1.6
[INFO] [stderr]    Compiling oorandom v11.1.5
[INFO] [stderr]    Compiling wait-timeout v0.2.1
[INFO] [stderr]    Compiling rayon v1.12.0
[INFO] [stderr]    Compiling quick-error v1.2.3
[INFO] [stderr]    Compiling bit-vec v0.8.0
[INFO] [stderr]    Compiling unarray v0.1.4
[INFO] [stderr]    Compiling tempfile v3.27.0
[INFO] [stderr]    Compiling rand_core v0.9.5
[INFO] [stderr]    Compiling nix v0.29.0
[INFO] [stderr]    Compiling cc v1.2.61
[INFO] [stderr]    Compiling tracing v0.1.44
[INFO] [stderr]    Compiling sotfs-experimental v0.2.4 (/opt/rustwide/workdir/sotfs-experimental)
[INFO] [stderr]    Compiling plotters-svg v0.3.7
[INFO] [stderr]    Compiling bit-set v0.8.0
[INFO] [stderr]    Compiling plotters v0.3.7
[INFO] [stderr]    Compiling rand_xorshift v0.4.0
[INFO] [stderr]    Compiling rand v0.9.4
[INFO] [stderr]    Compiling rusty-fork v0.3.1
[INFO] [stderr]    Compiling generator v0.8.8
[INFO] [stderr]    Compiling criterion-plot v0.5.0
[INFO] [stderr]    Compiling clap v4.6.1
[INFO] [stderr]    Compiling sotfs-graph v0.2.4 (/opt/rustwide/workdir/sotfs-graph)
[INFO] [stderr]    Compiling serde_json v1.0.143
[INFO] [stderr]    Compiling regex v1.12.3
[INFO] [stderr]    Compiling matchers v0.2.0
[INFO] [stderr]    Compiling tracing-subscriber v0.3.23
[INFO] [stderr]    Compiling tinytemplate v1.2.1
[INFO] [stderr]    Compiling env_filter v1.0.1
[INFO] [stderr]    Compiling env_logger v0.11.9
[INFO] [stderr]    Compiling sotfs-ops v0.2.4 (/opt/rustwide/workdir/sotfs-ops)
[INFO] [stderr]    Compiling sotfs-monitor v0.2.4 (/opt/rustwide/workdir/sotfs-monitor)
[INFO] [stderr]    Compiling sotfs-storage v0.2.4 (/opt/rustwide/workdir/sotfs-storage)
[INFO] [stderr]    Compiling half v2.7.1
[INFO] [stderr]    Compiling ppv-lite86 v0.2.21
[INFO] [stderr]    Compiling sotfs-tx v0.2.4 (/opt/rustwide/workdir/sotfs-tx)
[INFO] [stderr]    Compiling fuser v0.15.1
[INFO] [stderr]    Compiling ciborium-ll v0.2.2
[INFO] [stderr]    Compiling rand_chacha v0.9.0
[INFO] [stderr]    Compiling ciborium v0.2.2
[INFO] [stderr]    Compiling proptest v1.11.0
[INFO] [stderr]    Compiling criterion v0.5.1
[INFO] [stderr]    Compiling loom v0.7.2
[INFO] [stderr]    Compiling sotfs-fuse v0.2.4 (/opt/rustwide/workdir/sotfs-fuse)
[INFO] [stderr]    Compiling sotfs-cli v0.2.4 (/opt/rustwide/workdir/sotfs-cli)
[INFO] [stderr] warning: unused dependency `sotfs-tx`
[INFO] [stderr]   --> sotfs-fuse/Cargo.toml:11:1
[INFO] [stderr]    |
[INFO] [stderr] 11 | sotfs-tx = { workspace = true }
[INFO] [stderr]    | ^^^^^^^^^^^^^^^^^^^^^^^^^^^^^^^
[INFO] [stderr]    |
[INFO] [stderr]    = note: `cargo::unused_dependencies` is set to `warn` by default
[INFO] [stderr] help: consider removing the dependency on `sotfs-tx`
[INFO] [stderr] warning: `sotfs-fuse` (manifest) generated 1 warning
[INFO] [stderr] warning: unused dependency `thiserror`
[INFO] [stderr]   --> sotfs-graph/Cargo.toml:14:1
[INFO] [stderr]    |
[INFO] [stderr] 14 | thiserror = { workspace = true, optional = true }
[INFO] [stderr]    | ^^^^^^^^^^^^^^^^^^^^^^^^^^^^^^^^^^^^^^^^^^^^^^^^^
[INFO] [stderr]    |
[INFO] [stderr]    = note: `cargo::unused_dependencies` is set to `warn` by default
[INFO] [stderr] help: consider removing the dependency on `thiserror`
[INFO] [stderr] warning: `sotfs-graph` (manifest) generated 1 warning
[INFO] [stderr] warning: unused dependency `sotfs-ops`
[INFO] [stderr]   --> sotfs-storage/Cargo.toml:10:1
[INFO] [stderr]    |
[INFO] [stderr] 10 | sotfs-ops = { workspace = true }
[INFO] [stderr]    | ^^^^^^^^^^^^^^^^^^^^^^^^^^^^^^^^
[INFO] [stderr]    |
[INFO] [stderr]    = note: `cargo::unused_dependencies` is set to `warn` by default
[INFO] [stderr] help: consider removing the dependency on `sotfs-ops`
[INFO] [stderr] help: to still use for development builds, move to `dev-dependencies`
[INFO] [stderr] warning: `sotfs-storage` (manifest) generated 1 warning
[INFO] [stderr] warning: unused dependency `sotfs-ops`
[INFO] [stderr]   --> sotfs-tx/Cargo.toml:10:1
[INFO] [stderr]    |
[INFO] [stderr] 10 | sotfs-ops = { workspace = true }
[INFO] [stderr]    | ^^^^^^^^^^^^^^^^^^^^^^^^^^^^^^^^
[INFO] [stderr]    |
[INFO] [stderr]    = note: `cargo::unused_dependencies` is set to `warn` by default
[INFO] [stderr] help: consider removing the dependency on `sotfs-ops`
[INFO] [stderr] help: to still use for development builds, move to `dev-dependencies`
[INFO] [stderr] warning: `sotfs-tx` (manifest) generated 1 warning
[INFO] [stderr]     Finished `release` profile [optimized] target(s) in 1m 39s
[INFO] [stderr] warning: the following packages contain code that will be rejected by a future version of Rust: nix v0.29.0
[INFO] [stderr] note: to see what the problems were, use the option `--future-incompat-report`, or run `cargo report future-incompatibilities --id 4`
[INFO] running `Command { std: "docker" "inspect" "045888c4a254e2ef4014c6f9b4cd008ce7cd183f4e604dba1c231860c64e008f", kill_on_drop: false }`
[INFO] running `Command { std: "docker" "exec" "-e" "SOURCE_DIR=/opt/rustwide/workdir" "-e" "CARGO_HOME=/opt/rustwide/cargo-home" "-e" "RUSTUP_HOME=/opt/rustwide/rustup-home" "-e" "CARGO_TARGET_DIR=/opt/rustwide/target" "-e" "CARGO_INCREMENTAL=0" "-e" "RUST_BACKTRACE=full" "-e" "RUSTFLAGS=--cap-lints=warn" "-e" "RUSTDOCFLAGS=--cap-lints=warn" "-w" "/opt/rustwide/workdir" "--user" "0:0" "045888c4a254e2ef4014c6f9b4cd008ce7cd183f4e604dba1c231860c64e008f" "/opt/rustwide/cargo-home/bin/cargo" "+1.100.0-beta.1" "test" "--frozen" "--release", kill_on_drop: false }`
[INFO] [stderr] warning: unused workspace dependency `sotfs-cli`
[INFO] [stderr]   --> Cargo.toml:13:25
[INFO] [stderr]    |
[INFO] [stderr] 13 | [workspace.dependencies.sotfs-cli]
[INFO] [stderr]    |                         ^^^^^^^^^
[INFO] [stderr]    |
[INFO] [stderr]    = note: `cargo::unused_workspace_dependencies` is set to `warn` by default
[INFO] [stderr] help: consider removing the workspace dependency `sotfs-cli`
[INFO] [stderr] warning: unused field `description` in `workspace.package`
[INFO] [stderr]   --> Cargo.toml:31:1
[INFO] [stderr]    |
[INFO] [stderr] 31 | description = "sotFS — content-addressed type-graph filesystem with DPO rewrites"
[INFO] [stderr]    | ^^^^^^^^^^^
[INFO] [stderr]    |
[INFO] [stderr]    = note: `cargo::unused_workspace_package_fields` is set to `warn` by default
[INFO] [stderr] help: consider removing the field `workspace.package.description`
[INFO] [stderr] warning: unused field `readme` in `workspace.package`
[INFO] [stderr]   --> Cargo.toml:34:1
[INFO] [stderr]    |
[INFO] [stderr] 34 | readme = "README.md"
[INFO] [stderr]    | ^^^^^^
[INFO] [stderr]    |
[INFO] [stderr] help: consider removing the field `workspace.package.readme`
[INFO] [stderr] warning: workspace (manifest) generated 3 warnings
[INFO] [stderr] warning: unused dependency `sotfs-tx`
[INFO] [stderr]   --> sotfs-fuse/Cargo.toml:11:1
[INFO] [stderr]    |
[INFO] [stderr] 11 | sotfs-tx = { workspace = true }
[INFO] [stderr]    | ^^^^^^^^^^^^^^^^^^^^^^^^^^^^^^^
[INFO] [stderr]    |
[INFO] [stderr]    = note: `cargo::unused_dependencies` is set to `warn` by default
[INFO] [stderr] help: consider removing the dependency on `sotfs-tx`
[INFO] [stderr] warning: `sotfs-fuse` (manifest) generated 1 warning
[INFO] [stderr] warning: unused dependency `thiserror`
[INFO] [stderr]   --> sotfs-graph/Cargo.toml:14:1
[INFO] [stderr]    |
[INFO] [stderr] 14 | thiserror = { workspace = true, optional = true }
[INFO] [stderr]    | ^^^^^^^^^^^^^^^^^^^^^^^^^^^^^^^^^^^^^^^^^^^^^^^^^
[INFO] [stderr]    |
[INFO] [stderr]    = note: `cargo::unused_dependencies` is set to `warn` by default
[INFO] [stderr] help: consider removing the dependency on `thiserror`
[INFO] [stderr] warning: `sotfs-graph` (manifest) generated 1 warning
[INFO] [stderr] warning: unused dependency `sotfs-ops`
[INFO] [stderr]   --> sotfs-storage/Cargo.toml:10:1
[INFO] [stderr]    |
[INFO] [stderr] 10 | sotfs-ops = { workspace = true }
[INFO] [stderr]    | ^^^^^^^^^^^^^^^^^^^^^^^^^^^^^^^^
[INFO] [stderr]    |
[INFO] [stderr]    = note: `cargo::unused_dependencies` is set to `warn` by default
[INFO] [stderr] help: consider removing the dependency on `sotfs-ops`
[INFO] [stderr] help: to still use for development builds, move to `dev-dependencies`
[INFO] [stderr] warning: `sotfs-storage` (manifest) generated 1 warning
[INFO] [stderr] warning: unused dependency `sotfs-ops`
[INFO] [stderr]   --> sotfs-tx/Cargo.toml:10:1
[INFO] [stderr]    |
[INFO] [stderr] 10 | sotfs-ops = { workspace = true }
[INFO] [stderr]    | ^^^^^^^^^^^^^^^^^^^^^^^^^^^^^^^^
[INFO] [stderr]    |
[INFO] [stderr]    = note: `cargo::unused_dependencies` is set to `warn` by default
[INFO] [stderr] help: consider removing the dependency on `sotfs-ops`
[INFO] [stderr] help: to still use for development builds, move to `dev-dependencies`
[INFO] [stderr] warning: `sotfs-tx` (manifest) generated 1 warning
[INFO] [stderr]     Finished `release` profile [optimized] target(s) in 0.17s
[INFO] [stderr] warning: the following packages contain code that will be rejected by a future version of Rust: nix v0.29.0
[INFO] [stderr] note: to see what the problems were, use the option `--future-incompat-report`, or run `cargo report future-incompatibilities --id 4`
[INFO] [stderr]      Running unittests src/main.rs (/opt/rustwide/target/release/build/sotfs-cli/4ab5053cb1d90514/out/sotfs_dot-4ab5053cb1d90514)
[INFO] [stderr]      Running unittests src/bin/export_hunter.rs (/opt/rustwide/target/release/build/sotfs-cli/1921d7e1b39e0f2c/out/sotfs_export_hunter-1921d7e1b39e0f2c)
[INFO] [stdout] 
[INFO] [stderr]      Running unittests src/bin/sotfsctl.rs (/opt/rustwide/target/release/build/sotfs-cli/4e164570a3506419/out/sotfsctl-4e164570a3506419)
[INFO] [stdout] running 0 tests
[INFO] [stdout] 
[INFO] [stdout] test result: ok. 0 passed; 0 failed; 0 ignored; 0 measured; 0 filtered out; finished in 0.00s
[INFO] [stdout] 
[INFO] [stdout] 
[INFO] [stdout] running 0 tests
[INFO] [stdout] 
[INFO] [stdout] test result: ok. 0 passed; 0 failed; 0 ignored; 0 measured; 0 filtered out; finished in 0.00s
[INFO] [stdout] 
[INFO] [stdout] 
[INFO] [stderr]      Running tests/dot_and_export.rs (/opt/rustwide/target/release/build/sotfs-cli/af0c4f1849c7c317/out/dot_and_export-af0c4f1849c7c317)
[INFO] [stdout] running 0 tests
[INFO] [stdout] 
[INFO] [stdout] test result: ok. 0 passed; 0 failed; 0 ignored; 0 measured; 0 filtered out; finished in 0.00s
[INFO] [stdout] 
[INFO] [stdout] 
[INFO] [stdout] running 26 tests
[INFO] [stdout] test hunter_no_args_fails_with_usage ... ok
[INFO] [stdout] test dot_rename_writes_before_after ... ok
[INFO] [stdout] test hunter_extra_positional_fails ... ok
[INFO] [stdout] test hunter_short_help_prints_usage_and_succeeds ... ok
[INFO] [stdout] test dot_mkdir_writes_before_after ... ok
[INFO] [stdout] test hunter_help_prints_usage_and_succeeds ... ok
[INFO] [stdout] test hunter_dash_o_without_arg_fails ... ok
[INFO] [stdout] test dot_no_args_fails_with_usage ... ok
[INFO] [stdout] test dot_unlink_writes_before_after ... ok
[INFO] [stdout] test hunter_tail_with_invalid_max_events_fails_with_arg_error ... ok
[INFO] [stdout] test hunter_tail_poll_ms_without_arg_fails ... ok
[INFO] [stdout] test hunter_unknown_flag_fails ... ok
[INFO] [stdout] test hunter_tail_max_events_without_arg_fails ... ok
[INFO] [stdout] test hunter_tail_once_reads_existing_and_exits ... ok
[INFO] [stdout] test hunter_tail_missing_file_reports_open_error ... ok
[INFO] [stdout] test dot_unknown_op_fails ... ok
[INFO] [stdout] test hunter_tail_once_skips_malformed_lines_without_failing ... ok
[INFO] [stdout] test dot_link_writes_before_after ... ok
[INFO] [stdout] test dot_create_file_writes_before_after ... ok
[INFO] [stdout] sotFS: created /tmp/sotfs-cli-hunter-output-3133-1792304506086670986/vol.redb (root_inode=1, root_dir=1)
[INFO] [stdout] sotFS: created /tmp/sotfs-cli-hunter-file-3133-1792304506083664626/vol.redb (root_inode=1, root_dir=1)
[INFO] [stdout] test hunter_tail_with_invalid_poll_ms_fails_with_arg_error ... ok
[INFO] [stdout] test hunter_open_failure_reports_path ... ok
[INFO] [stdout] sotFS: created /tmp/sotfs-cli-hunter-stdout-3133-1792304506090339466/vol.redb (root_inode=1, root_dir=1)
[INFO] [stdout] test hunter_snapshot_to_file_writes_bytes ... ok
[INFO] [stdout] test hunter_snapshot_long_output_flag_works ... ok
[INFO] [stdout] test hunter_snapshot_to_stdout_emits_json ... ok
[INFO] [stdout] test hunter_tail_follow_picks_up_new_lines ... ok
[INFO] [stdout] test hunter_tail_follow_handles_truncation ... ok
[INFO] [stdout] 
[INFO] [stdout] test result: ok. 26 passed; 0 failed; 0 ignored; 0 measured; 0 filtered out; finished in 0.27s
[INFO] [stdout] 
[INFO] [stderr]      Running tests/sotfsctl_integration.rs (/opt/rustwide/target/release/build/sotfs-cli/914d19b4b83896d3/out/sotfsctl_integration-914d19b4b83896d3)
[INFO] [stdout] 
[INFO] [stdout] running 13 tests
[INFO] [stdout] test no_args_prints_usage_and_fails ... ok
[INFO] [stdout] test mkfs_missing_path_fails_with_arg_error ... ok
[INFO] [stdout] test unknown_subcommand_fails_with_usage ... ok
[INFO] [stdout] test check_missing_path_fails_with_arg_error ... ok
[INFO] [stdout] test prov_missing_path_fails_with_arg_error ... ok
[INFO] [stdout] test dump_missing_path_fails_with_arg_error ... ok
[INFO] [stdout] sotFS: created /tmp/sotfsctl-test-3191-1792304506367869171/dump-bad.redb (root_inode=1, root_dir=1)
[INFO] [stdout] sotFS: created /tmp/sotfsctl-test-3191-1792304506364954012/dump-dot.redb (root_inode=1, root_dir=1)
[INFO] [stdout] sotFS: created /tmp/sotfsctl-test-3191-1792304506363865402/dump-d3.redb (root_inode=1, root_dir=1)
[INFO] [stdout] test check_on_missing_db_reports_error ... ok
[INFO] [stdout] sotFS: created /tmp/sotfsctl-test-3191-1792304506363446792/prov-filter.redb (root_inode=1, root_dir=1)
[INFO] [stdout] test dump_unknown_format_fails ... ok
[INFO] [stdout] test prov_with_sidecar_filters_by_inode ... ok
[INFO] [stdout] sotFS: created /tmp/sotfsctl-test-3191-1792304506366834251/prov.redb (root_inode=1, root_dir=1)
[INFO] [stdout] test mkfs_creates_empty_volume_then_check_passes ... ok
[INFO] [stdout] test dump_d3_emits_json ... ok
[INFO] [stdout] test dump_dot_emits_graphviz ... ok
[INFO] [stdout] test prov_on_missing_sidecar_reports_no_entries ... ok
[INFO] [stdout] 
[INFO] [stdout] test result: ok. 13 passed; 0 failed; 0 ignored; 0 measured; 0 filtered out; finished in 0.08s
[INFO] [stdout] 
[INFO] [stderr]      Running unittests src/lib.rs (/opt/rustwide/target/release/build/sotfs-experimental/2dc437bbbe7d584f/out/sotfs_experimental-2dc437bbbe7d584f)
[INFO] [stdout] 
[INFO] [stdout] running 6 tests
[INFO] [stdout] test tests::capability_attenuation_never_escalates ... ok
[INFO] [stderr]      Running unittests src/lib.rs (/opt/rustwide/target/release/build/sotfs-fuse/0203eb933eab62a7/out/sotfs_fuse-0203eb933eab62a7)
[INFO] [stdout] test tests::transaction_must_terminate ... ok
[INFO] [stdout] test tests::inode_unlink_still_linked ... ok
[INFO] [stdout] test tests::transaction_abort ... ok
[INFO] [stdout] test tests::inode_lifecycle_happy_path ... ok
[INFO] [stdout] test tests::directory_rmdir_only_when_empty ... ok
[INFO] [stdout] 
[INFO] [stdout] test result: ok. 6 passed; 0 failed; 0 ignored; 0 measured; 0 filtered out; finished in 0.01s
[INFO] [stdout] 
[INFO] [stderr]      Running unittests src/main.rs (/opt/rustwide/target/release/build/sotfs-fuse/97abc9cfda82135d/out/sotfs_fuse-97abc9cfda82135d)
[INFO] [stdout] 
[INFO] [stdout] running 0 tests
[INFO] [stdout] 
[INFO] [stdout] test result: ok. 0 passed; 0 failed; 0 ignored; 0 measured; 0 filtered out; finished in 0.00s
[INFO] [stdout] 
[INFO] [stdout] 
[INFO] [stderr]      Running tests/cli_args.rs (/opt/rustwide/target/release/build/sotfs-fuse/95bc9dbb1aadc2af/out/cli_args-95bc9dbb1aadc2af)
[INFO] [stdout] running 0 tests
[INFO] [stdout] 
[INFO] [stdout] test result: ok. 0 passed; 0 failed; 0 ignored; 0 measured; 0 filtered out; finished in 0.00s
[INFO] [stdout] 
[INFO] [stdout] 
[INFO] [stdout] running 4 tests
[INFO] [stdout] test help_exits_with_code_2 ... FAILED
[INFO] [stdout] test missing_db_arg_rejected ... FAILED
[INFO] [stdout] test missing_mountpoint_rejected ... FAILED
[INFO] [stdout] test unknown_flag_rejected ... FAILED
[INFO] [stdout] 
[INFO] [stdout] failures:
[INFO] [stdout] 
[INFO] [stdout] ---- help_exits_with_code_2 stdout ----
[INFO] [stdout] 
[INFO] [stdout] thread 'help_exits_with_code_2' (3234) panicked at sotfs-fuse/tests/cli_args.rs:23:44:
[INFO] [stdout] spawn: Os { code: 2, kind: NotFound, message: "No such file or directory" }
[INFO] [stdout] stack backtrace:
[INFO] [stdout]    0:     0x64040e8512c1 - <<std[617be2ca0a6fd877]::sys::backtrace::BacktraceLock>::print::DisplayBacktrace as core[a373ad73a504971]::fmt::Display>::fmt
[INFO] [stdout]    1:     0x64040e8651ba - core[a373ad73a504971]::fmt::write
[INFO] [stdout]    2:     0x64040e8554dc - <alloc[2e1b2a31b91974c5]::vec::Vec<u8> as core[a373ad73a504971]::io::write::Write>::write_fmt
[INFO] [stdout]    3:     0x64040e82d436 - std[617be2ca0a6fd877]::panicking::default_hook::{closure#0}
[INFO] [stdout]    4:     0x64040e849959 - std[617be2ca0a6fd877]::panicking::default_hook
[INFO] [stdout]    5:     0x64040e7e5d10 - test[aada8e7e76ba119b]::test_main_inner::{closure#0}
[INFO] [stdout]    6:     0x64040e849b12 - std[617be2ca0a6fd877]::panicking::panic_with_hook
[INFO] [stdout]    7:     0x64040e82d4e2 - std[617be2ca0a6fd877]::panicking::panic_handler::{closure#0}
[INFO] [stdout]    8:     0x64040e8261f9 - std[617be2ca0a6fd877]::sys::backtrace::__rust_end_short_backtrace::<std[617be2ca0a6fd877]::panicking::panic_handler::{closure#0}, !>
[INFO] [stdout]    9:     0x64040e82e0ed - __rustc[ea4f61d10b84890b]::rust_begin_unwind
[INFO] [stdout]   10:     0x64040e8658ec - core[a373ad73a504971]::panicking::panic_fmt
[INFO] [stdout]   11:     0x64040e8656c2 - core[a373ad73a504971]::result::unwrap_failed
[INFO] [stdout]   12:     0x64040e7d8cd9 - <cli_args[285cfc8290250c5e]::help_exits_with_code_2::{closure#0} as core[a373ad73a504971]::ops::function::FnOnce<()>>::call_once
[INFO] [stdout]   13:     0x64040e7d915b - test[aada8e7e76ba119b]::__rust_begin_short_backtrace::<core[a373ad73a504971]::result::Result<(), alloc[2e1b2a31b91974c5]::string::String>, fn() -> core[a373ad73a504971]::result::Result<(), alloc[2e1b2a31b91974c5]::string::String>>
[INFO] [stdout]   14:     0x64040e7e6335 - test[aada8e7e76ba119b]::run_test::{closure#0}
[INFO] [stdout]   15:     0x64040e7dfc24 - std[617be2ca0a6fd877]::sys::backtrace::__rust_begin_short_backtrace::<test[aada8e7e76ba119b]::run_test::{closure#1}, ()>
[INFO] [stdout]   16:     0x64040e7e93c2 - <std[617be2ca0a6fd877]::thread::lifecycle::spawn_unchecked<test[aada8e7e76ba119b]::run_test::{closure#1}, ()>::{closure#1} as core[a373ad73a504971]::ops::function::FnOnce<()>>::call_once::{shim:vtable#0}
[INFO] [stdout]   17:     0x64040e850b1f - <std[617be2ca0a6fd877]::sys::thread::unix::Thread>::new::thread_start
[INFO] [stdout]   18:     0x7027f577bdfa - <unknown>
[INFO] [stdout]   19:     0x7027f580f3d4 - clone
[INFO] [stdout]   20:                0x0 - <unknown>
[INFO] [stdout] 
[INFO] [stdout] ---- missing_db_arg_rejected stdout ----
[INFO] [stdout] 
[INFO] [stdout] thread 'missing_db_arg_rejected' (3235) panicked at sotfs-fuse/tests/cli_args.rs:44:58:
[INFO] [stdout] spawn: Os { code: 2, kind: NotFound, message: "No such file or directory" }
[INFO] [stdout] stack backtrace:
[INFO] [stdout]    0:     0x64040e8512c1 - <<std[617be2ca0a6fd877]::sys::backtrace::BacktraceLock>::print::DisplayBacktrace as core[a373ad73a504971]::fmt::Display>::fmt
[INFO] [stdout]    1:     0x64040e8651ba - core[a373ad73a504971]::fmt::write
[INFO] [stdout]    2:     0x64040e8554dc - <alloc[2e1b2a31b91974c5]::vec::Vec<u8> as core[a373ad73a504971]::io::write::Write>::write_fmt
[INFO] [stdout]    3:     0x64040e82d436 - std[617be2ca0a6fd877]::panicking::default_hook::{closure#0}
[INFO] [stdout]    4:     0x64040e849959 - std[617be2ca0a6fd877]::panicking::default_hook
[INFO] [stdout]    5:     0x64040e7e5d10 - test[aada8e7e76ba119b]::test_main_inner::{closure#0}
[INFO] [stdout]    6:     0x64040e849b12 - std[617be2ca0a6fd877]::panicking::panic_with_hook
[INFO] [stdout]    7:     0x64040e82d4e2 - std[617be2ca0a6fd877]::panicking::panic_handler::{closure#0}
[INFO] [stdout]    8:     0x64040e8261f9 - std[617be2ca0a6fd877]::sys::backtrace::__rust_end_short_backtrace::<std[617be2ca0a6fd877]::panicking::panic_handler::{closure#0}, !>
[INFO] [stdout]    9:     0x64040e82e0ed - __rustc[ea4f61d10b84890b]::rust_begin_unwind
[INFO] [stdout]   10:     0x64040e8658ec - core[a373ad73a504971]::panicking::panic_fmt
[INFO] [stdout]   11:     0x64040e8656c2 - core[a373ad73a504971]::result::unwrap_failed
[INFO] [stdout]   12:     0x64040e7d8f14 - <cli_args[285cfc8290250c5e]::missing_db_arg_rejected::{closure#0} as core[a373ad73a504971]::ops::function::FnOnce<()>>::call_once
[INFO] [stdout]   13:     0x64040e7d915b - test[aada8e7e76ba119b]::__rust_begin_short_backtrace::<core[a373ad73a504971]::result::Result<(), alloc[2e1b2a31b91974c5]::string::String>, fn() -> core[a373ad73a504971]::result::Result<(), alloc[2e1b2a31b91974c5]::string::String>>
[INFO] [stdout]   14:     0x64040e7e6335 - test[aada8e7e76ba119b]::run_test::{closure#0}
[INFO] [stdout]   15:     0x64040e7dfc24 - std[617be2ca0a6fd877]::sys::backtrace::__rust_begin_short_backtrace::<test[aada8e7e76ba119b]::run_test::{closure#1}, ()>
[INFO] [stdout]   16:     0x64040e7e93c2 - <std[617be2ca0a6fd877]::thread::lifecycle::spawn_unchecked<test[aada8e7e76ba119b]::run_test::{closure#1}, ()>::{closure#1} as core[a373ad73a504971]::ops::function::FnOnce<()>>::call_once::{shim:vtable#0}
[INFO] [stdout]   17:     0x64040e850b1f - <std[617be2ca0a6fd877]::sys::thread::unix::Thread>::new::thread_start
[INFO] [stdout]   18:     0x7027f577bdfa - <unknown>
[INFO] [stdout]   19:     0x7027f580f3d4 - clone
[INFO] [stdout]   20:                0x0 - <unknown>
[INFO] [stdout] 
[INFO] [stdout] ---- missing_mountpoint_rejected stdout ----
[INFO] [stdout] 
[INFO] [stdout] thread 'missing_mountpoint_rejected' (3236) panicked at sotfs-fuse/tests/cli_args.rs:52:30:
[INFO] [stdout] spawn: Os { code: 2, kind: NotFound, message: "No such file or directory" }
[INFO] [stdout] stack backtrace:
[INFO] [stdout]    0:     0x64040e8512c1 - <<std[617be2ca0a6fd877]::sys::backtrace::BacktraceLock>::print::DisplayBacktrace as core[a373ad73a504971]::fmt::Display>::fmt
[INFO] [stdout]    1:     0x64040e8651ba - core[a373ad73a504971]::fmt::write
[INFO] [stdout]    2:     0x64040e8554dc - <alloc[2e1b2a31b91974c5]::vec::Vec<u8> as core[a373ad73a504971]::io::write::Write>::write_fmt
[INFO] [stdout]    3:     0x64040e82d436 - std[617be2ca0a6fd877]::panicking::default_hook::{closure#0}
[INFO] [stdout]    4:     0x64040e849959 - std[617be2ca0a6fd877]::panicking::default_hook
[INFO] [stdout]    5:     0x64040e7e5d10 - test[aada8e7e76ba119b]::test_main_inner::{closure#0}
[INFO] [stdout]    6:     0x64040e849b12 - std[617be2ca0a6fd877]::panicking::panic_with_hook
[INFO] [stdout]    7:     0x64040e82d4e2 - std[617be2ca0a6fd877]::panicking::panic_handler::{closure#0}
[INFO] [stdout]    8:     0x64040e8261f9 - std[617be2ca0a6fd877]::sys::backtrace::__rust_end_short_backtrace::<std[617be2ca0a6fd877]::panicking::panic_handler::{closure#0}, !>
[INFO] [stdout]    9:     0x64040e82e0ed - __rustc[ea4f61d10b84890b]::rust_begin_unwind
[INFO] [stdout]   10:     0x64040e8658ec - core[a373ad73a504971]::panicking::panic_fmt
[INFO] [stdout]   11:     0x64040e8656c2 - core[a373ad73a504971]::result::unwrap_failed
[INFO] [stdout]   12:     0x64040e7d90a0 - <cli_args[285cfc8290250c5e]::missing_mountpoint_rejected::{closure#0} as core[a373ad73a504971]::ops::function::FnOnce<()>>::call_once
[INFO] [stdout]   13:     0x64040e7d915b - test[aada8e7e76ba119b]::__rust_begin_short_backtrace::<core[a373ad73a504971]::result::Result<(), alloc[2e1b2a31b91974c5]::string::String>, fn() -> core[a373ad73a504971]::result::Result<(), alloc[2e1b2a31b91974c5]::string::String>>
[INFO] [stdout]   14:     0x64040e7e6335 - test[aada8e7e76ba119b]::run_test::{closure#0}
[INFO] [stdout]   15:     0x64040e7dfc24 - std[617be2ca0a6fd877]::sys::backtrace::__rust_begin_short_backtrace::<test[aada8e7e76ba119b]::run_test::{closure#1}, ()>
[INFO] [stdout]   16:     0x64040e7e93c2 - <std[617be2ca0a6fd877]::thread::lifecycle::spawn_unchecked<test[aada8e7e76ba119b]::run_test::{closure#1}, ()>::{closure#1} as core[a373ad73a504971]::ops::function::FnOnce<()>>::call_once::{shim:vtable#0}
[INFO] [stdout]   17:     0x64040e850b1f - <std[617be2ca0a6fd877]::sys::thread::unix::Thread>::new::thread_start
[INFO] [stdout]   18:     0x7027f577bdfa - <unknown>
[INFO] [stdout]   19:     0x7027f580f3d4 - clone
[INFO] [stdout]   20:                0x0 - <unknown>
[INFO] [stdout] 
[INFO] [stdout] ---- unknown_flag_rejected stdout ----
[INFO] [stdout] 
[INFO] [stdout] thread 'unknown_flag_rejected' (3237) panicked at sotfs-fuse/tests/cli_args.rs:36:10:
[INFO] [stdout] spawn: Os { code: 2, kind: NotFound, message: "No such file or directory" }
[INFO] [stdout] stack backtrace:
[INFO] [stdout]    0:     0x64040e8512c1 - <<std[617be2ca0a6fd877]::sys::backtrace::BacktraceLock>::print::DisplayBacktrace as core[a373ad73a504971]::fmt::Display>::fmt
[INFO] [stdout]    1:     0x64040e8651ba - core[a373ad73a504971]::fmt::write
[INFO] [stdout]    2:     0x64040e8554dc - <alloc[2e1b2a31b91974c5]::vec::Vec<u8> as core[a373ad73a504971]::io::write::Write>::write_fmt
[INFO] [stdout]    3:     0x64040e82d436 - std[617be2ca0a6fd877]::panicking::default_hook::{closure#0}
[INFO] [stdout]    4:     0x64040e849959 - std[617be2ca0a6fd877]::panicking::default_hook
[INFO] [stdout]    5:     0x64040e7e5d10 - test[aada8e7e76ba119b]::test_main_inner::{closure#0}
[INFO] [stdout]    6:     0x64040e849b12 - std[617be2ca0a6fd877]::panicking::panic_with_hook
[INFO] [stdout]    7:     0x64040e82d4e2 - std[617be2ca0a6fd877]::panicking::panic_handler::{closure#0}
[INFO] [stdout]    8:     0x64040e8261f9 - std[617be2ca0a6fd877]::sys::backtrace::__rust_end_short_backtrace::<std[617be2ca0a6fd877]::panicking::panic_handler::{closure#0}, !>
[INFO] [stdout]    9:     0x64040e82e0ed - __rustc[ea4f61d10b84890b]::rust_begin_unwind
[INFO] [stdout]   10:     0x64040e8658ec - core[a373ad73a504971]::panicking::panic_fmt
[INFO] [stdout]   11:     0x64040e8656c2 - core[a373ad73a504971]::result::unwrap_failed
[INFO] [stdout]   12:     0x64040e7d8a84 - <cli_args[285cfc8290250c5e]::unknown_flag_rejected::{closure#0} as core[a373ad73a504971]::ops::function::FnOnce<()>>::call_once
[INFO] [stdout]   13:     0x64040e7d915b - test[aada8e7e76ba119b]::__rust_begin_short_backtrace::<core[a373ad73a504971]::result::Result<(), alloc[2e1b2a31b91974c5]::string::String>, fn() -> core[a373ad73a504971]::result::Result<(), alloc[2e1b2a31b91974c5]::string::String>>
[INFO] [stdout]   14:     0x64040e7e6335 - test[aada8e7e76ba119b]::run_test::{closure#0}
[INFO] [stdout]   15:     0x64040e7dfc24 - std[617be2ca0a6fd877]::sys::backtrace::__rust_begin_short_backtrace::<test[aada8e7e76ba119b]::run_test::{closure#1}, ()>
[INFO] [stdout]   16:     0x64040e7e93c2 - <std[617be2ca0a6fd877]::thread::lifecycle::spawn_unchecked<test[aada8e7e76ba119b]::run_test::{closure#1}, ()>::{closure#1} as core[a373ad73a504971]::ops::function::FnOnce<()>>::call_once::{shim:vtable#0}
[INFO] [stdout]   17:     0x64040e850b1f - <std[617be2ca0a6fd877]::sys::thread::unix::Thread>::new::thread_start
[INFO] [stdout]   18:     0x7027f577bdfa - <unknown>
[INFO] [stdout]   19:     0x7027f580f3d4 - clone
[INFO] [stdout]   20:                0x0 - <unknown>
[INFO] [stdout] 
[INFO] [stdout] 
[INFO] [stdout] failures:
[INFO] [stdout]     help_exits_with_code_2
[INFO] [stdout]     missing_db_arg_rejected
[INFO] [stdout]     missing_mountpoint_rejected
[INFO] [stdout]     unknown_flag_rejected
[INFO] [stdout] 
[INFO] [stdout] test result: FAILED. 0 passed; 4 failed; 0 ignored; 0 measured; 0 filtered out; finished in 0.00s
[INFO] [stdout] 
[INFO] [stderr] error: test failed, to rerun pass `-p sotfs-fuse --test cli_args`
[INFO] running `Command { std: "docker" "inspect" "045888c4a254e2ef4014c6f9b4cd008ce7cd183f4e604dba1c231860c64e008f", kill_on_drop: false }`
[INFO] running `Command { std: "docker" "rm" "-f" "045888c4a254e2ef4014c6f9b4cd008ce7cd183f4e604dba1c231860c64e008f", kill_on_drop: false }`
[INFO] [stdout] 045888c4a254e2ef4014c6f9b4cd008ce7cd183f4e604dba1c231860c64e008f
