[INFO] cloning repository https://github.com/sleb/lop
[INFO] running `Command { std: "git" "-c" "credential.helper=" "-c" "credential.helper=/workspace/cargo-home/bin/git-credential-null" "clone" "--bare" "https://github.com/sleb/lop" "/workspace/cache/git-repos/https%3A%2F%2Fgithub.com%2Fsleb%2Flop", kill_on_drop: false }`
[INFO] [stderr] Cloning into bare repository '/workspace/cache/git-repos/https%3A%2F%2Fgithub.com%2Fsleb%2Flop'...
[INFO] running `Command { std: "git" "rev-parse" "HEAD", kill_on_drop: false }`
[INFO] [stdout] 5da803c9892783eb463453d1c7eb89c36dab0656
[INFO] testing sleb/lop against 1.100.0-beta.1+cargoflags=--release for beta-release-1.100-2
[INFO] running `Command { std: "git" "clone" "/workspace/cache/git-repos/https%3A%2F%2Fgithub.com%2Fsleb%2Flop" "/workspace/builds/worker-5-tc2/source", kill_on_drop: false }`
[INFO] [stderr] Cloning into '/workspace/builds/worker-5-tc2/source'...
[INFO] [stderr] done.
[INFO] started tweaking git repo https://github.com/sleb/lop
[INFO] finished tweaking git repo https://github.com/sleb/lop
[INFO] tweaked toml for git repo https://github.com/sleb/lop written to /workspace/builds/worker-5-tc2/source/Cargo.toml
[INFO] validating manifest of git repo https://github.com/sleb/lop on toolchain 1.100.0-beta.1
[INFO] running `Command { std: CARGO_HOME="/workspace/cargo-home" RUSTUP_HOME="/workspace/rustup-home" "/workspace/cargo-home/bin/cargo" "+1.100.0-beta.1" "metadata" "--manifest-path" "Cargo.toml" "--no-deps", kill_on_drop: false }`
[INFO] crate git repo https://github.com/sleb/lop already has a lockfile, it will not be regenerated
[INFO] running `Command { std: CARGO_HOME="/workspace/cargo-home" RUSTUP_HOME="/workspace/rustup-home" "/workspace/cargo-home/bin/cargo" "+1.100.0-beta.1" "fetch" "--manifest-path" "Cargo.toml", kill_on_drop: false }`
[INFO] running `Command { std: "docker" "create" "-v" "/var/lib/crater-agent-workspace/builds/worker-5-tc2/source:/opt/rustwide/workdir:ro,Z" "-v" "/var/lib/crater-agent-workspace/builds/worker-5-tc2/target:/opt/rustwide/target:rw,Z" "-v" "/var/lib/crater-agent-workspace/cargo-home:/opt/rustwide/cargo-home:ro,Z" "-v" "/var/lib/crater-agent-workspace/rustup-home:/opt/rustwide/rustup-home:ro,Z" "-m" "1610612736" "--network" "none" "ghcr.io/rust-lang/crates-build-env/linux@sha256:77db811e55d90add9212f6832c23229e3de5f1c1f9905e8cb07319ea15df73ac" "sleep" "infinity", kill_on_drop: false }`
[INFO] [stdout] 33e2619a5b71ba7acb07f8e9abe851b6fff0e1b8132fa897355090441b35c58c
[INFO] running `Command { std: "docker" "start" "33e2619a5b71ba7acb07f8e9abe851b6fff0e1b8132fa897355090441b35c58c", kill_on_drop: false }`
[INFO] running `Command { std: "docker" "inspect" "33e2619a5b71ba7acb07f8e9abe851b6fff0e1b8132fa897355090441b35c58c", kill_on_drop: false }`
[INFO] running `Command { std: "docker" "exec" "-e" "SOURCE_DIR=/opt/rustwide/workdir" "-e" "CARGO_HOME=/opt/rustwide/cargo-home" "-e" "RUSTUP_HOME=/opt/rustwide/rustup-home" "-e" "CARGO_TARGET_DIR=/opt/rustwide/target" "-w" "/opt/rustwide/workdir" "--user" "0:0" "33e2619a5b71ba7acb07f8e9abe851b6fff0e1b8132fa897355090441b35c58c" "/opt/rustwide/cargo-home/bin/cargo" "+1.100.0-beta.1" "metadata" "--no-deps" "--format-version=1", kill_on_drop: false }`
[INFO] running `Command { std: "docker" "inspect" "33e2619a5b71ba7acb07f8e9abe851b6fff0e1b8132fa897355090441b35c58c", kill_on_drop: false }`
[INFO] running `Command { std: "docker" "exec" "-e" "SOURCE_DIR=/opt/rustwide/workdir" "-e" "CARGO_HOME=/opt/rustwide/cargo-home" "-e" "RUSTUP_HOME=/opt/rustwide/rustup-home" "-e" "CARGO_TARGET_DIR=/opt/rustwide/target" "-e" "CARGO_INCREMENTAL=0" "-e" "RUST_BACKTRACE=full" "-e" "RUSTFLAGS=--cap-lints=warn" "-e" "RUSTDOCFLAGS=--cap-lints=warn" "-w" "/opt/rustwide/workdir" "--user" "0:0" "33e2619a5b71ba7acb07f8e9abe851b6fff0e1b8132fa897355090441b35c58c" "/opt/rustwide/cargo-home/bin/cargo" "+1.100.0-beta.1" "build" "--frozen" "--message-format=json" "--release", kill_on_drop: false }`
[INFO] [stderr]    Compiling libc v0.2.86
[INFO] [stderr]    Compiling unicode-width v0.1.8
[INFO] [stderr]    Compiling textwrap v0.11.0
[INFO] [stderr]    Compiling atty v0.2.14
[INFO] [stderr]    Compiling clap v2.33.3
[INFO] [stderr]    Compiling lop v0.1.0 (/opt/rustwide/workdir)
[INFO] [stderr]     Finished `release` profile [optimized] target(s) in 13.90s
[INFO] running `Command { std: "docker" "inspect" "33e2619a5b71ba7acb07f8e9abe851b6fff0e1b8132fa897355090441b35c58c", kill_on_drop: false }`
[INFO] running `Command { std: "docker" "exec" "-e" "SOURCE_DIR=/opt/rustwide/workdir" "-e" "CARGO_HOME=/opt/rustwide/cargo-home" "-e" "RUSTUP_HOME=/opt/rustwide/rustup-home" "-e" "CARGO_TARGET_DIR=/opt/rustwide/target" "-e" "CARGO_INCREMENTAL=0" "-e" "RUST_BACKTRACE=full" "-e" "RUSTFLAGS=--cap-lints=warn" "-e" "RUSTDOCFLAGS=--cap-lints=warn" "-w" "/opt/rustwide/workdir" "--user" "0:0" "33e2619a5b71ba7acb07f8e9abe851b6fff0e1b8132fa897355090441b35c58c" "/opt/rustwide/cargo-home/bin/cargo" "+1.100.0-beta.1" "test" "--frozen" "--no-run" "--message-format=json" "--release", kill_on_drop: false }`
[INFO] [stderr]    Compiling memchr v2.3.4
[INFO] [stderr]    Compiling byteorder v1.4.3
[INFO] [stderr]    Compiling regex-syntax v0.6.23
[INFO] [stderr]    Compiling doc-comment v0.3.3
[INFO] [stderr]    Compiling once_cell v1.7.2
[INFO] [stderr]    Compiling num-traits v0.2.14
[INFO] [stderr]    Compiling crossbeam-utils v0.8.3
[INFO] [stderr]    Compiling predicates-core v1.0.2
[INFO] [stderr]    Compiling walkdir v2.3.2
[INFO] [stderr]    Compiling difference v2.0.0
[INFO] [stderr]    Compiling getrandom v0.2.2
[INFO] [stderr]    Compiling treeline v0.1.0
[INFO] [stderr]    Compiling wait-timeout v0.2.0
[INFO] [stderr]    Compiling rand_core v0.6.2
[INFO] [stderr]    Compiling predicates-tree v1.0.2
[INFO] [stderr]    Compiling thread_local v1.1.3
[INFO] [stderr]    Compiling regex-automata v0.1.9
[INFO] [stderr]    Compiling aho-corasick v0.7.15
[INFO] [stderr]    Compiling rand_chacha v0.3.0
[INFO] [stderr]    Compiling bstr v0.2.15
[INFO] [stderr]    Compiling rand v0.8.3
[INFO] [stderr]    Compiling float-cmp v0.8.0
[INFO] [stderr]    Compiling tempfile v3.2.0
[INFO] [stderr]    Compiling regex v1.4.5
[INFO] [stderr]    Compiling globset v0.4.6
[INFO] [stderr]    Compiling predicates v1.0.7
[INFO] [stderr]    Compiling ignore v0.4.17
[INFO] [stderr]    Compiling assert_cmd v1.0.3
[INFO] [stderr]    Compiling globwalk v0.8.1
[INFO] [stderr]    Compiling assert_fs v1.0.1
[INFO] [stderr]    Compiling lop v0.1.0 (/opt/rustwide/workdir)
[INFO] [stderr]     Finished `release` profile [optimized] target(s) in 32.55s
[INFO] running `Command { std: "docker" "inspect" "33e2619a5b71ba7acb07f8e9abe851b6fff0e1b8132fa897355090441b35c58c", kill_on_drop: false }`
[INFO] running `Command { std: "docker" "exec" "-e" "SOURCE_DIR=/opt/rustwide/workdir" "-e" "CARGO_HOME=/opt/rustwide/cargo-home" "-e" "RUSTUP_HOME=/opt/rustwide/rustup-home" "-e" "CARGO_TARGET_DIR=/opt/rustwide/target" "-e" "CARGO_INCREMENTAL=0" "-e" "RUST_BACKTRACE=full" "-e" "RUSTFLAGS=--cap-lints=warn" "-e" "RUSTDOCFLAGS=--cap-lints=warn" "-w" "/opt/rustwide/workdir" "--user" "0:0" "33e2619a5b71ba7acb07f8e9abe851b6fff0e1b8132fa897355090441b35c58c" "/opt/rustwide/cargo-home/bin/cargo" "+1.100.0-beta.1" "test" "--frozen" "--release", kill_on_drop: false }`
[INFO] [stderr]     Finished `release` profile [optimized] target(s) in 0.11s
[INFO] [stderr]      Running unittests src/lib.rs (/opt/rustwide/target/release/build/lop/c847b01af07e8216/out/lop-c847b01af07e8216)
[INFO] [stdout] 
[INFO] [stdout] running 10 tests
[INFO] [stdout] test test::lop_bytes_multi_byte ... ok
[INFO] [stdout] test test::lop_fields_default_delimiter ... ok
[INFO] [stdout] test test::lop_bytes_on_char_multi_byte ... ok
[INFO] [stdout] test test::lop_bytes_ascii ... ok
[INFO] [stdout] test range::test::from_spec ... ok
[INFO] [stdout] test range::test::from_spec_bad ... ok
[INFO] [stdout] test test::lop_chars_ascii ... ok
[INFO] [stdout] test test::lop_chars_multi_byte ... ok
[INFO] [stdout] test range::test::contains ... ok
[INFO] [stdout] test test::lop_bytes_on_char_ascii ... ok
[INFO] [stderr]      Running unittests src/main.rs (/opt/rustwide/target/release/build/lop/441a1ccaac4ba28a/out/lop-441a1ccaac4ba28a)
[INFO] [stdout] 
[INFO] [stdout] test result: ok. 10 passed; 0 failed; 0 ignored; 0 measured; 0 filtered out; finished in 0.01s
[INFO] [stdout] 
[INFO] [stdout] 
[INFO] [stdout] running 1 test
[INFO] [stderr]      Running tests/integration.rs (/opt/rustwide/target/release/build/lop/85c8d85599dc5be5/out/integration-85c8d85599dc5be5)
[INFO] [stdout] test cli::test::test_parse_mode ... ok
[INFO] [stdout] 
[INFO] [stdout] test result: ok. 1 passed; 0 failed; 0 ignored; 0 measured; 0 filtered out; finished in 0.00s
[INFO] [stdout] 
[INFO] [stdout] 
[INFO] [stdout] running 89 tests
[INFO] [stdout] test test_2 ... FAILED
[INFO] [stdout] test test_1 ... FAILED
[INFO] [stdout] test test_9 ... FAILED
[INFO] [stdout] test test_7 ... FAILED
[INFO] [stdout] test test_6 ... FAILED
[INFO] [stdout] test test_big_unbounded_c ... FAILED
[INFO] [stdout] test test_delim_no_field1 ... FAILED
[INFO] [stdout] test test_8 ... FAILED
[INFO] [stdout] test test_delim_no_field2 ... FAILED
[INFO] [stdout] test test_empty_bl ... FAILED
[INFO] [stdout] test test_d ... FAILED
[INFO] [stdout] test test_empty_fl ... FAILED
[INFO] [stdout] test test_5 ... FAILED
[INFO] [stdout] test test_eol_subsumed_1 ... FAILED
[INFO] [stdout] test test_eol_subsumed_2 ... FAILED
[INFO] [stdout] test test_c ... FAILED
[INFO] [stdout] test test_eol_subsumed_4 ... FAILED
[INFO] [stdout] test test_e ... FAILED
[INFO] [stdout] test test_a ... FAILED
[INFO] [stdout] test test_b ... FAILED
[INFO] [stdout] test test_big_unbounded_f ... FAILED
[INFO] [stdout] test test_empty_f1 ... FAILED
[INFO] [stdout] test test_h ... FAILED
[INFO] [stdout] test test_4 ... FAILED
[INFO] [stdout] test test_f ... FAILED
[INFO] [stdout] test test_i ... FAILED
[INFO] [stdout] test test_inval5 ... FAILED
[INFO] [stdout] test test_g ... FAILED
[INFO] [stdout] test test_3 ... FAILED
[INFO] [stdout] test test_inval1 ... FAILED
[INFO] [stdout] test test_inval2 ... FAILED
[INFO] [stdout] test test_big_unbounded_b2a ... FAILED
[INFO] [stdout] test test_l ... FAILED
[INFO] [stdout] test test_big_unbounded_b ... FAILED
[INFO] [stdout] test test_big_unbounded_b2b ... FAILED
[INFO] [stdout] test test_inval6 ... FAILED
[INFO] [stdout] test test_j ... FAILED
[INFO] [stdout] test test_k ... FAILED
[INFO] [stdout] test test_m ... FAILED
[INFO] [stdout] test test_newline_1 ... FAILED
[INFO] [stdout] test test_newline_10 ... FAILED
[INFO] [stdout] test test_missing_fl ... FAILED
[INFO] [stdout] test test_n ... FAILED
[INFO] [stdout] test test_newline_11 ... FAILED
[INFO] [stdout] test test_inval3 ... FAILED
[INFO] [stdout] test test_missing_bl ... FAILED
[INFO] [stdout] test test_newline_13 ... FAILED
[INFO] [stdout] test test_newline_14 ... FAILED
[INFO] [stdout] test test_newline_15 ... FAILED
[INFO] [stdout] test test_newline_12 ... FAILED
[INFO] [stdout] test test_newline_17 ... FAILED
[INFO] [stdout] test test_newline_18 ... FAILED
[INFO] [stdout] test test_newline_19 ... FAILED
[INFO] [stdout] test test_newline_5 ... FAILED
[INFO] [stdout] test test_newline_6 ... FAILED
[INFO] [stdout] test test_newline_7 ... FAILED
[INFO] [stdout] test test_newline_16 ... FAILED
[INFO] [stdout] test test_newline_3 ... FAILED
[INFO] [stdout] test test_o_delim ... FAILED
[INFO] [stdout] test test_newline_4 ... FAILED
[INFO] [stdout] test test_newline_8 ... FAILED
[INFO] [stdout] test test_overlapping_unbounded_1 ... FAILED
[INFO] [stdout] test test_nul_idelim ... FAILED
[INFO] [stdout] test test_newline_9 ... FAILED
[INFO] [stdout] test test_overlapping_unbounded_2 ... FAILED
[INFO] [stdout] test test_nul_odelim ... FAILED
[INFO] [stdout] test test_p ... FAILED
[INFO] [stdout] test test_o ... FAILED
[INFO] [stdout] test test_inval4 ... FAILED
[INFO] [stdout] test test_newline_2 ... FAILED
[INFO] [stdout] test test_x ... FAILED
[INFO] [stdout] test test_y ... FAILED
[INFO] [stdout] test test_newline_20 ... FAILED
[INFO] [stdout] test test_w ... FAILED
[INFO] [stdout] test test_z ... FAILED
[INFO] [stdout] test test_zero_2 ... FAILED
[INFO] [stdout] test test_zero_1 ... FAILED
[INFO] [stdout] test test_newline_21 ... FAILED
[INFO] [stdout] test test_zero_3b ... FAILED
[INFO] [stdout] test test_newline_22 ... FAILED
[INFO] [stdout] test test_zero_3c ... FAILED
[INFO] [stdout] test test_t ... FAILED
[INFO] [stdout] test test_s ... FAILED
[INFO] [stdout] test test_q ... FAILED
[INFO] [stdout] test test_r ... FAILED
[INFO] [stdout] test test_u ... FAILED
[INFO] [stdout] test test_zero_3f ... FAILED
[INFO] [stdout] test test_v ... FAILED
[INFO] [stdout] test test_empty_f2 ... FAILED
[INFO] [stdout] 
[INFO] [stdout] failures:
[INFO] [stdout] 
[INFO] [stdout] ---- test_2 stdout ----
[INFO] [stdout] Error: CargoError { cause: Some(NotFoundError { path: "/opt/rustwide/target/release/build/lop/85c8d85599dc5be5/out/lop" }) }
[INFO] [stdout] 
[INFO] [stdout] ---- test_1 stdout ----
[INFO] [stdout] Error: CargoError { cause: Some(NotFoundError { path: "/opt/rustwide/target/release/build/lop/85c8d85599dc5be5/out/lop" }) }
[INFO] [stdout] 
[INFO] [stdout] ---- test_9 stdout ----
[INFO] [stdout] Error: CargoError { cause: Some(NotFoundError { path: "/opt/rustwide/target/release/build/lop/85c8d85599dc5be5/out/lop" }) }
[INFO] [stdout] 
[INFO] [stdout] ---- test_7 stdout ----
[INFO] [stdout] Error: CargoError { cause: Some(NotFoundError { path: "/opt/rustwide/target/release/build/lop/85c8d85599dc5be5/out/lop" }) }
[INFO] [stdout] 
[INFO] [stdout] ---- test_6 stdout ----
[INFO] [stdout] Error: CargoError { cause: Some(NotFoundError { path: "/opt/rustwide/target/release/build/lop/85c8d85599dc5be5/out/lop" }) }
[INFO] [stdout] 
[INFO] [stdout] ---- test_big_unbounded_c stdout ----
[INFO] [stdout] Error: CargoError { cause: Some(NotFoundError { path: "/opt/rustwide/target/release/build/lop/85c8d85599dc5be5/out/lop" }) }
[INFO] [stdout] 
[INFO] [stdout] ---- test_delim_no_field1 stdout ----
[INFO] [stdout] Error: CargoError { cause: Some(NotFoundError { path: "/opt/rustwide/target/release/build/lop/85c8d85599dc5be5/out/lop" }) }
[INFO] [stdout] 
[INFO] [stdout] ---- test_8 stdout ----
[INFO] [stdout] Error: CargoError { cause: Some(NotFoundError { path: "/opt/rustwide/target/release/build/lop/85c8d85599dc5be5/out/lop" }) }
[INFO] [stdout] 
[INFO] [stdout] ---- test_delim_no_field2 stdout ----
[INFO] [stdout] Error: CargoError { cause: Some(NotFoundError { path: "/opt/rustwide/target/release/build/lop/85c8d85599dc5be5/out/lop" }) }
[INFO] [stdout] 
[INFO] [stdout] ---- test_empty_bl stdout ----
[INFO] [stdout] Error: CargoError { cause: Some(NotFoundError { path: "/opt/rustwide/target/release/build/lop/85c8d85599dc5be5/out/lop" }) }
[INFO] [stdout] 
[INFO] [stdout] ---- test_d stdout ----
[INFO] [stdout] Error: CargoError { cause: Some(NotFoundError { path: "/opt/rustwide/target/release/build/lop/85c8d85599dc5be5/out/lop" }) }
[INFO] [stdout] 
[INFO] [stdout] ---- test_empty_fl stdout ----
[INFO] [stdout] Error: CargoError { cause: Some(NotFoundError { path: "/opt/rustwide/target/release/build/lop/85c8d85599dc5be5/out/lop" }) }
[INFO] [stdout] 
[INFO] [stdout] ---- test_5 stdout ----
[INFO] [stdout] Error: CargoError { cause: Some(NotFoundError { path: "/opt/rustwide/target/release/build/lop/85c8d85599dc5be5/out/lop" }) }
[INFO] [stdout] 
[INFO] [stdout] ---- test_eol_subsumed_1 stdout ----
[INFO] [stdout] Error: CargoError { cause: Some(NotFoundError { path: "/opt/rustwide/target/release/build/lop/85c8d85599dc5be5/out/lop" }) }
[INFO] [stdout] 
[INFO] [stdout] ---- test_eol_subsumed_2 stdout ----
[INFO] [stdout] Error: CargoError { cause: Some(NotFoundError { path: "/opt/rustwide/target/release/build/lop/85c8d85599dc5be5/out/lop" }) }
[INFO] [stdout] 
[INFO] [stdout] ---- test_c stdout ----
[INFO] [stdout] Error: CargoError { cause: Some(NotFoundError { path: "/opt/rustwide/target/release/build/lop/85c8d85599dc5be5/out/lop" }) }
[INFO] [stdout] 
[INFO] [stdout] ---- test_eol_subsumed_4 stdout ----
[INFO] [stdout] Error: CargoError { cause: Some(NotFoundError { path: "/opt/rustwide/target/release/build/lop/85c8d85599dc5be5/out/lop" }) }
[INFO] [stdout] 
[INFO] [stdout] ---- test_e stdout ----
[INFO] [stdout] Error: CargoError { cause: Some(NotFoundError { path: "/opt/rustwide/target/release/build/lop/85c8d85599dc5be5/out/lop" }) }
[INFO] [stdout] 
[INFO] [stdout] ---- test_a stdout ----
[INFO] [stdout] Error: CargoError { cause: Some(NotFoundError { path: "/opt/rustwide/target/release/build/lop/85c8d85599dc5be5/out/lop" }) }
[INFO] [stdout] 
[INFO] [stdout] ---- test_b stdout ----
[INFO] [stdout] Error: CargoError { cause: Some(NotFoundError { path: "/opt/rustwide/target/release/build/lop/85c8d85599dc5be5/out/lop" }) }
[INFO] [stdout] 
[INFO] [stdout] ---- test_big_unbounded_f stdout ----
[INFO] [stdout] Error: CargoError { cause: Some(NotFoundError { path: "/opt/rustwide/target/release/build/lop/85c8d85599dc5be5/out/lop" }) }
[INFO] [stdout] 
[INFO] [stdout] ---- test_empty_f1 stdout ----
[INFO] [stdout] Error: CargoError { cause: Some(NotFoundError { path: "/opt/rustwide/target/release/build/lop/85c8d85599dc5be5/out/lop" }) }
[INFO] [stdout] 
[INFO] [stdout] ---- test_h stdout ----
[INFO] [stdout] Error: CargoError { cause: Some(NotFoundError { path: "/opt/rustwide/target/release/build/lop/85c8d85599dc5be5/out/lop" }) }
[INFO] [stdout] 
[INFO] [stdout] ---- test_4 stdout ----
[INFO] [stdout] Error: CargoError { cause: Some(NotFoundError { path: "/opt/rustwide/target/release/build/lop/85c8d85599dc5be5/out/lop" }) }
[INFO] [stdout] 
[INFO] [stdout] ---- test_f stdout ----
[INFO] [stdout] Error: CargoError { cause: Some(NotFoundError { path: "/opt/rustwide/target/release/build/lop/85c8d85599dc5be5/out/lop" }) }
[INFO] [stdout] 
[INFO] [stdout] ---- test_i stdout ----
[INFO] [stdout] Error: CargoError { cause: Some(NotFoundError { path: "/opt/rustwide/target/release/build/lop/85c8d85599dc5be5/out/lop" }) }
[INFO] [stdout] 
[INFO] [stdout] ---- test_inval5 stdout ----
[INFO] [stdout] Error: CargoError { cause: Some(NotFoundError { path: "/opt/rustwide/target/release/build/lop/85c8d85599dc5be5/out/lop" }) }
[INFO] [stdout] 
[INFO] [stdout] ---- test_g stdout ----
[INFO] [stdout] Error: CargoError { cause: Some(NotFoundError { path: "/opt/rustwide/target/release/build/lop/85c8d85599dc5be5/out/lop" }) }
[INFO] [stdout] 
[INFO] [stdout] ---- test_3 stdout ----
[INFO] [stdout] Error: CargoError { cause: Some(NotFoundError { path: "/opt/rustwide/target/release/build/lop/85c8d85599dc5be5/out/lop" }) }
[INFO] [stdout] 
[INFO] [stdout] ---- test_inval1 stdout ----
[INFO] [stdout] Error: CargoError { cause: Some(NotFoundError { path: "/opt/rustwide/target/release/build/lop/85c8d85599dc5be5/out/lop" }) }
[INFO] [stdout] 
[INFO] [stdout] ---- test_inval2 stdout ----
[INFO] [stdout] Error: CargoError { cause: Some(NotFoundError { path: "/opt/rustwide/target/release/build/lop/85c8d85599dc5be5/out/lop" }) }
[INFO] [stdout] 
[INFO] [stdout] ---- test_big_unbounded_b2a stdout ----
[INFO] [stdout] Error: CargoError { cause: Some(NotFoundError { path: "/opt/rustwide/target/release/build/lop/85c8d85599dc5be5/out/lop" }) }
[INFO] [stdout] 
[INFO] [stdout] ---- test_l stdout ----
[INFO] [stdout] Error: CargoError { cause: Some(NotFoundError { path: "/opt/rustwide/target/release/build/lop/85c8d85599dc5be5/out/lop" }) }
[INFO] [stdout] 
[INFO] [stdout] ---- test_big_unbounded_b stdout ----
[INFO] [stdout] Error: CargoError { cause: Some(NotFoundError { path: "/opt/rustwide/target/release/build/lop/85c8d85599dc5be5/out/lop" }) }
[INFO] [stdout] 
[INFO] [stdout] ---- test_big_unbounded_b2b stdout ----
[INFO] [stdout] Error: CargoError { cause: Some(NotFoundError { path: "/opt/rustwide/target/release/build/lop/85c8d85599dc5be5/out/lop" }) }
[INFO] [stdout] 
[INFO] [stdout] ---- test_inval6 stdout ----
[INFO] [stdout] Error: CargoError { cause: Some(NotFoundError { path: "/opt/rustwide/target/release/build/lop/85c8d85599dc5be5/out/lop" }) }
[INFO] [stdout] 
[INFO] [stdout] ---- test_j stdout ----
[INFO] [stdout] Error: CargoError { cause: Some(NotFoundError { path: "/opt/rustwide/target/release/build/lop/85c8d85599dc5be5/out/lop" }) }
[INFO] [stdout] 
[INFO] [stdout] ---- test_k stdout ----
[INFO] [stdout] Error: CargoError { cause: Some(NotFoundError { path: "/opt/rustwide/target/release/build/lop/85c8d85599dc5be5/out/lop" }) }
[INFO] [stdout] 
[INFO] [stdout] ---- test_m stdout ----
[INFO] [stdout] Error: CargoError { cause: Some(NotFoundError { path: "/opt/rustwide/target/release/build/lop/85c8d85599dc5be5/out/lop" }) }
[INFO] [stdout] 
[INFO] [stdout] ---- test_newline_1 stdout ----
[INFO] [stdout] Error: CargoError { cause: Some(NotFoundError { path: "/opt/rustwide/target/release/build/lop/85c8d85599dc5be5/out/lop" }) }
[INFO] [stdout] 
[INFO] [stdout] ---- test_newline_10 stdout ----
[INFO] [stdout] Error: CargoError { cause: Some(NotFoundError { path: "/opt/rustwide/target/release/build/lop/85c8d85599dc5be5/out/lop" }) }
[INFO] [stdout] 
[INFO] [stdout] ---- test_missing_fl stdout ----
[INFO] [stdout] Error: CargoError { cause: Some(NotFoundError { path: "/opt/rustwide/target/release/build/lop/85c8d85599dc5be5/out/lop" }) }
[INFO] [stdout] 
[INFO] [stdout] ---- test_n stdout ----
[INFO] [stdout] Error: CargoError { cause: Some(NotFoundError { path: "/opt/rustwide/target/release/build/lop/85c8d85599dc5be5/out/lop" }) }
[INFO] [stdout] 
[INFO] [stdout] ---- test_newline_11 stdout ----
[INFO] [stdout] Error: CargoError { cause: Some(NotFoundError { path: "/opt/rustwide/target/release/build/lop/85c8d85599dc5be5/out/lop" }) }
[INFO] [stdout] 
[INFO] [stdout] ---- test_inval3 stdout ----
[INFO] [stdout] Error: CargoError { cause: Some(NotFoundError { path: "/opt/rustwide/target/release/build/lop/85c8d85599dc5be5/out/lop" }) }
[INFO] [stdout] 
[INFO] [stdout] ---- test_missing_bl stdout ----
[INFO] [stdout] Error: CargoError { cause: Some(NotFoundError { path: "/opt/rustwide/target/release/build/lop/85c8d85599dc5be5/out/lop" }) }
[INFO] [stdout] 
[INFO] [stdout] ---- test_newline_13 stdout ----
[INFO] [stdout] Error: CargoError { cause: Some(NotFoundError { path: "/opt/rustwide/target/release/build/lop/85c8d85599dc5be5/out/lop" }) }
[INFO] [stdout] 
[INFO] [stdout] ---- test_newline_14 stdout ----
[INFO] [stdout] Error: CargoError { cause: Some(NotFoundError { path: "/opt/rustwide/target/release/build/lop/85c8d85599dc5be5/out/lop" }) }
[INFO] [stdout] 
[INFO] [stdout] ---- test_newline_15 stdout ----
[INFO] [stdout] Error: CargoError { cause: Some(NotFoundError { path: "/opt/rustwide/target/release/build/lop/85c8d85599dc5be5/out/lop" }) }
[INFO] [stdout] 
[INFO] [stdout] ---- test_newline_12 stdout ----
[INFO] [stdout] Error: CargoError { cause: Some(NotFoundError { path: "/opt/rustwide/target/release/build/lop/85c8d85599dc5be5/out/lop" }) }
[INFO] [stdout] 
[INFO] [stdout] ---- test_newline_17 stdout ----
[INFO] [stdout] Error: CargoError { cause: Some(NotFoundError { path: "/opt/rustwide/target/release/build/lop/85c8d85599dc5be5/out/lop" }) }
[INFO] [stdout] 
[INFO] [stdout] ---- test_newline_18 stdout ----
[INFO] [stdout] Error: CargoError { cause: Some(NotFoundError { path: "/opt/rustwide/target/release/build/lop/85c8d85599dc5be5/out/lop" }) }
[INFO] [stdout] 
[INFO] [stdout] ---- test_newline_19 stdout ----
[INFO] [stdout] Error: CargoError { cause: Some(NotFoundError { path: "/opt/rustwide/target/release/build/lop/85c8d85599dc5be5/out/lop" }) }
[INFO] [stdout] 
[INFO] [stdout] ---- test_newline_5 stdout ----
[INFO] [stdout] Error: CargoError { cause: Some(NotFoundError { path: "/opt/rustwide/target/release/build/lop/85c8d85599dc5be5/out/lop" }) }
[INFO] [stdout] 
[INFO] [stdout] ---- test_newline_6 stdout ----
[INFO] [stdout] Error: CargoError { cause: Some(NotFoundError { path: "/opt/rustwide/target/release/build/lop/85c8d85599dc5be5/out/lop" }) }
[INFO] [stdout] 
[INFO] [stdout] ---- test_newline_7 stdout ----
[INFO] [stdout] Error: CargoError { cause: Some(NotFoundError { path: "/opt/rustwide/target/release/build/lop/85c8d85599dc5be5/out/lop" }) }
[INFO] [stdout] 
[INFO] [stdout] ---- test_newline_16 stdout ----
[INFO] [stdout] Error: CargoError { cause: Some(NotFoundError { path: "/opt/rustwide/target/release/build/lop/85c8d85599dc5be5/out/lop" }) }
[INFO] [stdout] 
[INFO] [stdout] ---- test_newline_3 stdout ----
[INFO] [stdout] Error: CargoError { cause: Some(NotFoundError { path: "/opt/rustwide/target/release/build/lop/85c8d85599dc5be5/out/lop" }) }
[INFO] [stdout] 
[INFO] [stdout] ---- test_o_delim stdout ----
[INFO] [stdout] Error: CargoError { cause: Some(NotFoundError { path: "/opt/rustwide/target/release/build/lop/85c8d85599dc5be5/out/lop" }) }
[INFO] [stdout] 
[INFO] [stdout] ---- test_newline_4 stdout ----
[INFO] [stdout] Error: CargoError { cause: Some(NotFoundError { path: "/opt/rustwide/target/release/build/lop/85c8d85599dc5be5/out/lop" }) }
[INFO] [stdout] 
[INFO] [stdout] ---- test_newline_8 stdout ----
[INFO] [stdout] Error: CargoError { cause: Some(NotFoundError { path: "/opt/rustwide/target/release/build/lop/85c8d85599dc5be5/out/lop" }) }
[INFO] [stdout] 
[INFO] [stdout] ---- test_overlapping_unbounded_1 stdout ----
[INFO] [stdout] Error: CargoError { cause: Some(NotFoundError { path: "/opt/rustwide/target/release/build/lop/85c8d85599dc5be5/out/lop" }) }
[INFO] [stdout] 
[INFO] [stdout] ---- test_nul_idelim stdout ----
[INFO] [stdout] Error: CargoError { cause: Some(NotFoundError { path: "/opt/rustwide/target/release/build/lop/85c8d85599dc5be5/out/lop" }) }
[INFO] [stdout] 
[INFO] [stdout] ---- test_newline_9 stdout ----
[INFO] [stdout] Error: CargoError { cause: Some(NotFoundError { path: "/opt/rustwide/target/release/build/lop/85c8d85599dc5be5/out/lop" }) }
[INFO] [stdout] 
[INFO] [stdout] ---- test_overlapping_unbounded_2 stdout ----
[INFO] [stdout] Error: CargoError { cause: Some(NotFoundError { path: "/opt/rustwide/target/release/build/lop/85c8d85599dc5be5/out/lop" }) }
[INFO] [stdout] 
[INFO] [stdout] ---- test_nul_odelim stdout ----
[INFO] [stdout] Error: CargoError { cause: Some(NotFoundError { path: "/opt/rustwide/target/release/build/lop/85c8d85599dc5be5/out/lop" }) }
[INFO] [stdout] 
[INFO] [stdout] ---- test_p stdout ----
[INFO] [stdout] Error: CargoError { cause: Some(NotFoundError { path: "/opt/rustwide/target/release/build/lop/85c8d85599dc5be5/out/lop" }) }
[INFO] [stdout] 
[INFO] [stdout] ---- test_o stdout ----
[INFO] [stdout] Error: CargoError { cause: Some(NotFoundError { path: "/opt/rustwide/target/release/build/lop/85c8d85599dc5be5/out/lop" }) }
[INFO] [stdout] 
[INFO] [stdout] ---- test_inval4 stdout ----
[INFO] [stdout] Error: CargoError { cause: Some(NotFoundError { path: "/opt/rustwide/target/release/build/lop/85c8d85599dc5be5/out/lop" }) }
[INFO] [stdout] 
[INFO] [stdout] ---- test_newline_2 stdout ----
[INFO] [stdout] Error: CargoError { cause: Some(NotFoundError { path: "/opt/rustwide/target/release/build/lop/85c8d85599dc5be5/out/lop" }) }
[INFO] [stdout] 
[INFO] [stdout] ---- test_x stdout ----
[INFO] [stdout] Error: CargoError { cause: Some(NotFoundError { path: "/opt/rustwide/target/release/build/lop/85c8d85599dc5be5/out/lop" }) }
[INFO] [stdout] 
[INFO] [stdout] ---- test_y stdout ----
[INFO] [stdout] Error: CargoError { cause: Some(NotFoundError { path: "/opt/rustwide/target/release/build/lop/85c8d85599dc5be5/out/lop" }) }
[INFO] [stdout] 
[INFO] [stdout] ---- test_newline_20 stdout ----
[INFO] [stdout] Error: CargoError { cause: Some(NotFoundError { path: "/opt/rustwide/target/release/build/lop/85c8d85599dc5be5/out/lop" }) }
[INFO] [stdout] 
[INFO] [stdout] ---- test_w stdout ----
[INFO] [stdout] Error: CargoError { cause: Some(NotFoundError { path: "/opt/rustwide/target/release/build/lop/85c8d85599dc5be5/out/lop" }) }
[INFO] [stdout] 
[INFO] [stdout] ---- test_z stdout ----
[INFO] [stdout] Error: CargoError { cause: Some(NotFoundError { path: "/opt/rustwide/target/release/build/lop/85c8d85599dc5be5/out/lop" }) }
[INFO] [stdout] 
[INFO] [stdout] ---- test_zero_2 stdout ----
[INFO] [stdout] Error: CargoError { cause: Some(NotFoundError { path: "/opt/rustwide/target/release/build/lop/85c8d85599dc5be5/out/lop" }) }
[INFO] [stdout] 
[INFO] [stdout] ---- test_zero_1 stdout ----
[INFO] [stdout] Error: CargoError { cause: Some(NotFoundError { path: "/opt/rustwide/target/release/build/lop/85c8d85599dc5be5/out/lop" }) }
[INFO] [stdout] 
[INFO] [stdout] ---- test_newline_21 stdout ----
[INFO] [stdout] Error: CargoError { cause: Some(NotFoundError { path: "/opt/rustwide/target/release/build/lop/85c8d85599dc5be5/out/lop" }) }
[INFO] [stdout] 
[INFO] [stdout] ---- test_zero_3b stdout ----
[INFO] [stdout] Error: CargoError { cause: Some(NotFoundError { path: "/opt/rustwide/target/release/build/lop/85c8d85599dc5be5/out/lop" }) }
[INFO] [stdout] 
[INFO] [stdout] ---- test_newline_22 stdout ----
[INFO] [stdout] Error: CargoError { cause: Some(NotFoundError { path: "/opt/rustwide/target/release/build/lop/85c8d85599dc5be5/out/lop" }) }
[INFO] [stdout] 
[INFO] [stdout] ---- test_zero_3c stdout ----
[INFO] [stdout] Error: CargoError { cause: Some(NotFoundError { path: "/opt/rustwide/target/release/build/lop/85c8d85599dc5be5/out/lop" }) }
[INFO] [stdout] 
[INFO] [stdout] ---- test_t stdout ----
[INFO] [stdout] Error: CargoError { cause: Some(NotFoundError { path: "/opt/rustwide/target/release/build/lop/85c8d85599dc5be5/out/lop" }) }
[INFO] [stdout] 
[INFO] [stdout] ---- test_s stdout ----
[INFO] [stdout] Error: CargoError { cause: Some(NotFoundError { path: "/opt/rustwide/target/release/build/lop/85c8d85599dc5be5/out/lop" }) }
[INFO] [stdout] 
[INFO] [stdout] ---- test_q stdout ----
[INFO] [stdout] Error: CargoError { cause: Some(NotFoundError { path: "/opt/rustwide/target/release/build/lop/85c8d85599dc5be5/out/lop" }) }
[INFO] [stdout] 
[INFO] [stdout] ---- test_r stdout ----
[INFO] [stdout] Error: CargoError { cause: Some(NotFoundError { path: "/opt/rustwide/target/release/build/lop/85c8d85599dc5be5/out/lop" }) }
[INFO] [stdout] 
[INFO] [stdout] ---- test_u stdout ----
[INFO] [stdout] Error: CargoError { cause: Some(NotFoundError { path: "/opt/rustwide/target/release/build/lop/85c8d85599dc5be5/out/lop" }) }
[INFO] [stdout] 
[INFO] [stdout] ---- test_zero_3f stdout ----
[INFO] [stdout] Error: CargoError { cause: Some(NotFoundError { path: "/opt/rustwide/target/release/build/lop/85c8d85599dc5be5/out/lop" }) }
[INFO] [stdout] 
[INFO] [stdout] ---- test_v stdout ----
[INFO] [stdout] Error: CargoError { cause: Some(NotFoundError { path: "/opt/rustwide/target/release/build/lop/85c8d85599dc5be5/out/lop" }) }
[INFO] [stdout] 
[INFO] [stdout] ---- test_empty_f2 stdout ----
[INFO] [stdout] Error: CargoError { cause: Some(NotFoundError { path: "/opt/rustwide/target/release/build/lop/85c8d85599dc5be5/out/lop" }) }
[INFO] [stdout] 
[INFO] [stdout] 
[INFO] [stdout] failures:
[INFO] [stdout]     test_1
[INFO] [stdout]     test_2
[INFO] [stdout]     test_3
[INFO] [stdout]     test_4
[INFO] [stdout]     test_5
[INFO] [stdout]     test_6
[INFO] [stdout]     test_7
[INFO] [stdout]     test_8
[INFO] [stdout]     test_9
[INFO] [stdout]     test_a
[INFO] [stdout]     test_b
[INFO] [stdout]     test_big_unbounded_b
[INFO] [stdout]     test_big_unbounded_b2a
[INFO] [stdout]     test_big_unbounded_b2b
[INFO] [stdout]     test_big_unbounded_c
[INFO] [stdout]     test_big_unbounded_f
[INFO] [stdout]     test_c
[INFO] [stdout]     test_d
[INFO] [stdout]     test_delim_no_field1
[INFO] [stdout]     test_delim_no_field2
[INFO] [stdout]     test_e
[INFO] [stdout]     test_empty_bl
[INFO] [stdout]     test_empty_f1
[INFO] [stdout]     test_empty_f2
[INFO] [stdout]     test_empty_fl
[INFO] [stdout]     test_eol_subsumed_1
[INFO] [stdout]     test_eol_subsumed_2
[INFO] [stdout]     test_eol_subsumed_4
[INFO] [stdout]     test_f
[INFO] [stdout]     test_g
[INFO] [stdout]     test_h
[INFO] [stdout]     test_i
[INFO] [stdout]     test_inval1
[INFO] [stdout]     test_inval2
[INFO] [stdout]     test_inval3
[INFO] [stdout]     test_inval4
[INFO] [stdout]     test_inval5
[INFO] [stdout]     test_inval6
[INFO] [stdout]     test_j
[INFO] [stdout]     test_k
[INFO] [stdout]     test_l
[INFO] [stdout]     test_m
[INFO] [stdout]     test_missing_bl
[INFO] [stdout]     test_missing_fl
[INFO] [stdout]     test_n
[INFO] [stdout]     test_newline_1
[INFO] [stdout]     test_newline_10
[INFO] [stdout]     test_newline_11
[INFO] [stdout]     test_newline_12
[INFO] [stdout]     test_newline_13
[INFO] [stdout]     test_newline_14
[INFO] [stdout]     test_newline_15
[INFO] [stdout]     test_newline_16
[INFO] [stdout]     test_newline_17
[INFO] [stdout]     test_newline_18
[INFO] [stdout]     test_newline_19
[INFO] [stdout]     test_newline_2
[INFO] [stdout]     test_newline_20
[INFO] [stdout]     test_newline_21
[INFO] [stdout]     test_newline_22
[INFO] [stdout]     test_newline_3
[INFO] [stdout]     test_newline_4
[INFO] [stdout]     test_newline_5
[INFO] [stdout]     test_newline_6
[INFO] [stdout]     test_newline_7
[INFO] [stdout]     test_newline_8
[INFO] [stdout]     test_newline_9
[INFO] [stdout]     test_nul_idelim
[INFO] [stdout]     test_nul_odelim
[INFO] [stdout]     test_o
[INFO] [stdout]     test_o_delim
[INFO] [stdout]     test_overlapping_unbounded_1
[INFO] [stdout]     test_overlapping_unbounded_2
[INFO] [stdout]     test_p
[INFO] [stdout]     test_q
[INFO] [stdout]     test_r
[INFO] [stdout]     test_s
[INFO] [stdout]     test_t
[INFO] [stdout]     test_u
[INFO] [stdout]     test_v
[INFO] [stdout]     test_w
[INFO] [stdout]     test_x
[INFO] [stdout]     test_y
[INFO] [stdout]     test_z
[INFO] [stdout]     test_zero_1
[INFO] [stdout]     test_zero_2
[INFO] [stdout]     test_zero_3b
[INFO] [stdout]     test_zero_3c
[INFO] [stdout]     test_zero_3f
[INFO] [stdout] 
[INFO] [stdout] test result: FAILED. 0 passed; 89 failed; 0 ignored; 0 measured; 0 filtered out; finished in 0.10s
[INFO] [stdout] 
[INFO] [stderr] error: test failed, to rerun pass `--test integration`
[INFO] running `Command { std: "docker" "inspect" "33e2619a5b71ba7acb07f8e9abe851b6fff0e1b8132fa897355090441b35c58c", kill_on_drop: false }`
[INFO] running `Command { std: "docker" "rm" "-f" "33e2619a5b71ba7acb07f8e9abe851b6fff0e1b8132fa897355090441b35c58c", kill_on_drop: false }`
[INFO] [stdout] 33e2619a5b71ba7acb07f8e9abe851b6fff0e1b8132fa897355090441b35c58c
