[INFO] cloning repository https://github.com/simon3z/steelbx
[INFO] running `Command { std: "git" "-c" "credential.helper=" "-c" "credential.helper=/workspace/cargo-home/bin/git-credential-null" "clone" "--bare" "https://github.com/simon3z/steelbx" "/workspace/cache/git-repos/https%3A%2F%2Fgithub.com%2Fsimon3z%2Fsteelbx", kill_on_drop: false }`
[INFO] [stderr] Cloning into bare repository '/workspace/cache/git-repos/https%3A%2F%2Fgithub.com%2Fsimon3z%2Fsteelbx'...
[INFO] running `Command { std: "git" "rev-parse" "HEAD", kill_on_drop: false }`
[INFO] [stdout] 0b3f1c09a90a23d93dd2bfb69b0c9110d0b8736f
[INFO] testing simon3z/steelbx against 1.100.0-beta.1+cargoflags=--release for beta-release-1.100-2
[INFO] running `Command { std: "git" "clone" "/workspace/cache/git-repos/https%3A%2F%2Fgithub.com%2Fsimon3z%2Fsteelbx" "/workspace/builds/worker-5-tc2/source", kill_on_drop: false }`
[INFO] [stderr] Cloning into '/workspace/builds/worker-5-tc2/source'...
[INFO] [stderr] done.
[INFO] started tweaking git repo https://github.com/simon3z/steelbx
[INFO] finished tweaking git repo https://github.com/simon3z/steelbx
[INFO] tweaked toml for git repo https://github.com/simon3z/steelbx written to /workspace/builds/worker-5-tc2/source/Cargo.toml
[INFO] validating manifest of git repo https://github.com/simon3z/steelbx on toolchain 1.100.0-beta.1
[INFO] running `Command { std: CARGO_HOME="/workspace/cargo-home" RUSTUP_HOME="/workspace/rustup-home" "/workspace/cargo-home/bin/cargo" "+1.100.0-beta.1" "metadata" "--manifest-path" "Cargo.toml" "--no-deps", kill_on_drop: false }`
[INFO] crate git repo https://github.com/simon3z/steelbx already has a lockfile, it will not be regenerated
[INFO] running `Command { std: CARGO_HOME="/workspace/cargo-home" RUSTUP_HOME="/workspace/rustup-home" "/workspace/cargo-home/bin/cargo" "+1.100.0-beta.1" "fetch" "--manifest-path" "Cargo.toml", kill_on_drop: false }`
[INFO] [stderr] warning: `package.homepage` is redundant with `package.repository`
[INFO] [stderr]   --> Cargo.toml:38:12
[INFO] [stderr]    |
[INFO] [stderr] 38 | homepage = "https://github.com/simon3z/steelbx"
[INFO] [stderr]    |            ^^^^^^^^^^^^^^^^^^^^^^^^^^^^^^^^^^^^
[INFO] [stderr] ...
[INFO] [stderr] 41 | repository = "https://github.com/simon3z/steelbx"
[INFO] [stderr]    |              ------------------------------------
[INFO] [stderr]    |
[INFO] [stderr]    = note: `cargo::redundant_homepage` is set to `warn` by default
[INFO] [stderr] help: consider removing `package.homepage`
[INFO] [stderr] warning: `steelbx` (manifest) generated 1 warning
[INFO] [stderr]     Blocking waiting for file lock on package cache
[INFO] [stderr]     Blocking waiting for file lock on package cache
[INFO] running `Command { std: "docker" "create" "-v" "/var/lib/crater-agent-workspace/builds/worker-5-tc2/source:/opt/rustwide/workdir:ro,Z" "-v" "/var/lib/crater-agent-workspace/builds/worker-5-tc2/target:/opt/rustwide/target:rw,Z" "-v" "/var/lib/crater-agent-workspace/cargo-home:/opt/rustwide/cargo-home:ro,Z" "-v" "/var/lib/crater-agent-workspace/rustup-home:/opt/rustwide/rustup-home:ro,Z" "-m" "1610612736" "--network" "none" "ghcr.io/rust-lang/crates-build-env/linux@sha256:77db811e55d90add9212f6832c23229e3de5f1c1f9905e8cb07319ea15df73ac" "sleep" "infinity", kill_on_drop: false }`
[INFO] [stdout] 575f67d1bcf16bce14b4869a75dd708eaded96c242417a3e2f36b8525b05323f
[INFO] running `Command { std: "docker" "start" "575f67d1bcf16bce14b4869a75dd708eaded96c242417a3e2f36b8525b05323f", kill_on_drop: false }`
[INFO] running `Command { std: "docker" "inspect" "575f67d1bcf16bce14b4869a75dd708eaded96c242417a3e2f36b8525b05323f", kill_on_drop: false }`
[INFO] running `Command { std: "docker" "exec" "-e" "SOURCE_DIR=/opt/rustwide/workdir" "-e" "CARGO_HOME=/opt/rustwide/cargo-home" "-e" "RUSTUP_HOME=/opt/rustwide/rustup-home" "-e" "CARGO_TARGET_DIR=/opt/rustwide/target" "-w" "/opt/rustwide/workdir" "--user" "0:0" "575f67d1bcf16bce14b4869a75dd708eaded96c242417a3e2f36b8525b05323f" "/opt/rustwide/cargo-home/bin/cargo" "+1.100.0-beta.1" "metadata" "--no-deps" "--format-version=1", kill_on_drop: false }`
[INFO] running `Command { std: "docker" "inspect" "575f67d1bcf16bce14b4869a75dd708eaded96c242417a3e2f36b8525b05323f", kill_on_drop: false }`
[INFO] running `Command { std: "docker" "exec" "-e" "SOURCE_DIR=/opt/rustwide/workdir" "-e" "CARGO_HOME=/opt/rustwide/cargo-home" "-e" "RUSTUP_HOME=/opt/rustwide/rustup-home" "-e" "CARGO_TARGET_DIR=/opt/rustwide/target" "-e" "CARGO_INCREMENTAL=0" "-e" "RUST_BACKTRACE=full" "-e" "RUSTFLAGS=--cap-lints=warn" "-e" "RUSTDOCFLAGS=--cap-lints=warn" "-w" "/opt/rustwide/workdir" "--user" "0:0" "575f67d1bcf16bce14b4869a75dd708eaded96c242417a3e2f36b8525b05323f" "/opt/rustwide/cargo-home/bin/cargo" "+1.100.0-beta.1" "build" "--frozen" "--message-format=json" "--release", kill_on_drop: false }`
[INFO] [stderr] warning: `package.homepage` is redundant with `package.repository`
[INFO] [stderr]   --> Cargo.toml:38:12
[INFO] [stderr]    |
[INFO] [stderr] 38 | homepage = "https://github.com/simon3z/steelbx"
[INFO] [stderr]    |            ^^^^^^^^^^^^^^^^^^^^^^^^^^^^^^^^^^^^
[INFO] [stderr] ...
[INFO] [stderr] 41 | repository = "https://github.com/simon3z/steelbx"
[INFO] [stderr]    |              ------------------------------------
[INFO] [stderr]    |
[INFO] [stderr]    = note: `cargo::redundant_homepage` is set to `warn` by default
[INFO] [stderr] help: consider removing `package.homepage`
[INFO] [stderr] warning: `steelbx` (manifest) generated 1 warning
[INFO] [stderr]    Compiling unicode-ident v1.0.26
[INFO] [stderr]    Compiling clap_lex v1.1.1
[INFO] [stderr]    Compiling shlex v2.0.1
[INFO] [stderr]    Compiling is_executable v1.0.6
[INFO] [stderr]    Compiling indexmap v2.14.2
[INFO] [stderr]    Compiling toml_datetime v1.1.1+spec-1.1.0
[INFO] [stderr]    Compiling proc-macro2 v1.0.107
[INFO] [stderr]    Compiling clap_builder v4.6.7
[INFO] [stderr]    Compiling quote v1.0.47
[INFO] [stderr]    Compiling syn v3.0.6
[INFO] [stderr]    Compiling toml v1.1.6+spec-1.1.0
[INFO] [stderr]    Compiling clap_derive v4.6.7
[INFO] [stderr]    Compiling serde_derive v1.0.229
[INFO] [stderr]    Compiling clap v4.6.7
[INFO] [stderr]    Compiling clap_complete v4.6.11
[INFO] [stderr]    Compiling serde v1.0.229
[INFO] [stderr]    Compiling steelbx v0.2.0 (/opt/rustwide/workdir)
[INFO] [stderr]     Finished `release` profile [optimized] target(s) in 7.40s
[INFO] running `Command { std: "docker" "inspect" "575f67d1bcf16bce14b4869a75dd708eaded96c242417a3e2f36b8525b05323f", kill_on_drop: false }`
[INFO] running `Command { std: "docker" "exec" "-e" "SOURCE_DIR=/opt/rustwide/workdir" "-e" "CARGO_HOME=/opt/rustwide/cargo-home" "-e" "RUSTUP_HOME=/opt/rustwide/rustup-home" "-e" "CARGO_TARGET_DIR=/opt/rustwide/target" "-e" "CARGO_INCREMENTAL=0" "-e" "RUST_BACKTRACE=full" "-e" "RUSTFLAGS=--cap-lints=warn" "-e" "RUSTDOCFLAGS=--cap-lints=warn" "-w" "/opt/rustwide/workdir" "--user" "0:0" "575f67d1bcf16bce14b4869a75dd708eaded96c242417a3e2f36b8525b05323f" "/opt/rustwide/cargo-home/bin/cargo" "+1.100.0-beta.1" "test" "--frozen" "--no-run" "--message-format=json" "--release", kill_on_drop: false }`
[INFO] [stderr] warning: `package.homepage` is redundant with `package.repository`
[INFO] [stderr]   --> Cargo.toml:38:12
[INFO] [stderr]    |
[INFO] [stderr] 38 | homepage = "https://github.com/simon3z/steelbx"
[INFO] [stderr]    |            ^^^^^^^^^^^^^^^^^^^^^^^^^^^^^^^^^^^^
[INFO] [stderr] ...
[INFO] [stderr] 41 | repository = "https://github.com/simon3z/steelbx"
[INFO] [stderr]    |              ------------------------------------
[INFO] [stderr]    |
[INFO] [stderr]    = note: `cargo::redundant_homepage` is set to `warn` by default
[INFO] [stderr] help: consider removing `package.homepage`
[INFO] [stderr] warning: `steelbx` (manifest) generated 1 warning
[INFO] [stderr]    Compiling rustix v1.1.5
[INFO] [stderr]    Compiling bitflags v2.13.2
[INFO] [stderr]    Compiling once_cell v1.21.4
[INFO] [stderr]    Compiling getrandom v0.4.3
[INFO] [stderr]    Compiling tempfile v3.27.0
[INFO] [stderr]    Compiling steelbx v0.2.0 (/opt/rustwide/workdir)
[INFO] [stderr]     Finished `release` profile [optimized] target(s) in 4.00s
[INFO] running `Command { std: "docker" "inspect" "575f67d1bcf16bce14b4869a75dd708eaded96c242417a3e2f36b8525b05323f", kill_on_drop: false }`
[INFO] running `Command { std: "docker" "exec" "-e" "SOURCE_DIR=/opt/rustwide/workdir" "-e" "CARGO_HOME=/opt/rustwide/cargo-home" "-e" "RUSTUP_HOME=/opt/rustwide/rustup-home" "-e" "CARGO_TARGET_DIR=/opt/rustwide/target" "-e" "CARGO_INCREMENTAL=0" "-e" "RUST_BACKTRACE=full" "-e" "RUSTFLAGS=--cap-lints=warn" "-e" "RUSTDOCFLAGS=--cap-lints=warn" "-w" "/opt/rustwide/workdir" "--user" "0:0" "575f67d1bcf16bce14b4869a75dd708eaded96c242417a3e2f36b8525b05323f" "/opt/rustwide/cargo-home/bin/cargo" "+1.100.0-beta.1" "test" "--frozen" "--release", kill_on_drop: false }`
[INFO] [stderr] warning: `package.homepage` is redundant with `package.repository`
[INFO] [stderr]   --> Cargo.toml:38:12
[INFO] [stderr]    |
[INFO] [stderr] 38 | homepage = "https://github.com/simon3z/steelbx"
[INFO] [stderr]    |            ^^^^^^^^^^^^^^^^^^^^^^^^^^^^^^^^^^^^
[INFO] [stderr] ...
[INFO] [stderr] 41 | repository = "https://github.com/simon3z/steelbx"
[INFO] [stderr]    |              ------------------------------------
[INFO] [stderr]    |
[INFO] [stderr]    = note: `cargo::redundant_homepage` is set to `warn` by default
[INFO] [stderr] help: consider removing `package.homepage`
[INFO] [stderr] warning: `steelbx` (manifest) generated 1 warning
[INFO] [stderr]     Finished `release` profile [optimized] target(s) in 0.04s
[INFO] [stderr]      Running unittests src/lib.rs (/opt/rustwide/target/release/build/steelbx/c74b29c1c2a668ec/out/steelbx-c74b29c1c2a668ec)
[INFO] [stdout] 
[INFO] [stdout] running 101 tests
[INFO] [stdout] test config::tests::cli_name_override_wins_over_the_profile_name ... ok
[INFO] [stdout] test config::tests::declared_name_is_unique_by_default ... ok
[INFO] [stdout] test config::tests::env_values_are_visible_to_the_rest_but_not_each_other ... ok
[INFO] [stdout] test config::tests::examples_pi_agent_profile_is_valid ... ok
[INFO] [stdout] test config::tests::examples_toolbox_profile_is_valid ... ok
[INFO] [stdout] test config::tests::entry_loads_and_expands ... ok
[INFO] [stdout] test config::tests::empty_network_is_the_same_as_absent ... ok
[INFO] [stdout] test config::tests::create_pipeline_pins_the_declared_name ... ok
[INFO] [stdout] test config::tests::env_file_values_are_visible_to_other_fields ... ok
[INFO] [stdout] test config::tests::generated_name_is_the_steelbx_box_name_variable ... ok
[INFO] [stdout] test config::tests::env_files_are_an_expansion_source_not_the_container_env ... ok
[INFO] [stdout] test config::tests::expansion_is_applied_to_every_string_value ... ok
[INFO] [stdout] test config::tests::extra_hosts_shape_is_still_checked ... ok
[INFO] [stdout] test config::tests::missing_file_is_the_defaults ... ok
[INFO] [stdout] test config::tests::init_cp_step_is_host_source_and_container_dest ... ok
[INFO] [stdout] test config::tests::loads_network_and_extra_hosts ... ok
[INFO] [stdout] test config::tests::missing_profile_is_an_error_not_the_default ... ok
[INFO] [stdout] test config::tests::loads_mounts_and_checks_their_shape ... ok
[INFO] [stdout] test config::tests::missing_env_file_is_an_error ... ok
[INFO] [stdout] test config::tests::loads_the_documented_example_shape ... ok
[INFO] [stdout] test config::tests::loads_security_opts_and_checks_their_shape ... ok
[INFO] [stdout] test config::tests::image_key_is_expanded_and_empty_is_absent ... ok
[INFO] [stdout] test config::tests::namespace_and_identity_keys_load ... ok
[INFO] [stdout] test config::tests::provided_dirs_follow_the_xdg_convention ... ok
[INFO] [stdout] test config::tests::pinned_name_is_the_steelbx_box_name_variable ... ok
[INFO] [stdout] test config::tests::parse_env_file_rules_are_pinned ... ok
[INFO] [stdout] test config::tests::profile_name_from_filename_strips_the_extension ... ok
[INFO] [stdout] test config::tests::malformed_env_file_line_is_an_error ... ok
[INFO] [stdout] test config::tests::namespace_spaced_value_is_refused ... ok
[INFO] [stdout] test driver::args::tests::baseline_pins_security_defaults ... ok
[INFO] [stdout] test driver::args::tests::command_rendering_is_resolved ... ok
[INFO] [stdout] test driver::args::tests::bind_mounts_are_rendered_as_bind_mounts ... ok
[INFO] [stdout] test config::tests::profile_names_are_shape_checked ... ok
[INFO] [stdout] test config::tests::profile_name_is_shape_checked ... ok
[INFO] [stdout] test driver::args::tests::create_renders_the_box_env_label_when_declared ... ok
[INFO] [stdout] test config::tests::mount_dest_keyword_is_loaded_and_shape_checked ... ok
[INFO] [stdout] test driver::args::tests::create_carries_the_box_labels ... ok
[INFO] [stdout] test driver::args::tests::create_renders_the_box_volumes_label_when_declared ... ok
[INFO] [stdout] test driver::args::tests::create_renders_the_workdir_override_flag ... ok
[INFO] [stdout] test driver::args::tests::enter_args_pass_runtime_env_bare ... ok
[INFO] [stdout] test config::tests::init_cp_bad_shapes_are_errors ... ok
[INFO] [stdout] test config::tests::shipped_profiles_resolve_with_user_override ... ok
[INFO] [stdout] test driver::args::tests::enter_is_interactive_nonlogin_bash ... ok
[INFO] [stdout] test driver::args::tests::env_overrides_are_rendered_as_env_args ... ok
[INFO] [stdout] test config::tests::loads_init_steps_and_expands_their_arguments ... ok
[INFO] [stdout] test driver::args::tests::env_rendered_in_insertion_order ... ok
[INFO] [stdout] test driver::args::tests::hostname_is_the_box_name ... ok
[INFO] [stdout] test driver::args::tests::extra_hosts_rendered_as_add_host_args ... ok
[INFO] [stdout] test driver::args::tests::init_binary_depends_on_the_pid_namespace ... ok
[INFO] [stdout] test driver::args::tests::init_exec_argv_is_root_pinned_to_workdir_root ... ok
[INFO] [stdout] test config::tests::runtime_env_is_names_only ... ok
[INFO] [stdout] test driver::args::tests::mount_specs_rendered_as_mount_args ... ok
[INFO] [stdout] test driver::args::tests::namespace_and_identity_flags_render_when_declared ... ok
[INFO] [stdout] test driver::args::tests::mount_options_are_appended_to_derived_mounts_only ... ok
[INFO] [stdout] test driver::args::tests::network_flag_only_when_declared ... ok
[INFO] [stdout] test driver::args::tests::security_opts_rendered_as_security_opt_args ... ok
[INFO] [stdout] test driver::parse::tests::box_volumes_label_is_pinned ... ok
[INFO] [stdout] test driver::parse::tests::image_declared_cmd_label_is_pinned ... ok
[INFO] [stdout] test driver::parse::tests::image_declared_name_is_pinned ... ok
[INFO] [stdout] test driver::parse::tests::image_inspect_workdir_shape_is_pinned ... ok
[INFO] [stdout] test driver::parse::tests::images_json_refs_fallback_shapes ... ok
[INFO] [stdout] test driver::parse::tests::images_json_refs_shape_is_pinned ... ok
[INFO] [stdout] test driver::parse::tests::inspect_json_marker_shape_is_pinned ... ok
[INFO] [stdout] test driver::parse::tests::ps_json_shape_is_pinned ... ok
[INFO] [stdout] test driver::parse::tests::volume_mount_names_shape_is_pinned ... ok
[INFO] [stdout] test config::tests::workdir_override_is_expanded_and_checked ... ok
[INFO] [stdout] test driver::tests::box_names_follow_podman_naming ... ok
[INFO] [stdout] test driver::tests::unique_name_falls_back_to_box_for_bad_base ... ok
[INFO] [stdout] test config::tests::mount_options_are_loaded_and_shape_checked ... ok
[INFO] [stdout] test driver::tests::random_hex_token_is_eight_hex_chars ... ok
[INFO] [stdout] test driver::tests::unique_name_is_base_plus_valid_hex ... ok
[INFO] [stdout] test expand::engine_tests::expansion_bad_dollars_are_errors ... ok
[INFO] [stdout] test expand::engine_tests::expansion_bare_and_braced_refs ... ok
[INFO] [stdout] test driver::parse::tests::env_names_label_is_pinned ... ok
[INFO] [stdout] test expand::engine_tests::expansion_fallbacks_expand_against_the_caller_env ... ok
[INFO] [stdout] test expand::engine_tests::expansion_empty_and_fallbacks ... ok
[INFO] [stdout] test expand::tests::caller_env_expansion_bare_braced_and_default ... ok
[INFO] [stdout] test expand::tests::caller_var_used_by_env_is_not_leaked_into_the_box_env ... ok
[INFO] [stdout] test expand::tests::empty_expanded_value_is_refused ... ok
[INFO] [stdout] test expand::tests::env_files_duplicate_key_keeps_last ... ok
[INFO] [stdout] test expand::tests::declared_name_is_expanded_and_reused_as_box_name ... ok
[INFO] [stdout] test expand::tests::env_files_bare_export_is_refused ... ok
[INFO] [stdout] test expand::tests::env_files_hash_comment_and_blank_and_export_forms ... ok
[INFO] [stdout] test expand::tests::init_mount_and_env_expansion_and_declared_runtime_env ... ok
[INFO] [stdout] test expand::tests::env_files_invalid_key_is_refused ... ok
[INFO] [stdout] test expand::tests::name_flag_suppresses_declared_name_expansion ... ok
[INFO] [stdout] test expand::tests::prepass_image_expansion_and_box_name_as_env ... ok
[INFO] [stdout] test expand::tests::env_files_feed_expansion_but_not_the_box_env ... ok
[INFO] [stdout] test mount::tests::missing_host_path_fails ... ok
[INFO] [stdout] test expand::tests::unset_var_in_a_later_field_is_a_loud_error ... ok
[INFO] [stdout] test mount::tests::mount_dest_keyword_is_shape_checked ... ok
[INFO] [stdout] test mount::tests::mount_specs_shape_is_checked_value_is_trusted ... ok
[INFO] [stdout] test mount::tests::mount_options_are_shape_checked ... ok
[INFO] [stdout] test mount::tests::volume_names_are_extracted_from_mount_specs ... ok
[INFO] [stdout] test mount::tests::mount_dest_basename_is_workdir_join_basename ... ok
[INFO] [stdout] test validate::tests::env_names_are_shape_checked ... ok
[INFO] [stdout] test validate::tests::extra_hosts_shape_is_checked_value_is_trusted ... ok
[INFO] [stdout] test mount::tests::mount_dest_absolute_keeps_the_full_path ... ok
[INFO] [stdout] test mount::tests::tilde_paths_are_expanded ... ok
[INFO] [stdout] test validate::tests::ns_values_are_single_tokens ... ok
[INFO] [stdout] test validate::tests::security_opts_shape_is_checked_value_is_trusted ... ok
[INFO] [stdout] 
[INFO] [stdout] test result: ok. 101 passed; 0 failed; 0 ignored; 0 measured; 0 filtered out; finished in 0.01s
[INFO] [stdout] 
[INFO] [stderr]      Running unittests src/main.rs (/opt/rustwide/target/release/build/steelbx/0f9d23052949d6ab/out/steelbx-0f9d23052949d6ab)
[INFO] [stdout] 
[INFO] [stdout] running 13 tests
[INFO] [stdout] test tests::base_box_name_prefers_label_over_component ... ok
[INFO] [stdout] test tests::completion_subcommand_is_hidden ... ok
[INFO] [stdout] test tests::default_box_name_is_the_image_name_component ... ok
[INFO] [stdout] test tests::runtime_env_injection_is_set_names_only ... ok
[INFO] [stdout] test tests::bash_completion_covers_the_verbs ... ok
[INFO] [stdout] test tests::runtime_env_merges_profile_and_image ... ok
[INFO] [stdout] test tests::title_escape_is_osc0_with_box_name ... ok
[INFO] [stdout] test tests::zsh_completion_has_no_unescaped_backticks ... ok
[INFO] [stdout] test tests::image_resolves_flag_over_profile_key ... ok
[INFO] [stdout] test tests::dynamic_bash_registration_is_valid_bash ... FAILED
[INFO] [stdout] test tests::create_image_completion_unions_both_marker_labels ... FAILED
[INFO] [stdout] test tests::create_profile_completion_lists_profiles ... FAILED
[INFO] [stdout] test tests::bash_completion_script_is_valid_bash ... ok
[INFO] [stdout] 
[INFO] [stdout] failures:
[INFO] [stdout] 
[INFO] [stdout] ---- tests::dynamic_bash_registration_is_valid_bash stdout ----
[INFO] [stdout] 
[INFO] [stdout] thread 'tests::dynamic_bash_registration_is_valid_bash' (827) panicked at src/main.rs:600:9:
[INFO] [stdout] test-built binary missing: /opt/rustwide/target/release/build/steelbx/0f9d23052949d6ab/steelbx
[INFO] [stdout] stack backtrace:
[INFO] [stdout]    0:     0x61389c5432d1 - <<std[617be2ca0a6fd877]::sys::backtrace::BacktraceLock>::print::DisplayBacktrace as core[a373ad73a504971]::fmt::Display>::fmt
[INFO] [stdout]    1:     0x61389c5582fa - core[a373ad73a504971]::fmt::write
[INFO] [stdout]    2:     0x61389c547d5c - <alloc[2e1b2a31b91974c5]::vec::Vec<u8> as core[a373ad73a504971]::io::write::Write>::write_fmt
[INFO] [stdout]    3:     0x61389c51d716 - std[617be2ca0a6fd877]::panicking::default_hook::{closure#0}
[INFO] [stdout]    4:     0x61389c53acf9 - std[617be2ca0a6fd877]::panicking::default_hook
[INFO] [stdout]    5:     0x61389c484c30 - test[aada8e7e76ba119b]::test_main_inner::{closure#0}
[INFO] [stdout]    6:     0x61389c53aeb2 - std[617be2ca0a6fd877]::panicking::panic_with_hook
[INFO] [stdout]    7:     0x61389c51d7c2 - std[617be2ca0a6fd877]::panicking::panic_handler::{closure#0}
[INFO] [stdout]    8:     0x61389c515d89 - std[617be2ca0a6fd877]::sys::backtrace::__rust_end_short_backtrace::<std[617be2ca0a6fd877]::panicking::panic_handler::{closure#0}, !>
[INFO] [stdout]    9:     0x61389c51e59d - __rustc[ea4f61d10b84890b]::rust_begin_unwind
[INFO] [stdout]   10:     0x61389c558a2c - core[a373ad73a504971]::panicking::panic_fmt
[INFO] [stdout]   11:     0x61389c461074 - steelbx[dd92528831ea472b]::tests::binary
[INFO] [stdout]   12:     0x61389c462ebd - <steelbx[dd92528831ea472b]::tests::dynamic_bash_registration_is_valid_bash::{closure#0} as core[a373ad73a504971]::ops::function::FnOnce<()>>::call_once
[INFO] [stdout]   13:     0x61389c47807b - test[aada8e7e76ba119b]::__rust_begin_short_backtrace::<core[a373ad73a504971]::result::Result<(), alloc[2e1b2a31b91974c5]::string::String>, fn() -> core[a373ad73a504971]::result::Result<(), alloc[2e1b2a31b91974c5]::string::String>>
[INFO] [stdout]   14:     0x61389c485255 - test[aada8e7e76ba119b]::run_test::{closure#0}
[INFO] [stdout]   15:     0x61389c47eb44 - std[617be2ca0a6fd877]::sys::backtrace::__rust_begin_short_backtrace::<test[aada8e7e76ba119b]::run_test::{closure#1}, ()>
[INFO] [stdout]   16:     0x61389c4882e2 - <std[617be2ca0a6fd877]::thread::lifecycle::spawn_unchecked<test[aada8e7e76ba119b]::run_test::{closure#1}, ()>::{closure#1} as core[a373ad73a504971]::ops::function::FnOnce<()>>::call_once::{shim:vtable#0}
[INFO] [stdout]   17:     0x61389c54294f - <std[617be2ca0a6fd877]::sys::thread::unix::Thread>::new::thread_start
[INFO] [stdout]   18:     0x7549badf1dfa - <unknown>
[INFO] [stdout]   19:     0x7549bae853d4 - clone
[INFO] [stdout]   20:                0x0 - <unknown>
[INFO] [stdout] 
[INFO] [stdout] ---- tests::create_image_completion_unions_both_marker_labels stdout ----
[INFO] [stdout] 
[INFO] [stdout] thread 'tests::create_image_completion_unions_both_marker_labels' (824) panicked at src/main.rs:600:9:
[INFO] [stdout] test-built binary missing: /opt/rustwide/target/release/build/steelbx/0f9d23052949d6ab/steelbx
[INFO] [stdout] stack backtrace:
[INFO] [stdout]    0:     0x61389c5432d1 - <<std[617be2ca0a6fd877]::sys::backtrace::BacktraceLock>::print::DisplayBacktrace as core[a373ad73a504971]::fmt::Display>::fmt
[INFO] [stdout]    1:     0x61389c5582fa - core[a373ad73a504971]::fmt::write
[INFO] [stdout]    2:     0x61389c547d5c - <alloc[2e1b2a31b91974c5]::vec::Vec<u8> as core[a373ad73a504971]::io::write::Write>::write_fmt
[INFO] [stdout]    3:     0x61389c51d716 - std[617be2ca0a6fd877]::panicking::default_hook::{closure#0}
[INFO] [stdout]    4:     0x61389c53acf9 - std[617be2ca0a6fd877]::panicking::default_hook
[INFO] [stdout]    5:     0x61389c484c30 - test[aada8e7e76ba119b]::test_main_inner::{closure#0}
[INFO] [stdout]    6:     0x61389c53aeb2 - std[617be2ca0a6fd877]::panicking::panic_with_hook
[INFO] [stdout]    7:     0x61389c51d7c2 - std[617be2ca0a6fd877]::panicking::panic_handler::{closure#0}
[INFO] [stdout]    8:     0x61389c515d89 - std[617be2ca0a6fd877]::sys::backtrace::__rust_end_short_backtrace::<std[617be2ca0a6fd877]::panicking::panic_handler::{closure#0}, !>
[INFO] [stdout]    9:     0x61389c51e59d - __rustc[ea4f61d10b84890b]::rust_begin_unwind
[INFO] [stdout]   10:     0x61389c558a2c - core[a373ad73a504971]::panicking::panic_fmt
[INFO] [stdout]   11:     0x61389c461074 - steelbx[dd92528831ea472b]::tests::binary
[INFO] [stdout]   12:     0x61389c464b66 - <steelbx[dd92528831ea472b]::tests::create_image_completion_unions_both_marker_labels::{closure#0} as core[a373ad73a504971]::ops::function::FnOnce<()>>::call_once
[INFO] [stdout]   13:     0x61389c47807b - test[aada8e7e76ba119b]::__rust_begin_short_backtrace::<core[a373ad73a504971]::result::Result<(), alloc[2e1b2a31b91974c5]::string::String>, fn() -> core[a373ad73a504971]::result::Result<(), alloc[2e1b2a31b91974c5]::string::String>>
[INFO] [stdout]   14:     0x61389c485255 - test[aada8e7e76ba119b]::run_test::{closure#0}
[INFO] [stdout]   15:     0x61389c47eb44 - std[617be2ca0a6fd877]::sys::backtrace::__rust_begin_short_backtrace::<test[aada8e7e76ba119b]::run_test::{closure#1}, ()>
[INFO] [stdout]   16:     0x61389c4882e2 - <std[617be2ca0a6fd877]::thread::lifecycle::spawn_unchecked<test[aada8e7e76ba119b]::run_test::{closure#1}, ()>::{closure#1} as core[a373ad73a504971]::ops::function::FnOnce<()>>::call_once::{shim:vtable#0}
[INFO] [stdout]   17:     0x61389c54294f - <std[617be2ca0a6fd877]::sys::thread::unix::Thread>::new::thread_start
[INFO] [stdout]   18:     0x7549badf1dfa - <unknown>
[INFO] [stdout]   19:     0x7549bae853d4 - clone
[INFO] [stdout]   20:                0x0 - <unknown>
[INFO] [stdout] 
[INFO] [stdout] ---- tests::create_profile_completion_lists_profiles stdout ----
[INFO] [stdout] 
[INFO] [stdout] thread 'tests::create_profile_completion_lists_profiles' (825) panicked at src/main.rs:600:9:
[INFO] [stdout] test-built binary missing: /opt/rustwide/target/release/build/steelbx/0f9d23052949d6ab/steelbx
[INFO] [stdout] stack backtrace:
[INFO] [stdout]    0:     0x61389c5432d1 - <<std[617be2ca0a6fd877]::sys::backtrace::BacktraceLock>::print::DisplayBacktrace as core[a373ad73a504971]::fmt::Display>::fmt
[INFO] [stdout]    1:     0x61389c5582fa - core[a373ad73a504971]::fmt::write
[INFO] [stdout]    2:     0x61389c547d5c - <alloc[2e1b2a31b91974c5]::vec::Vec<u8> as core[a373ad73a504971]::io::write::Write>::write_fmt
[INFO] [stderr] error: test failed, to rerun pass `--bin steelbx`
[INFO] [stdout]    3:     0x61389c51d716 - std[617be2ca0a6fd877]::panicking::default_hook::{closure#0}
[INFO] [stdout]    4:     0x61389c53acf9 - std[617be2ca0a6fd877]::panicking::default_hook
[INFO] [stdout]    5:     0x61389c484c30 - test[aada8e7e76ba119b]::test_main_inner::{closure#0}
[INFO] [stdout]    6:     0x61389c53aeb2 - std[617be2ca0a6fd877]::panicking::panic_with_hook
[INFO] [stdout]    7:     0x61389c51d7c2 - std[617be2ca0a6fd877]::panicking::panic_handler::{closure#0}
[INFO] [stdout]    8:     0x61389c515d89 - std[617be2ca0a6fd877]::sys::backtrace::__rust_end_short_backtrace::<std[617be2ca0a6fd877]::panicking::panic_handler::{closure#0}, !>
[INFO] [stdout]    9:     0x61389c51e59d - __rustc[ea4f61d10b84890b]::rust_begin_unwind
[INFO] [stdout]   10:     0x61389c558a2c - core[a373ad73a504971]::panicking::panic_fmt
[INFO] [stdout]   11:     0x61389c461074 - steelbx[dd92528831ea472b]::tests::binary
[INFO] [stdout]   12:     0x61389c463bc4 - <steelbx[dd92528831ea472b]::tests::create_profile_completion_lists_profiles::{closure#0} as core[a373ad73a504971]::ops::function::FnOnce<()>>::call_once
[INFO] [stdout]   13:     0x61389c47807b - test[aada8e7e76ba119b]::__rust_begin_short_backtrace::<core[a373ad73a504971]::result::Result<(), alloc[2e1b2a31b91974c5]::string::String>, fn() -> core[a373ad73a504971]::result::Result<(), alloc[2e1b2a31b91974c5]::string::String>>
[INFO] [stdout]   14:     0x61389c485255 - test[aada8e7e76ba119b]::run_test::{closure#0}
[INFO] [stdout]   15:     0x61389c47eb44 - std[617be2ca0a6fd877]::sys::backtrace::__rust_begin_short_backtrace::<test[aada8e7e76ba119b]::run_test::{closure#1}, ()>
[INFO] [stdout]   16:     0x61389c4882e2 - <std[617be2ca0a6fd877]::thread::lifecycle::spawn_unchecked<test[aada8e7e76ba119b]::run_test::{closure#1}, ()>::{closure#1} as core[a373ad73a504971]::ops::function::FnOnce<()>>::call_once::{shim:vtable#0}
[INFO] [stdout]   17:     0x61389c54294f - <std[617be2ca0a6fd877]::sys::thread::unix::Thread>::new::thread_start
[INFO] [stdout]   18:     0x7549badf1dfa - <unknown>
[INFO] [stdout]   19:     0x7549bae853d4 - clone
[INFO] [stdout]   20:                0x0 - <unknown>
[INFO] [stdout] 
[INFO] [stdout] 
[INFO] [stdout] failures:
[INFO] [stdout]     tests::create_image_completion_unions_both_marker_labels
[INFO] [stdout]     tests::create_profile_completion_lists_profiles
[INFO] [stdout]     tests::dynamic_bash_registration_is_valid_bash
[INFO] [stdout] 
[INFO] [stdout] test result: FAILED. 10 passed; 3 failed; 0 ignored; 0 measured; 0 filtered out; finished in 0.00s
[INFO] [stdout] 
[INFO] running `Command { std: "docker" "inspect" "575f67d1bcf16bce14b4869a75dd708eaded96c242417a3e2f36b8525b05323f", kill_on_drop: false }`
[INFO] running `Command { std: "docker" "rm" "-f" "575f67d1bcf16bce14b4869a75dd708eaded96c242417a3e2f36b8525b05323f", kill_on_drop: false }`
[INFO] [stdout] 575f67d1bcf16bce14b4869a75dd708eaded96c242417a3e2f36b8525b05323f
