[INFO] cloning repository https://github.com/simon3z/fsmeta
[INFO] running `Command { std: "git" "-c" "credential.helper=" "-c" "credential.helper=/workspace/cargo-home/bin/git-credential-null" "clone" "--bare" "https://github.com/simon3z/fsmeta" "/workspace/cache/git-repos/https%3A%2F%2Fgithub.com%2Fsimon3z%2Ffsmeta", kill_on_drop: false }`
[INFO] [stderr] Cloning into bare repository '/workspace/cache/git-repos/https%3A%2F%2Fgithub.com%2Fsimon3z%2Ffsmeta'...
[INFO] running `Command { std: "git" "rev-parse" "HEAD", kill_on_drop: false }`
[INFO] [stdout] 95c0135d8db792bc0bb8a6cae68f5d7d660867ea
[INFO] testing simon3z/fsmeta against 1.100.0-beta.1+cargoflags=--release for beta-release-1.100-2
[INFO] running `Command { std: "git" "clone" "/workspace/cache/git-repos/https%3A%2F%2Fgithub.com%2Fsimon3z%2Ffsmeta" "/workspace/builds/worker-7-tc2/source", kill_on_drop: false }`
[INFO] [stderr] Cloning into '/workspace/builds/worker-7-tc2/source'...
[INFO] [stderr] done.
[INFO] started tweaking git repo https://github.com/simon3z/fsmeta
[INFO] finished tweaking git repo https://github.com/simon3z/fsmeta
[INFO] tweaked toml for git repo https://github.com/simon3z/fsmeta written to /workspace/builds/worker-7-tc2/source/Cargo.toml
[INFO] validating manifest of git repo https://github.com/simon3z/fsmeta on toolchain 1.100.0-beta.1
[INFO] running `Command { std: CARGO_HOME="/workspace/cargo-home" RUSTUP_HOME="/workspace/rustup-home" "/workspace/cargo-home/bin/cargo" "+1.100.0-beta.1" "metadata" "--manifest-path" "Cargo.toml" "--no-deps", kill_on_drop: false }`
[INFO] crate git repo https://github.com/simon3z/fsmeta already has a lockfile, it will not be regenerated
[INFO] running `Command { std: CARGO_HOME="/workspace/cargo-home" RUSTUP_HOME="/workspace/rustup-home" "/workspace/cargo-home/bin/cargo" "+1.100.0-beta.1" "fetch" "--manifest-path" "Cargo.toml", kill_on_drop: false }`
[INFO] running `Command { std: "docker" "create" "-v" "/var/lib/crater-agent-workspace/builds/worker-7-tc2/source:/opt/rustwide/workdir:ro,Z" "-v" "/var/lib/crater-agent-workspace/builds/worker-7-tc2/target:/opt/rustwide/target:rw,Z" "-v" "/var/lib/crater-agent-workspace/cargo-home:/opt/rustwide/cargo-home:ro,Z" "-v" "/var/lib/crater-agent-workspace/rustup-home:/opt/rustwide/rustup-home:ro,Z" "-m" "1610612736" "--network" "none" "ghcr.io/rust-lang/crates-build-env/linux@sha256:77db811e55d90add9212f6832c23229e3de5f1c1f9905e8cb07319ea15df73ac" "sleep" "infinity", kill_on_drop: false }`
[INFO] [stdout] 621370c9b8cf7440981dd1fa8958365b4ec94146d67477d7fef2eeaebde468f7
[INFO] running `Command { std: "docker" "start" "621370c9b8cf7440981dd1fa8958365b4ec94146d67477d7fef2eeaebde468f7", kill_on_drop: false }`
[INFO] running `Command { std: "docker" "inspect" "621370c9b8cf7440981dd1fa8958365b4ec94146d67477d7fef2eeaebde468f7", kill_on_drop: false }`
[INFO] running `Command { std: "docker" "exec" "-e" "SOURCE_DIR=/opt/rustwide/workdir" "-e" "CARGO_HOME=/opt/rustwide/cargo-home" "-e" "RUSTUP_HOME=/opt/rustwide/rustup-home" "-e" "CARGO_TARGET_DIR=/opt/rustwide/target" "-w" "/opt/rustwide/workdir" "--user" "0:0" "621370c9b8cf7440981dd1fa8958365b4ec94146d67477d7fef2eeaebde468f7" "/opt/rustwide/cargo-home/bin/cargo" "+1.100.0-beta.1" "metadata" "--no-deps" "--format-version=1", kill_on_drop: false }`
[INFO] running `Command { std: "docker" "inspect" "621370c9b8cf7440981dd1fa8958365b4ec94146d67477d7fef2eeaebde468f7", kill_on_drop: false }`
[INFO] running `Command { std: "docker" "exec" "-e" "SOURCE_DIR=/opt/rustwide/workdir" "-e" "CARGO_HOME=/opt/rustwide/cargo-home" "-e" "RUSTUP_HOME=/opt/rustwide/rustup-home" "-e" "CARGO_TARGET_DIR=/opt/rustwide/target" "-e" "CARGO_INCREMENTAL=0" "-e" "RUST_BACKTRACE=full" "-e" "RUSTFLAGS=--cap-lints=warn" "-e" "RUSTDOCFLAGS=--cap-lints=warn" "-w" "/opt/rustwide/workdir" "--user" "0:0" "621370c9b8cf7440981dd1fa8958365b4ec94146d67477d7fef2eeaebde468f7" "/opt/rustwide/cargo-home/bin/cargo" "+1.100.0-beta.1" "build" "--frozen" "--message-format=json" "--release", kill_on_drop: false }`
[INFO] [stderr]    Compiling proc-macro2 v1.0.107
[INFO] [stderr]    Compiling unicode-ident v1.0.26
[INFO] [stderr]    Compiling typenum v1.20.1
[INFO] [stderr]    Compiling quote v1.0.47
[INFO] [stderr]    Compiling utf8parse v0.2.2
[INFO] [stderr]    Compiling anstyle-query v1.1.5
[INFO] [stderr]    Compiling colorchoice v1.0.5
[INFO] [stderr]    Compiling is_terminal_polyfill v1.70.2
[INFO] [stderr]    Compiling anstyle v1.0.14
[INFO] [stderr]    Compiling anyhow v1.0.104
[INFO] [stderr]    Compiling const-oid v0.10.2
[INFO] [stderr]    Compiling clap_lex v1.1.1
[INFO] [stderr]    Compiling strsim v0.11.1
[INFO] [stderr]    Compiling heck v0.5.0
[INFO] [stderr]    Compiling libc v0.2.190
[INFO] [stderr]    Compiling cpufeatures v0.3.1
[INFO] [stderr]    Compiling anstyle-parse v1.0.0
[INFO] [stderr]    Compiling cfg-if v1.0.5
[INFO] [stderr]    Compiling anstream v1.0.0
[INFO] [stderr]    Compiling clap_builder v4.6.7
[INFO] [stderr]    Compiling syn v3.0.6
[INFO] [stderr]    Compiling hybrid-array v0.4.15
[INFO] [stderr]    Compiling block-buffer v0.12.1
[INFO] [stderr]    Compiling crypto-common v0.2.2
[INFO] [stderr]    Compiling digest v0.11.3
[INFO] [stderr]    Compiling sha1 v0.11.0
[INFO] [stderr]    Compiling clap_derive v4.6.7
[INFO] [stderr]    Compiling clap v4.6.7
[INFO] [stderr]    Compiling fsmeta v0.1.0 (/opt/rustwide/workdir)
[INFO] [stderr]     Finished `release` profile [optimized] target(s) in 20.17s
[INFO] running `Command { std: "docker" "inspect" "621370c9b8cf7440981dd1fa8958365b4ec94146d67477d7fef2eeaebde468f7", kill_on_drop: false }`
[INFO] running `Command { std: "docker" "exec" "-e" "SOURCE_DIR=/opt/rustwide/workdir" "-e" "CARGO_HOME=/opt/rustwide/cargo-home" "-e" "RUSTUP_HOME=/opt/rustwide/rustup-home" "-e" "CARGO_TARGET_DIR=/opt/rustwide/target" "-e" "CARGO_INCREMENTAL=0" "-e" "RUST_BACKTRACE=full" "-e" "RUSTFLAGS=--cap-lints=warn" "-e" "RUSTDOCFLAGS=--cap-lints=warn" "-w" "/opt/rustwide/workdir" "--user" "0:0" "621370c9b8cf7440981dd1fa8958365b4ec94146d67477d7fef2eeaebde468f7" "/opt/rustwide/cargo-home/bin/cargo" "+1.100.0-beta.1" "test" "--frozen" "--no-run" "--message-format=json" "--release", kill_on_drop: false }`
[INFO] [stderr]    Compiling getrandom v0.4.3
[INFO] [stderr]    Compiling rustix v1.1.5
[INFO] [stderr]    Compiling bitflags v2.13.2
[INFO] [stderr]    Compiling linux-raw-sys v0.12.1
[INFO] [stderr]    Compiling once_cell v1.21.4
[INFO] [stderr]    Compiling fastrand v2.5.0
[INFO] [stderr]    Compiling tempfile v3.27.0
[INFO] [stderr]    Compiling fsmeta v0.1.0 (/opt/rustwide/workdir)
[INFO] [stderr]     Finished `release` profile [optimized] target(s) in 9.12s
[INFO] running `Command { std: "docker" "inspect" "621370c9b8cf7440981dd1fa8958365b4ec94146d67477d7fef2eeaebde468f7", kill_on_drop: false }`
[INFO] running `Command { std: "docker" "exec" "-e" "SOURCE_DIR=/opt/rustwide/workdir" "-e" "CARGO_HOME=/opt/rustwide/cargo-home" "-e" "RUSTUP_HOME=/opt/rustwide/rustup-home" "-e" "CARGO_TARGET_DIR=/opt/rustwide/target" "-e" "CARGO_INCREMENTAL=0" "-e" "RUST_BACKTRACE=full" "-e" "RUSTFLAGS=--cap-lints=warn" "-e" "RUSTDOCFLAGS=--cap-lints=warn" "-w" "/opt/rustwide/workdir" "--user" "0:0" "621370c9b8cf7440981dd1fa8958365b4ec94146d67477d7fef2eeaebde468f7" "/opt/rustwide/cargo-home/bin/cargo" "+1.100.0-beta.1" "test" "--frozen" "--release", kill_on_drop: false }`
[INFO] [stderr]     Finished `release` profile [optimized] target(s) in 0.06s
[INFO] [stderr]      Running unittests src/main.rs (/opt/rustwide/target/release/build/fsmeta/252d74766340c840/out/fsmeta-252d74766340c840)
[INFO] [stdout] 
[INFO] [stdout] running 62 tests
[INFO] [stdout] test compare::tests::flags_checksum_both_skipped_flag_question ... ok
[INFO] [stdout] test compare::tests::flags_checksum_mismatch ... ok
[INFO] [stdout] test compare::tests::flags_checksum_skipped ... ok
[INFO] [stdout] test compare::tests::flags_symlink_target_change ... ok
[INFO] [stdout] test compare::tests::flags_hardlink_change ... ok
[INFO] [stdout] test compare::tests::merge_all_missing_emitted_in_finish ... ok
[INFO] [stdout] test compare::tests::merge_detects_leftover_and_changed ... ok
[INFO] [stdout] test compare::tests::flags_all_unchanged ... ok
[INFO] [stdout] test compare::tests::compare_multiple_changes_all_flagged ... ok
[INFO] [stdout] test compare::tests::flags_xattr_change ... ok
[INFO] [stdout] test compare::tests::flags_group_change ... ok
[INFO] [stdout] test compare::tests::flags_mode_change ... ok
[INFO] [stdout] test compare::tests::compare_unchanged_not_reported ... ok
[INFO] [stdout] test compare::tests::flags_size_change ... ok
[INFO] [stdout] test compare::tests::flags_user_change ... ok
[INFO] [stdout] test compare::tests::merge_type_change_detected ... ok
[INFO] [stdout] test compare::tests::merge_verbose_output_includes_details ... ok
[INFO] [stdout] test compare::tests::verbose_detail_both_skipped_checksum_note ... ok
[INFO] [stdout] test compare::tests::merge_empty_baseline_all_leftovers ... ok
[INFO] [stdout] test compare::tests::flags_checksum_one_skipped_flag_question ... ok
[INFO] [stdout] test dump::tests::file_type_regular ... ok
[INFO] [stdout] test dump::tests::file_type_char_device ... ok
[INFO] [stdout] test dump::tests::file_type_directory ... ok
[INFO] [stdout] test dump::tests::file_type_symlink ... ok
[INFO] [stdout] test dump::tests::is_excluded_exact_and_descendant ... ok
[INFO] [stdout] test dump::tests::is_excluded_no_match ... ok
[INFO] [stdout] test dump::tests::is_excluded_trailing_slash_and_root ... ok
[INFO] [stdout] test dump::tests::no_checksum_on_char_device ... ok
[INFO] [stdout] test dump::tests::no_checksum_on_block_device ... ok
[INFO] [stdout] test format::tests::dfs_after_basic ... ok
[INFO] [stdout] test format::tests::read_snapshot_rejects_duplicate_paths ... ok
[INFO] [stdout] test dump::tests::walk_output_is_globally_sorted_with_prefix_collision ... ok
[INFO] [stdout] test compare::tests::flags_file_attrs_change ... ok
[INFO] [stdout] test compare::tests::compare_leftover_file ... ok
[INFO] [stdout] test format::tests::roundtrip_device ... ok
[INFO] [stdout] test format::tests::roundtrip_checksum_skipped ... ok
[INFO] [stdout] test format::tests::roundtrip_directory_type ... ok
[INFO] [stdout] test format::tests::read_snapshot_rejects_out_of_dfs_order ... ok
[INFO] [stdout] test format::tests::roundtrip_multiple_records ... ok
[INFO] [stdout] test compare::tests::merge_multiple_changes_on_one_file ... ok
[INFO] [stdout] test format::tests::roundtrip_regular_file ... ok
[INFO] [stdout] test compare::tests::merge_directory_tree_structure ... ok
[INFO] [stdout] test compare::tests::merge_no_changes_no_missing ... ok
[INFO] [stdout] test compare::tests::merge_dfs_order_prefix_collision ... ok
[INFO] [stdout] test compare::tests::flags_perms_change ... ok
[INFO] [stdout] test compare::tests::merge_dfs_missing_in_subdirectory ... ok
[INFO] [stdout] test format::tests::roundtrip_with_xattrs ... ok
[INFO] [stdout] test compare::tests::compare_missing_file ... ok
[INFO] [stdout] test compare::tests::flags_type_change ... ok
[INFO] [stdout] test tests::canon_root_absolute_unchanged ... ok
[INFO] [stdout] test format::tests::roundtrip_empty_snapshot ... ok
[INFO] [stdout] test tests::canon_root_collapses_dots ... ok
[INFO] [stdout] test dump::tests::checksum_for_regular_file ... ok
[INFO] [stdout] test dump::tests::checksum_skipped_for_large_file ... ok
[INFO] [stdout] test compare::tests::verbose_detail_includes_field_names ... ok
[INFO] [stdout] test record::tests::filetype_u8_roundtrip ... ok
[INFO] [stderr]      Running tests/cli.rs (/opt/rustwide/target/release/build/fsmeta/a2b7132832f7b0d9/out/cli-a2b7132832f7b0d9)
[INFO] [stdout] test format::tests::roundtrip_symlink ... ok
[INFO] [stdout] test tests::canon_root_relative_becomes_absolute ... ok
[INFO] [stdout] test format::tests::roundtrip_with_file_attrs ... ok
[INFO] [stdout] test record::tests::record_default_is_regular_empty ... ok
[INFO] [stdout] test record::tests::filetype_unknown_defaults_to_regular ... ok
[INFO] [stdout] test record::tests::filetype_default_is_regular ... ok
[INFO] [stdout] 
[INFO] [stdout] test result: ok. 62 passed; 0 failed; 0 ignored; 0 measured; 0 filtered out; finished in 0.02s
[INFO] [stdout] 
[INFO] [stdout] 
[INFO] [stdout] running 5 tests
[INFO] [stdout] test help_flag ... FAILED
[INFO] [stdout] test dump_requires_paths ... FAILED
[INFO] [stdout] test no_subcommand_fails ... FAILED
[INFO] [stdout] test version_flag ... FAILED
[INFO] [stdout] test subcommand_help ... FAILED
[INFO] [stdout] 
[INFO] [stdout] failures:
[INFO] [stdout] 
[INFO] [stdout] ---- help_flag stdout ----
[INFO] [stdout] 
[INFO] [stdout] thread 'help_flag' (970) panicked at tests/cli.rs:27:10:
[INFO] [stdout] called `Result::unwrap()` on an `Err` value: Os { code: 2, kind: NotFound, message: "No such file or directory" }
[INFO] [stdout] stack backtrace:
[INFO] [stdout]    0:     0x561ce2c03ec1 - <unknown>
[INFO] [stdout]    1:     0x561ce2c17e8a - <unknown>
[INFO] [stdout]    2:     0x561ce2c080dc - <unknown>
[INFO] [stdout]    3:     0x561ce2be0126 - <unknown>
[INFO] [stdout]    4:     0x561ce2bfc559 - <unknown>
[INFO] [stdout]    5:     0x561ce2b98a00 - <unknown>
[INFO] [stdout]    6:     0x561ce2bfc712 - <unknown>
[INFO] [stdout]    7:     0x561ce2be01d2 - <unknown>
[INFO] [stdout]    8:     0x561ce2bd8ee9 - <unknown>
[INFO] [stdout]    9:     0x561ce2be0ddd - <unknown>
[INFO] [stdout]   10:     0x561ce2c185bc - <unknown>
[INFO] [stdout]   11:     0x561ce2c18392 - <unknown>
[INFO] [stdout]   12:     0x561ce2b8bcad - <unknown>
[INFO] [stdout]   13:     0x561ce2b8be4b - <unknown>
[INFO] [stdout]   14:     0x561ce2b99025 - <unknown>
[INFO] [stdout]   15:     0x561ce2b92914 - <unknown>
[INFO] [stdout]   16:     0x561ce2b9c0b2 - <unknown>
[INFO] [stdout]   17:     0x561ce2c0371f - <unknown>
[INFO] [stdout]   18:     0x74a6b7601dfa - <unknown>
[INFO] [stdout]   19:     0x74a6b76953d4 - clone
[INFO] [stdout]   20:                0x0 - <unknown>
[INFO] [stdout] 
[INFO] [stdout] ---- dump_requires_paths stdout ----
[INFO] [stdout] 
[INFO] [stdout] thread 'dump_requires_paths' (969) panicked at tests/cli.rs:48:10:
[INFO] [stdout] called `Result::unwrap()` on an `Err` value: Os { code: 2, kind: NotFound, message: "No such file or directory" }
[INFO] [stdout] stack backtrace:
[INFO] [stdout]    0:     0x561ce2c03ec1 - <unknown>
[INFO] [stdout]    1:     0x561ce2c17e8a - <unknown>
[INFO] [stdout]    2:     0x561ce2c080dc - <unknown>
[INFO] [stdout]    3:     0x561ce2be0126 - <unknown>
[INFO] [stdout]    4:     0x561ce2bfc559 - <unknown>
[INFO] [stdout]    5:     0x561ce2b98a00 - <unknown>
[INFO] [stdout]    6:     0x561ce2bfc712 - <unknown>
[INFO] [stdout]    7:     0x561ce2be01d2 - <unknown>
[INFO] [stdout]    8:     0x561ce2bd8ee9 - <unknown>
[INFO] [stdout]    9:     0x561ce2be0ddd - <unknown>
[INFO] [stdout]   10:     0x561ce2c185bc - <unknown>
[INFO] [stdout]   11:     0x561ce2c18392 - <unknown>
[INFO] [stdout]   12:     0x561ce2b8b864 - <unknown>
[INFO] [stdout]   13:     0x561ce2b8be4b - <unknown>
[INFO] [stdout]   14:     0x561ce2b99025 - <unknown>
[INFO] [stdout]   15:     0x561ce2b92914 - <unknown>
[INFO] [stdout]   16:     0x561ce2b9c0b2 - <unknown>
[INFO] [stdout]   17:     0x561ce2c0371f - <unknown>
[INFO] [stdout]   18:     0x74a6b7601dfa - <unknown>
[INFO] [stdout]   19:     0x74a6b76953d4 - clone
[INFO] [stdout]   20:                0x0 - <unknown>
[INFO] [stdout] 
[INFO] [stdout] ---- no_subcommand_fails stdout ----
[INFO] [stdout] 
[INFO] [stdout] thread 'no_subcommand_fails' (971) panicked at tests/cli.rs:38:61:
[INFO] [stdout] called `Result::unwrap()` on an `Err` value: Os { code: 2, kind: NotFound, message: "No such file or directory" }
[INFO] [stdout] stack backtrace:
[INFO] [stdout]    0:     0x561ce2c03ec1 - <unknown>
[INFO] [stdout]    1:     0x561ce2c17e8a - <unknown>
[INFO] [stdout]    2:     0x561ce2c080dc - <unknown>
[INFO] [stdout]    3:     0x561ce2be0126 - <unknown>
[INFO] [stdout]    4:     0x561ce2bfc559 - <unknown>
[INFO] [stdout]    5:     0x561ce2b98a00 - <unknown>
[INFO] [stdout]    6:     0x561ce2bfc712 - <unknown>
[INFO] [stdout]    7:     0x561ce2be01d2 - <unknown>
[INFO] [stdout]    8:     0x561ce2bd8ee9 - <unknown>
[INFO] [stdout]    9:     0x561ce2be0ddd - <unknown>
[INFO] [stdout]   10:     0x561ce2c185bc - <unknown>
[INFO] [stdout]   11:     0x561ce2c18392 - <unknown>
[INFO] [stdout]   12:     0x561ce2b8ba33 - <unknown>
[INFO] [stdout]   13:     0x561ce2b8be4b - <unknown>
[INFO] [stdout]   14:     0x561ce2b99025 - <unknown>
[INFO] [stdout]   15:     0x561ce2b92914 - <unknown>
[INFO] [stdout]   16:     0x561ce2b9c0b2 - <unknown>
[INFO] [stdout]   17:     0x561ce2c0371f - <unknown>
[INFO] [stdout]   18:     0x74a6b7601dfa - <unknown>
[INFO] [stdout]   19:     0x74a6b76953d4 - clone
[INFO] [stdout]   20:                0x0 - <unknown>
[INFO] [stdout] 
[INFO] [stdout] ---- version_flag stdout ----
[INFO] [stdout] 
[INFO] [stdout] thread 'version_flag' (973) panicked at tests/cli.rs:16:10:
[INFO] [stdout] called `Result::unwrap()` on an `Err` value: Os { code: 2, kind: NotFound, message: "No such file or directory" }
[INFO] [stdout] stack backtrace:
[INFO] [stdout]    0:     0x561ce2c03ec1 - <unknown>
[INFO] [stdout]    1:     0x561ce2c17e8a - <unknown>
[INFO] [stdout]    2:     0x561ce2c080dc - <unknown>
[INFO] [stdout]    3:     0x561ce2be0126 - <unknown>
[INFO] [stdout]    4:     0x561ce2bfc559 - <unknown>
[INFO] [stdout]    5:     0x561ce2b98a00 - <unknown>
[INFO] [stdout]    6:     0x561ce2bfc712 - <unknown>
[INFO] [stdout]    7:     0x561ce2be01d2 - <unknown>
[INFO] [stdout]    8:     0x561ce2bd8ee9 - <unknown>
[INFO] [stdout]    9:     0x561ce2be0ddd - <unknown>
[INFO] [stdout]   10:     0x561ce2c185bc - <unknown>
[INFO] [stdout]   11:     0x561ce2c18392 - <unknown>
[INFO] [stdout]   12:     0x561ce2b8b32e - <unknown>
[INFO] [stdout]   13:     0x561ce2b8be4b - <unknown>
[INFO] [stdout]   14:     0x561ce2b99025 - <unknown>
[INFO] [stdout]   15:     0x561ce2b92914 - <unknown>
[INFO] [stdout]   16:     0x561ce2b9c0b2 - <unknown>
[INFO] [stdout]   17:     0x561ce2c0371f - <unknown>
[INFO] [stdout]   18:     0x74a6b7601dfa - <unknown>
[INFO] [stdout]   19:     0x74a6b76953d4 - clone
[INFO] [stdout]   20:                0x0 - <unknown>
[INFO] [stdout] 
[INFO] [stdout] ---- subcommand_help stdout ----
[INFO] [stdout] 
[INFO] [stdout] thread 'subcommand_help' (972) panicked at tests/cli.rs:59:14:
[INFO] [stdout] called `Result::unwrap()` on an `Err` value: Os { code: 2, kind: NotFound, message: "No such file or directory" }
[INFO] [stdout] stack backtrace:
[INFO] [stdout]    0:     0x561ce2c03ec1 - <unknown>
[INFO] [stdout]    1:     0x561ce2c17e8a - <unknown>
[INFO] [stdout]    2:     0x561ce2c080dc - <unknown>
[INFO] [stdout]    3:     0x561ce2be0126 - <unknown>
[INFO] [stdout]    4:     0x561ce2bfc559 - <unknown>
[INFO] [stdout]    5:     0x561ce2b98a00 - <unknown>
[INFO] [stdout]    6:     0x561ce2bfc712 - <unknown>
[INFO] [stdout]    7:     0x561ce2be01d2 - <unknown>
[INFO] [stdout]    8:     0x561ce2bd8ee9 - <unknown>
[INFO] [stdout]    9:     0x561ce2be0ddd - <unknown>
[INFO] [stdout]   10:     0x561ce2c185bc - <unknown>
[INFO] [stdout]   11:     0x561ce2c18392 - <unknown>
[INFO] [stdout]   12:     0x561ce2b8b672 - <unknown>
[INFO] [stdout]   13:     0x561ce2b8be4b - <unknown>
[INFO] [stdout]   14:     0x561ce2b99025 - <unknown>
[INFO] [stdout]   15:     0x561ce2b92914 - <unknown>
[INFO] [stdout]   16:     0x561ce2b9c0b2 - <unknown>
[INFO] [stdout]   17:     0x561ce2c0371f - <unknown>
[INFO] [stdout]   18:     0x74a6b7601dfa - <unknown>
[INFO] [stdout]   19:     0x74a6b76953d4 - clone
[INFO] [stdout]   20:                0x0 - <unknown>
[INFO] [stdout] 
[INFO] [stdout] 
[INFO] [stdout] failures:
[INFO] [stdout]     dump_requires_paths
[INFO] [stdout]     help_flag
[INFO] [stdout]     no_subcommand_fails
[INFO] [stdout]     subcommand_help
[INFO] [stdout]     version_flag
[INFO] [stdout] 
[INFO] [stdout] test result: FAILED. 0 passed; 5 failed; 0 ignored; 0 measured; 0 filtered out; finished in 0.00s
[INFO] [stdout] 
[INFO] [stderr] error: test failed, to rerun pass `--test cli`
[INFO] running `Command { std: "docker" "inspect" "621370c9b8cf7440981dd1fa8958365b4ec94146d67477d7fef2eeaebde468f7", kill_on_drop: false }`
[INFO] running `Command { std: "docker" "rm" "-f" "621370c9b8cf7440981dd1fa8958365b4ec94146d67477d7fef2eeaebde468f7", kill_on_drop: false }`
[INFO] [stdout] 621370c9b8cf7440981dd1fa8958365b4ec94146d67477d7fef2eeaebde468f7
