[INFO] cloning repository https://github.com/sibyllinesoft/grimoire
[INFO] running `Command { std: "git" "-c" "credential.helper=" "-c" "credential.helper=/workspace/cargo-home/bin/git-credential-null" "clone" "--bare" "https://github.com/sibyllinesoft/grimoire" "/workspace/cache/git-repos/https%3A%2F%2Fgithub.com%2Fsibyllinesoft%2Fgrimoire", kill_on_drop: false }`
[INFO] [stderr] Cloning into bare repository '/workspace/cache/git-repos/https%3A%2F%2Fgithub.com%2Fsibyllinesoft%2Fgrimoire'...
[INFO] running `Command { std: "git" "rev-parse" "HEAD", kill_on_drop: false }`
[INFO] [stdout] a2e78ec80967f648645a8045c953d807d7540446
[INFO] testing sibyllinesoft/grimoire against 1.100.0-beta.1+cargoflags=--release for beta-release-1.100-2
[INFO] running `Command { std: "git" "clone" "/workspace/cache/git-repos/https%3A%2F%2Fgithub.com%2Fsibyllinesoft%2Fgrimoire" "/workspace/builds/worker-6-tc2/source", kill_on_drop: false }`
[INFO] [stderr] Cloning into '/workspace/builds/worker-6-tc2/source'...
[INFO] [stderr] done.
[INFO] [stderr] Updating files:  32% (2252/6981)
Updating files:  33% (2304/6981)
Updating files:  33% (2315/6981)
Updating files:  34% (2374/6981)
Updating files:  35% (2444/6981)
Updating files:  35% (2467/6981)
Updating files:  36% (2514/6981)
Updating files:  36% (2571/6981)
Updating files:  37% (2583/6981)
Updating files:  37% (2617/6981)
Updating files:  38% (2653/6981)
Updating files:  39% (2723/6981)
Updating files:  39% (2745/6981)
Updating files:  40% (2793/6981)
Updating files:  41% (2863/6981)
Updating files:  41% (2893/6981)
Updating files:  41% (2901/6981)
Updating files:  41% (2907/6981)
Updating files:  41% (2929/6981)
Updating files:  42% (2933/6981)
Updating files:  42% (2935/6981)
Updating files:  42% (2943/6981)
Updating files:  42% (2961/6981)
Updating files:  42% (2973/6981)
Updating files:  42% (2978/6981)
Updating files:  43% (3002/6981)
Updating files:  44% (3072/6981)
Updating files:  45% (3142/6981)
Updating files:  46% (3212/6981)
Updating files:  46% (3227/6981)
Updating files:  47% (3282/6981)
Updating files:  48% (3351/6981)
Updating files:  48% (3418/6981)
Updating files:  49% (3421/6981)
Updating files:  50% (3491/6981)
Updating files:  51% (3561/6981)
Updating files:  52% (3631/6981)
Updating files:  53% (3700/6981)
Updating files:  54% (3770/6981)
Updating files:  55% (3840/6981)
Updating files:  56% (3910/6981)
Updating files:  57% (3980/6981)
Updating files:  58% (4049/6981)
Updating files:  59% (4119/6981)
Updating files:  60% (4189/6981)
Updating files:  60% (4216/6981)
Updating files:  61% (4259/6981)
Updating files:  62% (4329/6981)
Updating files:  63% (4399/6981)
Updating files:  64% (4468/6981)
Updating files:  65% (4538/6981)
Updating files:  66% (4608/6981)
Updating files:  67% (4678/6981)
Updating files:  68% (4748/6981)
Updating files:  69% (4817/6981)
Updating files:  70% (4887/6981)
Updating files:  71% (4957/6981)
Updating files:  72% (5027/6981)
Updating files:  73% (5097/6981)
Updating files:  73% (5151/6981)
Updating files:  74% (5166/6981)
Updating files:  75% (5236/6981)
Updating files:  76% (5306/6981)
Updating files:  77% (5376/6981)
Updating files:  77% (5397/6981)
Updating files:  77% (5401/6981)
Updating files:  77% (5403/6981)
Updating files:  77% (5409/6981)
Updating files:  77% (5415/6981)
Updating files:  78% (5446/6981)
Updating files:  79% (5515/6981)
Updating files:  80% (5585/6981)
Updating files:  81% (5655/6981)
Updating files:  82% (5725/6981)
Updating files:  83% (5795/6981)
Updating files:  84% (5865/6981)
Updating files:  85% (5934/6981)
Updating files:  86% (6004/6981)
Updating files:  87% (6074/6981)
Updating files:  88% (6144/6981)
Updating files:  89% (6214/6981)
Updating files:  90% (6283/6981)
Updating files:  91% (6353/6981)
Updating files:  92% (6423/6981)
Updating files:  92% (6490/6981)
Updating files:  93% (6493/6981)
Updating files:  94% (6563/6981)
Updating files:  94% (6629/6981)
Updating files:  95% (6632/6981)
Updating files:  96% (6702/6981)
Updating files:  97% (6772/6981)
Updating files:  98% (6842/6981)
Updating files:  99% (6912/6981)
Updating files: 100% (6981/6981)
Updating files: 100% (6981/6981), done.
[INFO] started tweaking git repo https://github.com/sibyllinesoft/grimoire
[INFO] finished tweaking git repo https://github.com/sibyllinesoft/grimoire
[INFO] tweaked toml for git repo https://github.com/sibyllinesoft/grimoire written to /workspace/builds/worker-6-tc2/source/Cargo.toml
[INFO] validating manifest of git repo https://github.com/sibyllinesoft/grimoire on toolchain 1.100.0-beta.1
[INFO] running `Command { std: CARGO_HOME="/workspace/cargo-home" RUSTUP_HOME="/workspace/rustup-home" "/workspace/cargo-home/bin/cargo" "+1.100.0-beta.1" "metadata" "--manifest-path" "Cargo.toml" "--no-deps", kill_on_drop: false }`
[INFO] crate git repo https://github.com/sibyllinesoft/grimoire already has a lockfile, it will not be regenerated
[INFO] running `Command { std: CARGO_HOME="/workspace/cargo-home" RUSTUP_HOME="/workspace/rustup-home" "/workspace/cargo-home/bin/cargo" "+1.100.0-beta.1" "fetch" "--manifest-path" "Cargo.toml", kill_on_drop: false }`
[INFO] [stderr] warning: unused workspace dependency `criterion`
[INFO] [stderr]   --> Cargo.toml:24:25
[INFO] [stderr]    |
[INFO] [stderr] 24 | [workspace.dependencies.criterion]
[INFO] [stderr]    |                         ^^^^^^^^^
[INFO] [stderr]    |
[INFO] [stderr]    = note: `cargo::unused_workspace_dependencies` is set to `warn` by default
[INFO] [stderr] help: consider removing the workspace dependency `criterion`
[INFO] [stderr] warning: unused field `keywords` in `workspace.package`
[INFO] [stderr]   --> Cargo.toml:51:1
[INFO] [stderr]    |
[INFO] [stderr] 51 | keywords = ["cli", "agent", "search", "code", "tools"]
[INFO] [stderr]    | ^^^^^^^^
[INFO] [stderr]    |
[INFO] [stderr]    = note: `cargo::unused_workspace_package_fields` is set to `warn` by default
[INFO] [stderr] help: consider removing the field `workspace.package.keywords`
[INFO] [stderr] warning: workspace (manifest) generated 2 warnings
[INFO] running `Command { std: "docker" "create" "-v" "/var/lib/crater-agent-workspace/builds/worker-6-tc2/source:/opt/rustwide/workdir:ro,Z" "-v" "/var/lib/crater-agent-workspace/builds/worker-6-tc2/target:/opt/rustwide/target:rw,Z" "-v" "/var/lib/crater-agent-workspace/cargo-home:/opt/rustwide/cargo-home:ro,Z" "-v" "/var/lib/crater-agent-workspace/rustup-home:/opt/rustwide/rustup-home:ro,Z" "-m" "1610612736" "--network" "none" "ghcr.io/rust-lang/crates-build-env/linux@sha256:77db811e55d90add9212f6832c23229e3de5f1c1f9905e8cb07319ea15df73ac" "sleep" "infinity", kill_on_drop: false }`
[INFO] [stdout] 7d77831ce850713b356cecb88e9e5c7772302baca0ac5dacfe0df93605f61b6c
[INFO] running `Command { std: "docker" "start" "7d77831ce850713b356cecb88e9e5c7772302baca0ac5dacfe0df93605f61b6c", kill_on_drop: false }`
[INFO] running `Command { std: "docker" "inspect" "7d77831ce850713b356cecb88e9e5c7772302baca0ac5dacfe0df93605f61b6c", kill_on_drop: false }`
[INFO] running `Command { std: "docker" "exec" "-e" "SOURCE_DIR=/opt/rustwide/workdir" "-e" "CARGO_HOME=/opt/rustwide/cargo-home" "-e" "RUSTUP_HOME=/opt/rustwide/rustup-home" "-e" "CARGO_TARGET_DIR=/opt/rustwide/target" "-w" "/opt/rustwide/workdir" "--user" "0:0" "7d77831ce850713b356cecb88e9e5c7772302baca0ac5dacfe0df93605f61b6c" "/opt/rustwide/cargo-home/bin/cargo" "+1.100.0-beta.1" "metadata" "--no-deps" "--format-version=1", kill_on_drop: false }`
[INFO] running `Command { std: "docker" "inspect" "7d77831ce850713b356cecb88e9e5c7772302baca0ac5dacfe0df93605f61b6c", kill_on_drop: false }`
[INFO] running `Command { std: "docker" "exec" "-e" "SOURCE_DIR=/opt/rustwide/workdir" "-e" "CARGO_HOME=/opt/rustwide/cargo-home" "-e" "RUSTUP_HOME=/opt/rustwide/rustup-home" "-e" "CARGO_TARGET_DIR=/opt/rustwide/target" "-e" "CARGO_INCREMENTAL=0" "-e" "RUST_BACKTRACE=full" "-e" "RUSTFLAGS=--cap-lints=warn" "-e" "RUSTDOCFLAGS=--cap-lints=warn" "-w" "/opt/rustwide/workdir" "--user" "0:0" "7d77831ce850713b356cecb88e9e5c7772302baca0ac5dacfe0df93605f61b6c" "/opt/rustwide/cargo-home/bin/cargo" "+1.100.0-beta.1" "build" "--frozen" "--message-format=json" "--release", kill_on_drop: false }`
[INFO] [stderr] warning: unused workspace dependency `criterion`
[INFO] [stderr]   --> Cargo.toml:24:25
[INFO] [stderr]    |
[INFO] [stderr] 24 | [workspace.dependencies.criterion]
[INFO] [stderr]    |                         ^^^^^^^^^
[INFO] [stderr]    |
[INFO] [stderr]    = note: `cargo::unused_workspace_dependencies` is set to `warn` by default
[INFO] [stderr] help: consider removing the workspace dependency `criterion`
[INFO] [stderr] warning: unused field `keywords` in `workspace.package`
[INFO] [stderr]   --> Cargo.toml:51:1
[INFO] [stderr]    |
[INFO] [stderr] 51 | keywords = ["cli", "agent", "search", "code", "tools"]
[INFO] [stderr]    | ^^^^^^^^
[INFO] [stderr]    |
[INFO] [stderr]    = note: `cargo::unused_workspace_package_fields` is set to `warn` by default
[INFO] [stderr] help: consider removing the field `workspace.package.keywords`
[INFO] [stderr] warning: workspace (manifest) generated 2 warnings
[INFO] [stderr]    Compiling cc v1.0.106
[INFO] [stderr]    Compiling synstructure v0.13.2
[INFO] [stderr]    Compiling zerovec-derive v0.11.1
[INFO] [stderr]    Compiling displaydoc v0.2.5
[INFO] [stderr]    Compiling tokio-macros v2.5.0
[INFO] [stderr]    Compiling regex-syntax v0.8.6
[INFO] [stderr]    Compiling parking_lot_core v0.9.11
[INFO] [stderr]    Compiling mio v1.0.4
[INFO] [stderr]    Compiling socket2 v0.6.0
[INFO] [stderr]    Compiling http v1.3.1
[INFO] [stderr]    Compiling hashbrown v0.15.5
[INFO] [stderr]    Compiling tracing v0.1.41
[INFO] [stderr]    Compiling log v0.4.28
[INFO] [stderr]    Compiling bitflags v2.9.4
[INFO] [stderr]    Compiling futures-channel v0.3.31
[INFO] [stderr]    Compiling sync_wrapper v1.0.2
[INFO] [stderr]    Compiling ipnet v2.11.0
[INFO] [stderr]    Compiling parking_lot v0.12.4
[INFO] [stderr]    Compiling anstyle-query v1.1.4
[INFO] [stderr]    Compiling iri-string v0.7.8
[INFO] [stderr]    Compiling anstream v0.6.20
[INFO] [stderr]    Compiling clap_derive v4.5.47
[INFO] [stderr]    Compiling sharded-slab v0.1.7
[INFO] [stderr]    Compiling indexmap v2.11.0
[INFO] [stderr]    Compiling tokio v1.47.1
[INFO] [stderr]    Compiling rustls-pki-types v1.12.0
[INFO] [stderr]    Compiling clap_builder v4.5.47
[INFO] [stderr]    Compiling zerofrom-derive v0.1.6
[INFO] [stderr]    Compiling yoke-derive v0.8.0
[INFO] [stderr]    Compiling tracing-log v0.2.0
[INFO] [stderr]    Compiling serde_urlencoded v0.7.1
[INFO] [stderr]    Compiling http-body v1.0.1
[INFO] [stderr]    Compiling encoding_rs v0.8.35
[INFO] [stderr]    Compiling http-body-util v0.1.3
[INFO] [stderr]    Compiling thread_local v1.1.9
[INFO] [stderr]    Compiling nu-ansi-term v0.50.1
[INFO] [stderr]    Compiling chrono v0.4.41
[INFO] [stderr]    Compiling thiserror v1.0.69
[INFO] [stderr]    Compiling openssl-sys v0.9.109
[INFO] [stderr]    Compiling tree-sitter v0.22.6
[INFO] [stderr]    Compiling uuid v1.18.1
[INFO] [stderr]    Compiling tree-sitter-rust v0.21.2
[INFO] [stderr]    Compiling tree-sitter v0.20.10
[INFO] [stderr]    Compiling tree-sitter-javascript v0.21.4
[INFO] [stderr]    Compiling tree-sitter-python v0.21.0
[INFO] [stderr]    Compiling tree-sitter-typescript v0.21.2
[INFO] [stderr]    Compiling openssl v0.10.73
[INFO] [stderr]    Compiling native-tls v0.2.14
[INFO] [stderr]    Compiling serde_yaml v0.9.34+deprecated
[INFO] [stderr]    Compiling zerofrom v0.1.6
[INFO] [stderr]    Compiling yoke v0.8.0
[INFO] [stderr]    Compiling zerovec v0.11.4
[INFO] [stderr]    Compiling zerotrie v0.2.2
[INFO] [stderr]    Compiling regex-automata v0.4.10
[INFO] [stderr]    Compiling tinystr v0.8.1
[INFO] [stderr]    Compiling potential_utf v0.1.3
[INFO] [stderr]    Compiling clap v4.5.47
[INFO] [stderr]    Compiling icu_collections v2.0.0
[INFO] [stderr]    Compiling icu_locale_core v2.0.0
[INFO] [stderr]    Compiling icu_provider v2.0.0
[INFO] [stderr]    Compiling icu_properties v2.0.1
[INFO] [stderr]    Compiling icu_normalizer v2.0.0
[INFO] [stderr]    Compiling idna_adapter v1.2.1
[INFO] [stderr]    Compiling idna v1.1.0
[INFO] [stderr]    Compiling url v2.5.7
[INFO] [stderr]    Compiling tokio-util v0.7.16
[INFO] [stderr]    Compiling tokio-native-tls v0.3.1
[INFO] [stderr]    Compiling tower v0.5.2
[INFO] [stderr]    Compiling regex v1.11.2
[INFO] [stderr]    Compiling matchers v0.2.0
[INFO] [stderr]    Compiling tracing-subscriber v0.3.20
[INFO] [stderr]    Compiling h2 v0.4.12
[INFO] [stderr]    Compiling tower-http v0.6.6
[INFO] [stderr]    Compiling hyper v1.7.0
[INFO] [stderr]    Compiling hyper-util v0.1.16
[INFO] [stderr]    Compiling hyper-tls v0.6.0
[INFO] [stderr]    Compiling reqwest v0.12.23
[INFO] [stderr]    Compiling lens-cli-sdk v0.1.0 (/opt/rustwide/workdir/lens-cli-sdk)
[INFO] [stderr]    Compiling sdiffx v0.1.0 (/opt/rustwide/workdir/sdiffx)
[INFO] [stderr]    Compiling shealth v0.1.0 (/opt/rustwide/workdir/shealth)
[INFO] [stderr]    Compiling spatch v0.1.0 (/opt/rustwide/workdir/spatch)
[INFO] [stderr]    Compiling sdoc v0.1.0 (/opt/rustwide/workdir/sdoc)
[INFO] [stderr]    Compiling srefactor v0.1.0 (/opt/rustwide/workdir/srefactor)
[INFO] [stderr]    Compiling simpact v0.1.0 (/opt/rustwide/workdir/simpact)
[INFO] [stderr]    Compiling sqa v0.1.0 (/opt/rustwide/workdir/sqa)
[INFO] [stderr]    Compiling sgraph v0.1.0 (/opt/rustwide/workdir/sgraph)
[INFO] [stderr]    Compiling scontext v0.1.0 (/opt/rustwide/workdir/scontext)
[INFO] [stderr]    Compiling sripgrep v0.1.0 (/opt/rustwide/workdir/sripgrep)
[INFO] [stderr] warning: unused dependency `uuid`
[INFO] [stderr]   --> lens-cli-sdk/Cargo.toml:21:1
[INFO] [stderr]    |
[INFO] [stderr] 21 | uuid.workspace = true
[INFO] [stderr]    | ^^^^
[INFO] [stderr]    |
[INFO] [stderr]    = note: `cargo::unused_dependencies` is set to `warn` by default
[INFO] [stderr] help: consider removing the dependency on `uuid`
[INFO] [stderr] warning: `lens-cli-sdk` (manifest) generated 1 warning
[INFO] [stderr] warning: unused dependency `tree-sitter`
[INFO] [stderr]   --> sdiffx/Cargo.toml:23:1
[INFO] [stderr]    |
[INFO] [stderr] 23 | tree-sitter.workspace = true
[INFO] [stderr]    | ^^^^^^^^^^^
[INFO] [stderr]    |
[INFO] [stderr]    = note: `cargo::unused_dependencies` is set to `warn` by default
[INFO] [stderr] help: consider removing the dependency on `tree-sitter`
[INFO] [stderr] warning: unused dependency `tree-sitter-rust`
[INFO] [stderr]   --> sdiffx/Cargo.toml:24:1
[INFO] [stderr]    |
[INFO] [stderr] 24 | tree-sitter-rust.workspace = true
[INFO] [stderr]    | ^^^^^^^^^^^^^^^^
[INFO] [stderr]    |
[INFO] [stderr] help: consider removing the dependency on `tree-sitter-rust`
[INFO] [stderr] warning: `sdiffx` (manifest) generated 2 warnings
[INFO] [stderr] warning: unused dependency `tree-sitter`
[INFO] [stderr]   --> spatch/Cargo.toml:24:1
[INFO] [stderr]    |
[INFO] [stderr] 24 | tree-sitter.workspace = true
[INFO] [stderr]    | ^^^^^^^^^^^
[INFO] [stderr]    |
[INFO] [stderr]    = note: `cargo::unused_dependencies` is set to `warn` by default
[INFO] [stderr] help: consider removing the dependency on `tree-sitter`
[INFO] [stderr] warning: unused dependency `tree-sitter-javascript`
[INFO] [stderr]   --> spatch/Cargo.toml:26:1
[INFO] [stderr]    |
[INFO] [stderr] 26 | tree-sitter-javascript.workspace = true
[INFO] [stderr]    | ^^^^^^^^^^^^^^^^^^^^^^
[INFO] [stderr]    |
[INFO] [stderr] help: consider removing the dependency on `tree-sitter-javascript`
[INFO] [stderr] warning: unused dependency `tree-sitter-python`
[INFO] [stderr]   --> spatch/Cargo.toml:28:1
[INFO] [stderr]    |
[INFO] [stderr] 28 | tree-sitter-python.workspace = true
[INFO] [stderr]    | ^^^^^^^^^^^^^^^^^^
[INFO] [stderr]    |
[INFO] [stderr] help: consider removing the dependency on `tree-sitter-python`
[INFO] [stderr] warning: unused dependency `tree-sitter-rust`
[INFO] [stderr]   --> spatch/Cargo.toml:25:1
[INFO] [stderr]    |
[INFO] [stderr] 25 | tree-sitter-rust.workspace = true
[INFO] [stderr]    | ^^^^^^^^^^^^^^^^
[INFO] [stderr]    |
[INFO] [stderr] help: consider removing the dependency on `tree-sitter-rust`
[INFO] [stderr] warning: unused dependency `tree-sitter-typescript`
[INFO] [stderr]   --> spatch/Cargo.toml:27:1
[INFO] [stderr]    |
[INFO] [stderr] 27 | tree-sitter-typescript.workspace = true
[INFO] [stderr]    | ^^^^^^^^^^^^^^^^^^^^^^
[INFO] [stderr]    |
[INFO] [stderr] help: consider removing the dependency on `tree-sitter-typescript`
[INFO] [stderr] warning: `spatch` (manifest) generated 5 warnings
[INFO] [stderr]     Finished `release` profile [optimized] target(s) in 2m 23s
[INFO] running `Command { std: "docker" "inspect" "7d77831ce850713b356cecb88e9e5c7772302baca0ac5dacfe0df93605f61b6c", kill_on_drop: false }`
[INFO] running `Command { std: "docker" "exec" "-e" "SOURCE_DIR=/opt/rustwide/workdir" "-e" "CARGO_HOME=/opt/rustwide/cargo-home" "-e" "RUSTUP_HOME=/opt/rustwide/rustup-home" "-e" "CARGO_TARGET_DIR=/opt/rustwide/target" "-e" "CARGO_INCREMENTAL=0" "-e" "RUST_BACKTRACE=full" "-e" "RUSTFLAGS=--cap-lints=warn" "-e" "RUSTDOCFLAGS=--cap-lints=warn" "-w" "/opt/rustwide/workdir" "--user" "0:0" "7d77831ce850713b356cecb88e9e5c7772302baca0ac5dacfe0df93605f61b6c" "/opt/rustwide/cargo-home/bin/cargo" "+1.100.0-beta.1" "test" "--frozen" "--no-run" "--message-format=json" "--release", kill_on_drop: false }`
[INFO] [stderr] warning: unused workspace dependency `criterion`
[INFO] [stderr]   --> Cargo.toml:24:25
[INFO] [stderr]    |
[INFO] [stderr] 24 | [workspace.dependencies.criterion]
[INFO] [stderr]    |                         ^^^^^^^^^
[INFO] [stderr]    |
[INFO] [stderr]    = note: `cargo::unused_workspace_dependencies` is set to `warn` by default
[INFO] [stderr] help: consider removing the workspace dependency `criterion`
[INFO] [stderr] warning: unused field `keywords` in `workspace.package`
[INFO] [stderr]   --> Cargo.toml:51:1
[INFO] [stderr]    |
[INFO] [stderr] 51 | keywords = ["cli", "agent", "search", "code", "tools"]
[INFO] [stderr]    | ^^^^^^^^
[INFO] [stderr]    |
[INFO] [stderr]    = note: `cargo::unused_workspace_package_fields` is set to `warn` by default
[INFO] [stderr] help: consider removing the field `workspace.package.keywords`
[INFO] [stderr] warning: workspace (manifest) generated 2 warnings
[INFO] [stderr]    Compiling bitflags v2.9.4
[INFO] [stderr]    Compiling tokio v1.47.1
[INFO] [stderr]    Compiling rustix v1.0.8
[INFO] [stderr]    Compiling linux-raw-sys v0.9.4
[INFO] [stderr]    Compiling predicates-core v1.0.9
[INFO] [stderr]    Compiling float-cmp v0.10.0
[INFO] [stderr]    Compiling normalize-line-endings v0.3.0
[INFO] [stderr]    Compiling termtree v0.5.1
[INFO] [stderr]    Compiling assert_cmd v2.0.17
[INFO] [stderr]    Compiling difflib v0.4.0
[INFO] [stderr]    Compiling bstr v1.12.0
[INFO] [stderr]    Compiling wait-timeout v0.2.1
[INFO] [stderr]    Compiling doc-comment v0.3.3
[INFO] [stderr]    Compiling async-stream-impl v0.3.6
[INFO] [stderr]    Compiling openssl v0.10.73
[INFO] [stderr]    Compiling predicates-tree v1.0.12
[INFO] [stderr]    Compiling predicates v3.1.3
[INFO] [stderr]    Compiling async-stream v0.3.6
[INFO] [stderr]    Compiling tempfile v3.21.0
[INFO] [stderr]    Compiling native-tls v0.2.14
[INFO] [stderr]    Compiling tokio-util v0.7.16
[INFO] [stderr]    Compiling tokio-native-tls v0.3.1
[INFO] [stderr]    Compiling tower v0.5.2
[INFO] [stderr]    Compiling tokio-stream v0.1.17
[INFO] [stderr]    Compiling tokio-test v0.4.4
[INFO] [stderr]    Compiling tower-http v0.6.6
[INFO] [stderr]    Compiling h2 v0.4.12
[INFO] [stderr]    Compiling hyper v1.7.0
[INFO] [stderr]    Compiling hyper-util v0.1.16
[INFO] [stderr]    Compiling hyper-tls v0.6.0
[INFO] [stderr]    Compiling reqwest v0.12.23
[INFO] [stderr]    Compiling lens-cli-sdk v0.1.0 (/opt/rustwide/workdir/lens-cli-sdk)
[INFO] [stderr]    Compiling spatch v0.1.0 (/opt/rustwide/workdir/spatch)
[INFO] [stderr]    Compiling simpact v0.1.0 (/opt/rustwide/workdir/simpact)
[INFO] [stderr]    Compiling sdiffx v0.1.0 (/opt/rustwide/workdir/sdiffx)
[INFO] [stderr]    Compiling sripgrep v0.1.0 (/opt/rustwide/workdir/sripgrep)
[INFO] [stderr]    Compiling shealth v0.1.0 (/opt/rustwide/workdir/shealth)
[INFO] [stderr]    Compiling sqa v0.1.0 (/opt/rustwide/workdir/sqa)
[INFO] [stderr]    Compiling scontext v0.1.0 (/opt/rustwide/workdir/scontext)
[INFO] [stderr]    Compiling sgraph v0.1.0 (/opt/rustwide/workdir/sgraph)
[INFO] [stderr]    Compiling sdoc v0.1.0 (/opt/rustwide/workdir/sdoc)
[INFO] [stderr]    Compiling srefactor v0.1.0 (/opt/rustwide/workdir/srefactor)
[INFO] [stderr] warning: unused dependency `uuid`
[INFO] [stderr]   --> lens-cli-sdk/Cargo.toml:21:1
[INFO] [stderr]    |
[INFO] [stderr] 21 | uuid.workspace = true
[INFO] [stderr]    | ^^^^
[INFO] [stderr]    |
[INFO] [stderr]    = note: `cargo::unused_dependencies` is set to `warn` by default
[INFO] [stderr] help: consider removing the dependency on `uuid`
[INFO] [stderr] warning: `lens-cli-sdk` (manifest) generated 1 warning
[INFO] [stderr] warning: unused dependency `tempfile`
[INFO] [stderr]   --> scontext/Cargo.toml:24:1
[INFO] [stderr]    |
[INFO] [stderr] 24 | tempfile.workspace = true
[INFO] [stderr]    | ^^^^^^^^
[INFO] [stderr]    |
[INFO] [stderr]    = note: `cargo::unused_dependencies` is set to `warn` by default
[INFO] [stderr] help: consider removing the dependency on `tempfile`
[INFO] [stderr] warning: `scontext` (manifest) generated 1 warning
[INFO] [stderr] warning: unused dependency `assert_cmd`
[INFO] [stderr]   --> sdiffx/Cargo.toml:28:1
[INFO] [stderr]    |
[INFO] [stderr] 28 | assert_cmd.workspace = true
[INFO] [stderr]    | ^^^^^^^^^^
[INFO] [stderr]    |
[INFO] [stderr]    = note: `cargo::unused_dependencies` is set to `warn` by default
[INFO] [stderr] help: consider removing the dependency on `assert_cmd`
[INFO] [stderr] warning: unused dependency `tempfile`
[INFO] [stderr]   --> sdiffx/Cargo.toml:27:1
[INFO] [stderr]    |
[INFO] [stderr] 27 | tempfile.workspace = true
[INFO] [stderr]    | ^^^^^^^^
[INFO] [stderr]    |
[INFO] [stderr] help: consider removing the dependency on `tempfile`
[INFO] [stderr] warning: unused dependency `tree-sitter`
[INFO] [stderr]   --> sdiffx/Cargo.toml:23:1
[INFO] [stderr]    |
[INFO] [stderr] 23 | tree-sitter.workspace = true
[INFO] [stderr]    | ^^^^^^^^^^^
[INFO] [stderr]    |
[INFO] [stderr] help: consider removing the dependency on `tree-sitter`
[INFO] [stderr] warning: unused dependency `tree-sitter-rust`
[INFO] [stderr]   --> sdiffx/Cargo.toml:24:1
[INFO] [stderr]    |
[INFO] [stderr] 24 | tree-sitter-rust.workspace = true
[INFO] [stderr]    | ^^^^^^^^^^^^^^^^
[INFO] [stderr]    |
[INFO] [stderr] help: consider removing the dependency on `tree-sitter-rust`
[INFO] [stderr] warning: `sdiffx` (manifest) generated 4 warnings
[INFO] [stderr] warning: unused dependency `assert_cmd`
[INFO] [stderr]   --> sdoc/Cargo.toml:26:1
[INFO] [stderr]    |
[INFO] [stderr] 26 | assert_cmd.workspace = true
[INFO] [stderr]    | ^^^^^^^^^^
[INFO] [stderr]    |
[INFO] [stderr]    = note: `cargo::unused_dependencies` is set to `warn` by default
[INFO] [stderr] help: consider removing the dependency on `assert_cmd`
[INFO] [stderr] warning: unused dependency `tempfile`
[INFO] [stderr]   --> sdoc/Cargo.toml:25:1
[INFO] [stderr]    |
[INFO] [stderr] 25 | tempfile.workspace = true
[INFO] [stderr]    | ^^^^^^^^
[INFO] [stderr]    |
[INFO] [stderr] help: consider removing the dependency on `tempfile`
[INFO] [stderr] warning: `sdoc` (manifest) generated 2 warnings
[INFO] [stderr] warning: unused dependency `assert_cmd`
[INFO] [stderr]   --> sgraph/Cargo.toml:26:1
[INFO] [stderr]    |
[INFO] [stderr] 26 | assert_cmd.workspace = true
[INFO] [stderr]    | ^^^^^^^^^^
[INFO] [stderr]    |
[INFO] [stderr]    = note: `cargo::unused_dependencies` is set to `warn` by default
[INFO] [stderr] help: consider removing the dependency on `assert_cmd`
[INFO] [stderr] warning: unused dependency `tempfile`
[INFO] [stderr]   --> sgraph/Cargo.toml:25:1
[INFO] [stderr]    |
[INFO] [stderr] 25 | tempfile.workspace = true
[INFO] [stderr]    | ^^^^^^^^
[INFO] [stderr]    |
[INFO] [stderr] help: consider removing the dependency on `tempfile`
[INFO] [stderr] warning: `sgraph` (manifest) generated 2 warnings
[INFO] [stderr] warning: unused dependency `assert_cmd`
[INFO] [stderr]   --> shealth/Cargo.toml:26:1
[INFO] [stderr]    |
[INFO] [stderr] 26 | assert_cmd.workspace = true
[INFO] [stderr]    | ^^^^^^^^^^
[INFO] [stderr]    |
[INFO] [stderr]    = note: `cargo::unused_dependencies` is set to `warn` by default
[INFO] [stderr] help: consider removing the dependency on `assert_cmd`
[INFO] [stderr] warning: unused dependency `tempfile`
[INFO] [stderr]   --> shealth/Cargo.toml:25:1
[INFO] [stderr]    |
[INFO] [stderr] 25 | tempfile.workspace = true
[INFO] [stderr]    | ^^^^^^^^
[INFO] [stderr]    |
[INFO] [stderr] help: consider removing the dependency on `tempfile`
[INFO] [stderr] warning: `shealth` (manifest) generated 2 warnings
[INFO] [stderr] warning: unused dependency `tempfile`
[INFO] [stderr]   --> simpact/Cargo.toml:25:1
[INFO] [stderr]    |
[INFO] [stderr] 25 | tempfile.workspace = true
[INFO] [stderr]    | ^^^^^^^^
[INFO] [stderr]    |
[INFO] [stderr]    = note: `cargo::unused_dependencies` is set to `warn` by default
[INFO] [stderr] help: consider removing the dependency on `tempfile`
[INFO] [stderr] warning: `simpact` (manifest) generated 1 warning
[INFO] [stderr] warning: unused dependency `assert_cmd`
[INFO] [stderr]   --> spatch/Cargo.toml:32:1
[INFO] [stderr]    |
[INFO] [stderr] 32 | assert_cmd.workspace = true
[INFO] [stderr]    | ^^^^^^^^^^
[INFO] [stderr]    |
[INFO] [stderr]    = note: `cargo::unused_dependencies` is set to `warn` by default
[INFO] [stderr] help: consider removing the dependency on `assert_cmd`
[INFO] [stderr] warning: unused dependency `tempfile`
[INFO] [stderr]   --> spatch/Cargo.toml:31:1
[INFO] [stderr]    |
[INFO] [stderr] 31 | tempfile.workspace = true
[INFO] [stderr]    | ^^^^^^^^
[INFO] [stderr]    |
[INFO] [stderr] help: consider removing the dependency on `tempfile`
[INFO] [stderr] warning: unused dependency `tree-sitter`
[INFO] [stderr]   --> spatch/Cargo.toml:24:1
[INFO] [stderr]    |
[INFO] [stderr] 24 | tree-sitter.workspace = true
[INFO] [stderr]    | ^^^^^^^^^^^
[INFO] [stderr]    |
[INFO] [stderr] help: consider removing the dependency on `tree-sitter`
[INFO] [stderr] warning: unused dependency `tree-sitter-javascript`
[INFO] [stderr]   --> spatch/Cargo.toml:26:1
[INFO] [stderr]    |
[INFO] [stderr] 26 | tree-sitter-javascript.workspace = true
[INFO] [stderr]    | ^^^^^^^^^^^^^^^^^^^^^^
[INFO] [stderr]    |
[INFO] [stderr] help: consider removing the dependency on `tree-sitter-javascript`
[INFO] [stderr] warning: unused dependency `tree-sitter-python`
[INFO] [stderr]   --> spatch/Cargo.toml:28:1
[INFO] [stderr]    |
[INFO] [stderr] 28 | tree-sitter-python.workspace = true
[INFO] [stderr]    | ^^^^^^^^^^^^^^^^^^
[INFO] [stderr]    |
[INFO] [stderr] help: consider removing the dependency on `tree-sitter-python`
[INFO] [stderr] warning: unused dependency `tree-sitter-rust`
[INFO] [stderr]   --> spatch/Cargo.toml:25:1
[INFO] [stderr]    |
[INFO] [stderr] 25 | tree-sitter-rust.workspace = true
[INFO] [stderr]    | ^^^^^^^^^^^^^^^^
[INFO] [stderr]    |
[INFO] [stderr] help: consider removing the dependency on `tree-sitter-rust`
[INFO] [stderr] warning: unused dependency `tree-sitter-typescript`
[INFO] [stderr]   --> spatch/Cargo.toml:27:1
[INFO] [stderr]    |
[INFO] [stderr] 27 | tree-sitter-typescript.workspace = true
[INFO] [stderr]    | ^^^^^^^^^^^^^^^^^^^^^^
[INFO] [stderr]    |
[INFO] [stderr] help: consider removing the dependency on `tree-sitter-typescript`
[INFO] [stderr] warning: `spatch` (manifest) generated 7 warnings
[INFO] [stderr] warning: unused dependency `assert_cmd`
[INFO] [stderr]   --> sqa/Cargo.toml:26:1
[INFO] [stderr]    |
[INFO] [stderr] 26 | assert_cmd.workspace = true
[INFO] [stderr]    | ^^^^^^^^^^
[INFO] [stderr]    |
[INFO] [stderr]    = note: `cargo::unused_dependencies` is set to `warn` by default
[INFO] [stderr] help: consider removing the dependency on `assert_cmd`
[INFO] [stderr] warning: unused dependency `tempfile`
[INFO] [stderr]   --> sqa/Cargo.toml:25:1
[INFO] [stderr]    |
[INFO] [stderr] 25 | tempfile.workspace = true
[INFO] [stderr]    | ^^^^^^^^
[INFO] [stderr]    |
[INFO] [stderr] help: consider removing the dependency on `tempfile`
[INFO] [stderr] warning: `sqa` (manifest) generated 2 warnings
[INFO] [stderr] warning: unused dependency `assert_cmd`
[INFO] [stderr]   --> srefactor/Cargo.toml:26:1
[INFO] [stderr]    |
[INFO] [stderr] 26 | assert_cmd.workspace = true
[INFO] [stderr]    | ^^^^^^^^^^
[INFO] [stderr]    |
[INFO] [stderr]    = note: `cargo::unused_dependencies` is set to `warn` by default
[INFO] [stderr] help: consider removing the dependency on `assert_cmd`
[INFO] [stderr] warning: unused dependency `tempfile`
[INFO] [stderr]   --> srefactor/Cargo.toml:25:1
[INFO] [stderr]    |
[INFO] [stderr] 25 | tempfile.workspace = true
[INFO] [stderr]    | ^^^^^^^^
[INFO] [stderr]    |
[INFO] [stderr] help: consider removing the dependency on `tempfile`
[INFO] [stderr] warning: `srefactor` (manifest) generated 2 warnings
[INFO] [stderr] warning: unused dependency `tempfile`
[INFO] [stderr]   --> sripgrep/Cargo.toml:24:1
[INFO] [stderr]    |
[INFO] [stderr] 24 | tempfile.workspace = true
[INFO] [stderr]    | ^^^^^^^^
[INFO] [stderr]    |
[INFO] [stderr]    = note: `cargo::unused_dependencies` is set to `warn` by default
[INFO] [stderr] help: consider removing the dependency on `tempfile`
[INFO] [stderr] warning: `sripgrep` (manifest) generated 1 warning
[INFO] [stderr]     Finished `release` profile [optimized] target(s) in 56.66s
[INFO] running `Command { std: "docker" "inspect" "7d77831ce850713b356cecb88e9e5c7772302baca0ac5dacfe0df93605f61b6c", kill_on_drop: false }`
[INFO] running `Command { std: "docker" "exec" "-e" "SOURCE_DIR=/opt/rustwide/workdir" "-e" "CARGO_HOME=/opt/rustwide/cargo-home" "-e" "RUSTUP_HOME=/opt/rustwide/rustup-home" "-e" "CARGO_TARGET_DIR=/opt/rustwide/target" "-e" "CARGO_INCREMENTAL=0" "-e" "RUST_BACKTRACE=full" "-e" "RUSTFLAGS=--cap-lints=warn" "-e" "RUSTDOCFLAGS=--cap-lints=warn" "-w" "/opt/rustwide/workdir" "--user" "0:0" "7d77831ce850713b356cecb88e9e5c7772302baca0ac5dacfe0df93605f61b6c" "/opt/rustwide/cargo-home/bin/cargo" "+1.100.0-beta.1" "test" "--frozen" "--release", kill_on_drop: false }`
[INFO] [stderr] warning: unused workspace dependency `criterion`
[INFO] [stderr]   --> Cargo.toml:24:25
[INFO] [stderr]    |
[INFO] [stderr] 24 | [workspace.dependencies.criterion]
[INFO] [stderr]    |                         ^^^^^^^^^
[INFO] [stderr]    |
[INFO] [stderr]    = note: `cargo::unused_workspace_dependencies` is set to `warn` by default
[INFO] [stderr] help: consider removing the workspace dependency `criterion`
[INFO] [stderr] warning: unused field `keywords` in `workspace.package`
[INFO] [stderr]   --> Cargo.toml:51:1
[INFO] [stderr]    |
[INFO] [stderr] 51 | keywords = ["cli", "agent", "search", "code", "tools"]
[INFO] [stderr]    | ^^^^^^^^
[INFO] [stderr]    |
[INFO] [stderr]    = note: `cargo::unused_workspace_package_fields` is set to `warn` by default
[INFO] [stderr] help: consider removing the field `workspace.package.keywords`
[INFO] [stderr] warning: workspace (manifest) generated 2 warnings
[INFO] [stderr] warning: unused dependency `uuid`
[INFO] [stderr]   --> lens-cli-sdk/Cargo.toml:21:1
[INFO] [stderr]    |
[INFO] [stderr] 21 | uuid.workspace = true
[INFO] [stderr]    | ^^^^
[INFO] [stderr]    |
[INFO] [stderr]    = note: `cargo::unused_dependencies` is set to `warn` by default
[INFO] [stderr] help: consider removing the dependency on `uuid`
[INFO] [stderr] warning: `lens-cli-sdk` (manifest) generated 1 warning
[INFO] [stderr] warning: unused dependency `tempfile`
[INFO] [stderr]   --> scontext/Cargo.toml:24:1
[INFO] [stderr]    |
[INFO] [stderr] 24 | tempfile.workspace = true
[INFO] [stderr]    | ^^^^^^^^
[INFO] [stderr]    |
[INFO] [stderr]    = note: `cargo::unused_dependencies` is set to `warn` by default
[INFO] [stderr] help: consider removing the dependency on `tempfile`
[INFO] [stderr] warning: `scontext` (manifest) generated 1 warning
[INFO] [stderr] warning: unused dependency `assert_cmd`
[INFO] [stderr]   --> sdiffx/Cargo.toml:28:1
[INFO] [stderr]    |
[INFO] [stderr] 28 | assert_cmd.workspace = true
[INFO] [stderr]    | ^^^^^^^^^^
[INFO] [stderr]    |
[INFO] [stderr]    = note: `cargo::unused_dependencies` is set to `warn` by default
[INFO] [stderr] help: consider removing the dependency on `assert_cmd`
[INFO] [stderr] warning: unused dependency `tempfile`
[INFO] [stderr]   --> sdiffx/Cargo.toml:27:1
[INFO] [stderr]    |
[INFO] [stderr] 27 | tempfile.workspace = true
[INFO] [stderr]    | ^^^^^^^^
[INFO] [stderr]    |
[INFO] [stderr] help: consider removing the dependency on `tempfile`
[INFO] [stderr] warning: unused dependency `tree-sitter`
[INFO] [stderr]   --> sdiffx/Cargo.toml:23:1
[INFO] [stderr]    |
[INFO] [stderr] 23 | tree-sitter.workspace = true
[INFO] [stderr]    | ^^^^^^^^^^^
[INFO] [stderr]    |
[INFO] [stderr] help: consider removing the dependency on `tree-sitter`
[INFO] [stderr] warning: unused dependency `tree-sitter-rust`
[INFO] [stderr]   --> sdiffx/Cargo.toml:24:1
[INFO] [stderr]    |
[INFO] [stderr] 24 | tree-sitter-rust.workspace = true
[INFO] [stderr]    | ^^^^^^^^^^^^^^^^
[INFO] [stderr]    |
[INFO] [stderr] help: consider removing the dependency on `tree-sitter-rust`
[INFO] [stderr] warning: `sdiffx` (manifest) generated 4 warnings
[INFO] [stderr] warning: unused dependency `assert_cmd`
[INFO] [stderr]   --> sdoc/Cargo.toml:26:1
[INFO] [stderr]    |
[INFO] [stderr] 26 | assert_cmd.workspace = true
[INFO] [stderr]    | ^^^^^^^^^^
[INFO] [stderr]    |
[INFO] [stderr]    = note: `cargo::unused_dependencies` is set to `warn` by default
[INFO] [stderr] help: consider removing the dependency on `assert_cmd`
[INFO] [stderr] warning: unused dependency `tempfile`
[INFO] [stderr]   --> sdoc/Cargo.toml:25:1
[INFO] [stderr]    |
[INFO] [stderr] 25 | tempfile.workspace = true
[INFO] [stderr]    | ^^^^^^^^
[INFO] [stderr]    |
[INFO] [stderr] help: consider removing the dependency on `tempfile`
[INFO] [stderr] warning: `sdoc` (manifest) generated 2 warnings
[INFO] [stderr] warning: unused dependency `assert_cmd`
[INFO] [stderr]   --> sgraph/Cargo.toml:26:1
[INFO] [stderr]    |
[INFO] [stderr] 26 | assert_cmd.workspace = true
[INFO] [stderr]    | ^^^^^^^^^^
[INFO] [stderr]    |
[INFO] [stderr]    = note: `cargo::unused_dependencies` is set to `warn` by default
[INFO] [stderr] help: consider removing the dependency on `assert_cmd`
[INFO] [stderr] warning: unused dependency `tempfile`
[INFO] [stderr]   --> sgraph/Cargo.toml:25:1
[INFO] [stderr]    |
[INFO] [stderr] 25 | tempfile.workspace = true
[INFO] [stderr]    | ^^^^^^^^
[INFO] [stderr]    |
[INFO] [stderr] help: consider removing the dependency on `tempfile`
[INFO] [stderr] warning: `sgraph` (manifest) generated 2 warnings
[INFO] [stderr] warning: unused dependency `assert_cmd`
[INFO] [stderr]   --> shealth/Cargo.toml:26:1
[INFO] [stderr]    |
[INFO] [stderr] 26 | assert_cmd.workspace = true
[INFO] [stderr]    | ^^^^^^^^^^
[INFO] [stderr]    |
[INFO] [stderr]    = note: `cargo::unused_dependencies` is set to `warn` by default
[INFO] [stderr] help: consider removing the dependency on `assert_cmd`
[INFO] [stderr] warning: unused dependency `tempfile`
[INFO] [stderr]   --> shealth/Cargo.toml:25:1
[INFO] [stderr]    |
[INFO] [stderr] 25 | tempfile.workspace = true
[INFO] [stderr]    | ^^^^^^^^
[INFO] [stderr]    |
[INFO] [stderr] help: consider removing the dependency on `tempfile`
[INFO] [stderr] warning: `shealth` (manifest) generated 2 warnings
[INFO] [stderr] warning: unused dependency `tempfile`
[INFO] [stderr]   --> simpact/Cargo.toml:25:1
[INFO] [stderr]    |
[INFO] [stderr] 25 | tempfile.workspace = true
[INFO] [stderr]    | ^^^^^^^^
[INFO] [stderr]    |
[INFO] [stderr]    = note: `cargo::unused_dependencies` is set to `warn` by default
[INFO] [stderr] help: consider removing the dependency on `tempfile`
[INFO] [stderr] warning: `simpact` (manifest) generated 1 warning
[INFO] [stderr] warning: unused dependency `assert_cmd`
[INFO] [stderr]   --> spatch/Cargo.toml:32:1
[INFO] [stderr]    |
[INFO] [stderr] 32 | assert_cmd.workspace = true
[INFO] [stderr]    | ^^^^^^^^^^
[INFO] [stderr]    |
[INFO] [stderr]    = note: `cargo::unused_dependencies` is set to `warn` by default
[INFO] [stderr] help: consider removing the dependency on `assert_cmd`
[INFO] [stderr] warning: unused dependency `tempfile`
[INFO] [stderr]   --> spatch/Cargo.toml:31:1
[INFO] [stderr]    |
[INFO] [stderr] 31 | tempfile.workspace = true
[INFO] [stderr]    | ^^^^^^^^
[INFO] [stderr]    |
[INFO] [stderr] help: consider removing the dependency on `tempfile`
[INFO] [stderr] warning: unused dependency `tree-sitter`
[INFO] [stderr]   --> spatch/Cargo.toml:24:1
[INFO] [stderr]    |
[INFO] [stderr] 24 | tree-sitter.workspace = true
[INFO] [stderr]    | ^^^^^^^^^^^
[INFO] [stderr]    |
[INFO] [stderr] help: consider removing the dependency on `tree-sitter`
[INFO] [stderr] warning: unused dependency `tree-sitter-javascript`
[INFO] [stderr]   --> spatch/Cargo.toml:26:1
[INFO] [stderr]    |
[INFO] [stderr] 26 | tree-sitter-javascript.workspace = true
[INFO] [stderr]    | ^^^^^^^^^^^^^^^^^^^^^^
[INFO] [stderr]    |
[INFO] [stderr] help: consider removing the dependency on `tree-sitter-javascript`
[INFO] [stderr] warning: unused dependency `tree-sitter-python`
[INFO] [stderr]   --> spatch/Cargo.toml:28:1
[INFO] [stderr]    |
[INFO] [stderr] 28 | tree-sitter-python.workspace = true
[INFO] [stderr]    | ^^^^^^^^^^^^^^^^^^
[INFO] [stderr]    |
[INFO] [stderr] help: consider removing the dependency on `tree-sitter-python`
[INFO] [stderr] warning: unused dependency `tree-sitter-rust`
[INFO] [stderr]   --> spatch/Cargo.toml:25:1
[INFO] [stderr]    |
[INFO] [stderr] 25 | tree-sitter-rust.workspace = true
[INFO] [stderr]    | ^^^^^^^^^^^^^^^^
[INFO] [stderr]    |
[INFO] [stderr] help: consider removing the dependency on `tree-sitter-rust`
[INFO] [stderr] warning: unused dependency `tree-sitter-typescript`
[INFO] [stderr]   --> spatch/Cargo.toml:27:1
[INFO] [stderr]    |
[INFO] [stderr] 27 | tree-sitter-typescript.workspace = true
[INFO] [stderr]    | ^^^^^^^^^^^^^^^^^^^^^^
[INFO] [stderr]    |
[INFO] [stderr] help: consider removing the dependency on `tree-sitter-typescript`
[INFO] [stderr] warning: `spatch` (manifest) generated 7 warnings
[INFO] [stderr] warning: unused dependency `assert_cmd`
[INFO] [stderr]   --> sqa/Cargo.toml:26:1
[INFO] [stderr]    |
[INFO] [stderr] 26 | assert_cmd.workspace = true
[INFO] [stderr]    | ^^^^^^^^^^
[INFO] [stderr]    |
[INFO] [stderr]    = note: `cargo::unused_dependencies` is set to `warn` by default
[INFO] [stderr] help: consider removing the dependency on `assert_cmd`
[INFO] [stderr] warning: unused dependency `tempfile`
[INFO] [stderr]   --> sqa/Cargo.toml:25:1
[INFO] [stderr]    |
[INFO] [stderr] 25 | tempfile.workspace = true
[INFO] [stderr]    | ^^^^^^^^
[INFO] [stderr]    |
[INFO] [stderr] help: consider removing the dependency on `tempfile`
[INFO] [stderr] warning: `sqa` (manifest) generated 2 warnings
[INFO] [stderr] warning: unused dependency `assert_cmd`
[INFO] [stderr]   --> srefactor/Cargo.toml:26:1
[INFO] [stderr]    |
[INFO] [stderr] 26 | assert_cmd.workspace = true
[INFO] [stderr]    | ^^^^^^^^^^
[INFO] [stderr]    |
[INFO] [stderr]    = note: `cargo::unused_dependencies` is set to `warn` by default
[INFO] [stderr] help: consider removing the dependency on `assert_cmd`
[INFO] [stderr] warning: unused dependency `tempfile`
[INFO] [stderr]   --> srefactor/Cargo.toml:25:1
[INFO] [stderr]    |
[INFO] [stderr] 25 | tempfile.workspace = true
[INFO] [stderr]    | ^^^^^^^^
[INFO] [stderr]    |
[INFO] [stderr] help: consider removing the dependency on `tempfile`
[INFO] [stderr] warning: `srefactor` (manifest) generated 2 warnings
[INFO] [stderr] warning: unused dependency `tempfile`
[INFO] [stderr]   --> sripgrep/Cargo.toml:24:1
[INFO] [stderr]    |
[INFO] [stderr] 24 | tempfile.workspace = true
[INFO] [stderr]    | ^^^^^^^^
[INFO] [stderr]    |
[INFO] [stderr]    = note: `cargo::unused_dependencies` is set to `warn` by default
[INFO] [stderr] help: consider removing the dependency on `tempfile`
[INFO] [stderr] warning: `sripgrep` (manifest) generated 1 warning
[INFO] [stderr]     Finished `release` profile [optimized] target(s) in 0.26s
[INFO] [stderr]      Running unittests src/lib.rs (/opt/rustwide/target/release/build/lens-cli-sdk/4917032392993b2b/out/lens_cli_sdk-4917032392993b2b)
[INFO] [stdout] 
[INFO] [stdout] running 19 tests
[INFO] [stdout] test output::tests::test_output_format_parsing ... ok
[INFO] [stdout] test budget::tests::test_budget_creation ... ok
[INFO] [stdout] test refs::tests::test_lens_ref_creation ... ok
[INFO] [stdout] test budget::tests::test_approaching_limit ... ok
[INFO] [stdout] test output::tests::test_error_output ... ok
[INFO] [stdout] test output::tests::test_jsonl_output ... ok
[INFO] [stdout] test refs::tests::test_lens_ref_display ... ok
[INFO] [stdout] test refs::tests::test_invalid_ref_parsing ... ok
[INFO] [stdout] test client::tests::test_search_request_serialization ... ok
[INFO] [stdout] test refs::tests::test_lens_ref_parsing ... ok
[INFO] [stdout] test refs::tests::test_lens_ref_with_ast_path ... ok
[INFO] [stdout] test refs_utils::tests::test_collect_all_refs ... ok
[INFO] [stdout] test refs::tests::test_ref_union ... ok
[INFO] [stdout] test refs::tests::test_ref_overlap ... ok
[INFO] [stdout] test refs_utils::tests::test_validate_refs_not_empty ... ok
[INFO] [stdout] test budget::tests::test_budget_enforcer ... ok
[INFO] [stdout] test refs_utils::tests::test_collect_all_refs_deduplication ... ok
[INFO] [stdout] test refs_utils::tests::test_read_refs_from_file ... ok
[INFO] [stdout] test client::tests::test_client_creation ... ok
[INFO] [stdout] 
[INFO] [stdout] test result: ok. 19 passed; 0 failed; 0 ignored; 0 measured; 0 filtered out; finished in 0.10s
[INFO] [stdout] 
[INFO] [stderr]      Running unittests src/main.rs (/opt/rustwide/target/release/build/scontext/2cc780858c39e190/out/scontext-2cc780858c39e190)
[INFO] [stdout] 
[INFO] [stdout] running 4 tests
[INFO] [stderr] error: test failed, to rerun pass `-p scontext --bin scontext`
[INFO] [stdout] test tests::test_ref_parsing ... ok
[INFO] [stdout] test tests::test_context_request_creation ... ok
[INFO] [stdout] test tests::test_help_output ... FAILED
[INFO] [stdout] test tests::test_no_refs_error ... FAILED
[INFO] [stdout] 
[INFO] [stdout] failures:
[INFO] [stdout] 
[INFO] [stdout] ---- tests::test_help_output stdout ----
[INFO] [stdout] 
[INFO] [stdout] thread 'tests::test_help_output' (3314) panicked at scontext/src/main.rs:202:54:
[INFO] [stdout] called `Result::unwrap()` on an `Err` value: CargoError { cause: Some(NotFoundError { path: "/opt/rustwide/target/release/build/scontext/2cc780858c39e190/out/scontext" }) }
[INFO] [stdout] stack backtrace:
[INFO] [stdout]    0:     0x65214f51be81 - <<std[617be2ca0a6fd877]::sys::backtrace::BacktraceLock>::print::DisplayBacktrace as core[a373ad73a504971]::fmt::Display>::fmt
[INFO] [stdout]    1:     0x65214f53337a - core[a373ad73a504971]::fmt::write
[INFO] [stdout]    2:     0x65214f52156c - <alloc[2e1b2a31b91974c5]::vec::Vec<u8> as core[a373ad73a504971]::io::write::Write>::write_fmt
[INFO] [stdout]    3:     0x65214f4f77a6 - std[617be2ca0a6fd877]::panicking::default_hook::{closure#0}
[INFO] [stdout]    4:     0x65214f514459 - std[617be2ca0a6fd877]::panicking::default_hook
[INFO] [stdout]    5:     0x65214f399d40 - test[aada8e7e76ba119b]::test_main_inner::{closure#0}
[INFO] [stdout]    6:     0x65214f514612 - std[617be2ca0a6fd877]::panicking::panic_with_hook
[INFO] [stdout]    7:     0x65214f4f7852 - std[617be2ca0a6fd877]::panicking::panic_handler::{closure#0}
[INFO] [stdout]    8:     0x65214f4f0569 - std[617be2ca0a6fd877]::sys::backtrace::__rust_end_short_backtrace::<std[617be2ca0a6fd877]::panicking::panic_handler::{closure#0}, !>
[INFO] [stdout]    9:     0x65214f4f845d - __rustc[ea4f61d10b84890b]::rust_begin_unwind
[INFO] [stdout]   10:     0x65214f533b5c - core[a373ad73a504971]::panicking::panic_fmt
[INFO] [stdout]   11:     0x65214f533932 - core[a373ad73a504971]::result::unwrap_failed
[INFO] [stdout]   12:     0x65214f3893b4 - <scontext[9a3dbdbc35b9dea3]::tests::test_help_output::{closure#0} as core[a373ad73a504971]::ops::function::FnOnce<()>>::call_once
[INFO] [stdout]   13:     0x65214f38d18b - test[aada8e7e76ba119b]::__rust_begin_short_backtrace::<core[a373ad73a504971]::result::Result<(), alloc[2e1b2a31b91974c5]::string::String>, fn() -> core[a373ad73a504971]::result::Result<(), alloc[2e1b2a31b91974c5]::string::String>>
[INFO] [stdout]   14:     0x65214f39a365 - test[aada8e7e76ba119b]::run_test::{closure#0}
[INFO] [stdout]   15:     0x65214f393c54 - std[617be2ca0a6fd877]::sys::backtrace::__rust_begin_short_backtrace::<test[aada8e7e76ba119b]::run_test::{closure#1}, ()>
[INFO] [stdout]   16:     0x65214f39d3f2 - <std[617be2ca0a6fd877]::thread::lifecycle::spawn_unchecked<test[aada8e7e76ba119b]::run_test::{closure#1}, ()>::{closure#1} as core[a373ad73a504971]::ops::function::FnOnce<()>>::call_once::{shim:vtable#0}
[INFO] [stdout]   17:     0x65214f51b65f - <std[617be2ca0a6fd877]::sys::thread::unix::Thread>::new::thread_start
[INFO] [stdout]   18:     0x72bc891dddfa - <unknown>
[INFO] [stdout]   19:     0x72bc892713d4 - clone
[INFO] [stdout]   20:                0x0 - <unknown>
[INFO] [stdout] 
[INFO] [stdout] ---- tests::test_no_refs_error stdout ----
[INFO] [stdout] 
[INFO] [stdout] thread 'tests::test_no_refs_error' (3315) panicked at scontext/src/main.rs:211:54:
[INFO] [stdout] called `Result::unwrap()` on an `Err` value: CargoError { cause: Some(NotFoundError { path: "/opt/rustwide/target/release/build/scontext/2cc780858c39e190/out/scontext" }) }
[INFO] [stdout] stack backtrace:
[INFO] [stdout]    0:     0x65214f51be81 - <<std[617be2ca0a6fd877]::sys::backtrace::BacktraceLock>::print::DisplayBacktrace as core[a373ad73a504971]::fmt::Display>::fmt
[INFO] [stdout]    1:     0x65214f53337a - core[a373ad73a504971]::fmt::write
[INFO] [stdout]    2:     0x65214f52156c - <alloc[2e1b2a31b91974c5]::vec::Vec<u8> as core[a373ad73a504971]::io::write::Write>::write_fmt
[INFO] [stdout]    3:     0x65214f4f77a6 - std[617be2ca0a6fd877]::panicking::default_hook::{closure#0}
[INFO] [stdout]    4:     0x65214f514459 - std[617be2ca0a6fd877]::panicking::default_hook
[INFO] [stdout]    5:     0x65214f399d40 - test[aada8e7e76ba119b]::test_main_inner::{closure#0}
[INFO] [stdout]    6:     0x65214f514612 - std[617be2ca0a6fd877]::panicking::panic_with_hook
[INFO] [stdout]    7:     0x65214f4f7852 - std[617be2ca0a6fd877]::panicking::panic_handler::{closure#0}
[INFO] [stdout]    8:     0x65214f4f0569 - std[617be2ca0a6fd877]::sys::backtrace::__rust_end_short_backtrace::<std[617be2ca0a6fd877]::panicking::panic_handler::{closure#0}, !>
[INFO] [stdout]    9:     0x65214f4f845d - __rustc[ea4f61d10b84890b]::rust_begin_unwind
[INFO] [stdout]   10:     0x65214f533b5c - core[a373ad73a504971]::panicking::panic_fmt
[INFO] [stdout]   11:     0x65214f533932 - core[a373ad73a504971]::result::unwrap_failed
[INFO] [stdout]   12:     0x65214f389841 - <scontext[9a3dbdbc35b9dea3]::tests::test_no_refs_error::{closure#0} as core[a373ad73a504971]::ops::function::FnOnce<()>>::call_once
[INFO] [stdout]   13:     0x65214f38d18b - test[aada8e7e76ba119b]::__rust_begin_short_backtrace::<core[a373ad73a504971]::result::Result<(), alloc[2e1b2a31b91974c5]::string::String>, fn() -> core[a373ad73a504971]::result::Result<(), alloc[2e1b2a31b91974c5]::string::String>>
[INFO] [stdout]   14:     0x65214f39a365 - test[aada8e7e76ba119b]::run_test::{closure#0}
[INFO] [stdout]   15:     0x65214f393c54 - std[617be2ca0a6fd877]::sys::backtrace::__rust_begin_short_backtrace::<test[aada8e7e76ba119b]::run_test::{closure#1}, ()>
[INFO] [stdout]   16:     0x65214f39d3f2 - <std[617be2ca0a6fd877]::thread::lifecycle::spawn_unchecked<test[aada8e7e76ba119b]::run_test::{closure#1}, ()>::{closure#1} as core[a373ad73a504971]::ops::function::FnOnce<()>>::call_once::{shim:vtable#0}
[INFO] [stdout]   17:     0x65214f51b65f - <std[617be2ca0a6fd877]::sys::thread::unix::Thread>::new::thread_start
[INFO] [stdout]   18:     0x72bc891dddfa - <unknown>
[INFO] [stdout]   19:     0x72bc892713d4 - clone
[INFO] [stdout]   20:                0x0 - <unknown>
[INFO] [stdout] 
[INFO] [stdout] 
[INFO] [stdout] failures:
[INFO] [stdout]     tests::test_help_output
[INFO] [stdout]     tests::test_no_refs_error
[INFO] [stdout] 
[INFO] [stdout] test result: FAILED. 2 passed; 2 failed; 0 ignored; 0 measured; 0 filtered out; finished in 0.01s
[INFO] [stdout] 
[INFO] running `Command { std: "docker" "inspect" "7d77831ce850713b356cecb88e9e5c7772302baca0ac5dacfe0df93605f61b6c", kill_on_drop: false }`
[INFO] running `Command { std: "docker" "rm" "-f" "7d77831ce850713b356cecb88e9e5c7772302baca0ac5dacfe0df93605f61b6c", kill_on_drop: false }`
[INFO] [stdout] 7d77831ce850713b356cecb88e9e5c7772302baca0ac5dacfe0df93605f61b6c
