[INFO] cloning repository https://github.com/shitchell/gameulator
[INFO] running `Command { std: "git" "-c" "credential.helper=" "-c" "credential.helper=/workspace/cargo-home/bin/git-credential-null" "clone" "--bare" "https://github.com/shitchell/gameulator" "/workspace/cache/git-repos/https%3A%2F%2Fgithub.com%2Fshitchell%2Fgameulator", kill_on_drop: false }`
[INFO] [stderr] Cloning into bare repository '/workspace/cache/git-repos/https%3A%2F%2Fgithub.com%2Fshitchell%2Fgameulator'...
[INFO] running `Command { std: "git" "rev-parse" "HEAD", kill_on_drop: false }`
[INFO] [stdout] 2ed0752f67cbc8337deefb5dd12e411e485886e1
[INFO] testing shitchell/gameulator against 1.100.0-beta.1+cargoflags=--release for beta-release-1.100-2
[INFO] running `Command { std: "git" "clone" "/workspace/cache/git-repos/https%3A%2F%2Fgithub.com%2Fshitchell%2Fgameulator" "/workspace/builds/worker-6-tc2/source", kill_on_drop: false }`
[INFO] [stderr] Cloning into '/workspace/builds/worker-6-tc2/source'...
[INFO] [stderr] done.
[INFO] removed /workspace/builds/worker-6-tc2/source/rust-toolchain.toml
[INFO] started tweaking git repo https://github.com/shitchell/gameulator
[INFO] finished tweaking git repo https://github.com/shitchell/gameulator
[INFO] tweaked toml for git repo https://github.com/shitchell/gameulator written to /workspace/builds/worker-6-tc2/source/Cargo.toml
[INFO] validating manifest of git repo https://github.com/shitchell/gameulator on toolchain 1.100.0-beta.1
[INFO] running `Command { std: CARGO_HOME="/workspace/cargo-home" RUSTUP_HOME="/workspace/rustup-home" "/workspace/cargo-home/bin/cargo" "+1.100.0-beta.1" "metadata" "--manifest-path" "Cargo.toml" "--no-deps", kill_on_drop: false }`
[INFO] crate git repo https://github.com/shitchell/gameulator already has a lockfile, it will not be regenerated
[INFO] running `Command { std: CARGO_HOME="/workspace/cargo-home" RUSTUP_HOME="/workspace/rustup-home" "/workspace/cargo-home/bin/cargo" "+1.100.0-beta.1" "fetch" "--manifest-path" "Cargo.toml", kill_on_drop: false }`
[INFO] running `Command { std: "docker" "create" "-v" "/var/lib/crater-agent-workspace/builds/worker-6-tc2/source:/opt/rustwide/workdir:ro,Z" "-v" "/var/lib/crater-agent-workspace/builds/worker-6-tc2/target:/opt/rustwide/target:rw,Z" "-v" "/var/lib/crater-agent-workspace/cargo-home:/opt/rustwide/cargo-home:ro,Z" "-v" "/var/lib/crater-agent-workspace/rustup-home:/opt/rustwide/rustup-home:ro,Z" "-m" "1610612736" "--network" "none" "ghcr.io/rust-lang/crates-build-env/linux@sha256:77db811e55d90add9212f6832c23229e3de5f1c1f9905e8cb07319ea15df73ac" "sleep" "infinity", kill_on_drop: false }`
[INFO] [stdout] 3d06655791a73c9f5189eef50bf3885ed1328b72be2e5c5d205c954963716214
[INFO] running `Command { std: "docker" "start" "3d06655791a73c9f5189eef50bf3885ed1328b72be2e5c5d205c954963716214", kill_on_drop: false }`
[INFO] running `Command { std: "docker" "inspect" "3d06655791a73c9f5189eef50bf3885ed1328b72be2e5c5d205c954963716214", kill_on_drop: false }`
[INFO] running `Command { std: "docker" "exec" "-e" "SOURCE_DIR=/opt/rustwide/workdir" "-e" "CARGO_HOME=/opt/rustwide/cargo-home" "-e" "RUSTUP_HOME=/opt/rustwide/rustup-home" "-e" "CARGO_TARGET_DIR=/opt/rustwide/target" "-w" "/opt/rustwide/workdir" "--user" "0:0" "3d06655791a73c9f5189eef50bf3885ed1328b72be2e5c5d205c954963716214" "/opt/rustwide/cargo-home/bin/cargo" "+1.100.0-beta.1" "metadata" "--no-deps" "--format-version=1", kill_on_drop: false }`
[INFO] running `Command { std: "docker" "inspect" "3d06655791a73c9f5189eef50bf3885ed1328b72be2e5c5d205c954963716214", kill_on_drop: false }`
[INFO] running `Command { std: "docker" "exec" "-e" "SOURCE_DIR=/opt/rustwide/workdir" "-e" "CARGO_HOME=/opt/rustwide/cargo-home" "-e" "RUSTUP_HOME=/opt/rustwide/rustup-home" "-e" "CARGO_TARGET_DIR=/opt/rustwide/target" "-e" "CARGO_INCREMENTAL=0" "-e" "RUST_BACKTRACE=full" "-e" "RUSTFLAGS=--cap-lints=warn" "-e" "RUSTDOCFLAGS=--cap-lints=warn" "-w" "/opt/rustwide/workdir" "--user" "0:0" "3d06655791a73c9f5189eef50bf3885ed1328b72be2e5c5d205c954963716214" "/opt/rustwide/cargo-home/bin/cargo" "+1.100.0-beta.1" "build" "--frozen" "--message-format=json" "--release", kill_on_drop: false }`
[INFO] [stderr]    Compiling quote v1.0.46
[INFO] [stderr]    Compiling serde_core v1.0.228
[INFO] [stderr]    Compiling serde_json v1.0.150
[INFO] [stderr]    Compiling anyhow v1.0.103
[INFO] [stderr]    Compiling thiserror v2.0.18
[INFO] [stderr]    Compiling mio v1.2.2
[INFO] [stderr]    Compiling slab v0.4.12
[INFO] [stderr]    Compiling tracing v0.1.44
[INFO] [stderr]    Compiling inotify-sys v0.1.8
[INFO] [stderr]    Compiling http-body-util v0.1.4
[INFO] [stderr]    Compiling mio v0.8.11
[INFO] [stderr]    Compiling filetime v0.2.29
[INFO] [stderr]    Compiling file-id v0.2.3
[INFO] [stderr]    Compiling http-range-header v0.4.2
[INFO] [stderr]    Compiling inotify v0.9.6
[INFO] [stderr]    Compiling futures-util v0.3.32
[INFO] [stderr]    Compiling notify v6.1.1
[INFO] [stderr]    Compiling syn v2.0.119
[INFO] [stderr]    Compiling notify-debouncer-full v0.3.2
[INFO] [stderr]    Compiling serde_path_to_error v0.1.20
[INFO] [stderr]    Compiling serde_derive v1.0.228
[INFO] [stderr]    Compiling tokio-macros v2.7.1
[INFO] [stderr]    Compiling thiserror-impl v2.0.18
[INFO] [stderr]    Compiling clap_derive v4.6.1
[INFO] [stderr]    Compiling async-trait v0.1.89
[INFO] [stderr]    Compiling tokio v1.53.0
[INFO] [stderr]    Compiling axum-core v0.4.5
[INFO] [stderr]    Compiling clap v4.6.2
[INFO] [stderr]    Compiling xtask v0.1.0 (/opt/rustwide/workdir/crates/xtask)
[INFO] [stderr]    Compiling serde v1.0.228
[INFO] [stderr]    Compiling pokegen1 v0.1.0 (/opt/rustwide/workdir/crates/pokegen1)
[INFO] [stderr]    Compiling serde_urlencoded v0.7.1
[INFO] [stderr]    Compiling app v0.1.0 (/opt/rustwide/workdir/crates/app)
[INFO] [stderr]    Compiling sync v0.1.0 (/opt/rustwide/workdir/crates/sync)
[INFO] [stderr]    Compiling cli v0.1.0 (/opt/rustwide/workdir/crates/cli)
[INFO] [stderr]    Compiling hyper v1.10.1
[INFO] [stderr]    Compiling tokio-util v0.7.18
[INFO] [stderr]    Compiling tower v0.5.3
[INFO] [stderr]    Compiling tower-http v0.5.2
[INFO] [stderr]    Compiling hyper-util v0.1.20
[INFO] [stderr]    Compiling axum v0.7.9
[INFO] [stderr]    Compiling web-server v0.1.0 (/opt/rustwide/workdir/crates/web-server)
[INFO] [stderr]     Finished `release` profile [optimized] target(s) in 44.80s
[INFO] running `Command { std: "docker" "inspect" "3d06655791a73c9f5189eef50bf3885ed1328b72be2e5c5d205c954963716214", kill_on_drop: false }`
[INFO] running `Command { std: "docker" "exec" "-e" "SOURCE_DIR=/opt/rustwide/workdir" "-e" "CARGO_HOME=/opt/rustwide/cargo-home" "-e" "RUSTUP_HOME=/opt/rustwide/rustup-home" "-e" "CARGO_TARGET_DIR=/opt/rustwide/target" "-e" "CARGO_INCREMENTAL=0" "-e" "RUST_BACKTRACE=full" "-e" "RUSTFLAGS=--cap-lints=warn" "-e" "RUSTDOCFLAGS=--cap-lints=warn" "-w" "/opt/rustwide/workdir" "--user" "0:0" "3d06655791a73c9f5189eef50bf3885ed1328b72be2e5c5d205c954963716214" "/opt/rustwide/cargo-home/bin/cargo" "+1.100.0-beta.1" "test" "--frozen" "--no-run" "--message-format=json" "--release", kill_on_drop: false }`
[INFO] [stderr]    Compiling regex-automata v0.4.16
[INFO] [stderr]    Compiling getrandom v0.4.3
[INFO] [stderr]    Compiling predicates-core v1.0.10
[INFO] [stderr]    Compiling float-cmp v0.10.0
[INFO] [stderr]    Compiling assert_cmd v2.2.2
[INFO] [stderr]    Compiling wait-timeout v0.2.1
[INFO] [stderr]    Compiling tower-http v0.5.2
[INFO] [stderr]    Compiling app v0.1.0 (/opt/rustwide/workdir/crates/app)
[INFO] [stderr]    Compiling pokegen1 v0.1.0 (/opt/rustwide/workdir/crates/pokegen1)
[INFO] [stderr]    Compiling xtask v0.1.0 (/opt/rustwide/workdir/crates/xtask)
[INFO] [stderr]    Compiling predicates-tree v1.0.13
[INFO] [stderr]    Compiling tempfile v3.27.0
[INFO] [stderr]    Compiling web-server v0.1.0 (/opt/rustwide/workdir/crates/web-server)
[INFO] [stderr]    Compiling regex v1.13.1
[INFO] [stderr]    Compiling bstr v1.13.0
[INFO] [stderr]    Compiling predicates v3.1.4
[INFO] [stderr]    Compiling cli v0.1.0 (/opt/rustwide/workdir/crates/cli)
[INFO] [stderr]    Compiling sync v0.1.0 (/opt/rustwide/workdir/crates/sync)
[INFO] [stderr]     Finished `release` profile [optimized] target(s) in 30.64s
[INFO] running `Command { std: "docker" "inspect" "3d06655791a73c9f5189eef50bf3885ed1328b72be2e5c5d205c954963716214", kill_on_drop: false }`
[INFO] running `Command { std: "docker" "exec" "-e" "SOURCE_DIR=/opt/rustwide/workdir" "-e" "CARGO_HOME=/opt/rustwide/cargo-home" "-e" "RUSTUP_HOME=/opt/rustwide/rustup-home" "-e" "CARGO_TARGET_DIR=/opt/rustwide/target" "-e" "CARGO_INCREMENTAL=0" "-e" "RUST_BACKTRACE=full" "-e" "RUSTFLAGS=--cap-lints=warn" "-e" "RUSTDOCFLAGS=--cap-lints=warn" "-w" "/opt/rustwide/workdir" "--user" "0:0" "3d06655791a73c9f5189eef50bf3885ed1328b72be2e5c5d205c954963716214" "/opt/rustwide/cargo-home/bin/cargo" "+1.100.0-beta.1" "test" "--frozen" "--release", kill_on_drop: false }`
[INFO] [stderr]     Finished `release` profile [optimized] target(s) in 0.20s
[INFO] [stderr]      Running unittests src/lib.rs (/opt/rustwide/target/release/build/app/0d3fa6246a76735a/out/app-0d3fa6246a76735a)
[INFO] [stdout] 
[INFO] [stdout] running 22 tests
[INFO] [stdout] test tests::items_view_unknown_id_falls_back_to_hash_id ... ok
[INFO] [stderr]      Running unittests src/main.rs (/opt/rustwide/target/release/build/cli/e3e5adf1370c47cb/out/gameulator-e3e5adf1370c47cb)
[INFO] [stdout] test tests::party_summary_carries_stats_and_slots ... ok
[INFO] [stdout] test tests::items_view_resolves_names_and_quantity ... ok
[INFO] [stdout] test tests::party_summary_healthy_has_empty_status ... ok
[INFO] [stdout] test tests::game_data_selects_yellow_legacy_overlay ... ok
[INFO] [stdout] test tests::party_summary_materializes_fainted_when_hp_zero ... ok
[INFO] [stdout] test tests::party_summary_keeps_distinct_nickname ... ok
[INFO] [stdout] test tests::party_summary_renders_multiple_conditions_in_order ... ok
[INFO] [stdout] test tests::party_summary_renders_paralyze_status ... ok
[INFO] [stdout] test tests::party_summary_renders_sleep_with_turn_count ... ok
[INFO] [stdout] test tests::party_summary_no_nickname_is_none ... ok
[INFO] [stdout] test tests::party_summary_resolves_moves ... ok
[INFO] [stdout] test tests::party_summary_not_fainted_when_hp_nonzero ... ok
[INFO] [stdout] test tests::party_summary_resolves_species_name ... ok
[INFO] [stdout] test tests::party_summary_with_real_yellow_legacy_overlay ... ok
[INFO] [stdout] test tests::resolve_falls_back_to_hash_id_when_unknown ... ok
[INFO] [stdout] test tests::resolve_returns_name_when_known ... ok
[INFO] [stdout] test tests::status_view_json_round_trips_none_snapshot_empty_party_and_unit_condition ... ok
[INFO] [stdout] test tests::save_info_carries_fields ... ok
[INFO] [stdout] test tests::party_summary_suppresses_nickname_equal_to_species ... ok
[INFO] [stdout] test tests::party_summary_unknown_species_falls_back_to_hash_id ... ok
[INFO] [stdout] test tests::status_view_json_round_trips ... ok
[INFO] [stdout] 
[INFO] [stdout] test result: ok. 22 passed; 0 failed; 0 ignored; 0 measured; 0 filtered out; finished in 0.01s
[INFO] [stdout] 
[INFO] [stdout] 
[INFO] [stdout] running 20 tests
[INFO] [stdout] test render::tests::block_header_no_tag_when_healthy ... ok
[INFO] [stdout] test render::tests::compact_includes_status_labels ... ok
[INFO] [stdout] test render::tests::block_moves_render_current_pp_only ... ok
[INFO] [stdout] test render::tests::block_stats_line ... ok
[INFO] [stdout] test render::tests::block_header_appends_status_tag ... ok
[INFO] [stdout] test render::tests::block_header_shows_nickname_and_species ... ok
[INFO] [stdout] test render::tests::block_header_uses_species_when_no_nickname ... ok
[INFO] [stdout] test render::tests::label_sleep_carries_turn_count ... ok
[INFO] [stdout] test render::tests::info_renders_checksum_bad ... ok
[INFO] [stdout] test render::tests::label_burn ... ok
[INFO] [stdout] test render::tests::label_poison ... ok
[INFO] [stdout] test render::tests::compact_one_line_with_stats_and_moves ... ok
[INFO] [stdout] test render::tests::label_healthy_is_empty ... ok
[INFO] [stdout] test render::tests::info_renders_checksum_ok ... ok
[INFO] [stdout] test render::tests::label_multiple_conditions_joined_with_comma ... ok
[INFO] [stdout] test render::tests::items_header_and_rows ... ok
[INFO] [stdout] test render::tests::label_freeze ... ok
[INFO] [stdout] test render::tests::label_paralyze ... ok
[INFO] [stdout] test render::tests::label_fainted_folded_in ... ok
[INFO] [stdout] test render::tests::label_fainted_replaces_conditions ... ok
[INFO] [stdout] 
[INFO] [stdout] test result: ok. 20 passed; 0 failed; 0 ignored; 0 measured; 0 filtered out; finished in 0.01s
[INFO] [stdout] 
[INFO] [stderr]      Running tests/cli.rs (/opt/rustwide/target/release/build/cli/5e9dad76a83aa9ff/out/cli-5e9dad76a83aa9ff)
[INFO] [stdout] 
[INFO] [stdout] running 2 tests
[INFO] [stderr]      Running unittests src/lib.rs (/opt/rustwide/target/release/build/pokegen1/11ca3e200a61c36e/out/pokegen1-11ca3e200a61c36e)
[INFO] [stdout] test info_runs_and_shows_trainer ... ok
[INFO] [stdout] test party_json_resolves_species_name ... ok
[INFO] [stdout] 
[INFO] [stdout] test result: ok. 2 passed; 0 failed; 0 ignored; 0 measured; 0 filtered out; finished in 0.01s
[INFO] [stdout] 
[INFO] [stdout] 
[INFO] [stdout] running 57 tests
[INFO] [stdout] test core::data::tests::move_name_resolves_known_and_unknown ... ok
[INFO] [stdout] test core::checksum::tests::verify_checksum_accepts_correct_checksum ... ok
[INFO] [stdout] test core::items::tests::unterminated_list_is_capped_by_runaway_guard ... ok
[INFO] [stdout] test core::items::tests::pc_items_skips_leading_count_byte ... ok
[INFO] [stdout] test core::data::tests::stub_is_usable_through_game_data_aggregate ... ok
[INFO] [stdout] test core::header::tests::trainer_name_decodes_seeded_name ... ok
[INFO] [stdout] test core::items::tests::empty_list_returns_empty_vec ... ok
[INFO] [stdout] test core::data::tests::species_name_resolves_known_and_unknown ... ok
[INFO] [stdout] test core::checksum::tests::verify_checksum_ignores_bytes_outside_range ... ok
[INFO] [stdout] test core::party::tests::empty_nickname_region_yields_none ... ok
[INFO] [stdout] test core::checksum::tests::verify_checksum_detects_corruption_inside_range ... ok
[INFO] [stdout] test core::items::tests::quantity_of_0xff_is_not_a_terminator ... ok
[INFO] [stdout] test core::data::tests::item_name_resolves_known_and_unknown ... ok
[INFO] [stdout] test core::party::tests::party_count_seven_is_invalid ... ok
[INFO] [stdout] test core::party::tests::party_count_zero_is_invalid ... ok
[INFO] [stdout] test core::items::tests::bag_items_reads_pairs_until_terminator ... ok
[INFO] [stdout] test core::pokemon::tests::status_any_true_when_paralyzed ... ok
[INFO] [stdout] test core::pokemon::tests::status_any_false_when_clean ... ok
[INFO] [stdout] test core::party::tests::parses_two_mon_party_with_nicknames ... ok
[INFO] [stdout] test core::party::tests::parse_party_errors_on_invalid_count ... ok
[INFO] [stdout] test core::pokemon::tests::sleep_turns_decoded_from_low_three_bits ... ok
[INFO] [stdout] test core::header::tests::playtime_reads_hours_and_minutes ... ok
[INFO] [stdout] test core::party::tests::party_species_length_matches_count ... ok
[INFO] [stdout] test core::party::tests::zeroed_nickname_region_yields_none ... ok
[INFO] [stdout] test core::pokemon::tests::reads_level_from_0x21_not_0x03 ... ok
[INFO] [stdout] test core::party::tests::party_count_and_species_are_read ... ok
[INFO] [stdout] test core::save::tests::bad_checksum_is_ok_with_flag_false ... ok
[INFO] [stdout] test core::pokemon::tests::fainted_when_hp_zero ... ok
[INFO] [stdout] test core::party::tests::party_count_boundaries_one_and_six_are_ok ... ok
[INFO] [stdout] test core::pokemon::tests::not_fainted_when_hp_nonzero ... ok
[INFO] [stdout] test core::sram::tests::read_u8_returns_byte_at_offset ... ok
[INFO] [stdout] test core::sram::tests::slice_returns_subslice ... ok
[INFO] [stdout] test core::pokemon::tests::parses_paralyze_status ... ok
[INFO] [stdout] test core::text::tests::all_unknown_bytes_is_empty ... ok
[INFO] [stdout] test core::pokemon::tests::parses_scalar_fields ... ok
[INFO] [stdout] test core::sram::tests::len_and_is_empty ... ok
[INFO] [stdout] test core::sram::tests::offset_consts_match_reference ... ok
[INFO] [stdout] test core::text::tests::terminator_first_is_empty ... ok
[INFO] [stdout] test games::yellow_legacy::tests::composes_as_game_data ... ok
[INFO] [stdout] test games::yellow_legacy::tests::difficulty_has_normal_and_hard_variants ... ok
[INFO] [stdout] test core::text::tests::empty_slice_is_empty ... ok
[INFO] [stdout] test core::text::tests::interior_space_is_preserved ... ok
[INFO] [stdout] test core::save::tests::truncated_buffer_errors_without_panic ... ok
[INFO] [stdout] test core::text::tests::no_terminator_decodes_full_slice ... ok
[INFO] [stdout] test games::yellow_legacy::tests::move_name_resolves_known_id ... ok
[INFO] [stdout] test core::sram::tests::read_u16_be_is_big_endian ... ok
[INFO] [stdout] test core::text::tests::decodes_full_alphabet ... ok
[INFO] [stdout] test core::save::tests::invalid_party_count_errors ... ok
[INFO] [stdout] test games::yellow_legacy::tests::tables_load_expected_counts ... ok
[INFO] [stdout] test core::save::tests::parses_full_save_with_valid_checksum ... ok
[INFO] [stdout] test core::text::tests::decodes_punctuation ... ok
[INFO] [stdout] test games::yellow_legacy::tests::item_name_resolves_known_id ... ok
[INFO] [stdout] test games::yellow_legacy::tests::legacy_constants ... ok
[INFO] [stdout] test core::pokemon::tests::parses_moves_skipping_empty_slot_and_decoding_pp_ups ... ok
[INFO] [stdout] test games::yellow_legacy::tests::unknown_ids_resolve_to_none ... ok
[INFO] [stdout] test games::yellow_legacy::tests::species_name_resolves_known_id ... ok
[INFO] [stdout] test core::text::tests::decodes_a_name ... ok
[INFO] [stderr]      Running tests/real_save.rs (/opt/rustwide/target/release/build/pokegen1/b350c4551799e695/out/real_save-b350c4551799e695)
[INFO] [stdout] 
[INFO] [stdout] test result: ok. 57 passed; 0 failed; 0 ignored; 0 measured; 0 filtered out; finished in 0.02s
[INFO] [stdout] 
[INFO] [stdout] 
[INFO] [stdout] running 1 test
[INFO] [stderr]      Running unittests src/lib.rs (/opt/rustwide/target/release/build/sync/c2d22962d49581a7/out/sync-c2d22962d49581a7)
[INFO] [stdout] test parses_real_save_if_present ... ok
[INFO] [stdout] 
[INFO] [stdout] test result: ok. 1 passed; 0 failed; 0 ignored; 0 measured; 0 filtered out; finished in 0.01s
[INFO] [stdout] 
[INFO] [stdout] 
[INFO] [stdout] running 25 tests
[INFO] [stdout] test process::tests::corrupt_parse_error_is_quarantined_with_no_side_effects ... ok
[INFO] [stdout] test process::tests::baseline_is_high_water_mark_so_second_stale_save_still_alarms ... ok
[INFO] [stdout] test process::tests::valid_save_is_applied_with_accept_and_side_effects ... ok
[INFO] [stdout] test process::tests::newer_then_older_is_applied_regression_but_snapshot_still_kept ... ok
[INFO] [stdout] test regression::tests::both_zero_is_accepted ... ok
[INFO] [stdout] test process::tests::corrupt_checksum_is_quarantined_with_computed_and_stored ... ok
[INFO] [stdout] test regression::tests::first_save_with_no_snapshot_is_accepted ... ok
[INFO] [stdout] test regression::tests::equal_playtime_is_accepted_as_a_resave ... ok
[INFO] [stdout] test snapshot::tests::max_snapshot_playtime_ignores_non_sav_files ... ok
[INFO] [stdout] test snapshot::tests::creates_missing_dir ... ok
[INFO] [stdout] test status::tests::snapshot_none_serializes_as_null ... ok
[INFO] [stdout] test regression::tests::progressed_playtime_is_accepted ... ok
[INFO] [stdout] test snapshot::tests::max_snapshot_playtime_picks_max_not_newest_by_name ... ok
[INFO] [stdout] test test_support::tests::valid_save_bytes_produces_checksum_ok_save ... ok
[INFO] [stdout] test snapshot::tests::stamp_now_is_path_safe_and_sortable ... ok
[INFO] [stdout] test regression::tests::behind_playtime_is_a_regression ... ok
[INFO] [stdout] test snapshot::tests::max_snapshot_playtime_empty_dir_is_none ... ok
[INFO] [stdout] test tests::for_game_dir_empty_dir_falls_back_to_save_sav ... ok
[INFO] [stdout] test status::tests::writes_status_with_metadata_and_resolved_party ... ok
[INFO] [stdout] test snapshot::tests::writes_named_snapshot_with_exact_bytes ... ok
[INFO] [stdout] test watch::tests::startup_pass_processes_the_existing_save_synchronously ... ok
[INFO] [stdout] test snapshot::tests::max_snapshot_playtime_missing_dir_is_none ... ok
[INFO] [stdout] test tests::for_game_dir_picks_seeded_sav_and_derives_subpaths ... ok
[INFO] [stdout] test tests::for_game_dir_picks_lexicographically_first_sav ... ok
[INFO] [stdout] test watch::tests::watcher_processes_a_written_save_end_to_end ... ok
[INFO] [stdout] 
[INFO] [stdout] test result: ok. 25 passed; 0 failed; 0 ignored; 0 measured; 0 filtered out; finished in 0.34s
[INFO] [stdout] 
[INFO] [stderr]      Running unittests src/main.rs (/opt/rustwide/target/release/build/sync/2e9e3613ba439e27/out/gameulator_sync-2e9e3613ba439e27)
[INFO] [stdout] 
[INFO] [stdout] running 1 test
[INFO] [stdout] test tests::help_lists_saves_dir_flag_and_description ... FAILED
[INFO] [stdout] 
[INFO] [stdout] failures:
[INFO] [stdout] 
[INFO] [stdout] ---- tests::help_lists_saves_dir_flag_and_description stdout ----
[INFO] [stdout] 
[INFO] [stdout] thread 'tests::help_lists_saves_dir_flag_and_description' (1883) panicked at /opt/rustwide/cargo-home/registry/src/index.crates.io-1949cf8c6b5b557f/assert_cmd-2.2.2/src/cargo.rs:232:5:
[INFO] [stdout] `CARGO_BIN_EXE_gameulator-sync` is unset
[INFO] [stdout] help: if this is running within a unit test, move it to an integration test to gain access to `CARGO_BIN_EXE_gameulator-sync`
[INFO] [stdout] stack backtrace:
[INFO] [stdout]    0:     0x5e082c032371 - <<std[617be2ca0a6fd877]::sys::backtrace::BacktraceLock>::print::DisplayBacktrace as core[a373ad73a504971]::fmt::Display>::fmt
[INFO] [stdout]    1:     0x5e082c048afa - core[a373ad73a504971]::fmt::write
[INFO] [stdout]    2:     0x5e082c037a0c - <alloc[2e1b2a31b91974c5]::vec::Vec<u8> as core[a373ad73a504971]::io::write::Write>::write_fmt
[INFO] [stdout]    3:     0x5e082c00de86 - std[617be2ca0a6fd877]::panicking::default_hook::{closure#0}
[INFO] [stdout]    4:     0x5e082c02a989 - std[617be2ca0a6fd877]::panicking::default_hook
[INFO] [stdout]    5:     0x5e082bfb74d0 - test[aada8e7e76ba119b]::test_main_inner::{closure#0}
[INFO] [stdout]    6:     0x5e082c02ab42 - std[617be2ca0a6fd877]::panicking::panic_with_hook
[INFO] [stdout]    7:     0x5e082c00df32 - std[617be2ca0a6fd877]::panicking::panic_handler::{closure#0}
[INFO] [stdout]    8:     0x5e082c006c49 - std[617be2ca0a6fd877]::sys::backtrace::__rust_end_short_backtrace::<std[617be2ca0a6fd877]::panicking::panic_handler::{closure#0}, !>
[INFO] [stdout]    9:     0x5e082c00eb3d - __rustc[ea4f61d10b84890b]::rust_begin_unwind
[INFO] [stdout]   10:     0x5e082c0492ac - core[a373ad73a504971]::panicking::panic_fmt
[INFO] [stdout]   11:     0x5e082bfecfaf - assert_cmd[7730f073fbc84757]::cargo::missing_cargo_bin
[INFO] [stdout]   12:     0x5e082bfecd63 - assert_cmd[7730f073fbc84757]::cargo::cargo_bin_str
[INFO] [stdout]   13:     0x5e082bfaa002 - <gameulator_sync[34ffeaa20e8fd601]::tests::help_lists_saves_dir_flag_and_description::{closure#0} as core[a373ad73a504971]::ops::function::FnOnce<()>>::call_once
[INFO] [stdout]   14:     0x5e082bfaa91b - test[aada8e7e76ba119b]::__rust_begin_short_backtrace::<core[a373ad73a504971]::result::Result<(), alloc[2e1b2a31b91974c5]::string::String>, fn() -> core[a373ad73a504971]::result::Result<(), alloc[2e1b2a31b91974c5]::string::String>>
[INFO] [stdout]   15:     0x5e082bfb7af5 - test[aada8e7e76ba119b]::run_test::{closure#0}
[INFO] [stdout]   16:     0x5e082bfb13e4 - std[617be2ca0a6fd877]::sys::backtrace::__rust_begin_short_backtrace::<test[aada8e7e76ba119b]::run_test::{closure#1}, ()>
[INFO] [stdout]   17:     0x5e082bfbab82 - <std[617be2ca0a6fd877]::thread::lifecycle::spawn_unchecked<test[aada8e7e76ba119b]::run_test::{closure#1}, ()>::{closure#1} as core[a373ad73a504971]::ops::function::FnOnce<()>>::call_once::{shim:vtable#0}
[INFO] [stdout]   18:     0x5e082c031b4f - <std[617be2ca0a6fd877]::sys::thread::unix::Thread>::new::thread_start
[INFO] [stdout]   19:     0x7f6290373dfa - <unknown>
[INFO] [stdout]   20:     0x7f62904073d4 - clone
[INFO] [stdout]   21:                0x0 - <unknown>
[INFO] [stdout] 
[INFO] [stdout] 
[INFO] [stdout] failures:
[INFO] [stdout]     tests::help_lists_saves_dir_flag_and_description
[INFO] [stdout] 
[INFO] [stdout] test result: FAILED. 0 passed; 1 failed; 0 ignored; 0 measured; 0 filtered out; finished in 0.00s
[INFO] [stdout] 
[INFO] [stderr] error: test failed, to rerun pass `-p sync --bin gameulator-sync`
[INFO] running `Command { std: "docker" "inspect" "3d06655791a73c9f5189eef50bf3885ed1328b72be2e5c5d205c954963716214", kill_on_drop: false }`
[INFO] running `Command { std: "docker" "rm" "-f" "3d06655791a73c9f5189eef50bf3885ed1328b72be2e5c5d205c954963716214", kill_on_drop: false }`
[INFO] [stdout] 3d06655791a73c9f5189eef50bf3885ed1328b72be2e5c5d205c954963716214
