[INFO] cloning repository https://github.com/russellromney/thinklog
[INFO] running `Command { std: "git" "-c" "credential.helper=" "-c" "credential.helper=/workspace/cargo-home/bin/git-credential-null" "clone" "--bare" "https://github.com/russellromney/thinklog" "/workspace/cache/git-repos/https%3A%2F%2Fgithub.com%2Frussellromney%2Fthinklog", kill_on_drop: false }`
[INFO] [stderr] Cloning into bare repository '/workspace/cache/git-repos/https%3A%2F%2Fgithub.com%2Frussellromney%2Fthinklog'...
[INFO] running `Command { std: "git" "rev-parse" "HEAD", kill_on_drop: false }`
[INFO] [stdout] 49b753ebdbd743cdf8d898c53f251c31e1b8f087
[INFO] testing russellromney/thinklog/49b753ebdbd743cdf8d898c53f251c31e1b8f087 against 1.100.0-beta.1+cargoflags=--release for beta-release-1.100-2
[INFO] running `Command { std: "git" "clone" "/workspace/cache/git-repos/https%3A%2F%2Fgithub.com%2Frussellromney%2Fthinklog" "/workspace/builds/worker-6-tc2/source", kill_on_drop: false }`
[INFO] [stderr] Cloning into '/workspace/builds/worker-6-tc2/source'...
[INFO] [stderr] done.
[INFO] [stderr] Updating files:  94% (5386/5712)
Updating files:  95% (5427/5712)
Updating files:  96% (5484/5712)
Updating files:  97% (5541/5712)
Updating files:  98% (5598/5712)
Updating files:  99% (5655/5712)
Updating files: 100% (5712/5712)
Updating files: 100% (5712/5712), done.
[INFO] started tweaking git repo https://github.com/russellromney/thinklog
[INFO] finished tweaking git repo https://github.com/russellromney/thinklog
[INFO] tweaked toml for git repo https://github.com/russellromney/thinklog written to /workspace/builds/worker-6-tc2/source/Cargo.toml
[INFO] validating manifest of git repo https://github.com/russellromney/thinklog on toolchain 1.100.0-beta.1
[INFO] running `Command { std: CARGO_HOME="/workspace/cargo-home" RUSTUP_HOME="/workspace/rustup-home" "/workspace/cargo-home/bin/cargo" "+1.100.0-beta.1" "metadata" "--manifest-path" "Cargo.toml" "--no-deps", kill_on_drop: false }`
[INFO] crate git repo https://github.com/russellromney/thinklog already has a lockfile, it will not be regenerated
[INFO] running `Command { std: CARGO_HOME="/workspace/cargo-home" RUSTUP_HOME="/workspace/rustup-home" "/workspace/cargo-home/bin/cargo" "+1.100.0-beta.1" "fetch" "--manifest-path" "Cargo.toml", kill_on_drop: false }`
[INFO] running `Command { std: "docker" "create" "-v" "/var/lib/crater-agent-workspace/builds/worker-6-tc2/source:/opt/rustwide/workdir:ro,Z" "-v" "/var/lib/crater-agent-workspace/builds/worker-6-tc2/target:/opt/rustwide/target:rw,Z" "-v" "/var/lib/crater-agent-workspace/cargo-home:/opt/rustwide/cargo-home:ro,Z" "-v" "/var/lib/crater-agent-workspace/rustup-home:/opt/rustwide/rustup-home:ro,Z" "-m" "1610612736" "--network" "none" "ghcr.io/rust-lang/crates-build-env/linux@sha256:77db811e55d90add9212f6832c23229e3de5f1c1f9905e8cb07319ea15df73ac" "sleep" "infinity", kill_on_drop: false }`
[INFO] [stdout] c30826c1629843f4f69f38aa2481988c598c8974a615ce45df98f677934690f8
[INFO] running `Command { std: "docker" "start" "c30826c1629843f4f69f38aa2481988c598c8974a615ce45df98f677934690f8", kill_on_drop: false }`
[INFO] running `Command { std: "docker" "inspect" "c30826c1629843f4f69f38aa2481988c598c8974a615ce45df98f677934690f8", kill_on_drop: false }`
[INFO] running `Command { std: "docker" "exec" "-e" "SOURCE_DIR=/opt/rustwide/workdir" "-e" "CARGO_HOME=/opt/rustwide/cargo-home" "-e" "RUSTUP_HOME=/opt/rustwide/rustup-home" "-e" "CARGO_TARGET_DIR=/opt/rustwide/target" "-w" "/opt/rustwide/workdir" "--user" "0:0" "c30826c1629843f4f69f38aa2481988c598c8974a615ce45df98f677934690f8" "/opt/rustwide/cargo-home/bin/cargo" "+1.100.0-beta.1" "metadata" "--no-deps" "--format-version=1", kill_on_drop: false }`
[INFO] running `Command { std: "docker" "inspect" "c30826c1629843f4f69f38aa2481988c598c8974a615ce45df98f677934690f8", kill_on_drop: false }`
[INFO] running `Command { std: "docker" "exec" "-e" "SOURCE_DIR=/opt/rustwide/workdir" "-e" "CARGO_HOME=/opt/rustwide/cargo-home" "-e" "RUSTUP_HOME=/opt/rustwide/rustup-home" "-e" "CARGO_TARGET_DIR=/opt/rustwide/target" "-e" "CARGO_INCREMENTAL=0" "-e" "RUST_BACKTRACE=full" "-e" "RUSTFLAGS=--cap-lints=warn" "-e" "RUSTDOCFLAGS=--cap-lints=warn" "-w" "/opt/rustwide/workdir" "--user" "0:0" "c30826c1629843f4f69f38aa2481988c598c8974a615ce45df98f677934690f8" "/opt/rustwide/cargo-home/bin/cargo" "+1.100.0-beta.1" "build" "--frozen" "--message-format=json" "--release", kill_on_drop: false }`
[INFO] [stderr]    Compiling proc-macro2 v1.0.106
[INFO] [stderr]    Compiling libc v0.2.184
[INFO] [stderr]    Compiling bytes v1.11.1
[INFO] [stderr]    Compiling futures-core v0.3.32
[INFO] [stderr]    Compiling cc v1.2.60
[INFO] [stderr]    Compiling serde_core v1.0.228
[INFO] [stderr]    Compiling typenum v1.19.0
[INFO] [stderr]    Compiling futures-sink v0.3.32
[INFO] [stderr]    Compiling bitflags v2.11.0
[INFO] [stderr]    Compiling hashbrown v0.17.0
[INFO] [stderr]    Compiling futures-task v0.3.32
[INFO] [stderr]    Compiling zerocopy v0.8.48
[INFO] [stderr]    Compiling openssl v0.10.77
[INFO] [stderr]    Compiling ahash v0.8.12
[INFO] [stderr]    Compiling zmij v1.0.21
[INFO] [stderr]    Compiling futures-channel v0.3.32
[INFO] [stderr]    Compiling sync_wrapper v1.0.2
[INFO] [stderr]    Compiling serde_json v1.0.149
[INFO] [stderr]    Compiling futures-util v0.3.32
[INFO] [stderr]    Compiling memchr v2.8.0
[INFO] [stderr]    Compiling regex-syntax v0.8.10
[INFO] [stderr]    Compiling getrandom v0.4.2
[INFO] [stderr]    Compiling anyhow v1.0.102
[INFO] [stderr]    Compiling iri-string v0.7.12
[INFO] [stderr]    Compiling rustls-pki-types v1.14.0
[INFO] [stderr]    Compiling clap_builder v4.6.0
[INFO] [stderr]    Compiling tracing-log v0.2.0
[INFO] [stderr]    Compiling quote v1.0.45
[INFO] [stderr]    Compiling http v1.4.0
[INFO] [stderr]    Compiling syn v2.0.117
[INFO] [stderr]    Compiling thread_local v1.1.9
[INFO] [stderr]    Compiling fallible-streaming-iterator v0.1.9
[INFO] [stderr]    Compiling generic-array v0.14.7
[INFO] [stderr]    Compiling indexmap v2.14.0
[INFO] [stderr]    Compiling fallible-iterator v0.3.0
[INFO] [stderr]    Compiling parking_lot_core v0.9.12
[INFO] [stderr]    Compiling errno v0.3.14
[INFO] [stderr]    Compiling signal-hook-registry v1.4.8
[INFO] [stderr]    Compiling parking_lot v0.12.5
[INFO] [stderr]    Compiling socket2 v0.6.3
[INFO] [stderr]    Compiling mio v1.2.0
[INFO] [stderr]    Compiling block-buffer v0.10.4
[INFO] [stderr]    Compiling crypto-common v0.1.7
[INFO] [stderr]    Compiling digest v0.10.7
[INFO] [stderr]    Compiling openssl-sys v0.9.113
[INFO] [stderr]    Compiling http-body v1.0.1
[INFO] [stderr]    Compiling http-body-util v0.1.3
[INFO] [stderr]    Compiling libsqlite3-sys v0.30.1
[INFO] [stderr]    Compiling uuid v1.23.0
[INFO] [stderr]    Compiling sha2 v0.10.9
[INFO] [stderr]    Compiling regex-automata v0.4.14
[INFO] [stderr]    Compiling native-tls v0.2.18
[INFO] [stderr]    Compiling matchers v0.2.0
[INFO] [stderr]    Compiling serde_path_to_error v0.1.20
[INFO] [stderr]    Compiling synstructure v0.13.2
[INFO] [stderr]    Compiling hashbrown v0.14.5
[INFO] [stderr]    Compiling zerofrom-derive v0.1.7
[INFO] [stderr]    Compiling yoke-derive v0.8.2
[INFO] [stderr]    Compiling zerovec-derive v0.11.3
[INFO] [stderr]    Compiling tracing-attributes v0.1.31
[INFO] [stderr]    Compiling displaydoc v0.2.5
[INFO] [stderr]    Compiling tokio-macros v2.7.0
[INFO] [stderr]    Compiling serde_derive v1.0.228
[INFO] [stderr]    Compiling openssl-macros v0.1.1
[INFO] [stderr]    Compiling clap_derive v4.6.0
[INFO] [stderr]    Compiling tokio v1.51.1
[INFO] [stderr]    Compiling zerofrom v0.1.7
[INFO] [stderr]    Compiling hashlink v0.9.1
[INFO] [stderr]    Compiling yoke v0.8.2
[INFO] [stderr]    Compiling tracing v0.1.44
[INFO] [stderr]    Compiling zerovec v0.11.6
[INFO] [stderr]    Compiling zerotrie v0.2.4
[INFO] [stderr]    Compiling axum-core v0.5.6
[INFO] [stderr]    Compiling tracing-subscriber v0.3.23
[INFO] [stderr]    Compiling clap v4.6.0
[INFO] [stderr]    Compiling tinystr v0.8.3
[INFO] [stderr]    Compiling potential_utf v0.1.5
[INFO] [stderr]    Compiling icu_collections v2.2.0
[INFO] [stderr]    Compiling icu_locale_core v2.2.0
[INFO] [stderr]    Compiling serde v1.0.228
[INFO] [stderr]    Compiling icu_provider v2.2.0
[INFO] [stderr]    Compiling serde_urlencoded v0.7.1
[INFO] [stderr]    Compiling chrono v0.4.44
[INFO] [stderr]    Compiling icu_normalizer v2.2.0
[INFO] [stderr]    Compiling icu_properties v2.2.0
[INFO] [stderr]    Compiling idna_adapter v1.2.1
[INFO] [stderr]    Compiling idna v1.1.0
[INFO] [stderr]    Compiling url v2.5.8
[INFO] [stderr]    Compiling tokio-util v0.7.18
[INFO] [stderr]    Compiling tower v0.5.3
[INFO] [stderr]    Compiling tokio-native-tls v0.3.1
[INFO] [stderr]    Compiling tower-http v0.6.8
[INFO] [stderr]    Compiling h2 v0.4.13
[INFO] [stderr]    Compiling hyper v1.9.0
[INFO] [stderr]    Compiling hyper-util v0.1.20
[INFO] [stderr]    Compiling hyper-tls v0.6.0
[INFO] [stderr]    Compiling axum v0.8.8
[INFO] [stderr]    Compiling reqwest v0.12.28
[INFO] [stderr]    Compiling rusqlite v0.32.1
[INFO] [stderr]    Compiling thinklog v0.1.0 (/opt/rustwide/workdir)
[INFO] [stderr]     Finished `release` profile [optimized] target(s) in 3m 15s
[INFO] running `Command { std: "docker" "inspect" "c30826c1629843f4f69f38aa2481988c598c8974a615ce45df98f677934690f8", kill_on_drop: false }`
[INFO] running `Command { std: "docker" "exec" "-e" "SOURCE_DIR=/opt/rustwide/workdir" "-e" "CARGO_HOME=/opt/rustwide/cargo-home" "-e" "RUSTUP_HOME=/opt/rustwide/rustup-home" "-e" "CARGO_TARGET_DIR=/opt/rustwide/target" "-e" "CARGO_INCREMENTAL=0" "-e" "RUST_BACKTRACE=full" "-e" "RUSTFLAGS=--cap-lints=warn" "-e" "RUSTDOCFLAGS=--cap-lints=warn" "-w" "/opt/rustwide/workdir" "--user" "0:0" "c30826c1629843f4f69f38aa2481988c598c8974a615ce45df98f677934690f8" "/opt/rustwide/cargo-home/bin/cargo" "+1.100.0-beta.1" "test" "--frozen" "--no-run" "--message-format=json" "--release", kill_on_drop: false }`
[INFO] [stderr]    Compiling bitflags v2.11.0
[INFO] [stderr]    Compiling fastrand v2.4.1
[INFO] [stderr]    Compiling openssl v0.10.77
[INFO] [stderr]    Compiling tower-http v0.6.8
[INFO] [stderr]    Compiling rusqlite v0.32.1
[INFO] [stderr]    Compiling rustix v1.1.4
[INFO] [stderr]    Compiling tempfile v3.27.0
[INFO] [stderr]    Compiling native-tls v0.2.18
[INFO] [stderr]    Compiling tokio-native-tls v0.3.1
[INFO] [stderr]    Compiling hyper-tls v0.6.0
[INFO] [stderr]    Compiling reqwest v0.12.28
[INFO] [stderr]    Compiling thinklog v0.1.0 (/opt/rustwide/workdir)
[INFO] [stderr]     Finished `release` profile [optimized] target(s) in 44.28s
[INFO] running `Command { std: "docker" "inspect" "c30826c1629843f4f69f38aa2481988c598c8974a615ce45df98f677934690f8", kill_on_drop: false }`
[INFO] running `Command { std: "docker" "exec" "-e" "SOURCE_DIR=/opt/rustwide/workdir" "-e" "CARGO_HOME=/opt/rustwide/cargo-home" "-e" "RUSTUP_HOME=/opt/rustwide/rustup-home" "-e" "CARGO_TARGET_DIR=/opt/rustwide/target" "-e" "CARGO_INCREMENTAL=0" "-e" "RUST_BACKTRACE=full" "-e" "RUSTFLAGS=--cap-lints=warn" "-e" "RUSTDOCFLAGS=--cap-lints=warn" "-w" "/opt/rustwide/workdir" "--user" "0:0" "c30826c1629843f4f69f38aa2481988c598c8974a615ce45df98f677934690f8" "/opt/rustwide/cargo-home/bin/cargo" "+1.100.0-beta.1" "test" "--frozen" "--release", kill_on_drop: false }`
[INFO] [stderr]     Finished `release` profile [optimized] target(s) in 0.35s
[INFO] [stderr]      Running unittests src/lib.rs (/opt/rustwide/target/release/build/thinklog/1f1d6d260f76cb64/out/thinklog-1f1d6d260f76cb64)
[INFO] [stdout] 
[INFO] [stdout] running 12 tests
[INFO] [stdout] test diff::tests::test_append_only ... ok
[INFO] [stdout] test diff::tests::test_content_blocks_extraction ... ok
[INFO] [stdout] test diff::tests::test_should_snapshot_major_change ... ok
[INFO] [stdout] test diff::tests::test_mutation_compression ... ok
[INFO] [stdout] test diff::tests::test_removal ... ok
[INFO] [stdout] test diff::tests::test_no_change ... ok
[INFO] [stdout] test diff::tests::test_context_hash_stable ... ok
[INFO] [stdout] test diff::tests::test_should_snapshot_first_turn ... ok
[INFO] [stdout] test diff::tests::test_context_hash_different ... ok
[INFO] [stdout] test schema::tests::test_init_schema_idempotent ... ok
[INFO] [stdout] test diff::tests::test_should_not_snapshot_minor_change ... ok
[INFO] [stdout] test diff::tests::test_system_prompt_change ... ok
[INFO] [stderr]      Running unittests src/main.rs (/opt/rustwide/target/release/build/thinklog/3d61a6a4e4245f12/out/thinklog-3d61a6a4e4245f12)
[INFO] [stdout] 
[INFO] [stdout] test result: ok. 12 passed; 0 failed; 0 ignored; 0 measured; 0 filtered out; finished in 0.03s
[INFO] [stdout] 
[INFO] [stdout] 
[INFO] [stdout] running 0 tests
[INFO] [stdout] 
[INFO] [stdout] test result: ok. 0 passed; 0 failed; 0 ignored; 0 measured; 0 filtered out; finished in 0.00s
[INFO] [stdout] 
[INFO] [stderr]      Running tests/cli.rs (/opt/rustwide/target/release/build/thinklog/fa048ad511e68d6b/out/cli-fa048ad511e68d6b)
[INFO] [stdout] 
[INFO] [stdout] running 14 tests
[INFO] [stdout] test test_run_codex_detection ... FAILED
[INFO] [stdout] test test_info_existing_session ... FAILED
[INFO] [stdout] test test_info_nonexistent ... FAILED
[INFO] [stdout] test test_run_nonexistent_command ... FAILED
[INFO] [stdout] test test_partial_name_match ... FAILED
[INFO] [stdout] test test_help ... FAILED
[INFO] [stdout] test test_run_help ... FAILED
[INFO] [stdout] test test_ambiguous_name_match ... FAILED
[INFO] [stdout] test test_sessions_empty ... FAILED
[INFO] [stdout] test test_query_empty_session ... FAILED
[INFO] [stdout] test test_run_failing_command ... FAILED
[INFO] [stdout] test test_run_echo ... FAILED
[INFO] [stdout] test test_export_json ... FAILED
[INFO] [stdout] test test_run_auto_name ... FAILED
[INFO] [stdout] 
[INFO] [stdout] failures:
[INFO] [stdout] 
[INFO] [stdout] ---- test_run_codex_detection stdout ----
[INFO] [stdout] 
[INFO] [stdout] thread 'test_run_codex_detection' (2611) panicked at tests/cli.rs:38:31:
[INFO] [stdout] failed to run thinklog: Os { code: 2, kind: NotFound, message: "No such file or directory" }
[INFO] [stdout] stack backtrace:
[INFO] [stdout]    0:     0x5708acb263e1 - <<std[617be2ca0a6fd877]::sys::backtrace::BacktraceLock>::print::DisplayBacktrace as core[a373ad73a504971]::fmt::Display>::fmt
[INFO] [stdout]    1:     0x5708acb3adaa - core[a373ad73a504971]::fmt::write
[INFO] [stdout]    2:     0x5708acb2a8cc - <alloc[2e1b2a31b91974c5]::vec::Vec<u8> as core[a373ad73a504971]::io::write::Write>::write_fmt
[INFO] [stdout]    3:     0x5708acb00fd6 - std[617be2ca0a6fd877]::panicking::default_hook::{closure#0}
[INFO] [stdout]    4:     0x5708acb1e149 - std[617be2ca0a6fd877]::panicking::default_hook
[INFO] [stdout]    5:     0x5708acab9620 - test[aada8e7e76ba119b]::test_main_inner::{closure#0}
[INFO] [stdout]    6:     0x5708acb1e302 - std[617be2ca0a6fd877]::panicking::panic_with_hook
[INFO] [stdout]    7:     0x5708acb01082 - std[617be2ca0a6fd877]::panicking::panic_handler::{closure#0}
[INFO] [stdout]    8:     0x5708acaf9bd9 - std[617be2ca0a6fd877]::sys::backtrace::__rust_end_short_backtrace::<std[617be2ca0a6fd877]::panicking::panic_handler::{closure#0}, !>
[INFO] [stdout]    9:     0x5708acb01c8d - __rustc[ea4f61d10b84890b]::rust_begin_unwind
[INFO] [stdout]   10:     0x5708acb3b4dc - core[a373ad73a504971]::panicking::panic_fmt
[INFO] [stdout]   11:     0x5708acb3b2b2 - core[a373ad73a504971]::result::unwrap_failed
[INFO] [stdout]   12:     0x5708aca9d589 - cli[d6cd3a1b283ec5c4]::run_thinklog_with_env
[INFO] [stdout]   13:     0x5708aca9ff5e - <cli[d6cd3a1b283ec5c4]::test_run_codex_detection::{closure#0} as core[a373ad73a504971]::ops::function::FnOnce<()>>::call_once
[INFO] [stdout]   14:     0x5708acaaca6b - test[aada8e7e76ba119b]::__rust_begin_short_backtrace::<core[a373ad73a504971]::result::Result<(), alloc[2e1b2a31b91974c5]::string::String>, fn() -> core[a373ad73a504971]::result::Result<(), alloc[2e1b2a31b91974c5]::string::String>>
[INFO] [stdout]   15:     0x5708acab9c45 - test[aada8e7e76ba119b]::run_test::{closure#0}
[INFO] [stdout]   16:     0x5708acab3534 - std[617be2ca0a6fd877]::sys::backtrace::__rust_begin_short_backtrace::<test[aada8e7e76ba119b]::run_test::{closure#1}, ()>
[INFO] [stdout]   17:     0x5708acabccd2 - <std[617be2ca0a6fd877]::thread::lifecycle::spawn_unchecked<test[aada8e7e76ba119b]::run_test::{closure#1}, ()>::{closure#1} as core[a373ad73a504971]::ops::function::FnOnce<()>>::call_once::{shim:vtable#0}
[INFO] [stdout]   18:     0x5708acb25c3f - <std[617be2ca0a6fd877]::sys::thread::unix::Thread>::new::thread_start
[INFO] [stdout]   19:     0x7fb992851dfa - <unknown>
[INFO] [stdout]   20:     0x7fb9928e53d4 - clone
[INFO] [stdout]   21:                0x0 - <unknown>
[INFO] [stdout] 
[INFO] [stdout] ---- test_info_existing_session stdout ----
[INFO] [stdout] 
[INFO] [stdout] thread 'test_info_existing_session' (2606) panicked at tests/cli.rs:38:31:
[INFO] [stdout] failed to run thinklog: Os { code: 2, kind: NotFound, message: "No such file or directory" }
[INFO] [stdout] stack backtrace:
[INFO] [stdout]    0:     0x5708acb263e1 - <<std[617be2ca0a6fd877]::sys::backtrace::BacktraceLock>::print::DisplayBacktrace as core[a373ad73a504971]::fmt::Display>::fmt
[INFO] [stdout]    1:     0x5708acb3adaa - core[a373ad73a504971]::fmt::write
[INFO] [stdout]    2:     0x5708acb2a8cc - <alloc[2e1b2a31b91974c5]::vec::Vec<u8> as core[a373ad73a504971]::io::write::Write>::write_fmt
[INFO] [stdout]    3:     0x5708acb00fd6 - std[617be2ca0a6fd877]::panicking::default_hook::{closure#0}
[INFO] [stdout]    4:     0x5708acb1e149 - std[617be2ca0a6fd877]::panicking::default_hook
[INFO] [stdout]    5:     0x5708acab9620 - test[aada8e7e76ba119b]::test_main_inner::{closure#0}
[INFO] [stdout]    6:     0x5708acb1e302 - std[617be2ca0a6fd877]::panicking::panic_with_hook
[INFO] [stdout]    7:     0x5708acb01082 - std[617be2ca0a6fd877]::panicking::panic_handler::{closure#0}
[INFO] [stdout]    8:     0x5708acaf9bd9 - std[617be2ca0a6fd877]::sys::backtrace::__rust_end_short_backtrace::<std[617be2ca0a6fd877]::panicking::panic_handler::{closure#0}, !>
[INFO] [stdout]    9:     0x5708acb01c8d - __rustc[ea4f61d10b84890b]::rust_begin_unwind
[INFO] [stdout]   10:     0x5708acb3b4dc - core[a373ad73a504971]::panicking::panic_fmt
[INFO] [stdout]   11:     0x5708acb3b2b2 - core[a373ad73a504971]::result::unwrap_failed
[INFO] [stdout]   12:     0x5708aca9d589 - cli[d6cd3a1b283ec5c4]::run_thinklog_with_env
[INFO] [stdout]   13:     0x5708acaa0762 - <cli[d6cd3a1b283ec5c4]::test_info_existing_session::{closure#0} as core[a373ad73a504971]::ops::function::FnOnce<()>>::call_once
[INFO] [stdout]   14:     0x5708acaaca6b - test[aada8e7e76ba119b]::__rust_begin_short_backtrace::<core[a373ad73a504971]::result::Result<(), alloc[2e1b2a31b91974c5]::string::String>, fn() -> core[a373ad73a504971]::result::Result<(), alloc[2e1b2a31b91974c5]::string::String>>
[INFO] [stdout]   15:     0x5708acab9c45 - test[aada8e7e76ba119b]::run_test::{closure#0}
[INFO] [stdout]   16:     0x5708acab3534 - std[617be2ca0a6fd877]::sys::backtrace::__rust_begin_short_backtrace::<test[aada8e7e76ba119b]::run_test::{closure#1}, ()>
[INFO] [stdout]   17:     0x5708acabccd2 - <std[617be2ca0a6fd877]::thread::lifecycle::spawn_unchecked<test[aada8e7e76ba119b]::run_test::{closure#1}, ()>::{closure#1} as core[a373ad73a504971]::ops::function::FnOnce<()>>::call_once::{shim:vtable#0}
[INFO] [stdout]   18:     0x5708acb25c3f - <std[617be2ca0a6fd877]::sys::thread::unix::Thread>::new::thread_start
[INFO] [stdout]   19:     0x7fb992851dfa - <unknown>
[INFO] [stdout]   20:     0x7fb9928e53d4 - clone
[INFO] [stdout]   21:                0x0 - <unknown>
[INFO] [stdout] 
[INFO] [stdout] ---- test_info_nonexistent stdout ----
[INFO] [stdout] 
[INFO] [stdout] thread 'test_info_nonexistent' (2607) panicked at tests/cli.rs:38:31:
[INFO] [stdout] failed to run thinklog: Os { code: 2, kind: NotFound, message: "No such file or directory" }
[INFO] [stdout] stack backtrace:
[INFO] [stdout]    0:     0x5708acb263e1 - <<std[617be2ca0a6fd877]::sys::backtrace::BacktraceLock>::print::DisplayBacktrace as core[a373ad73a504971]::fmt::Display>::fmt
[INFO] [stdout]    1:     0x5708acb3adaa - core[a373ad73a504971]::fmt::write
[INFO] [stdout]    2:     0x5708acb2a8cc - <alloc[2e1b2a31b91974c5]::vec::Vec<u8> as core[a373ad73a504971]::io::write::Write>::write_fmt
[INFO] [stdout]    3:     0x5708acb00fd6 - std[617be2ca0a6fd877]::panicking::default_hook::{closure#0}
[INFO] [stdout]    4:     0x5708acb1e149 - std[617be2ca0a6fd877]::panicking::default_hook
[INFO] [stdout]    5:     0x5708acab9620 - test[aada8e7e76ba119b]::test_main_inner::{closure#0}
[INFO] [stdout]    6:     0x5708acb1e302 - std[617be2ca0a6fd877]::panicking::panic_with_hook
[INFO] [stdout]    7:     0x5708acb01082 - std[617be2ca0a6fd877]::panicking::panic_handler::{closure#0}
[INFO] [stdout]    8:     0x5708acaf9bd9 - std[617be2ca0a6fd877]::sys::backtrace::__rust_end_short_backtrace::<std[617be2ca0a6fd877]::panicking::panic_handler::{closure#0}, !>
[INFO] [stdout]    9:     0x5708acb01c8d - __rustc[ea4f61d10b84890b]::rust_begin_unwind
[INFO] [stdout]   10:     0x5708acb3b4dc - core[a373ad73a504971]::panicking::panic_fmt
[INFO] [stdout]   11:     0x5708acb3b2b2 - core[a373ad73a504971]::result::unwrap_failed
[INFO] [stdout]   12:     0x5708aca9d589 - cli[d6cd3a1b283ec5c4]::run_thinklog_with_env
[INFO] [stdout]   13:     0x5708aca9f2fe - <cli[d6cd3a1b283ec5c4]::test_info_nonexistent::{closure#0} as core[a373ad73a504971]::ops::function::FnOnce<()>>::call_once
[INFO] [stdout]   14:     0x5708acaaca6b - test[aada8e7e76ba119b]::__rust_begin_short_backtrace::<core[a373ad73a504971]::result::Result<(), alloc[2e1b2a31b91974c5]::string::String>, fn() -> core[a373ad73a504971]::result::Result<(), alloc[2e1b2a31b91974c5]::string::String>>
[INFO] [stdout]   15:     0x5708acab9c45 - test[aada8e7e76ba119b]::run_test::{closure#0}
[INFO] [stdout]   16:     0x5708acab3534 - std[617be2ca0a6fd877]::sys::backtrace::__rust_begin_short_backtrace::<test[aada8e7e76ba119b]::run_test::{closure#1}, ()>
[INFO] [stdout]   17:     0x5708acabccd2 - <std[617be2ca0a6fd877]::thread::lifecycle::spawn_unchecked<test[aada8e7e76ba119b]::run_test::{closure#1}, ()>::{closure#1} as core[a373ad73a504971]::ops::function::FnOnce<()>>::call_once::{shim:vtable#0}
[INFO] [stdout]   18:     0x5708acb25c3f - <std[617be2ca0a6fd877]::sys::thread::unix::Thread>::new::thread_start
[INFO] [stdout]   19:     0x7fb992851dfa - <unknown>
[INFO] [stdout]   20:     0x7fb9928e53d4 - clone
[INFO] [stdout]   21:                0x0 - <unknown>
[INFO] [stdout] 
[INFO] [stdout] ---- test_run_nonexistent_command stdout ----
[INFO] [stdout] 
[INFO] [stdout] thread 'test_run_nonexistent_command' (2615) panicked at tests/cli.rs:38:31:
[INFO] [stdout] failed to run thinklog: Os { code: 2, kind: NotFound, message: "No such file or directory" }
[INFO] [stdout] stack backtrace:
[INFO] [stdout]    0:     0x5708acb263e1 - <<std[617be2ca0a6fd877]::sys::backtrace::BacktraceLock>::print::DisplayBacktrace as core[a373ad73a504971]::fmt::Display>::fmt
[INFO] [stdout]    1:     0x5708acb3adaa - core[a373ad73a504971]::fmt::write
[INFO] [stdout]    2:     0x5708acb2a8cc - <alloc[2e1b2a31b91974c5]::vec::Vec<u8> as core[a373ad73a504971]::io::write::Write>::write_fmt
[INFO] [stdout]    3:     0x5708acb00fd6 - std[617be2ca0a6fd877]::panicking::default_hook::{closure#0}
[INFO] [stdout]    4:     0x5708acb1e149 - std[617be2ca0a6fd877]::panicking::default_hook
[INFO] [stdout]    5:     0x5708acab9620 - test[aada8e7e76ba119b]::test_main_inner::{closure#0}
[INFO] [stdout]    6:     0x5708acb1e302 - std[617be2ca0a6fd877]::panicking::panic_with_hook
[INFO] [stdout]    7:     0x5708acb01082 - std[617be2ca0a6fd877]::panicking::panic_handler::{closure#0}
[INFO] [stdout]    8:     0x5708acaf9bd9 - std[617be2ca0a6fd877]::sys::backtrace::__rust_end_short_backtrace::<std[617be2ca0a6fd877]::panicking::panic_handler::{closure#0}, !>
[INFO] [stdout]    9:     0x5708acb01c8d - __rustc[ea4f61d10b84890b]::rust_begin_unwind
[INFO] [stdout]   10:     0x5708acb3b4dc - core[a373ad73a504971]::panicking::panic_fmt
[INFO] [stdout]   11:     0x5708acb3b2b2 - core[a373ad73a504971]::result::unwrap_failed
[INFO] [stdout]   12:     0x5708aca9d589 - cli[d6cd3a1b283ec5c4]::run_thinklog_with_env
[INFO] [stdout]   13:     0x5708acaa0a6e - <cli[d6cd3a1b283ec5c4]::test_run_nonexistent_command::{closure#0} as core[a373ad73a504971]::ops::function::FnOnce<()>>::call_once
[INFO] [stdout]   14:     0x5708acaaca6b - test[aada8e7e76ba119b]::__rust_begin_short_backtrace::<core[a373ad73a504971]::result::Result<(), alloc[2e1b2a31b91974c5]::string::String>, fn() -> core[a373ad73a504971]::result::Result<(), alloc[2e1b2a31b91974c5]::string::String>>
[INFO] [stdout]   15:     0x5708acab9c45 - test[aada8e7e76ba119b]::run_test::{closure#0}
[INFO] [stdout]   16:     0x5708acab3534 - std[617be2ca0a6fd877]::sys::backtrace::__rust_begin_short_backtrace::<test[aada8e7e76ba119b]::run_test::{closure#1}, ()>
[INFO] [stdout]   17:     0x5708acabccd2 - <std[617be2ca0a6fd877]::thread::lifecycle::spawn_unchecked<test[aada8e7e76ba119b]::run_test::{closure#1}, ()>::{closure#1} as core[a373ad73a504971]::ops::function::FnOnce<()>>::call_once::{shim:vtable#0}
[INFO] [stdout]   18:     0x5708acb25c3f - <std[617be2ca0a6fd877]::sys::thread::unix::Thread>::new::thread_start
[INFO] [stdout]   19:     0x7fb992851dfa - <unknown>
[INFO] [stdout]   20:     0x7fb9928e53d4 - clone
[INFO] [stdout]   21:                0x0 - <unknown>
[INFO] [stdout] 
[INFO] [stdout] ---- test_partial_name_match stdout ----
[INFO] [stdout] 
[INFO] [stdout] thread 'test_partial_name_match' (2608) panicked at tests/cli.rs:38:31:
[INFO] [stdout] failed to run thinklog: Os { code: 2, kind: NotFound, message: "No such file or directory" }
[INFO] [stdout] stack backtrace:
[INFO] [stdout]    0:     0x5708acb263e1 - <<std[617be2ca0a6fd877]::sys::backtrace::BacktraceLock>::print::DisplayBacktrace as core[a373ad73a504971]::fmt::Display>::fmt
[INFO] [stdout]    1:     0x5708acb3adaa - core[a373ad73a504971]::fmt::write
[INFO] [stdout]    2:     0x5708acb2a8cc - <alloc[2e1b2a31b91974c5]::vec::Vec<u8> as core[a373ad73a504971]::io::write::Write>::write_fmt
[INFO] [stdout]    3:     0x5708acb00fd6 - std[617be2ca0a6fd877]::panicking::default_hook::{closure#0}
[INFO] [stdout]    4:     0x5708acb1e149 - std[617be2ca0a6fd877]::panicking::default_hook
[INFO] [stdout]    5:     0x5708acab9620 - test[aada8e7e76ba119b]::test_main_inner::{closure#0}
[INFO] [stdout]    6:     0x5708acb1e302 - std[617be2ca0a6fd877]::panicking::panic_with_hook
[INFO] [stdout]    7:     0x5708acb01082 - std[617be2ca0a6fd877]::panicking::panic_handler::{closure#0}
[INFO] [stdout]    8:     0x5708acaf9bd9 - std[617be2ca0a6fd877]::sys::backtrace::__rust_end_short_backtrace::<std[617be2ca0a6fd877]::panicking::panic_handler::{closure#0}, !>
[INFO] [stdout]    9:     0x5708acb01c8d - __rustc[ea4f61d10b84890b]::rust_begin_unwind
[INFO] [stdout]   10:     0x5708acb3b4dc - core[a373ad73a504971]::panicking::panic_fmt
[INFO] [stdout]   11:     0x5708acb3b2b2 - core[a373ad73a504971]::result::unwrap_failed
[INFO] [stdout]   12:     0x5708aca9d589 - cli[d6cd3a1b283ec5c4]::run_thinklog_with_env
[INFO] [stdout]   13:     0x5708aca9f56e - <cli[d6cd3a1b283ec5c4]::test_partial_name_match::{closure#0} as core[a373ad73a504971]::ops::function::FnOnce<()>>::call_once
[INFO] [stdout]   14:     0x5708acaaca6b - test[aada8e7e76ba119b]::__rust_begin_short_backtrace::<core[a373ad73a504971]::result::Result<(), alloc[2e1b2a31b91974c5]::string::String>, fn() -> core[a373ad73a504971]::result::Result<(), alloc[2e1b2a31b91974c5]::string::String>>
[INFO] [stdout]   15:     0x5708acab9c45 - test[aada8e7e76ba119b]::run_test::{closure#0}
[INFO] [stdout]   16:     0x5708acab3534 - std[617be2ca0a6fd877]::sys::backtrace::__rust_begin_short_backtrace::<test[aada8e7e76ba119b]::run_test::{closure#1}, ()>
[INFO] [stdout]   17:     0x5708acabccd2 - <std[617be2ca0a6fd877]::thread::lifecycle::spawn_unchecked<test[aada8e7e76ba119b]::run_test::{closure#1}, ()>::{closure#1} as core[a373ad73a504971]::ops::function::FnOnce<()>>::call_once::{shim:vtable#0}
[INFO] [stdout]   18:     0x5708acb25c3f - <std[617be2ca0a6fd877]::sys::thread::unix::Thread>::new::thread_start
[INFO] [stdout]   19:     0x7fb992851dfa - <unknown>
[INFO] [stdout]   20:     0x7fb9928e53d4 - clone
[INFO] [stdout]   21:                0x0 - <unknown>
[INFO] [stdout] 
[INFO] [stdout] ---- test_help stdout ----
[INFO] [stdout] 
[INFO] [stdout] thread 'test_help' (2605) panicked at tests/cli.rs:25:10:
[INFO] [stdout] failed to run thinklog: Os { code: 2, kind: NotFound, message: "No such file or directory" }
[INFO] [stdout] stack backtrace:
[INFO] [stdout]    0:     0x5708acb263e1 - <<std[617be2ca0a6fd877]::sys::backtrace::BacktraceLock>::print::DisplayBacktrace as core[a373ad73a504971]::fmt::Display>::fmt
[INFO] [stdout]    1:     0x5708acb3adaa - core[a373ad73a504971]::fmt::write
[INFO] [stdout]    2:     0x5708acb2a8cc - <alloc[2e1b2a31b91974c5]::vec::Vec<u8> as core[a373ad73a504971]::io::write::Write>::write_fmt
[INFO] [stdout]    3:     0x5708acb00fd6 - std[617be2ca0a6fd877]::panicking::default_hook::{closure#0}
[INFO] [stdout]    4:     0x5708acb1e149 - std[617be2ca0a6fd877]::panicking::default_hook
[INFO] [stdout]    5:     0x5708acab9620 - test[aada8e7e76ba119b]::test_main_inner::{closure#0}
[INFO] [stdout]    6:     0x5708acb1e302 - std[617be2ca0a6fd877]::panicking::panic_with_hook
[INFO] [stdout]    7:     0x5708acb01082 - std[617be2ca0a6fd877]::panicking::panic_handler::{closure#0}
[INFO] [stdout]    8:     0x5708acaf9bd9 - std[617be2ca0a6fd877]::sys::backtrace::__rust_end_short_backtrace::<std[617be2ca0a6fd877]::panicking::panic_handler::{closure#0}, !>
[INFO] [stdout]    9:     0x5708acb01c8d - __rustc[ea4f61d10b84890b]::rust_begin_unwind
[INFO] [stdout]   10:     0x5708acb3b4dc - core[a373ad73a504971]::panicking::panic_fmt
[INFO] [stdout]   11:     0x5708acb3b2b2 - core[a373ad73a504971]::result::unwrap_failed
[INFO] [stdout]   12:     0x5708aca9cf2b - cli[d6cd3a1b283ec5c4]::run_thinklog
[INFO] [stdout]   13:     0x5708acaa0c65 - <cli[d6cd3a1b283ec5c4]::test_help::{closure#0} as core[a373ad73a504971]::ops::function::FnOnce<()>>::call_once
[INFO] [stdout]   14:     0x5708acaaca6b - test[aada8e7e76ba119b]::__rust_begin_short_backtrace::<core[a373ad73a504971]::result::Result<(), alloc[2e1b2a31b91974c5]::string::String>, fn() -> core[a373ad73a504971]::result::Result<(), alloc[2e1b2a31b91974c5]::string::String>>
[INFO] [stdout]   15:     0x5708acab9c45 - test[aada8e7e76ba119b]::run_test::{closure#0}
[INFO] [stdout]   16:     0x5708acab3534 - std[617be2ca0a6fd877]::sys::backtrace::__rust_begin_short_backtrace::<test[aada8e7e76ba119b]::run_test::{closure#1}, ()>
[INFO] [stdout]   17:     0x5708acabccd2 - <std[617be2ca0a6fd877]::thread::lifecycle::spawn_unchecked<test[aada8e7e76ba119b]::run_test::{closure#1}, ()>::{closure#1} as core[a373ad73a504971]::ops::function::FnOnce<()>>::call_once::{shim:vtable#0}
[INFO] [stdout]   18:     0x5708acb25c3f - <std[617be2ca0a6fd877]::sys::thread::unix::Thread>::new::thread_start
[INFO] [stdout]   19:     0x7fb992851dfa - <unknown>
[INFO] [stdout]   20:     0x7fb9928e53d4 - clone
[INFO] [stdout]   21:                0x0 - <unknown>
[INFO] [stdout] 
[INFO] [stdout] ---- test_run_help stdout ----
[INFO] [stdout] 
[INFO] [stdout] thread 'test_run_help' (2614) panicked at tests/cli.rs:25:10:
[INFO] [stdout] failed to run thinklog: Os { code: 2, kind: NotFound, message: "No such file or directory" }
[INFO] [stdout] stack backtrace:
[INFO] [stdout]    0:     0x5708acb263e1 - <<std[617be2ca0a6fd877]::sys::backtrace::BacktraceLock>::print::DisplayBacktrace as core[a373ad73a504971]::fmt::Display>::fmt
[INFO] [stdout]    1:     0x5708acb3adaa - core[a373ad73a504971]::fmt::write
[INFO] [stdout]    2:     0x5708acb2a8cc - <alloc[2e1b2a31b91974c5]::vec::Vec<u8> as core[a373ad73a504971]::io::write::Write>::write_fmt
[INFO] [stdout]    3:     0x5708acb00fd6 - std[617be2ca0a6fd877]::panicking::default_hook::{closure#0}
[INFO] [stdout]    4:     0x5708acb1e149 - std[617be2ca0a6fd877]::panicking::default_hook
[INFO] [stdout]    5:     0x5708acab9620 - test[aada8e7e76ba119b]::test_main_inner::{closure#0}
[INFO] [stdout]    6:     0x5708acb1e302 - std[617be2ca0a6fd877]::panicking::panic_with_hook
[INFO] [stdout]    7:     0x5708acb01082 - std[617be2ca0a6fd877]::panicking::panic_handler::{closure#0}
[INFO] [stdout]    8:     0x5708acaf9bd9 - std[617be2ca0a6fd877]::sys::backtrace::__rust_end_short_backtrace::<std[617be2ca0a6fd877]::panicking::panic_handler::{closure#0}, !>
[INFO] [stdout]    9:     0x5708acb01c8d - __rustc[ea4f61d10b84890b]::rust_begin_unwind
[INFO] [stdout]   10:     0x5708acb3b4dc - core[a373ad73a504971]::panicking::panic_fmt
[INFO] [stdout]   11:     0x5708acb3b2b2 - core[a373ad73a504971]::result::unwrap_failed
[INFO] [stdout]   12:     0x5708aca9cf2b - cli[d6cd3a1b283ec5c4]::run_thinklog
[INFO] [stdout]   13:     0x5708aca9e575 - <cli[d6cd3a1b283ec5c4]::test_run_help::{closure#0} as core[a373ad73a504971]::ops::function::FnOnce<()>>::call_once
[INFO] [stdout]   14:     0x5708acaaca6b - test[aada8e7e76ba119b]::__rust_begin_short_backtrace::<core[a373ad73a504971]::result::Result<(), alloc[2e1b2a31b91974c5]::string::String>, fn() -> core[a373ad73a504971]::result::Result<(), alloc[2e1b2a31b91974c5]::string::String>>
[INFO] [stdout]   15:     0x5708acab9c45 - test[aada8e7e76ba119b]::run_test::{closure#0}
[INFO] [stdout]   16:     0x5708acab3534 - std[617be2ca0a6fd877]::sys::backtrace::__rust_begin_short_backtrace::<test[aada8e7e76ba119b]::run_test::{closure#1}, ()>
[INFO] [stdout]   17:     0x5708acabccd2 - <std[617be2ca0a6fd877]::thread::lifecycle::spawn_unchecked<test[aada8e7e76ba119b]::run_test::{closure#1}, ()>::{closure#1} as core[a373ad73a504971]::ops::function::FnOnce<()>>::call_once::{shim:vtable#0}
[INFO] [stdout]   18:     0x5708acb25c3f - <std[617be2ca0a6fd877]::sys::thread::unix::Thread>::new::thread_start
[INFO] [stdout]   19:     0x7fb992851dfa - <unknown>
[INFO] [stdout]   20:     0x7fb9928e53d4 - clone
[INFO] [stdout]   21:                0x0 - <unknown>
[INFO] [stdout] 
[INFO] [stdout] ---- test_ambiguous_name_match stdout ----
[INFO] [stdout] 
[INFO] [stdout] thread 'test_ambiguous_name_match' (2603) panicked at tests/cli.rs:38:31:
[INFO] [stdout] failed to run thinklog: Os { code: 2, kind: NotFound, message: "No such file or directory" }
[INFO] [stdout] stack backtrace:
[INFO] [stdout]    0:     0x5708acb263e1 - <<std[617be2ca0a6fd877]::sys::backtrace::BacktraceLock>::print::DisplayBacktrace as core[a373ad73a504971]::fmt::Display>::fmt
[INFO] [stdout]    1:     0x5708acb3adaa - core[a373ad73a504971]::fmt::write
[INFO] [stdout]    2:     0x5708acb2a8cc - <alloc[2e1b2a31b91974c5]::vec::Vec<u8> as core[a373ad73a504971]::io::write::Write>::write_fmt
[INFO] [stdout]    3:     0x5708acb00fd6 - std[617be2ca0a6fd877]::panicking::default_hook::{closure#0}
[INFO] [stdout]    4:     0x5708acb1e149 - std[617be2ca0a6fd877]::panicking::default_hook
[INFO] [stdout]    5:     0x5708acab9620 - test[aada8e7e76ba119b]::test_main_inner::{closure#0}
[INFO] [stdout]    6:     0x5708acb1e302 - std[617be2ca0a6fd877]::panicking::panic_with_hook
[INFO] [stdout]    7:     0x5708acb01082 - std[617be2ca0a6fd877]::panicking::panic_handler::{closure#0}
[INFO] [stdout]    8:     0x5708acaf9bd9 - std[617be2ca0a6fd877]::sys::backtrace::__rust_end_short_backtrace::<std[617be2ca0a6fd877]::panicking::panic_handler::{closure#0}, !>
[INFO] [stdout]    9:     0x5708acb01c8d - __rustc[ea4f61d10b84890b]::rust_begin_unwind
[INFO] [stdout]   10:     0x5708acb3b4dc - core[a373ad73a504971]::panicking::panic_fmt
[INFO] [stdout]   11:     0x5708acb3b2b2 - core[a373ad73a504971]::result::unwrap_failed
[INFO] [stdout]   12:     0x5708aca9d589 - cli[d6cd3a1b283ec5c4]::run_thinklog_with_env
[INFO] [stdout]   13:     0x5708acaa043a - <cli[d6cd3a1b283ec5c4]::test_ambiguous_name_match::{closure#0} as core[a373ad73a504971]::ops::function::FnOnce<()>>::call_once
[INFO] [stdout]   14:     0x5708acaaca6b - test[aada8e7e76ba119b]::__rust_begin_short_backtrace::<core[a373ad73a504971]::result::Result<(), alloc[2e1b2a31b91974c5]::string::String>, fn() -> core[a373ad73a504971]::result::Result<(), alloc[2e1b2a31b91974c5]::string::String>>
[INFO] [stdout]   15:     0x5708acab9c45 - test[aada8e7e76ba119b]::run_test::{closure#0}
[INFO] [stdout]   16:     0x5708acab3534 - std[617be2ca0a6fd877]::sys::backtrace::__rust_begin_short_backtrace::<test[aada8e7e76ba119b]::run_test::{closure#1}, ()>
[INFO] [stdout]   17:     0x5708acabccd2 - <std[617be2ca0a6fd877]::thread::lifecycle::spawn_unchecked<test[aada8e7e76ba119b]::run_test::{closure#1}, ()>::{closure#1} as core[a373ad73a504971]::ops::function::FnOnce<()>>::call_once::{shim:vtable#0}
[INFO] [stdout]   18:     0x5708acb25c3f - <std[617be2ca0a6fd877]::sys::thread::unix::Thread>::new::thread_start
[INFO] [stdout]   19:     0x7fb992851dfa - <unknown>
[INFO] [stdout]   20:     0x7fb9928e53d4 - clone
[INFO] [stdout]   21:                0x0 - <unknown>
[INFO] [stdout] 
[INFO] [stdout] ---- test_sessions_empty stdout ----
[INFO] [stdout] 
[INFO] [stdout] thread 'test_sessions_empty' (2616) panicked at tests/cli.rs:38:31:
[INFO] [stdout] failed to run thinklog: Os { code: 2, kind: NotFound, message: "No such file or directory" }
[INFO] [stdout] stack backtrace:
[INFO] [stdout]    0:     0x5708acb263e1 - <<std[617be2ca0a6fd877]::sys::backtrace::BacktraceLock>::print::DisplayBacktrace as core[a373ad73a504971]::fmt::Display>::fmt
[INFO] [stdout]    1:     0x5708acb3adaa - core[a373ad73a504971]::fmt::write
[INFO] [stdout]    2:     0x5708acb2a8cc - <alloc[2e1b2a31b91974c5]::vec::Vec<u8> as core[a373ad73a504971]::io::write::Write>::write_fmt
[INFO] [stdout]    3:     0x5708acb00fd6 - std[617be2ca0a6fd877]::panicking::default_hook::{closure#0}
[INFO] [stdout]    4:     0x5708acb1e149 - std[617be2ca0a6fd877]::panicking::default_hook
[INFO] [stdout]    5:     0x5708acab9620 - test[aada8e7e76ba119b]::test_main_inner::{closure#0}
[INFO] [stdout]    6:     0x5708acb1e302 - std[617be2ca0a6fd877]::panicking::panic_with_hook
[INFO] [stdout]    7:     0x5708acb01082 - std[617be2ca0a6fd877]::panicking::panic_handler::{closure#0}
[INFO] [stdout]    8:     0x5708acaf9bd9 - std[617be2ca0a6fd877]::sys::backtrace::__rust_end_short_backtrace::<std[617be2ca0a6fd877]::panicking::panic_handler::{closure#0}, !>
[INFO] [stdout]    9:     0x5708acb01c8d - __rustc[ea4f61d10b84890b]::rust_begin_unwind
[INFO] [stdout]   10:     0x5708acb3b4dc - core[a373ad73a504971]::panicking::panic_fmt
[INFO] [stdout]   11:     0x5708acb3b2b2 - core[a373ad73a504971]::result::unwrap_failed
[INFO] [stdout]   12:     0x5708aca9d589 - cli[d6cd3a1b283ec5c4]::run_thinklog_with_env
[INFO] [stdout]   13:     0x5708aca9f0c6 - <cli[d6cd3a1b283ec5c4]::test_sessions_empty::{closure#0} as core[a373ad73a504971]::ops::function::FnOnce<()>>::call_once
[INFO] [stdout]   14:     0x5708acaaca6b - test[aada8e7e76ba119b]::__rust_begin_short_backtrace::<core[a373ad73a504971]::result::Result<(), alloc[2e1b2a31b91974c5]::string::String>, fn() -> core[a373ad73a504971]::result::Result<(), alloc[2e1b2a31b91974c5]::string::String>>
[INFO] [stdout]   15:     0x5708acab9c45 - test[aada8e7e76ba119b]::run_test::{closure#0}
[INFO] [stdout]   16:     0x5708acab3534 - std[617be2ca0a6fd877]::sys::backtrace::__rust_begin_short_backtrace::<test[aada8e7e76ba119b]::run_test::{closure#1}, ()>
[INFO] [stdout]   17:     0x5708acabccd2 - <std[617be2ca0a6fd877]::thread::lifecycle::spawn_unchecked<test[aada8e7e76ba119b]::run_test::{closure#1}, ()>::{closure#1} as core[a373ad73a504971]::ops::function::FnOnce<()>>::call_once::{shim:vtable#0}
[INFO] [stdout]   18:     0x5708acb25c3f - <std[617be2ca0a6fd877]::sys::thread::unix::Thread>::new::thread_start
[INFO] [stdout]   19:     0x7fb992851dfa - <unknown>
[INFO] [stdout]   20:     0x7fb9928e53d4 - clone
[INFO] [stdout]   21:                0x0 - <unknown>
[INFO] [stdout] 
[INFO] [stdout] ---- test_query_empty_session stdout ----
[INFO] [stdout] 
[INFO] [stdout] thread 'test_query_empty_session' (2609) panicked at tests/cli.rs:38:31:
[INFO] [stdout] failed to run thinklog: Os { code: 2, kind: NotFound, message: "No such file or directory" }
[INFO] [stdout] stack backtrace:
[INFO] [stdout]    0:     0x5708acb263e1 - <<std[617be2ca0a6fd877]::sys::backtrace::BacktraceLock>::print::DisplayBacktrace as core[a373ad73a504971]::fmt::Display>::fmt
[INFO] [stdout]    1:     0x5708acb3adaa - core[a373ad73a504971]::fmt::write
[INFO] [stdout]    2:     0x5708acb2a8cc - <alloc[2e1b2a31b91974c5]::vec::Vec<u8> as core[a373ad73a504971]::io::write::Write>::write_fmt
[INFO] [stdout]    3:     0x5708acb00fd6 - std[617be2ca0a6fd877]::panicking::default_hook::{closure#0}
[INFO] [stdout]    4:     0x5708acb1e149 - std[617be2ca0a6fd877]::panicking::default_hook
[INFO] [stdout]    5:     0x5708acab9620 - test[aada8e7e76ba119b]::test_main_inner::{closure#0}
[INFO] [stdout]    6:     0x5708acb1e302 - std[617be2ca0a6fd877]::panicking::panic_with_hook
[INFO] [stdout]    7:     0x5708acb01082 - std[617be2ca0a6fd877]::panicking::panic_handler::{closure#0}
[INFO] [stdout]    8:     0x5708acaf9bd9 - std[617be2ca0a6fd877]::sys::backtrace::__rust_end_short_backtrace::<std[617be2ca0a6fd877]::panicking::panic_handler::{closure#0}, !>
[INFO] [stdout]    9:     0x5708acb01c8d - __rustc[ea4f61d10b84890b]::rust_begin_unwind
[INFO] [stdout]   10:     0x5708acb3b4dc - core[a373ad73a504971]::panicking::panic_fmt
[INFO] [stdout]   11:     0x5708acb3b2b2 - core[a373ad73a504971]::result::unwrap_failed
[INFO] [stdout]   12:     0x5708aca9d589 - cli[d6cd3a1b283ec5c4]::run_thinklog_with_env
[INFO] [stdout]   13:     0x5708aca9f83e - <cli[d6cd3a1b283ec5c4]::test_query_empty_session::{closure#0} as core[a373ad73a504971]::ops::function::FnOnce<()>>::call_once
[INFO] [stdout]   14:     0x5708acaaca6b - test[aada8e7e76ba119b]::__rust_begin_short_backtrace::<core[a373ad73a504971]::result::Result<(), alloc[2e1b2a31b91974c5]::string::String>, fn() -> core[a373ad73a504971]::result::Result<(), alloc[2e1b2a31b91974c5]::string::String>>
[INFO] [stdout]   15:     0x5708acab9c45 - test[aada8e7e76ba119b]::run_test::{closure#0}
[INFO] [stdout]   16:     0x5708acab3534 - std[617be2ca0a6fd877]::sys::backtrace::__rust_begin_short_backtrace::<test[aada8e7e76ba119b]::run_test::{closure#1}, ()>
[INFO] [stdout]   17:     0x5708acabccd2 - <std[617be2ca0a6fd877]::thread::lifecycle::spawn_unchecked<test[aada8e7e76ba119b]::run_test::{closure#1}, ()>::{closure#1} as core[a373ad73a504971]::ops::function::FnOnce<()>>::call_once::{shim:vtable#0}
[INFO] [stdout]   18:     0x5708acb25c3f - <std[617be2ca0a6fd877]::sys::thread::unix::Thread>::new::thread_start
[INFO] [stdout]   19:     0x7fb992851dfa - <unknown>
[INFO] [stdout]   20:     0x7fb9928e53d4 - clone
[INFO] [stdout]   21:                0x0 - <unknown>
[INFO] [stdout] 
[INFO] [stdout] ---- test_run_failing_command stdout ----
[INFO] [stdout] 
[INFO] [stdout] thread 'test_run_failing_command' (2613) panicked at tests/cli.rs:38:31:
[INFO] [stdout] failed to run thinklog: Os { code: 2, kind: NotFound, message: "No such file or directory" }
[INFO] [stdout] stack backtrace:
[INFO] [stdout]    0:     0x5708acb263e1 - <<std[617be2ca0a6fd877]::sys::backtrace::BacktraceLock>::print::DisplayBacktrace as core[a373ad73a504971]::fmt::Display>::fmt
[INFO] [stdout]    1:     0x5708acb3adaa - core[a373ad73a504971]::fmt::write
[INFO] [stdout]    2:     0x5708acb2a8cc - <alloc[2e1b2a31b91974c5]::vec::Vec<u8> as core[a373ad73a504971]::io::write::Write>::write_fmt
[INFO] [stdout]    3:     0x5708acb00fd6 - std[617be2ca0a6fd877]::panicking::default_hook::{closure#0}
[INFO] [stdout]    4:     0x5708acb1e149 - std[617be2ca0a6fd877]::panicking::default_hook
[INFO] [stdout]    5:     0x5708acab9620 - test[aada8e7e76ba119b]::test_main_inner::{closure#0}
[INFO] [stdout]    6:     0x5708acb1e302 - std[617be2ca0a6fd877]::panicking::panic_with_hook
[INFO] [stdout]    7:     0x5708acb01082 - std[617be2ca0a6fd877]::panicking::panic_handler::{closure#0}
[INFO] [stdout]    8:     0x5708acaf9bd9 - std[617be2ca0a6fd877]::sys::backtrace::__rust_end_short_backtrace::<std[617be2ca0a6fd877]::panicking::panic_handler::{closure#0}, !>
[INFO] [stdout]    9:     0x5708acb01c8d - __rustc[ea4f61d10b84890b]::rust_begin_unwind
[INFO] [stdout]   10:     0x5708acb3b4dc - core[a373ad73a504971]::panicking::panic_fmt
[INFO] [stdout]   11:     0x5708acb3b2b2 - core[a373ad73a504971]::result::unwrap_failed
[INFO] [stdout]   12:     0x5708aca9d589 - cli[d6cd3a1b283ec5c4]::run_thinklog_with_env
[INFO] [stdout]   13:     0x5708acaa01ce - <cli[d6cd3a1b283ec5c4]::test_run_failing_command::{closure#0} as core[a373ad73a504971]::ops::function::FnOnce<()>>::call_once
[INFO] [stdout]   14:     0x5708acaaca6b - test[aada8e7e76ba119b]::__rust_begin_short_backtrace::<core[a373ad73a504971]::result::Result<(), alloc[2e1b2a31b91974c5]::string::String>, fn() -> core[a373ad73a504971]::result::Result<(), alloc[2e1b2a31b91974c5]::string::String>>
[INFO] [stdout]   15:     0x5708acab9c45 - test[aada8e7e76ba119b]::run_test::{closure#0}
[INFO] [stdout]   16:     0x5708acab3534 - std[617be2ca0a6fd877]::sys::backtrace::__rust_begin_short_backtrace::<test[aada8e7e76ba119b]::run_test::{closure#1}, ()>
[INFO] [stdout]   17:     0x5708acabccd2 - <std[617be2ca0a6fd877]::thread::lifecycle::spawn_unchecked<test[aada8e7e76ba119b]::run_test::{closure#1}, ()>::{closure#1} as core[a373ad73a504971]::ops::function::FnOnce<()>>::call_once::{shim:vtable#0}
[INFO] [stdout]   18:     0x5708acb25c3f - <std[617be2ca0a6fd877]::sys::thread::unix::Thread>::new::thread_start
[INFO] [stderr] error: test failed, to rerun pass `--test cli`
[INFO] [stdout]   19:     0x7fb992851dfa - <unknown>
[INFO] [stdout]   20:     0x7fb9928e53d4 - clone
[INFO] [stdout]   21:                0x0 - <unknown>
[INFO] [stdout] 
[INFO] [stdout] ---- test_run_echo stdout ----
[INFO] [stdout] 
[INFO] [stdout] thread 'test_run_echo' (2612) panicked at tests/cli.rs:38:31:
[INFO] [stdout] failed to run thinklog: Os { code: 2, kind: NotFound, message: "No such file or directory" }
[INFO] [stdout] stack backtrace:
[INFO] [stdout]    0:     0x5708acb263e1 - <<std[617be2ca0a6fd877]::sys::backtrace::BacktraceLock>::print::DisplayBacktrace as core[a373ad73a504971]::fmt::Display>::fmt
[INFO] [stdout]    1:     0x5708acb3adaa - core[a373ad73a504971]::fmt::write
[INFO] [stdout]    2:     0x5708acb2a8cc - <alloc[2e1b2a31b91974c5]::vec::Vec<u8> as core[a373ad73a504971]::io::write::Write>::write_fmt
[INFO] [stdout]    3:     0x5708acb00fd6 - std[617be2ca0a6fd877]::panicking::default_hook::{closure#0}
[INFO] [stdout]    4:     0x5708acb1e149 - std[617be2ca0a6fd877]::panicking::default_hook
[INFO] [stdout]    5:     0x5708acab9620 - test[aada8e7e76ba119b]::test_main_inner::{closure#0}
[INFO] [stdout]    6:     0x5708acb1e302 - std[617be2ca0a6fd877]::panicking::panic_with_hook
[INFO] [stdout]    7:     0x5708acb01082 - std[617be2ca0a6fd877]::panicking::panic_handler::{closure#0}
[INFO] [stdout]    8:     0x5708acaf9bd9 - std[617be2ca0a6fd877]::sys::backtrace::__rust_end_short_backtrace::<std[617be2ca0a6fd877]::panicking::panic_handler::{closure#0}, !>
[INFO] [stdout]    9:     0x5708acb01c8d - __rustc[ea4f61d10b84890b]::rust_begin_unwind
[INFO] [stdout]   10:     0x5708acb3b4dc - core[a373ad73a504971]::panicking::panic_fmt
[INFO] [stdout]   11:     0x5708acb3b2b2 - core[a373ad73a504971]::result::unwrap_failed
[INFO] [stdout]   12:     0x5708aca9d589 - cli[d6cd3a1b283ec5c4]::run_thinklog_with_env
[INFO] [stdout]   13:     0x5708aca9e12a - <cli[d6cd3a1b283ec5c4]::test_run_echo::{closure#0} as core[a373ad73a504971]::ops::function::FnOnce<()>>::call_once
[INFO] [stdout]   14:     0x5708acaaca6b - test[aada8e7e76ba119b]::__rust_begin_short_backtrace::<core[a373ad73a504971]::result::Result<(), alloc[2e1b2a31b91974c5]::string::String>, fn() -> core[a373ad73a504971]::result::Result<(), alloc[2e1b2a31b91974c5]::string::String>>
[INFO] [stdout]   15:     0x5708acab9c45 - test[aada8e7e76ba119b]::run_test::{closure#0}
[INFO] [stdout]   16:     0x5708acab3534 - std[617be2ca0a6fd877]::sys::backtrace::__rust_begin_short_backtrace::<test[aada8e7e76ba119b]::run_test::{closure#1}, ()>
[INFO] [stdout]   17:     0x5708acabccd2 - <std[617be2ca0a6fd877]::thread::lifecycle::spawn_unchecked<test[aada8e7e76ba119b]::run_test::{closure#1}, ()>::{closure#1} as core[a373ad73a504971]::ops::function::FnOnce<()>>::call_once::{shim:vtable#0}
[INFO] [stdout]   18:     0x5708acb25c3f - <std[617be2ca0a6fd877]::sys::thread::unix::Thread>::new::thread_start
[INFO] [stdout]   19:     0x7fb992851dfa - <unknown>
[INFO] [stdout]   20:     0x7fb9928e53d4 - clone
[INFO] [stdout]   21:                0x0 - <unknown>
[INFO] [stdout] 
[INFO] [stdout] ---- test_export_json stdout ----
[INFO] [stdout] 
[INFO] [stdout] thread 'test_export_json' (2604) panicked at tests/cli.rs:38:31:
[INFO] [stdout] failed to run thinklog: Os { code: 2, kind: NotFound, message: "No such file or directory" }
[INFO] [stdout] stack backtrace:
[INFO] [stdout]    0:     0x5708acb263e1 - <<std[617be2ca0a6fd877]::sys::backtrace::BacktraceLock>::print::DisplayBacktrace as core[a373ad73a504971]::fmt::Display>::fmt
[INFO] [stdout]    1:     0x5708acb3adaa - core[a373ad73a504971]::fmt::write
[INFO] [stdout]    2:     0x5708acb2a8cc - <alloc[2e1b2a31b91974c5]::vec::Vec<u8> as core[a373ad73a504971]::io::write::Write>::write_fmt
[INFO] [stdout]    3:     0x5708acb00fd6 - std[617be2ca0a6fd877]::panicking::default_hook::{closure#0}
[INFO] [stdout]    4:     0x5708acb1e149 - std[617be2ca0a6fd877]::panicking::default_hook
[INFO] [stdout]    5:     0x5708acab9620 - test[aada8e7e76ba119b]::test_main_inner::{closure#0}
[INFO] [stdout]    6:     0x5708acb1e302 - std[617be2ca0a6fd877]::panicking::panic_with_hook
[INFO] [stdout]    7:     0x5708acb01082 - std[617be2ca0a6fd877]::panicking::panic_handler::{closure#0}
[INFO] [stdout]    8:     0x5708acaf9bd9 - std[617be2ca0a6fd877]::sys::backtrace::__rust_end_short_backtrace::<std[617be2ca0a6fd877]::panicking::panic_handler::{closure#0}, !>
[INFO] [stdout]    9:     0x5708acb01c8d - __rustc[ea4f61d10b84890b]::rust_begin_unwind
[INFO] [stdout]   10:     0x5708acb3b4dc - core[a373ad73a504971]::panicking::panic_fmt
[INFO] [stdout]   11:     0x5708acb3b2b2 - core[a373ad73a504971]::result::unwrap_failed
[INFO] [stdout]   12:     0x5708aca9d589 - cli[d6cd3a1b283ec5c4]::run_thinklog_with_env
[INFO] [stdout]   13:     0x5708aca9e71a - <cli[d6cd3a1b283ec5c4]::test_export_json::{closure#0} as core[a373ad73a504971]::ops::function::FnOnce<()>>::call_once
[INFO] [stdout]   14:     0x5708acaaca6b - test[aada8e7e76ba119b]::__rust_begin_short_backtrace::<core[a373ad73a504971]::result::Result<(), alloc[2e1b2a31b91974c5]::string::String>, fn() -> core[a373ad73a504971]::result::Result<(), alloc[2e1b2a31b91974c5]::string::String>>
[INFO] [stdout]   15:     0x5708acab9c45 - test[aada8e7e76ba119b]::run_test::{closure#0}
[INFO] [stdout]   16:     0x5708acab3534 - std[617be2ca0a6fd877]::sys::backtrace::__rust_begin_short_backtrace::<test[aada8e7e76ba119b]::run_test::{closure#1}, ()>
[INFO] [stdout]   17:     0x5708acabccd2 - <std[617be2ca0a6fd877]::thread::lifecycle::spawn_unchecked<test[aada8e7e76ba119b]::run_test::{closure#1}, ()>::{closure#1} as core[a373ad73a504971]::ops::function::FnOnce<()>>::call_once::{shim:vtable#0}
[INFO] [stdout]   18:     0x5708acb25c3f - <std[617be2ca0a6fd877]::sys::thread::unix::Thread>::new::thread_start
[INFO] [stdout]   19:     0x7fb992851dfa - <unknown>
[INFO] [stdout]   20:     0x7fb9928e53d4 - clone
[INFO] [stdout]   21:                0x0 - <unknown>
[INFO] [stdout] 
[INFO] [stdout] ---- test_run_auto_name stdout ----
[INFO] [stdout] 
[INFO] [stdout] thread 'test_run_auto_name' (2610) panicked at tests/cli.rs:38:31:
[INFO] [stdout] failed to run thinklog: Os { code: 2, kind: NotFound, message: "No such file or directory" }
[INFO] [stdout] stack backtrace:
[INFO] [stdout]    0:     0x5708acb263e1 - <<std[617be2ca0a6fd877]::sys::backtrace::BacktraceLock>::print::DisplayBacktrace as core[a373ad73a504971]::fmt::Display>::fmt
[INFO] [stdout]    1:     0x5708acb3adaa - core[a373ad73a504971]::fmt::write
[INFO] [stdout]    2:     0x5708acb2a8cc - <alloc[2e1b2a31b91974c5]::vec::Vec<u8> as core[a373ad73a504971]::io::write::Write>::write_fmt
[INFO] [stdout]    3:     0x5708acb00fd6 - std[617be2ca0a6fd877]::panicking::default_hook::{closure#0}
[INFO] [stdout]    4:     0x5708acb1e149 - std[617be2ca0a6fd877]::panicking::default_hook
[INFO] [stdout]    5:     0x5708acab9620 - test[aada8e7e76ba119b]::test_main_inner::{closure#0}
[INFO] [stdout]    6:     0x5708acb1e302 - std[617be2ca0a6fd877]::panicking::panic_with_hook
[INFO] [stdout]    7:     0x5708acb01082 - std[617be2ca0a6fd877]::panicking::panic_handler::{closure#0}
[INFO] [stdout]    8:     0x5708acaf9bd9 - std[617be2ca0a6fd877]::sys::backtrace::__rust_end_short_backtrace::<std[617be2ca0a6fd877]::panicking::panic_handler::{closure#0}, !>
[INFO] [stdout]    9:     0x5708acb01c8d - __rustc[ea4f61d10b84890b]::rust_begin_unwind
[INFO] [stdout]   10:     0x5708acb3b4dc - core[a373ad73a504971]::panicking::panic_fmt
[INFO] [stdout]   11:     0x5708acb3b2b2 - core[a373ad73a504971]::result::unwrap_failed
[INFO] [stdout]   12:     0x5708aca9d589 - cli[d6cd3a1b283ec5c4]::run_thinklog_with_env
[INFO] [stdout]   13:     0x5708aca9eab4 - <cli[d6cd3a1b283ec5c4]::test_run_auto_name::{closure#0} as core[a373ad73a504971]::ops::function::FnOnce<()>>::call_once
[INFO] [stdout]   14:     0x5708acaaca6b - test[aada8e7e76ba119b]::__rust_begin_short_backtrace::<core[a373ad73a504971]::result::Result<(), alloc[2e1b2a31b91974c5]::string::String>, fn() -> core[a373ad73a504971]::result::Result<(), alloc[2e1b2a31b91974c5]::string::String>>
[INFO] [stdout]   15:     0x5708acab9c45 - test[aada8e7e76ba119b]::run_test::{closure#0}
[INFO] [stdout]   16:     0x5708acab3534 - std[617be2ca0a6fd877]::sys::backtrace::__rust_begin_short_backtrace::<test[aada8e7e76ba119b]::run_test::{closure#1}, ()>
[INFO] [stdout]   17:     0x5708acabccd2 - <std[617be2ca0a6fd877]::thread::lifecycle::spawn_unchecked<test[aada8e7e76ba119b]::run_test::{closure#1}, ()>::{closure#1} as core[a373ad73a504971]::ops::function::FnOnce<()>>::call_once::{shim:vtable#0}
[INFO] [stdout]   18:     0x5708acb25c3f - <std[617be2ca0a6fd877]::sys::thread::unix::Thread>::new::thread_start
[INFO] [stdout]   19:     0x7fb992851dfa - <unknown>
[INFO] [stdout]   20:     0x7fb9928e53d4 - clone
[INFO] [stdout]   21:                0x0 - <unknown>
[INFO] [stdout] 
[INFO] [stdout] 
[INFO] [stdout] failures:
[INFO] [stdout]     test_ambiguous_name_match
[INFO] [stdout]     test_export_json
[INFO] [stdout]     test_help
[INFO] [stdout]     test_info_existing_session
[INFO] [stdout]     test_info_nonexistent
[INFO] [stdout]     test_partial_name_match
[INFO] [stdout]     test_query_empty_session
[INFO] [stdout]     test_run_auto_name
[INFO] [stdout]     test_run_codex_detection
[INFO] [stdout]     test_run_echo
[INFO] [stdout]     test_run_failing_command
[INFO] [stdout]     test_run_help
[INFO] [stdout]     test_run_nonexistent_command
[INFO] [stdout]     test_sessions_empty
[INFO] [stdout] 
[INFO] [stdout] test result: FAILED. 0 passed; 14 failed; 0 ignored; 0 measured; 0 filtered out; finished in 0.04s
[INFO] [stdout] 
[INFO] running `Command { std: "docker" "inspect" "c30826c1629843f4f69f38aa2481988c598c8974a615ce45df98f677934690f8", kill_on_drop: false }`
[INFO] running `Command { std: "docker" "rm" "-f" "c30826c1629843f4f69f38aa2481988c598c8974a615ce45df98f677934690f8", kill_on_drop: false }`
[INFO] [stdout] c30826c1629843f4f69f38aa2481988c598c8974a615ce45df98f677934690f8
