[INFO] cloning repository https://github.com/robinoosterik2/componentManager
[INFO] running `Command { std: "git" "-c" "credential.helper=" "-c" "credential.helper=/workspace/cargo-home/bin/git-credential-null" "clone" "--bare" "https://github.com/robinoosterik2/componentManager" "/workspace/cache/git-repos/https%3A%2F%2Fgithub.com%2Frobinoosterik2%2FcomponentManager", kill_on_drop: false }`
[INFO] [stderr] Cloning into bare repository '/workspace/cache/git-repos/https%3A%2F%2Fgithub.com%2Frobinoosterik2%2FcomponentManager'...
[INFO] running `Command { std: "git" "rev-parse" "HEAD", kill_on_drop: false }`
[INFO] [stdout] 412a466ef5cbf31e08820915dd25ee1d769854ad
[INFO] testing robinoosterik2/componentManager against 1.100.0-beta.1+cargoflags=--release for beta-release-1.100-2
[INFO] running `Command { std: "git" "clone" "/workspace/cache/git-repos/https%3A%2F%2Fgithub.com%2Frobinoosterik2%2FcomponentManager" "/workspace/builds/worker-4-tc2/source", kill_on_drop: false }`
[INFO] [stderr] Cloning into '/workspace/builds/worker-4-tc2/source'...
[INFO] [stderr] done.
[INFO] started tweaking git repo https://github.com/robinoosterik2/componentManager
[INFO] finished tweaking git repo https://github.com/robinoosterik2/componentManager
[INFO] tweaked toml for git repo https://github.com/robinoosterik2/componentManager written to /workspace/builds/worker-4-tc2/source/Cargo.toml
[INFO] validating manifest of git repo https://github.com/robinoosterik2/componentManager on toolchain 1.100.0-beta.1
[INFO] running `Command { std: CARGO_HOME="/workspace/cargo-home" RUSTUP_HOME="/workspace/rustup-home" "/workspace/cargo-home/bin/cargo" "+1.100.0-beta.1" "metadata" "--manifest-path" "Cargo.toml" "--no-deps", kill_on_drop: false }`
[INFO] crate git repo https://github.com/robinoosterik2/componentManager already has a lockfile, it will not be regenerated
[INFO] running `Command { std: CARGO_HOME="/workspace/cargo-home" RUSTUP_HOME="/workspace/rustup-home" "/workspace/cargo-home/bin/cargo" "+1.100.0-beta.1" "fetch" "--manifest-path" "Cargo.toml", kill_on_drop: false }`
[INFO] running `Command { std: "docker" "create" "-v" "/var/lib/crater-agent-workspace/builds/worker-4-tc2/source:/opt/rustwide/workdir:ro,Z" "-v" "/var/lib/crater-agent-workspace/builds/worker-4-tc2/target:/opt/rustwide/target:rw,Z" "-v" "/var/lib/crater-agent-workspace/cargo-home:/opt/rustwide/cargo-home:ro,Z" "-v" "/var/lib/crater-agent-workspace/rustup-home:/opt/rustwide/rustup-home:ro,Z" "-m" "1610612736" "--network" "none" "ghcr.io/rust-lang/crates-build-env/linux@sha256:77db811e55d90add9212f6832c23229e3de5f1c1f9905e8cb07319ea15df73ac" "sleep" "infinity", kill_on_drop: false }`
[INFO] [stdout] 3b68f43591dcaec3c049030c1bf081af3de1cab460b01d2b1c397350a9bdb261
[INFO] running `Command { std: "docker" "start" "3b68f43591dcaec3c049030c1bf081af3de1cab460b01d2b1c397350a9bdb261", kill_on_drop: false }`
[INFO] running `Command { std: "docker" "inspect" "3b68f43591dcaec3c049030c1bf081af3de1cab460b01d2b1c397350a9bdb261", kill_on_drop: false }`
[INFO] running `Command { std: "docker" "exec" "-e" "SOURCE_DIR=/opt/rustwide/workdir" "-e" "CARGO_HOME=/opt/rustwide/cargo-home" "-e" "RUSTUP_HOME=/opt/rustwide/rustup-home" "-e" "CARGO_TARGET_DIR=/opt/rustwide/target" "-w" "/opt/rustwide/workdir" "--user" "0:0" "3b68f43591dcaec3c049030c1bf081af3de1cab460b01d2b1c397350a9bdb261" "/opt/rustwide/cargo-home/bin/cargo" "+1.100.0-beta.1" "metadata" "--no-deps" "--format-version=1", kill_on_drop: false }`
[INFO] running `Command { std: "docker" "inspect" "3b68f43591dcaec3c049030c1bf081af3de1cab460b01d2b1c397350a9bdb261", kill_on_drop: false }`
[INFO] running `Command { std: "docker" "exec" "-e" "SOURCE_DIR=/opt/rustwide/workdir" "-e" "CARGO_HOME=/opt/rustwide/cargo-home" "-e" "RUSTUP_HOME=/opt/rustwide/rustup-home" "-e" "CARGO_TARGET_DIR=/opt/rustwide/target" "-e" "CARGO_INCREMENTAL=0" "-e" "RUST_BACKTRACE=full" "-e" "RUSTFLAGS=--cap-lints=warn" "-e" "RUSTDOCFLAGS=--cap-lints=warn" "-w" "/opt/rustwide/workdir" "--user" "0:0" "3b68f43591dcaec3c049030c1bf081af3de1cab460b01d2b1c397350a9bdb261" "/opt/rustwide/cargo-home/bin/cargo" "+1.100.0-beta.1" "build" "--frozen" "--message-format=json" "--release", kill_on_drop: false }`
[INFO] [stderr]    Compiling proc-macro2 v1.0.95
[INFO] [stderr]    Compiling libc v0.2.172
[INFO] [stderr]    Compiling unicode-ident v1.0.18
[INFO] [stderr]    Compiling serde v1.0.219
[INFO] [stderr]    Compiling signal-hook v0.3.18
[INFO] [stderr]    Compiling lock_api v0.4.12
[INFO] [stderr]    Compiling smallvec v1.15.0
[INFO] [stderr]    Compiling log v0.4.27
[INFO] [stderr]    Compiling anstyle-parse v0.2.6
[INFO] [stderr]    Compiling num-traits v0.2.19
[INFO] [stderr]    Compiling anstyle v1.0.10
[INFO] [stderr]    Compiling is_terminal_polyfill v1.70.1
[INFO] [stderr]    Compiling hashbrown v0.15.3
[INFO] [stderr]    Compiling once_cell v1.21.3
[INFO] [stderr]    Compiling anstyle-query v1.1.2
[INFO] [stderr]    Compiling equivalent v1.0.2
[INFO] [stderr]    Compiling colorchoice v1.0.3
[INFO] [stderr]    Compiling clap_lex v0.7.4
[INFO] [stderr]    Compiling unicode-segmentation v1.12.0
[INFO] [stderr]    Compiling anstream v0.6.18
[INFO] [stderr]    Compiling thread_local v1.1.8
[INFO] [stderr]    Compiling toml_write v0.1.1
[INFO] [stderr]    Compiling quote v1.0.40
[INFO] [stderr]    Compiling winnow v0.7.10
[INFO] [stderr]    Compiling anyhow v1.0.98
[INFO] [stderr]    Compiling syn v2.0.101
[INFO] [stderr]    Compiling clap_builder v4.5.38
[INFO] [stderr]    Compiling newline-converter v0.3.0
[INFO] [stderr]    Compiling fuzzy-matcher v0.3.7
[INFO] [stderr]    Compiling fxhash v0.2.1
[INFO] [stderr]    Compiling indexmap v2.9.0
[INFO] [stderr]    Compiling bitflags v2.9.1
[INFO] [stderr]    Compiling signal-hook-registry v1.4.5
[INFO] [stderr]    Compiling parking_lot_core v0.9.10
[INFO] [stderr]    Compiling mio v0.8.11
[INFO] [stderr]    Compiling parking_lot v0.12.3
[INFO] [stderr]    Compiling os_pipe v1.2.2
[INFO] [stderr]    Compiling shared_child v1.0.2
[INFO] [stderr]    Compiling signal-hook-mio v0.2.4
[INFO] [stderr]    Compiling iana-time-zone v0.1.63
[INFO] [stderr]    Compiling dyn-clone v1.0.19
[INFO] [stderr]    Compiling crossterm v0.25.0
[INFO] [stderr]    Compiling shared_thread v0.1.0
[INFO] [stderr]    Compiling duct v1.0.0
[INFO] [stderr]    Compiling colored v2.2.0
[INFO] [stderr]    Compiling walkdir v2.5.0
[INFO] [stderr]    Compiling inquire v0.7.5
[INFO] [stderr]    Compiling whoami v1.6.0
[INFO] [stderr]    Compiling serde_derive v1.0.219
[INFO] [stderr]    Compiling clap_derive v4.5.32
[INFO] [stderr]    Compiling clap v4.5.38
[INFO] [stderr]    Compiling serde_spanned v0.6.8
[INFO] [stderr]    Compiling toml_datetime v0.6.9
[INFO] [stderr]    Compiling chrono v0.4.41
[INFO] [stderr]    Compiling toml_edit v0.22.26
[INFO] [stderr]    Compiling toml v0.8.22
[INFO] [stderr]    Compiling component-manager v0.1.0 (/opt/rustwide/workdir)
[INFO] [stdout] warning: multiple fields are never read
[INFO] [stdout]   --> src/commands/show.rs:13:5
[INFO] [stdout]    |
[INFO] [stdout] 12 | struct ComponentMetadata {
[INFO] [stdout]    |        ----------------- fields in this struct
[INFO] [stdout] 13 |     name: String,
[INFO] [stdout]    |     ^^^^
[INFO] [stdout] 14 |     version: String,
[INFO] [stdout]    |     ^^^^^^^
[INFO] [stdout] ...
[INFO] [stdout] 18 |     description: Option<String>,
[INFO] [stdout]    |     ^^^^^^^^^^^
[INFO] [stdout] 19 |     author: Option<String>,
[INFO] [stdout]    |     ^^^^^^
[INFO] [stdout] 20 |     created_at: Option<String>,
[INFO] [stdout]    |     ^^^^^^^^^^
[INFO] [stdout] 21 |     updated_at: Option<String>,
[INFO] [stdout]    |     ^^^^^^^^^^
[INFO] [stdout] 22 |     tags: Option<Vec<String>>,
[INFO] [stdout]    |     ^^^^
[INFO] [stdout] 23 |     dependencies: Option<Vec<String>>,
[INFO] [stdout]    |     ^^^^^^^^^^^^
[INFO] [stdout]    |
[INFO] [stdout]    = note: `ComponentMetadata` has a derived impl for the trait `Debug`, but this is intentionally ignored during dead code analysis
[INFO] [stdout]    = note: `#[warn(dead_code)]` (part of `#[warn(unused)]`) on by default
[INFO] [stdout] 
[INFO] [stdout] 
[INFO] [stdout] warning: multiple fields are never read
[INFO] [stdout]   --> src/commands/show.rs:13:5
[INFO] [stdout]    |
[INFO] [stdout] 12 | struct ComponentMetadata {
[INFO] [stdout]    |        ----------------- fields in this struct
[INFO] [stdout] 13 |     name: String,
[INFO] [stdout]    |     ^^^^
[INFO] [stdout] 14 |     version: String,
[INFO] [stdout]    |     ^^^^^^^
[INFO] [stdout] ...
[INFO] [stdout] 18 |     description: Option<String>,
[INFO] [stdout]    |     ^^^^^^^^^^^
[INFO] [stdout] 19 |     author: Option<String>,
[INFO] [stdout]    |     ^^^^^^
[INFO] [stdout] 20 |     created_at: Option<String>,
[INFO] [stdout]    |     ^^^^^^^^^^
[INFO] [stdout] 21 |     updated_at: Option<String>,
[INFO] [stdout]    |     ^^^^^^^^^^
[INFO] [stdout] 22 |     tags: Option<Vec<String>>,
[INFO] [stdout]    |     ^^^^
[INFO] [stdout] 23 |     dependencies: Option<Vec<String>>,
[INFO] [stdout]    |     ^^^^^^^^^^^^
[INFO] [stdout]    |
[INFO] [stdout]    = note: `ComponentMetadata` has a derived impl for the trait `Debug`, but this is intentionally ignored during dead code analysis
[INFO] [stdout]    = note: `#[warn(dead_code)]` (part of `#[warn(unused)]`) on by default
[INFO] [stdout] 
[INFO] [stdout] 
[INFO] [stdout] warning: methods `detect_from_component` and `check_conflicts` are never used
[INFO] [stdout]   --> src/commands/dependencies.rs:36:12
[INFO] [stdout]    |
[INFO] [stdout] 25 | impl ComponentDependencies {
[INFO] [stdout]    | -------------------------- methods in this implementation
[INFO] [stdout] ...
[INFO] [stdout] 36 |     pub fn detect_from_component(&self, _component_path: &Path) -> Result<()> {
[INFO] [stdout]    |            ^^^^^^^^^^^^^^^^^^^^^
[INFO] [stdout] ...
[INFO] [stdout] 45 |     pub fn check_conflicts(&self, other: &Self) -> Vec<(DependencyType, DependencyType)> {
[INFO] [stdout]    |            ^^^^^^^^^^^^^^^
[INFO] [stdout] 
[INFO] [stdout] 
[INFO] [stderr] warning: unused dependency `duct`
[INFO] [stderr]  --> Cargo.toml:4:1
[INFO] [stderr]   |
[INFO] [stderr] 4 | duct = "1.0.0"
[INFO] [stderr]   | ^^^^^^^^^^^^^^
[INFO] [stderr]   |
[INFO] [stderr]   = note: `cargo::unused_dependencies` is set to `warn` by default
[INFO] [stderr] help: consider removing the dependency on `duct`
[INFO] [stderr] warning: `component-manager` (manifest) generated 1 warning
[INFO] [stderr]     Finished `release` profile [optimized] target(s) in 1m 32s
[INFO] running `Command { std: "docker" "inspect" "3b68f43591dcaec3c049030c1bf081af3de1cab460b01d2b1c397350a9bdb261", kill_on_drop: false }`
[INFO] running `Command { std: "docker" "exec" "-e" "SOURCE_DIR=/opt/rustwide/workdir" "-e" "CARGO_HOME=/opt/rustwide/cargo-home" "-e" "RUSTUP_HOME=/opt/rustwide/rustup-home" "-e" "CARGO_TARGET_DIR=/opt/rustwide/target" "-e" "CARGO_INCREMENTAL=0" "-e" "RUST_BACKTRACE=full" "-e" "RUSTFLAGS=--cap-lints=warn" "-e" "RUSTDOCFLAGS=--cap-lints=warn" "-w" "/opt/rustwide/workdir" "--user" "0:0" "3b68f43591dcaec3c049030c1bf081af3de1cab460b01d2b1c397350a9bdb261" "/opt/rustwide/cargo-home/bin/cargo" "+1.100.0-beta.1" "test" "--frozen" "--no-run" "--message-format=json" "--release", kill_on_drop: false }`
[INFO] [stderr]    Compiling bitflags v2.9.1
[INFO] [stderr]    Compiling rustix v1.0.7
[INFO] [stderr]    Compiling getrandom v0.3.3
[INFO] [stderr]    Compiling linux-raw-sys v0.9.4
[INFO] [stderr]    Compiling fastrand v2.3.0
[INFO] [stderr]    Compiling inquire v0.7.5
[INFO] [stderr]    Compiling component-manager v0.1.0 (/opt/rustwide/workdir)
[INFO] [stdout] warning: multiple fields are never read
[INFO] [stdout]   --> src/commands/show.rs:13:5
[INFO] [stdout]    |
[INFO] [stdout] 12 | struct ComponentMetadata {
[INFO] [stdout]    |        ----------------- fields in this struct
[INFO] [stdout] 13 |     name: String,
[INFO] [stdout]    |     ^^^^
[INFO] [stdout] 14 |     version: String,
[INFO] [stdout]    |     ^^^^^^^
[INFO] [stdout] ...
[INFO] [stdout] 18 |     description: Option<String>,
[INFO] [stdout]    |     ^^^^^^^^^^^
[INFO] [stdout] 19 |     author: Option<String>,
[INFO] [stdout]    |     ^^^^^^
[INFO] [stdout] 20 |     created_at: Option<String>,
[INFO] [stdout]    |     ^^^^^^^^^^
[INFO] [stdout] 21 |     updated_at: Option<String>,
[INFO] [stdout]    |     ^^^^^^^^^^
[INFO] [stdout] 22 |     tags: Option<Vec<String>>,
[INFO] [stdout]    |     ^^^^
[INFO] [stdout] 23 |     dependencies: Option<Vec<String>>,
[INFO] [stdout]    |     ^^^^^^^^^^^^
[INFO] [stdout]    |
[INFO] [stdout]    = note: `ComponentMetadata` has a derived impl for the trait `Debug`, but this is intentionally ignored during dead code analysis
[INFO] [stdout]    = note: `#[warn(dead_code)]` (part of `#[warn(unused)]`) on by default
[INFO] [stdout] 
[INFO] [stdout] 
[INFO] [stderr]    Compiling tempfile v3.20.0
[INFO] [stdout] warning: multiple fields are never read
[INFO] [stdout]   --> src/commands/show.rs:13:5
[INFO] [stdout]    |
[INFO] [stdout] 12 | struct ComponentMetadata {
[INFO] [stdout]    |        ----------------- fields in this struct
[INFO] [stdout] 13 |     name: String,
[INFO] [stdout]    |     ^^^^
[INFO] [stdout] 14 |     version: String,
[INFO] [stdout]    |     ^^^^^^^
[INFO] [stdout] ...
[INFO] [stdout] 18 |     description: Option<String>,
[INFO] [stdout]    |     ^^^^^^^^^^^
[INFO] [stdout] 19 |     author: Option<String>,
[INFO] [stdout]    |     ^^^^^^
[INFO] [stdout] 20 |     created_at: Option<String>,
[INFO] [stdout]    |     ^^^^^^^^^^
[INFO] [stdout] 21 |     updated_at: Option<String>,
[INFO] [stdout]    |     ^^^^^^^^^^
[INFO] [stdout] 22 |     tags: Option<Vec<String>>,
[INFO] [stdout]    |     ^^^^
[INFO] [stdout] 23 |     dependencies: Option<Vec<String>>,
[INFO] [stdout]    |     ^^^^^^^^^^^^
[INFO] [stdout]    |
[INFO] [stdout]    = note: `ComponentMetadata` has a derived impl for the trait `Debug`, but this is intentionally ignored during dead code analysis
[INFO] [stdout]    = note: `#[warn(dead_code)]` (part of `#[warn(unused)]`) on by default
[INFO] [stdout] 
[INFO] [stdout] 
[INFO] [stdout] warning: methods `detect_from_component` and `check_conflicts` are never used
[INFO] [stdout]   --> src/commands/dependencies.rs:36:12
[INFO] [stdout]    |
[INFO] [stdout] 25 | impl ComponentDependencies {
[INFO] [stdout]    | -------------------------- methods in this implementation
[INFO] [stdout] ...
[INFO] [stdout] 36 |     pub fn detect_from_component(&self, _component_path: &Path) -> Result<()> {
[INFO] [stdout]    |            ^^^^^^^^^^^^^^^^^^^^^
[INFO] [stdout] ...
[INFO] [stdout] 45 |     pub fn check_conflicts(&self, other: &Self) -> Vec<(DependencyType, DependencyType)> {
[INFO] [stdout]    |            ^^^^^^^^^^^^^^^
[INFO] [stdout] 
[INFO] [stdout] 
[INFO] [stdout] warning: unused variable: `expected_toml_path`
[INFO] [stdout]   --> tests/export_test.rs:44:9
[INFO] [stdout]    |
[INFO] [stdout] 44 |     let expected_toml_path = expected_component_dir.join("component.toml");
[INFO] [stdout]    |         ^^^^^^^^^^^^^^^^^^ help: if this is intentional, prefix it with an underscore: `_expected_toml_path`
[INFO] [stdout]    |
[INFO] [stdout]    = note: `#[warn(unused_variables)]` (part of `#[warn(unused)]`) on by default
[INFO] [stdout] 
[INFO] [stdout] 
[INFO] [stdout] warning: multiple fields are never read
[INFO] [stdout]   --> src/commands/show.rs:13:5
[INFO] [stdout]    |
[INFO] [stdout] 12 | struct ComponentMetadata {
[INFO] [stdout]    |        ----------------- fields in this struct
[INFO] [stdout] 13 |     name: String,
[INFO] [stdout]    |     ^^^^
[INFO] [stdout] 14 |     version: String,
[INFO] [stdout]    |     ^^^^^^^
[INFO] [stdout] ...
[INFO] [stdout] 18 |     description: Option<String>,
[INFO] [stdout]    |     ^^^^^^^^^^^
[INFO] [stdout] 19 |     author: Option<String>,
[INFO] [stdout]    |     ^^^^^^
[INFO] [stdout] 20 |     created_at: Option<String>,
[INFO] [stdout]    |     ^^^^^^^^^^
[INFO] [stdout] 21 |     updated_at: Option<String>,
[INFO] [stdout]    |     ^^^^^^^^^^
[INFO] [stdout] 22 |     tags: Option<Vec<String>>,
[INFO] [stdout]    |     ^^^^
[INFO] [stdout] 23 |     dependencies: Option<Vec<String>>,
[INFO] [stdout]    |     ^^^^^^^^^^^^
[INFO] [stdout]    |
[INFO] [stdout]    = note: `ComponentMetadata` has a derived impl for the trait `Debug`, but this is intentionally ignored during dead code analysis
[INFO] [stdout]    = note: `#[warn(dead_code)]` (part of `#[warn(unused)]`) on by default
[INFO] [stdout] 
[INFO] [stdout] 
[INFO] [stdout] warning: method `detect_from_component` is never used
[INFO] [stdout]   --> src/commands/dependencies.rs:36:12
[INFO] [stdout]    |
[INFO] [stdout] 25 | impl ComponentDependencies {
[INFO] [stdout]    | -------------------------- method in this implementation
[INFO] [stdout] ...
[INFO] [stdout] 36 |     pub fn detect_from_component(&self, _component_path: &Path) -> Result<()> {
[INFO] [stdout]    |            ^^^^^^^^^^^^^^^^^^^^^
[INFO] [stdout] 
[INFO] [stdout] 
[INFO] [stdout] warning: multiple fields are never read
[INFO] [stdout]   --> src/commands/show.rs:13:5
[INFO] [stdout]    |
[INFO] [stdout] 12 | struct ComponentMetadata {
[INFO] [stdout]    |        ----------------- fields in this struct
[INFO] [stdout] 13 |     name: String,
[INFO] [stdout]    |     ^^^^
[INFO] [stdout] 14 |     version: String,
[INFO] [stdout]    |     ^^^^^^^
[INFO] [stdout] ...
[INFO] [stdout] 18 |     description: Option<String>,
[INFO] [stdout]    |     ^^^^^^^^^^^
[INFO] [stdout] 19 |     author: Option<String>,
[INFO] [stdout]    |     ^^^^^^
[INFO] [stdout] 20 |     created_at: Option<String>,
[INFO] [stdout]    |     ^^^^^^^^^^
[INFO] [stdout] 21 |     updated_at: Option<String>,
[INFO] [stdout]    |     ^^^^^^^^^^
[INFO] [stdout] 22 |     tags: Option<Vec<String>>,
[INFO] [stdout]    |     ^^^^
[INFO] [stdout] 23 |     dependencies: Option<Vec<String>>,
[INFO] [stdout]    |     ^^^^^^^^^^^^
[INFO] [stdout]    |
[INFO] [stdout]    = note: `ComponentMetadata` has a derived impl for the trait `Debug`, but this is intentionally ignored during dead code analysis
[INFO] [stdout]    = note: `#[warn(dead_code)]` (part of `#[warn(unused)]`) on by default
[INFO] [stdout] 
[INFO] [stdout] 
[INFO] [stderr] warning: unused dependency `duct`
[INFO] [stderr]  --> Cargo.toml:4:1
[INFO] [stderr]   |
[INFO] [stderr] 4 | duct = "1.0.0"
[INFO] [stderr]   | ^^^^^^^^^^^^^^
[INFO] [stderr]   |
[INFO] [stderr]   = note: `cargo::unused_dependencies` is set to `warn` by default
[INFO] [stderr] help: consider removing the dependency on `duct`
[INFO] [stderr] help: to still use for development builds, move to `dev-dependencies`
[INFO] [stderr] warning: `component-manager` (manifest) generated 1 warning
[INFO] [stderr]     Finished `release` profile [optimized] target(s) in 39.63s
[INFO] running `Command { std: "docker" "inspect" "3b68f43591dcaec3c049030c1bf081af3de1cab460b01d2b1c397350a9bdb261", kill_on_drop: false }`
[INFO] running `Command { std: "docker" "exec" "-e" "SOURCE_DIR=/opt/rustwide/workdir" "-e" "CARGO_HOME=/opt/rustwide/cargo-home" "-e" "RUSTUP_HOME=/opt/rustwide/rustup-home" "-e" "CARGO_TARGET_DIR=/opt/rustwide/target" "-e" "CARGO_INCREMENTAL=0" "-e" "RUST_BACKTRACE=full" "-e" "RUSTFLAGS=--cap-lints=warn" "-e" "RUSTDOCFLAGS=--cap-lints=warn" "-w" "/opt/rustwide/workdir" "--user" "0:0" "3b68f43591dcaec3c049030c1bf081af3de1cab460b01d2b1c397350a9bdb261" "/opt/rustwide/cargo-home/bin/cargo" "+1.100.0-beta.1" "test" "--frozen" "--release", kill_on_drop: false }`
[INFO] [stderr] warning: multiple fields are never read
[INFO] [stderr]   --> src/commands/show.rs:13:5
[INFO] [stderr]    |
[INFO] [stderr] 12 | struct ComponentMetadata {
[INFO] [stderr]    |        ----------------- fields in this struct
[INFO] [stderr] 13 |     name: String,
[INFO] [stderr]    |     ^^^^
[INFO] [stderr] 14 |     version: String,
[INFO] [stderr]    |     ^^^^^^^
[INFO] [stderr] ...
[INFO] [stderr] 18 |     description: Option<String>,
[INFO] [stderr]    |     ^^^^^^^^^^^
[INFO] [stderr] 19 |     author: Option<String>,
[INFO] [stderr]    |     ^^^^^^
[INFO] [stderr] 20 |     created_at: Option<String>,
[INFO] [stderr]    |     ^^^^^^^^^^
[INFO] [stderr] 21 |     updated_at: Option<String>,
[INFO] [stderr]    |     ^^^^^^^^^^
[INFO] [stderr] 22 |     tags: Option<Vec<String>>,
[INFO] [stderr]    |     ^^^^
[INFO] [stderr] 23 |     dependencies: Option<Vec<String>>,
[INFO] [stderr]    |     ^^^^^^^^^^^^
[INFO] [stderr]    |
[INFO] [stderr]    = note: `ComponentMetadata` has a derived impl for the trait `Debug`, but this is intentionally ignored during dead code analysis
[INFO] [stderr]    = note: `#[warn(dead_code)]` (part of `#[warn(unused)]`) on by default
[INFO] [stderr] 
[INFO] [stderr] warning: `component-manager` (lib) generated 1 warning
[INFO] [stderr] warning: methods `detect_from_component` and `check_conflicts` are never used
[INFO] [stderr]   --> src/commands/dependencies.rs:36:12
[INFO] [stderr]    |
[INFO] [stderr] 25 | impl ComponentDependencies {
[INFO] [stderr]    | -------------------------- methods in this implementation
[INFO] [stderr] ...
[INFO] [stderr] 36 |     pub fn detect_from_component(&self, _component_path: &Path) -> Result<()> {
[INFO] [stderr]    |            ^^^^^^^^^^^^^^^^^^^^^
[INFO] [stderr] ...
[INFO] [stderr] 45 |     pub fn check_conflicts(&self, other: &Self) -> Vec<(DependencyType, DependencyType)> {
[INFO] [stderr]    |            ^^^^^^^^^^^^^^^
[INFO] [stderr] 
[INFO] [stderr] warning: `component-manager` (bin "component-manager") generated 2 warnings (1 duplicate)
[INFO] [stderr] warning: unused variable: `expected_toml_path`
[INFO] [stderr]   --> tests/export_test.rs:44:9
[INFO] [stderr]    |
[INFO] [stderr] 44 |     let expected_toml_path = expected_component_dir.join("component.toml");
[INFO] [stderr]    |         ^^^^^^^^^^^^^^^^^^ help: if this is intentional, prefix it with an underscore: `_expected_toml_path`
[INFO] [stderr]    |
[INFO] [stderr]    = note: `#[warn(unused_variables)]` (part of `#[warn(unused)]`) on by default
[INFO] [stderr] 
[INFO] [stderr] warning: method `detect_from_component` is never used
[INFO] [stderr]   --> src/commands/dependencies.rs:36:12
[INFO] [stderr]    |
[INFO] [stderr] 25 | impl ComponentDependencies {
[INFO] [stderr]    | -------------------------- method in this implementation
[INFO] [stderr] ...
[INFO] [stderr] 36 |     pub fn detect_from_component(&self, _component_path: &Path) -> Result<()> {
[INFO] [stderr]    |            ^^^^^^^^^^^^^^^^^^^^^
[INFO] [stderr] 
[INFO] [stderr] warning: `component-manager` (lib test) generated 1 warning (1 duplicate)
[INFO] [stderr] warning: `component-manager` (test "export_test") generated 1 warning (run `cargo fix --test "export_test" -p component-manager` to apply 1 suggestion)
[INFO] [stderr] warning: `component-manager` (bin "component-manager" test) generated 2 warnings (1 duplicate)
[INFO] [stderr] warning: unused dependency `duct`
[INFO] [stderr]  --> Cargo.toml:4:1
[INFO] [stderr]   |
[INFO] [stderr] 4 | duct = "1.0.0"
[INFO] [stderr]   | ^^^^^^^^^^^^^^
[INFO] [stderr]   |
[INFO] [stderr]   = note: `cargo::unused_dependencies` is set to `warn` by default
[INFO] [stderr] help: consider removing the dependency on `duct`
[INFO] [stderr] help: to still use for development builds, move to `dev-dependencies`
[INFO] [stderr] warning: `component-manager` (manifest) generated 1 warning
[INFO] [stderr]     Finished `release` profile [optimized] target(s) in 0.19s
[INFO] [stderr]      Running unittests src/lib.rs (/opt/rustwide/target/release/build/component-manager/0954c26605d63a4b/out/component_manager-0954c26605d63a4b)
[INFO] [stdout] 
[INFO] [stdout] running 3 tests
[INFO] [stdout] test commands::dependencies::tests::test_dependency_conflicts ... ok
[INFO] [stdout] test commands::install::tests::test_load_component_dependencies ... ok
[INFO] [stdout] test commands::dependencies::tests::test_generate_install_commands ... ok
[INFO] [stdout] 
[INFO] [stdout] test result: ok. 3 passed; 0 failed; 0 ignored; 0 measured; 0 filtered out; finished in 0.01s
[INFO] [stdout] 
[INFO] [stderr]      Running unittests src/main.rs (/opt/rustwide/target/release/build/component-manager/cfd1e94cc5a91f6b/out/component_manager-cfd1e94cc5a91f6b)
[INFO] [stdout] 
[INFO] [stdout] running 3 tests
[INFO] [stdout] test commands::dependencies::tests::test_dependency_conflicts ... ok
[INFO] [stdout] test commands::install::tests::test_load_component_dependencies ... ok
[INFO] [stdout] test commands::dependencies::tests::test_generate_install_commands ... ok
[INFO] [stdout] 
[INFO] [stdout] test result: ok. 3 passed; 0 failed; 0 ignored; 0 measured; 0 filtered out; finished in 0.00s
[INFO] [stdout] 
[INFO] [stderr]      Running tests/export_test.rs (/opt/rustwide/target/release/build/component-manager/f197acc06e37a2ef/out/export_test-f197acc06e37a2ef)
[INFO] [stdout] 
[INFO] [stdout] running 2 tests
[INFO] [stdout] test test_export_component ... ok
[INFO] [stdout] test test_export_with_existing_component ... ok
[INFO] [stdout] 
[INFO] [stdout] test result: ok. 2 passed; 0 failed; 0 ignored; 0 measured; 0 filtered out; finished in 0.00s
[INFO] [stdout] 
[INFO] [stderr]      Running tests/import_test.rs (/opt/rustwide/target/release/build/component-manager/87e76d713a6c3178/out/import_test-87e76d713a6c3178)
[INFO] [stdout] 
[INFO] [stdout] running 2 tests
[INFO] [stdout] test test_import_component ... ok
[INFO] [stderr]      Running tests/show_test.rs (/opt/rustwide/target/release/build/component-manager/4d1caa67aa88fd5f/out/show_test-4d1caa67aa88fd5f)
[INFO] [stdout] test test_import_with_invalid_config ... ok
[INFO] [stdout] 
[INFO] [stdout] test result: ok. 2 passed; 0 failed; 0 ignored; 0 measured; 0 filtered out; finished in 0.00s
[INFO] [stdout] 
[INFO] [stdout] 
[INFO] [stdout] running 2 tests
[INFO] [stdout] test test_show_components_empty ... ok
[INFO] [stdout] test test_show_components ... FAILED
[INFO] [stdout] 
[INFO] [stdout] failures:
[INFO] [stdout] 
[INFO] [stdout] ---- test_show_components stdout ----
[INFO] [stdout] 
[INFO] [stdout] thread 'test_show_components' (1470) panicked at tests/show_test.rs:77:6:
[INFO] [stdout] Failed to execute command: Os { code: 2, kind: NotFound, message: "No such file or directory" }
[INFO] [stdout] stack backtrace:
[INFO] [stdout]    0:     0x61b2f14028d1 - <<std[617be2ca0a6fd877]::sys::backtrace::BacktraceLock>::print::DisplayBacktrace as core[a373ad73a504971]::fmt::Display>::fmt
[INFO] [stdout]    1:     0x61b2f1416f3a - core[a373ad73a504971]::fmt::write
[INFO] [stdout]    2:     0x61b2f1406e5c - <alloc[2e1b2a31b91974c5]::vec::Vec<u8> as core[a373ad73a504971]::io::write::Write>::write_fmt
[INFO] [stdout]    3:     0x61b2f13dcb86 - std[617be2ca0a6fd877]::panicking::default_hook::{closure#0}
[INFO] [stdout]    4:     0x61b2f13fa109 - std[617be2ca0a6fd877]::panicking::default_hook
[INFO] [stdout]    5:     0x61b2f13937c0 - test[aada8e7e76ba119b]::test_main_inner::{closure#0}
[INFO] [stdout]    6:     0x61b2f13fa2c2 - std[617be2ca0a6fd877]::panicking::panic_with_hook
[INFO] [stdout]    7:     0x61b2f13dcc32 - std[617be2ca0a6fd877]::panicking::panic_handler::{closure#0}
[INFO] [stdout]    8:     0x61b2f13d5719 - std[617be2ca0a6fd877]::sys::backtrace::__rust_end_short_backtrace::<std[617be2ca0a6fd877]::panicking::panic_handler::{closure#0}, !>
[INFO] [stdout]    9:     0x61b2f13dd8bd - __rustc[ea4f61d10b84890b]::rust_begin_unwind
[INFO] [stdout]   10:     0x61b2f141766c - core[a373ad73a504971]::panicking::panic_fmt
[INFO] [stdout]   11:     0x61b2f1417442 - core[a373ad73a504971]::result::unwrap_failed
[INFO] [stdout]   12:     0x61b2f1377fd8 - <show_test[6ddb411b37cf3b22]::test_show_components::{closure#0} as core[a373ad73a504971]::ops::function::FnOnce<()>>::call_once
[INFO] [stdout]   13:     0x61b2f1386c0b - test[aada8e7e76ba119b]::__rust_begin_short_backtrace::<core[a373ad73a504971]::result::Result<(), alloc[2e1b2a31b91974c5]::string::String>, fn() -> core[a373ad73a504971]::result::Result<(), alloc[2e1b2a31b91974c5]::string::String>>
[INFO] [stdout]   14:     0x61b2f1393de5 - test[aada8e7e76ba119b]::run_test::{closure#0}
[INFO] [stdout]   15:     0x61b2f138d6d4 - std[617be2ca0a6fd877]::sys::backtrace::__rust_begin_short_backtrace::<test[aada8e7e76ba119b]::run_test::{closure#1}, ()>
[INFO] [stdout]   16:     0x61b2f1396e72 - <std[617be2ca0a6fd877]::thread::lifecycle::spawn_unchecked<test[aada8e7e76ba119b]::run_test::{closure#1}, ()>::{closure#1} as core[a373ad73a504971]::ops::function::FnOnce<()>>::call_once::{shim:vtable#0}
[INFO] [stdout]   17:     0x61b2f140212f - <std[617be2ca0a6fd877]::sys::thread::unix::Thread>::new::thread_start
[INFO] [stdout]   18:     0x78f467f9cdfa - <unknown>
[INFO] [stdout]   19:     0x78f4680303d4 - clone
[INFO] [stdout]   20:                0x0 - <unknown>
[INFO] [stdout] 
[INFO] [stdout] 
[INFO] [stdout] failures:
[INFO] [stdout]     test_show_components
[INFO] [stdout] 
[INFO] [stdout] test result: FAILED. 1 passed; 1 failed; 0 ignored; 0 measured; 0 filtered out; finished in 0.01s
[INFO] [stdout] 
[INFO] [stderr] error: test failed, to rerun pass `--test show_test`
[INFO] running `Command { std: "docker" "inspect" "3b68f43591dcaec3c049030c1bf081af3de1cab460b01d2b1c397350a9bdb261", kill_on_drop: false }`
[INFO] running `Command { std: "docker" "rm" "-f" "3b68f43591dcaec3c049030c1bf081af3de1cab460b01d2b1c397350a9bdb261", kill_on_drop: false }`
[INFO] [stdout] 3b68f43591dcaec3c049030c1bf081af3de1cab460b01d2b1c397350a9bdb261
