[INFO] cloning repository https://github.com/ricardo-hdrn/niobium
[INFO] running `Command { std: "git" "-c" "credential.helper=" "-c" "credential.helper=/workspace/cargo-home/bin/git-credential-null" "clone" "--bare" "https://github.com/ricardo-hdrn/niobium" "/workspace/cache/git-repos/https%3A%2F%2Fgithub.com%2Fricardo-hdrn%2Fniobium", kill_on_drop: false }`
[INFO] [stderr] Cloning into bare repository '/workspace/cache/git-repos/https%3A%2F%2Fgithub.com%2Fricardo-hdrn%2Fniobium'...
[INFO] running `Command { std: "git" "rev-parse" "HEAD", kill_on_drop: false }`
[INFO] [stdout] bbc3ec9ee5b8266302d818f02afadcdf2557d324
[INFO] testing ricardo-hdrn/niobium against 1.100.0-beta.1+cargoflags=--release for beta-release-1.100-2
[INFO] running `Command { std: "git" "clone" "/workspace/cache/git-repos/https%3A%2F%2Fgithub.com%2Fricardo-hdrn%2Fniobium" "/workspace/builds/worker-1-tc2/source", kill_on_drop: false }`
[INFO] [stderr] Cloning into '/workspace/builds/worker-1-tc2/source'...
[INFO] [stderr] done.
[INFO] started tweaking git repo https://github.com/ricardo-hdrn/niobium
[INFO] finished tweaking git repo https://github.com/ricardo-hdrn/niobium
[INFO] tweaked toml for git repo https://github.com/ricardo-hdrn/niobium written to /workspace/builds/worker-1-tc2/source/Cargo.toml
[INFO] validating manifest of git repo https://github.com/ricardo-hdrn/niobium on toolchain 1.100.0-beta.1
[INFO] running `Command { std: CARGO_HOME="/workspace/cargo-home" RUSTUP_HOME="/workspace/rustup-home" "/workspace/cargo-home/bin/cargo" "+1.100.0-beta.1" "metadata" "--manifest-path" "Cargo.toml" "--no-deps", kill_on_drop: false }`
[INFO] crate git repo https://github.com/ricardo-hdrn/niobium already has a lockfile, it will not be regenerated
[INFO] running `Command { std: CARGO_HOME="/workspace/cargo-home" RUSTUP_HOME="/workspace/rustup-home" "/workspace/cargo-home/bin/cargo" "+1.100.0-beta.1" "fetch" "--manifest-path" "Cargo.toml", kill_on_drop: false }`
[INFO] [stderr] warning: `package.homepage` is redundant with `package.repository`
[INFO] [stderr]  --> crates/niobium-mcp/Cargo.toml:8:12
[INFO] [stderr]   |
[INFO] [stderr] 7 | repository = "https://github.com/ricardo-hdrn/niobium"
[INFO] [stderr]   |              -----------------------------------------
[INFO] [stderr] 8 | homepage = "https://github.com/ricardo-hdrn/niobium"
[INFO] [stderr]   |            ^^^^^^^^^^^^^^^^^^^^^^^^^^^^^^^^^^^^^^^^^
[INFO] [stderr]   |
[INFO] [stderr]   = note: `cargo::redundant_homepage` is set to `warn` by default
[INFO] [stderr] help: consider removing `package.homepage`
[INFO] [stderr] warning: `niobium-mcp` (manifest) generated 1 warning
[INFO] running `Command { std: "docker" "create" "-v" "/var/lib/crater-agent-workspace/builds/worker-1-tc2/source:/opt/rustwide/workdir:ro,Z" "-v" "/var/lib/crater-agent-workspace/builds/worker-1-tc2/target:/opt/rustwide/target:rw,Z" "-v" "/var/lib/crater-agent-workspace/cargo-home:/opt/rustwide/cargo-home:ro,Z" "-v" "/var/lib/crater-agent-workspace/rustup-home:/opt/rustwide/rustup-home:ro,Z" "-m" "1610612736" "--network" "none" "ghcr.io/rust-lang/crates-build-env/linux@sha256:77db811e55d90add9212f6832c23229e3de5f1c1f9905e8cb07319ea15df73ac" "sleep" "infinity", kill_on_drop: false }`
[INFO] [stdout] a29fa575f4823406b717e06455691f0a4ac761122cbacb8c6b2af54aa662090b
[INFO] running `Command { std: "docker" "start" "a29fa575f4823406b717e06455691f0a4ac761122cbacb8c6b2af54aa662090b", kill_on_drop: false }`
[INFO] running `Command { std: "docker" "inspect" "a29fa575f4823406b717e06455691f0a4ac761122cbacb8c6b2af54aa662090b", kill_on_drop: false }`
[INFO] running `Command { std: "docker" "exec" "-e" "SOURCE_DIR=/opt/rustwide/workdir" "-e" "CARGO_HOME=/opt/rustwide/cargo-home" "-e" "RUSTUP_HOME=/opt/rustwide/rustup-home" "-e" "CARGO_TARGET_DIR=/opt/rustwide/target" "-w" "/opt/rustwide/workdir" "--user" "0:0" "a29fa575f4823406b717e06455691f0a4ac761122cbacb8c6b2af54aa662090b" "/opt/rustwide/cargo-home/bin/cargo" "+1.100.0-beta.1" "metadata" "--no-deps" "--format-version=1", kill_on_drop: false }`
[INFO] running `Command { std: "docker" "inspect" "a29fa575f4823406b717e06455691f0a4ac761122cbacb8c6b2af54aa662090b", kill_on_drop: false }`
[INFO] running `Command { std: "docker" "exec" "-e" "SOURCE_DIR=/opt/rustwide/workdir" "-e" "CARGO_HOME=/opt/rustwide/cargo-home" "-e" "RUSTUP_HOME=/opt/rustwide/rustup-home" "-e" "CARGO_TARGET_DIR=/opt/rustwide/target" "-e" "CARGO_INCREMENTAL=0" "-e" "RUST_BACKTRACE=full" "-e" "RUSTFLAGS=--cap-lints=warn" "-e" "RUSTDOCFLAGS=--cap-lints=warn" "-w" "/opt/rustwide/workdir" "--user" "0:0" "a29fa575f4823406b717e06455691f0a4ac761122cbacb8c6b2af54aa662090b" "/opt/rustwide/cargo-home/bin/cargo" "+1.100.0-beta.1" "build" "--frozen" "--message-format=json" "--release", kill_on_drop: false }`
[INFO] [stderr] warning: `package.homepage` is redundant with `package.repository`
[INFO] [stderr]  --> crates/niobium-mcp/Cargo.toml:8:12
[INFO] [stderr]   |
[INFO] [stderr] 7 | repository = "https://github.com/ricardo-hdrn/niobium"
[INFO] [stderr]   |              -----------------------------------------
[INFO] [stderr] 8 | homepage = "https://github.com/ricardo-hdrn/niobium"
[INFO] [stderr]   |            ^^^^^^^^^^^^^^^^^^^^^^^^^^^^^^^^^^^^^^^^^
[INFO] [stderr]   |
[INFO] [stderr]   = note: `cargo::redundant_homepage` is set to `warn` by default
[INFO] [stderr] help: consider removing `package.homepage`
[INFO] [stderr] warning: `niobium-mcp` (manifest) generated 1 warning
[INFO] [stderr]    Compiling cc v1.2.56
[INFO] [stderr]    Compiling http v1.4.0
[INFO] [stderr]    Compiling quote v1.0.44
[INFO] [stderr]    Compiling errno v0.3.14
[INFO] [stderr]    Compiling mio v1.1.1
[INFO] [stderr]    Compiling socket2 v0.6.2
[INFO] [stderr]    Compiling getrandom v0.2.17
[INFO] [stderr]    Compiling rustls v0.23.37
[INFO] [stderr]    Compiling anyhow v1.0.102
[INFO] [stderr]    Compiling serde_json v1.0.149
[INFO] [stderr]    Compiling ipnet v2.11.0
[INFO] [stderr]    Compiling vcpkg v0.2.15
[INFO] [stderr]    Compiling bitflags v2.11.0
[INFO] [stderr]    Compiling webpki-roots v1.0.6
[INFO] [stderr]    Compiling foldhash v0.1.5
[INFO] [stderr]    Compiling getrandom v0.4.1
[INFO] [stderr]    Compiling signal-hook-registry v1.4.8
[INFO] [stderr]    Compiling iri-string v0.7.10
[INFO] [stderr]    Compiling object v0.37.3
[INFO] [stderr]    Compiling iana-time-zone v0.1.65
[INFO] [stderr]    Compiling syn v2.0.117
[INFO] [stderr]    Compiling anstream v0.6.21
[INFO] [stderr]    Compiling hashbrown v0.15.5
[INFO] [stderr]    Compiling adler2 v2.0.1
[INFO] [stderr]    Compiling gimli v0.32.3
[INFO] [stderr]    Compiling clap_lex v1.0.0
[INFO] [stderr]    Compiling rmcp v0.16.0
[INFO] [stderr]    Compiling miniz_oxide v0.8.9
[INFO] [stderr]    Compiling digest v0.10.7
[INFO] [stderr]    Compiling clap_builder v4.5.60
[INFO] [stderr]    Compiling getrandom v0.3.4
[INFO] [stderr]    Compiling http-body v1.0.1
[INFO] [stderr]    Compiling tracing-log v0.2.0
[INFO] [stderr]    Compiling http-body-util v0.1.3
[INFO] [stderr]    Compiling fallible-streaming-iterator v0.1.9
[INFO] [stderr]    Compiling rustc-demangle v0.1.27
[INFO] [stderr]    Compiling build-target v0.4.0
[INFO] [stderr]    Compiling portable-atomic v1.13.1
[INFO] [stderr]    Compiling ring v0.17.14
[INFO] [stderr]    Compiling libsqlite3-sys v0.31.0
[INFO] [stderr]    Compiling hashlink v0.10.0
[INFO] [stderr]    Compiling dart-sys v4.1.5
[INFO] [stderr]    Compiling fallible-iterator v0.3.0
[INFO] [stderr]    Compiling md-5 v0.10.6
[INFO] [stderr]    Compiling flutter_rust_bridge v2.11.1
[INFO] [stderr]    Compiling uuid v1.21.0
[INFO] [stderr]    Compiling num_cpus v1.17.0
[INFO] [stderr]    Compiling atomic v0.5.3
[INFO] [stderr]    Compiling threadpool v1.8.1
[INFO] [stderr]    Compiling addr2line v0.25.1
[INFO] [stderr]    Compiling synstructure v0.13.2
[INFO] [stderr]    Compiling darling_core v0.23.0
[INFO] [stderr]    Compiling serde_derive_internals v0.29.1
[INFO] [stderr]    Compiling zerofrom-derive v0.1.6
[INFO] [stderr]    Compiling yoke-derive v0.8.1
[INFO] [stderr]    Compiling zerovec-derive v0.11.2
[INFO] [stderr]    Compiling displaydoc v0.2.5
[INFO] [stderr]    Compiling tokio-macros v2.6.0
[INFO] [stderr]    Compiling futures-macro v0.3.32
[INFO] [stderr]    Compiling tracing-attributes v0.1.31
[INFO] [stderr]    Compiling serde_derive v1.0.228
[INFO] [stderr]    Compiling ref-cast-impl v1.0.25
[INFO] [stderr]    Compiling thiserror-impl v2.0.18
[INFO] [stderr]    Compiling async-trait v0.1.89
[INFO] [stderr]    Compiling schemars_derive v1.2.1
[INFO] [stderr]    Compiling ref-cast v1.0.25
[INFO] [stderr]    Compiling clap_derive v4.5.55
[INFO] [stderr]    Compiling backtrace v0.3.76
[INFO] [stderr]    Compiling tokio v1.49.0
[INFO] [stderr]    Compiling futures-util v0.3.32
[INFO] [stderr]    Compiling flutter_rust_bridge_macros v2.11.1
[INFO] [stderr]    Compiling delegate-attr v0.3.0
[INFO] [stderr]    Compiling thiserror v2.0.18
[INFO] [stderr]    Compiling zerofrom v0.1.6
[INFO] [stderr]    Compiling yoke v0.8.1
[INFO] [stderr]    Compiling allo-isolate v0.1.27
[INFO] [stderr]    Compiling zerotrie v0.2.3
[INFO] [stderr]    Compiling zerovec v0.11.5
[INFO] [stderr]    Compiling tracing v0.1.44
[INFO] [stderr]    Compiling tracing-subscriber v0.3.22
[INFO] [stderr]    Compiling darling_macro v0.23.0
[INFO] [stderr]    Compiling darling v0.23.0
[INFO] [stderr]    Compiling rmcp-macros v0.16.0
[INFO] [stderr]    Compiling clap v4.5.60
[INFO] [stderr]    Compiling tinystr v0.8.2
[INFO] [stderr]    Compiling potential_utf v0.1.4
[INFO] [stderr]    Compiling icu_collections v2.1.1
[INFO] [stderr]    Compiling icu_locale_core v2.1.1
[INFO] [stderr]    Compiling serde v1.0.228
[INFO] [stderr]    Compiling futures-executor v0.3.32
[INFO] [stderr]    Compiling futures v0.3.32
[INFO] [stderr]    Compiling serde_urlencoded v0.7.1
[INFO] [stderr]    Compiling chrono v0.4.44
[INFO] [stderr]    Compiling icu_provider v2.1.1
[INFO] [stderr]    Compiling icu_properties v2.1.2
[INFO] [stderr]    Compiling icu_normalizer v2.1.1
[INFO] [stderr]    Compiling schemars v1.2.1
[INFO] [stderr]    Compiling idna_adapter v1.2.1
[INFO] [stderr]    Compiling idna v1.1.0
[INFO] [stderr]    Compiling url v2.5.8
[INFO] [stderr]    Compiling hyper v1.8.1
[INFO] [stderr]    Compiling tower v0.5.3
[INFO] [stderr]    Compiling tokio-util v0.7.18
[INFO] [stderr]    Compiling tower-http v0.6.8
[INFO] [stderr]    Compiling rustls-webpki v0.103.9
[INFO] [stderr]    Compiling hyper-util v0.1.20
[INFO] [stderr]    Compiling tokio-rustls v0.26.4
[INFO] [stderr]    Compiling hyper-rustls v0.27.7
[INFO] [stderr]    Compiling reqwest v0.12.28
[INFO] [stderr]    Compiling niobium-pipe v0.1.0 (/opt/rustwide/workdir/crates/niobium-pipe)
[INFO] [stderr]    Compiling rusqlite v0.33.0
[INFO] [stderr]    Compiling niobium-mcp v0.1.1 (/opt/rustwide/workdir/crates/niobium-mcp)
[INFO] [stderr]    Compiling rust_lib_niobium v0.1.0 (/opt/rustwide/workdir/app/rust)
[INFO] [stderr]     Finished `release` profile [optimized] target(s) in 3m 47s
[INFO] running `Command { std: "docker" "inspect" "a29fa575f4823406b717e06455691f0a4ac761122cbacb8c6b2af54aa662090b", kill_on_drop: false }`
[INFO] running `Command { std: "docker" "exec" "-e" "SOURCE_DIR=/opt/rustwide/workdir" "-e" "CARGO_HOME=/opt/rustwide/cargo-home" "-e" "RUSTUP_HOME=/opt/rustwide/rustup-home" "-e" "CARGO_TARGET_DIR=/opt/rustwide/target" "-e" "CARGO_INCREMENTAL=0" "-e" "RUST_BACKTRACE=full" "-e" "RUSTFLAGS=--cap-lints=warn" "-e" "RUSTDOCFLAGS=--cap-lints=warn" "-w" "/opt/rustwide/workdir" "--user" "0:0" "a29fa575f4823406b717e06455691f0a4ac761122cbacb8c6b2af54aa662090b" "/opt/rustwide/cargo-home/bin/cargo" "+1.100.0-beta.1" "test" "--frozen" "--no-run" "--message-format=json" "--release", kill_on_drop: false }`
[INFO] [stderr] warning: `package.homepage` is redundant with `package.repository`
[INFO] [stderr]  --> crates/niobium-mcp/Cargo.toml:8:12
[INFO] [stderr]   |
[INFO] [stderr] 7 | repository = "https://github.com/ricardo-hdrn/niobium"
[INFO] [stderr]   |              -----------------------------------------
[INFO] [stderr] 8 | homepage = "https://github.com/ricardo-hdrn/niobium"
[INFO] [stderr]   |            ^^^^^^^^^^^^^^^^^^^^^^^^^^^^^^^^^^^^^^^^^
[INFO] [stderr]   |
[INFO] [stderr]   = note: `cargo::redundant_homepage` is set to `warn` by default
[INFO] [stderr] help: consider removing `package.homepage`
[INFO] [stderr] warning: `niobium-mcp` (manifest) generated 1 warning
[INFO] [stderr]    Compiling futures-util v0.3.32
[INFO] [stderr]    Compiling tokio-util v0.7.18
[INFO] [stderr]    Compiling rusqlite v0.33.0
[INFO] [stderr]    Compiling tracing-subscriber v0.3.22
[INFO] [stderr]    Compiling fastrand v2.3.0
[INFO] [stderr]    Compiling deadpool-runtime v0.1.4
[INFO] [stderr]    Compiling rustix v1.1.4
[INFO] [stderr]    Compiling assert-json-diff v2.0.2
[INFO] [stderr]    Compiling deadpool v0.12.3
[INFO] [stderr]    Compiling h2 v0.4.13
[INFO] [stderr]    Compiling tempfile v3.26.0
[INFO] [stderr]    Compiling futures-executor v0.3.32
[INFO] [stderr]    Compiling tower v0.5.3
[INFO] [stderr]    Compiling futures v0.3.32
[INFO] [stderr]    Compiling rmcp v0.16.0
[INFO] [stderr]    Compiling flutter_rust_bridge v2.11.1
[INFO] [stderr]    Compiling hyper v1.8.1
[INFO] [stderr]    Compiling tower-http v0.6.8
[INFO] [stderr]    Compiling hyper-util v0.1.20
[INFO] [stderr]    Compiling hyper-rustls v0.27.7
[INFO] [stderr]    Compiling wiremock v0.6.5
[INFO] [stderr]    Compiling reqwest v0.12.28
[INFO] [stderr]    Compiling niobium-pipe v0.1.0 (/opt/rustwide/workdir/crates/niobium-pipe)
[INFO] [stderr]    Compiling niobium-mcp v0.1.1 (/opt/rustwide/workdir/crates/niobium-mcp)
[INFO] [stderr]    Compiling rust_lib_niobium v0.1.0 (/opt/rustwide/workdir/app/rust)
[INFO] [stderr]     Finished `release` profile [optimized] target(s) in 2m 03s
[INFO] running `Command { std: "docker" "inspect" "a29fa575f4823406b717e06455691f0a4ac761122cbacb8c6b2af54aa662090b", kill_on_drop: false }`
[INFO] running `Command { std: "docker" "exec" "-e" "SOURCE_DIR=/opt/rustwide/workdir" "-e" "CARGO_HOME=/opt/rustwide/cargo-home" "-e" "RUSTUP_HOME=/opt/rustwide/rustup-home" "-e" "CARGO_TARGET_DIR=/opt/rustwide/target" "-e" "CARGO_INCREMENTAL=0" "-e" "RUST_BACKTRACE=full" "-e" "RUSTFLAGS=--cap-lints=warn" "-e" "RUSTDOCFLAGS=--cap-lints=warn" "-w" "/opt/rustwide/workdir" "--user" "0:0" "a29fa575f4823406b717e06455691f0a4ac761122cbacb8c6b2af54aa662090b" "/opt/rustwide/cargo-home/bin/cargo" "+1.100.0-beta.1" "test" "--frozen" "--release", kill_on_drop: false }`
[INFO] [stderr] warning: `package.homepage` is redundant with `package.repository`
[INFO] [stderr]  --> crates/niobium-mcp/Cargo.toml:8:12
[INFO] [stderr]   |
[INFO] [stderr] 7 | repository = "https://github.com/ricardo-hdrn/niobium"
[INFO] [stderr]   |              -----------------------------------------
[INFO] [stderr] 8 | homepage = "https://github.com/ricardo-hdrn/niobium"
[INFO] [stderr]   |            ^^^^^^^^^^^^^^^^^^^^^^^^^^^^^^^^^^^^^^^^^
[INFO] [stderr]   |
[INFO] [stderr]   = note: `cargo::redundant_homepage` is set to `warn` by default
[INFO] [stderr] help: consider removing `package.homepage`
[INFO] [stderr] warning: `niobium-mcp` (manifest) generated 1 warning
[INFO] [stderr]     Finished `release` profile [optimized] target(s) in 0.30s
[INFO] [stderr]      Running unittests src/lib.rs (/opt/rustwide/target/release/build/niobium-mcp/7ee3eba37799d53f/out/niobium_mcp-7ee3eba37799d53f)
[INFO] [stdout] 
[INFO] [stdout] running 40 tests
[INFO] [stdout] test core::event_bus::tests::test_is_response_classification ... ok
[INFO] [stdout] test core::event_bus::tests::test_router_stops_on_shutdown ... ok
[INFO] [stdout] test core::event_bus::tests::test_multiple_subscribers_receive_event ... ok
[INFO] [stdout] test schema_store::tests::test_get_nonexistent_form_returns_none ... ok
[INFO] [stdout] test core::event_bus::tests::test_emit_and_subscribe ... ok
[INFO] [stdout] test server::tests::test_md_to_page_nb_card_with_title ... ok
[INFO] [stdout] test server::tests::test_md_to_page_nb_collapse ... ok
[INFO] [stdout] test server::tests::test_md_to_page_nb_gap ... ok
[INFO] [stdout] test server::tests::test_md_to_page_multiple_h1 ... ok
[INFO] [stdout] test server::tests::test_md_to_page_nb_hero ... ok
[INFO] [stdout] test server::tests::test_md_to_page_basic ... ok
[INFO] [stdout] test server::tests::test_md_to_page_nb_image ... ok
[INFO] [stdout] test server::tests::test_md_to_page_nb_badge ... ok
[INFO] [stdout] test schema_store::tests::test_record_and_get_submission ... ok
[INFO] [stdout] test schema_store::tests::test_save_and_get_form ... ok
[INFO] [stdout] test core::event_bus::tests::test_request_response_pairing ... ok
[INFO] [stdout] test schema_store::tests::test_list_forms_returns_latest_versions ... ok
[INFO] [stdout] test core::event_bus::tests::test_cancellation_response ... ok
[INFO] [stdout] test core::event_bus::tests::test_request_response_confirmation ... ok
[INFO] [stdout] test schema_store::tests::test_auto_increments_version ... ok
[INFO] [stdout] test server::tests::test_md_to_page_nb_input_date ... ok
[INFO] [stdout] test server::tests::test_md_to_page_nb_input_enum_single_quotes ... ok
[INFO] [stdout] test server::tests::test_md_to_page_nb_input_basic ... ok
[INFO] [stdout] test server::tests::test_md_to_page_nb_progress ... ok
[INFO] [stdout] test server::tests::test_md_to_page_no_headings ... ok
[INFO] [stdout] test server::tests::test_md_to_page_nb_input_boolean ... ok
[INFO] [stdout] test server::tests::test_md_to_page_nb_input_number ... ok
[INFO] [stdout] test server::tests::test_md_to_page_niobium_blocks ... ok
[INFO] [stdout] test server::tests::test_md_to_page_nb_nested_in_section ... ok
[INFO] [stdout] test server::tests::test_md_to_page_nb_input_mixed_with_content ... ok
[INFO] [stdout] test server::tests::test_md_to_page_nb_stat ... ok
[INFO] [stdout] test server::tests::test_md_to_page_nb_input_no_key_skipped ... ok
[INFO] [stdout] test server::tests::test_md_to_page_regular_code_blocks_pass_through ... ok
[INFO] [stdout] test server::tests::test_md_to_page_nb_tabs ... ok
[INFO] [stdout] test server::tests::test_md_to_page_nb_row_with_cols ... ok
[INFO] [stdout] test server::tests::test_parse_nb_attrs_with_title ... ok
[INFO] [stderr]      Running unittests src/main.rs (/opt/rustwide/target/release/build/niobium-mcp/d7587a021752ff3d/out/niobium-d7587a021752ff3d)
[INFO] [stdout] test server::tests::test_parse_nb_attrs_bare_flag ... ok
[INFO] [stdout] test server::tests::test_parse_nb_attrs_basic ... ok
[INFO] [stdout] test server::tests::test_parse_nb_attrs_numeric ... ok
[INFO] [stdout] test server::tests::test_md_to_page_nb_alert ... ok
[INFO] [stdout] 
[INFO] [stdout] test result: ok. 40 passed; 0 failed; 0 ignored; 0 measured; 0 filtered out; finished in 0.02s
[INFO] [stdout] 
[INFO] [stdout] 
[INFO] [stdout] running 0 tests
[INFO] [stdout] 
[INFO] [stdout] test result: ok. 0 passed; 0 failed; 0 ignored; 0 measured; 0 filtered out; finished in 0.00s
[INFO] [stdout] 
[INFO] [stdout] 
[INFO] [stderr]      Running tests/mcp_e2e.rs (/opt/rustwide/target/release/build/niobium-mcp/bc28dba4ee23e8d8/out/mcp_e2e-bc28dba4ee23e8d8)
[INFO] [stdout] running 9 tests
[INFO] [stdout] test test_headless_env_var ... FAILED
[INFO] [stdout] test test_save_form_auto_versions ... FAILED
[INFO] [stdout] test test_show_form_rejects_non_object_schema ... FAILED
[INFO] [stdout] test test_broken_flutter_binary_falls_back_to_headless ... FAILED
[INFO] [stdout] test test_tools_list_returns_all_tools ... FAILED
[INFO] [stdout] test test_initialize_handshake ... FAILED
[INFO] [stdout] test test_list_forms_empty ... FAILED
[INFO] [stdout] test test_headless_flag ... FAILED
[INFO] [stdout] test test_save_and_list_forms ... FAILED
[INFO] [stderr] error: test failed, to rerun pass `-p niobium-mcp --test mcp_e2e`
[INFO] [stdout] 
[INFO] [stdout] failures:
[INFO] [stdout] 
[INFO] [stdout] ---- test_headless_env_var stdout ----
[INFO] [stdout] 
[INFO] [stdout] thread 'test_headless_env_var' (3426) panicked at crates/niobium-mcp/tests/mcp_e2e.rs:131:29:
[INFO] [stdout] failed to start /opt/rustwide/target/release/build/niobium-mcp/bc28dba4ee23e8d8/niobium: No such file or directory (os error 2)
[INFO] [stdout] stack backtrace:
[INFO] [stdout]    0:     0x5aae87321901 - <<std[617be2ca0a6fd877]::sys::backtrace::BacktraceLock>::print::DisplayBacktrace as core[a373ad73a504971]::fmt::Display>::fmt
[INFO] [stdout]    1:     0x5aae873365ba - core[a373ad73a504971]::fmt::write
[INFO] [stdout]    2:     0x5aae87325e0c - <alloc[2e1b2a31b91974c5]::vec::Vec<u8> as core[a373ad73a504971]::io::write::Write>::write_fmt
[INFO] [stdout]    3:     0x5aae872fc086 - std[617be2ca0a6fd877]::panicking::default_hook::{closure#0}
[INFO] [stdout]    4:     0x5aae87319499 - std[617be2ca0a6fd877]::panicking::default_hook
[INFO] [stdout]    5:     0x5aae872ad5e0 - test[aada8e7e76ba119b]::test_main_inner::{closure#0}
[INFO] [stdout]    6:     0x5aae87319652 - std[617be2ca0a6fd877]::panicking::panic_with_hook
[INFO] [stdout]    7:     0x5aae872fc132 - std[617be2ca0a6fd877]::panicking::panic_handler::{closure#0}
[INFO] [stdout]    8:     0x5aae872f4d29 - std[617be2ca0a6fd877]::sys::backtrace::__rust_end_short_backtrace::<std[617be2ca0a6fd877]::panicking::panic_handler::{closure#0}, !>
[INFO] [stdout]    9:     0x5aae872fcdfd - __rustc[ea4f61d10b84890b]::rust_begin_unwind
[INFO] [stdout]   10:     0x5aae87336cec - core[a373ad73a504971]::panicking::panic_fmt
[INFO] [stdout]   11:     0x5aae87291019 - mcp_e2e[c5193c8a52f3f4b]::run_mcp_session_with::{closure#0}
[INFO] [stdout]   12:     0x5aae87292ab5 - mcp_e2e[c5193c8a52f3f4b]::run_mcp_session_with
[INFO] [stdout]   13:     0x5aae872938c1 - <mcp_e2e[c5193c8a52f3f4b]::test_headless_env_var::{closure#0} as core[a373ad73a504971]::ops::function::FnOnce<()>>::call_once
[INFO] [stdout]   14:     0x5aae872a0a2b - test[aada8e7e76ba119b]::__rust_begin_short_backtrace::<core[a373ad73a504971]::result::Result<(), alloc[2e1b2a31b91974c5]::string::String>, fn() -> core[a373ad73a504971]::result::Result<(), alloc[2e1b2a31b91974c5]::string::String>>
[INFO] [stdout]   15:     0x5aae872adc05 - test[aada8e7e76ba119b]::run_test::{closure#0}
[INFO] [stdout]   16:     0x5aae872a74f4 - std[617be2ca0a6fd877]::sys::backtrace::__rust_begin_short_backtrace::<test[aada8e7e76ba119b]::run_test::{closure#1}, ()>
[INFO] [stdout]   17:     0x5aae872b0c92 - <std[617be2ca0a6fd877]::thread::lifecycle::spawn_unchecked<test[aada8e7e76ba119b]::run_test::{closure#1}, ()>::{closure#1} as core[a373ad73a504971]::ops::function::FnOnce<()>>::call_once::{shim:vtable#0}
[INFO] [stdout]   18:     0x5aae87320f7f - <std[617be2ca0a6fd877]::sys::thread::unix::Thread>::new::thread_start
[INFO] [stdout]   19:     0x71c0849fedfa - <unknown>
[INFO] [stdout]   20:     0x71c084a923d4 - clone
[INFO] [stdout]   21:                0x0 - <unknown>
[INFO] [stdout] 
[INFO] [stdout] ---- test_save_form_auto_versions stdout ----
[INFO] [stdout] 
[INFO] [stdout] thread 'test_save_form_auto_versions' (3431) panicked at crates/niobium-mcp/tests/mcp_e2e.rs:40:29:
[INFO] [stdout] failed to start /opt/rustwide/target/release/build/niobium-mcp/bc28dba4ee23e8d8/niobium: No such file or directory (os error 2)
[INFO] [stdout] stack backtrace:
[INFO] [stdout]    0:     0x5aae87321901 - <<std[617be2ca0a6fd877]::sys::backtrace::BacktraceLock>::print::DisplayBacktrace as core[a373ad73a504971]::fmt::Display>::fmt
[INFO] [stdout]    1:     0x5aae873365ba - core[a373ad73a504971]::fmt::write
[INFO] [stdout]    2:     0x5aae87325e0c - <alloc[2e1b2a31b91974c5]::vec::Vec<u8> as core[a373ad73a504971]::io::write::Write>::write_fmt
[INFO] [stdout]    3:     0x5aae872fc086 - std[617be2ca0a6fd877]::panicking::default_hook::{closure#0}
[INFO] [stdout]    4:     0x5aae87319499 - std[617be2ca0a6fd877]::panicking::default_hook
[INFO] [stdout]    5:     0x5aae872ad5e0 - test[aada8e7e76ba119b]::test_main_inner::{closure#0}
[INFO] [stdout]    6:     0x5aae87319652 - std[617be2ca0a6fd877]::panicking::panic_with_hook
[INFO] [stdout]    7:     0x5aae872fc132 - std[617be2ca0a6fd877]::panicking::panic_handler::{closure#0}
[INFO] [stdout]    8:     0x5aae872f4d29 - std[617be2ca0a6fd877]::sys::backtrace::__rust_end_short_backtrace::<std[617be2ca0a6fd877]::panicking::panic_handler::{closure#0}, !>
[INFO] [stdout]    9:     0x5aae872fcdfd - __rustc[ea4f61d10b84890b]::rust_begin_unwind
[INFO] [stdout]   10:     0x5aae87336cec - core[a373ad73a504971]::panicking::panic_fmt
[INFO] [stdout]   11:     0x5aae87290f79 - mcp_e2e[c5193c8a52f3f4b]::run_mcp_session::{closure#0}
[INFO] [stdout]   12:     0x5aae87292273 - mcp_e2e[c5193c8a52f3f4b]::run_mcp_session
[INFO] [stdout]   13:     0x5aae872967cf - <mcp_e2e[c5193c8a52f3f4b]::test_save_form_auto_versions::{closure#0} as core[a373ad73a504971]::ops::function::FnOnce<()>>::call_once
[INFO] [stdout]   14:     0x5aae872a0a2b - test[aada8e7e76ba119b]::__rust_begin_short_backtrace::<core[a373ad73a504971]::result::Result<(), alloc[2e1b2a31b91974c5]::string::String>, fn() -> core[a373ad73a504971]::result::Result<(), alloc[2e1b2a31b91974c5]::string::String>>
[INFO] [stdout]   15:     0x5aae872adc05 - test[aada8e7e76ba119b]::run_test::{closure#0}
[INFO] [stdout]   16:     0x5aae872a74f4 - std[617be2ca0a6fd877]::sys::backtrace::__rust_begin_short_backtrace::<test[aada8e7e76ba119b]::run_test::{closure#1}, ()>
[INFO] [stdout]   17:     0x5aae872b0c92 - <std[617be2ca0a6fd877]::thread::lifecycle::spawn_unchecked<test[aada8e7e76ba119b]::run_test::{closure#1}, ()>::{closure#1} as core[a373ad73a504971]::ops::function::FnOnce<()>>::call_once::{shim:vtable#0}
[INFO] [stdout]   18:     0x5aae87320f7f - <std[617be2ca0a6fd877]::sys::thread::unix::Thread>::new::thread_start
[INFO] [stdout]   19:     0x71c0849fedfa - <unknown>
[INFO] [stdout]   20:     0x71c084a923d4 - clone
[INFO] [stdout]   21:                0x0 - <unknown>
[INFO] [stdout] 
[INFO] [stdout] ---- test_show_form_rejects_non_object_schema stdout ----
[INFO] [stdout] 
[INFO] [stdout] thread 'test_show_form_rejects_non_object_schema' (3432) panicked at crates/niobium-mcp/tests/mcp_e2e.rs:40:29:
[INFO] [stdout] failed to start /opt/rustwide/target/release/build/niobium-mcp/bc28dba4ee23e8d8/niobium: No such file or directory (os error 2)
[INFO] [stdout] stack backtrace:
[INFO] [stdout]    0:     0x5aae87321901 - <<std[617be2ca0a6fd877]::sys::backtrace::BacktraceLock>::print::DisplayBacktrace as core[a373ad73a504971]::fmt::Display>::fmt
[INFO] [stdout]    1:     0x5aae873365ba - core[a373ad73a504971]::fmt::write
[INFO] [stdout]    2:     0x5aae87325e0c - <alloc[2e1b2a31b91974c5]::vec::Vec<u8> as core[a373ad73a504971]::io::write::Write>::write_fmt
[INFO] [stdout]    3:     0x5aae872fc086 - std[617be2ca0a6fd877]::panicking::default_hook::{closure#0}
[INFO] [stdout]    4:     0x5aae87319499 - std[617be2ca0a6fd877]::panicking::default_hook
[INFO] [stdout]    5:     0x5aae872ad5e0 - test[aada8e7e76ba119b]::test_main_inner::{closure#0}
[INFO] [stdout]    6:     0x5aae87319652 - std[617be2ca0a6fd877]::panicking::panic_with_hook
[INFO] [stdout]    7:     0x5aae872fc132 - std[617be2ca0a6fd877]::panicking::panic_handler::{closure#0}
[INFO] [stdout]    8:     0x5aae872f4d29 - std[617be2ca0a6fd877]::sys::backtrace::__rust_end_short_backtrace::<std[617be2ca0a6fd877]::panicking::panic_handler::{closure#0}, !>
[INFO] [stdout]    9:     0x5aae872fcdfd - __rustc[ea4f61d10b84890b]::rust_begin_unwind
[INFO] [stdout]   10:     0x5aae87336cec - core[a373ad73a504971]::panicking::panic_fmt
[INFO] [stdout]   11:     0x5aae87290f79 - mcp_e2e[c5193c8a52f3f4b]::run_mcp_session::{closure#0}
[INFO] [stdout]   12:     0x5aae87292273 - mcp_e2e[c5193c8a52f3f4b]::run_mcp_session
[INFO] [stdout]   13:     0x5aae87297c6d - <mcp_e2e[c5193c8a52f3f4b]::test_show_form_rejects_non_object_schema::{closure#0} as core[a373ad73a504971]::ops::function::FnOnce<()>>::call_once
[INFO] [stdout]   14:     0x5aae872a0a2b - test[aada8e7e76ba119b]::__rust_begin_short_backtrace::<core[a373ad73a504971]::result::Result<(), alloc[2e1b2a31b91974c5]::string::String>, fn() -> core[a373ad73a504971]::result::Result<(), alloc[2e1b2a31b91974c5]::string::String>>
[INFO] [stdout]   15:     0x5aae872adc05 - test[aada8e7e76ba119b]::run_test::{closure#0}
[INFO] [stdout]   16:     0x5aae872a74f4 - std[617be2ca0a6fd877]::sys::backtrace::__rust_begin_short_backtrace::<test[aada8e7e76ba119b]::run_test::{closure#1}, ()>
[INFO] [stdout]   17:     0x5aae872b0c92 - <std[617be2ca0a6fd877]::thread::lifecycle::spawn_unchecked<test[aada8e7e76ba119b]::run_test::{closure#1}, ()>::{closure#1} as core[a373ad73a504971]::ops::function::FnOnce<()>>::call_once::{shim:vtable#0}
[INFO] [stdout]   18:     0x5aae87320f7f - <std[617be2ca0a6fd877]::sys::thread::unix::Thread>::new::thread_start
[INFO] [stdout]   19:     0x71c0849fedfa - <unknown>
[INFO] [stdout]   20:     0x71c084a923d4 - clone
[INFO] [stdout]   21:                0x0 - <unknown>
[INFO] [stdout] 
[INFO] [stdout] ---- test_broken_flutter_binary_falls_back_to_headless stdout ----
[INFO] [stdout] 
[INFO] [stdout] thread 'test_broken_flutter_binary_falls_back_to_headless' (3425) panicked at crates/niobium-mcp/tests/mcp_e2e.rs:131:29:
[INFO] [stdout] failed to start /opt/rustwide/target/release/build/niobium-mcp/bc28dba4ee23e8d8/niobium: No such file or directory (os error 2)
[INFO] [stdout] stack backtrace:
[INFO] [stdout]    0:     0x5aae87321901 - <<std[617be2ca0a6fd877]::sys::backtrace::BacktraceLock>::print::DisplayBacktrace as core[a373ad73a504971]::fmt::Display>::fmt
[INFO] [stdout]    1:     0x5aae873365ba - core[a373ad73a504971]::fmt::write
[INFO] [stdout]    2:     0x5aae87325e0c - <alloc[2e1b2a31b91974c5]::vec::Vec<u8> as core[a373ad73a504971]::io::write::Write>::write_fmt
[INFO] [stdout]    3:     0x5aae872fc086 - std[617be2ca0a6fd877]::panicking::default_hook::{closure#0}
[INFO] [stdout]    4:     0x5aae87319499 - std[617be2ca0a6fd877]::panicking::default_hook
[INFO] [stdout]    5:     0x5aae872ad5e0 - test[aada8e7e76ba119b]::test_main_inner::{closure#0}
[INFO] [stdout]    6:     0x5aae87319652 - std[617be2ca0a6fd877]::panicking::panic_with_hook
[INFO] [stdout]    7:     0x5aae872fc132 - std[617be2ca0a6fd877]::panicking::panic_handler::{closure#0}
[INFO] [stdout]    8:     0x5aae872f4d29 - std[617be2ca0a6fd877]::sys::backtrace::__rust_end_short_backtrace::<std[617be2ca0a6fd877]::panicking::panic_handler::{closure#0}, !>
[INFO] [stdout]    9:     0x5aae872fcdfd - __rustc[ea4f61d10b84890b]::rust_begin_unwind
[INFO] [stdout]   10:     0x5aae87336cec - core[a373ad73a504971]::panicking::panic_fmt
[INFO] [stdout]   11:     0x5aae87291019 - mcp_e2e[c5193c8a52f3f4b]::run_mcp_session_with::{closure#0}
[INFO] [stdout]   12:     0x5aae87292ab5 - mcp_e2e[c5193c8a52f3f4b]::run_mcp_session_with
[INFO] [stdout]   13:     0x5aae872980cc - <mcp_e2e[c5193c8a52f3f4b]::test_broken_flutter_binary_falls_back_to_headless::{closure#0} as core[a373ad73a504971]::ops::function::FnOnce<()>>::call_once
[INFO] [stdout]   14:     0x5aae872a0a2b - test[aada8e7e76ba119b]::__rust_begin_short_backtrace::<core[a373ad73a504971]::result::Result<(), alloc[2e1b2a31b91974c5]::string::String>, fn() -> core[a373ad73a504971]::result::Result<(), alloc[2e1b2a31b91974c5]::string::String>>
[INFO] [stdout]   15:     0x5aae872adc05 - test[aada8e7e76ba119b]::run_test::{closure#0}
[INFO] [stdout]   16:     0x5aae872a74f4 - std[617be2ca0a6fd877]::sys::backtrace::__rust_begin_short_backtrace::<test[aada8e7e76ba119b]::run_test::{closure#1}, ()>
[INFO] [stdout]   17:     0x5aae872b0c92 - <std[617be2ca0a6fd877]::thread::lifecycle::spawn_unchecked<test[aada8e7e76ba119b]::run_test::{closure#1}, ()>::{closure#1} as core[a373ad73a504971]::ops::function::FnOnce<()>>::call_once::{shim:vtable#0}
[INFO] [stdout]   18:     0x5aae87320f7f - <std[617be2ca0a6fd877]::sys::thread::unix::Thread>::new::thread_start
[INFO] [stdout]   19:     0x71c0849fedfa - <unknown>
[INFO] [stdout]   20:     0x71c084a923d4 - clone
[INFO] [stdout]   21:                0x0 - <unknown>
[INFO] [stdout] 
[INFO] [stdout] ---- test_tools_list_returns_all_tools stdout ----
[INFO] [stdout] 
[INFO] [stdout] thread 'test_tools_list_returns_all_tools' (3433) panicked at crates/niobium-mcp/tests/mcp_e2e.rs:40:29:
[INFO] [stdout] failed to start /opt/rustwide/target/release/build/niobium-mcp/bc28dba4ee23e8d8/niobium: No such file or directory (os error 2)
[INFO] [stdout] stack backtrace:
[INFO] [stdout]    0:     0x5aae87321901 - <<std[617be2ca0a6fd877]::sys::backtrace::BacktraceLock>::print::DisplayBacktrace as core[a373ad73a504971]::fmt::Display>::fmt
[INFO] [stdout]    1:     0x5aae873365ba - core[a373ad73a504971]::fmt::write
[INFO] [stdout]    2:     0x5aae87325e0c - <alloc[2e1b2a31b91974c5]::vec::Vec<u8> as core[a373ad73a504971]::io::write::Write>::write_fmt
[INFO] [stdout]    3:     0x5aae872fc086 - std[617be2ca0a6fd877]::panicking::default_hook::{closure#0}
[INFO] [stdout]    4:     0x5aae87319499 - std[617be2ca0a6fd877]::panicking::default_hook
[INFO] [stdout]    5:     0x5aae872ad5e0 - test[aada8e7e76ba119b]::test_main_inner::{closure#0}
[INFO] [stdout]    6:     0x5aae87319652 - std[617be2ca0a6fd877]::panicking::panic_with_hook
[INFO] [stdout]    7:     0x5aae872fc132 - std[617be2ca0a6fd877]::panicking::panic_handler::{closure#0}
[INFO] [stdout]    8:     0x5aae872f4d29 - std[617be2ca0a6fd877]::sys::backtrace::__rust_end_short_backtrace::<std[617be2ca0a6fd877]::panicking::panic_handler::{closure#0}, !>
[INFO] [stdout]    9:     0x5aae872fcdfd - __rustc[ea4f61d10b84890b]::rust_begin_unwind
[INFO] [stdout]   10:     0x5aae87336cec - core[a373ad73a504971]::panicking::panic_fmt
[INFO] [stdout]   11:     0x5aae87290f79 - mcp_e2e[c5193c8a52f3f4b]::run_mcp_session::{closure#0}
[INFO] [stdout]   12:     0x5aae87292273 - mcp_e2e[c5193c8a52f3f4b]::run_mcp_session
[INFO] [stdout]   13:     0x5aae8729749d - <mcp_e2e[c5193c8a52f3f4b]::test_tools_list_returns_all_tools::{closure#0} as core[a373ad73a504971]::ops::function::FnOnce<()>>::call_once
[INFO] [stdout]   14:     0x5aae872a0a2b - test[aada8e7e76ba119b]::__rust_begin_short_backtrace::<core[a373ad73a504971]::result::Result<(), alloc[2e1b2a31b91974c5]::string::String>, fn() -> core[a373ad73a504971]::result::Result<(), alloc[2e1b2a31b91974c5]::string::String>>
[INFO] [stdout]   15:     0x5aae872adc05 - test[aada8e7e76ba119b]::run_test::{closure#0}
[INFO] [stdout]   16:     0x5aae872a74f4 - std[617be2ca0a6fd877]::sys::backtrace::__rust_begin_short_backtrace::<test[aada8e7e76ba119b]::run_test::{closure#1}, ()>
[INFO] [stdout]   17:     0x5aae872b0c92 - <std[617be2ca0a6fd877]::thread::lifecycle::spawn_unchecked<test[aada8e7e76ba119b]::run_test::{closure#1}, ()>::{closure#1} as core[a373ad73a504971]::ops::function::FnOnce<()>>::call_once::{shim:vtable#0}
[INFO] [stdout]   18:     0x5aae87320f7f - <std[617be2ca0a6fd877]::sys::thread::unix::Thread>::new::thread_start
[INFO] [stdout]   19:     0x71c0849fedfa - <unknown>
[INFO] [stdout]   20:     0x71c084a923d4 - clone
[INFO] [stdout]   21:                0x0 - <unknown>
[INFO] [stdout] 
[INFO] [stdout] ---- test_initialize_handshake stdout ----
[INFO] [stdout] 
[INFO] [stdout] thread 'test_initialize_handshake' (3428) panicked at crates/niobium-mcp/tests/mcp_e2e.rs:40:29:
[INFO] [stdout] failed to start /opt/rustwide/target/release/build/niobium-mcp/bc28dba4ee23e8d8/niobium: No such file or directory (os error 2)
[INFO] [stdout] stack backtrace:
[INFO] [stdout]    0:     0x5aae87321901 - <<std[617be2ca0a6fd877]::sys::backtrace::BacktraceLock>::print::DisplayBacktrace as core[a373ad73a504971]::fmt::Display>::fmt
[INFO] [stdout]    1:     0x5aae873365ba - core[a373ad73a504971]::fmt::write
[INFO] [stdout]    2:     0x5aae87325e0c - <alloc[2e1b2a31b91974c5]::vec::Vec<u8> as core[a373ad73a504971]::io::write::Write>::write_fmt
[INFO] [stdout]    3:     0x5aae872fc086 - std[617be2ca0a6fd877]::panicking::default_hook::{closure#0}
[INFO] [stdout]    4:     0x5aae87319499 - std[617be2ca0a6fd877]::panicking::default_hook
[INFO] [stdout]    5:     0x5aae872ad5e0 - test[aada8e7e76ba119b]::test_main_inner::{closure#0}
[INFO] [stdout]    6:     0x5aae87319652 - std[617be2ca0a6fd877]::panicking::panic_with_hook
[INFO] [stdout]    7:     0x5aae872fc132 - std[617be2ca0a6fd877]::panicking::panic_handler::{closure#0}
[INFO] [stdout]    8:     0x5aae872f4d29 - std[617be2ca0a6fd877]::sys::backtrace::__rust_end_short_backtrace::<std[617be2ca0a6fd877]::panicking::panic_handler::{closure#0}, !>
[INFO] [stdout]    9:     0x5aae872fcdfd - __rustc[ea4f61d10b84890b]::rust_begin_unwind
[INFO] [stdout]   10:     0x5aae87336cec - core[a373ad73a504971]::panicking::panic_fmt
[INFO] [stdout]   11:     0x5aae87290f79 - mcp_e2e[c5193c8a52f3f4b]::run_mcp_session::{closure#0}
[INFO] [stdout]   12:     0x5aae87292273 - mcp_e2e[c5193c8a52f3f4b]::run_mcp_session
[INFO] [stdout]   13:     0x5aae872953c1 - <mcp_e2e[c5193c8a52f3f4b]::test_initialize_handshake::{closure#0} as core[a373ad73a504971]::ops::function::FnOnce<()>>::call_once
[INFO] [stdout]   14:     0x5aae872a0a2b - test[aada8e7e76ba119b]::__rust_begin_short_backtrace::<core[a373ad73a504971]::result::Result<(), alloc[2e1b2a31b91974c5]::string::String>, fn() -> core[a373ad73a504971]::result::Result<(), alloc[2e1b2a31b91974c5]::string::String>>
[INFO] [stdout]   15:     0x5aae872adc05 - test[aada8e7e76ba119b]::run_test::{closure#0}
[INFO] [stdout]   16:     0x5aae872a74f4 - std[617be2ca0a6fd877]::sys::backtrace::__rust_begin_short_backtrace::<test[aada8e7e76ba119b]::run_test::{closure#1}, ()>
[INFO] [stdout]   17:     0x5aae872b0c92 - <std[617be2ca0a6fd877]::thread::lifecycle::spawn_unchecked<test[aada8e7e76ba119b]::run_test::{closure#1}, ()>::{closure#1} as core[a373ad73a504971]::ops::function::FnOnce<()>>::call_once::{shim:vtable#0}
[INFO] [stdout]   18:     0x5aae87320f7f - <std[617be2ca0a6fd877]::sys::thread::unix::Thread>::new::thread_start
[INFO] [stdout]   19:     0x71c0849fedfa - <unknown>
[INFO] [stdout]   20:     0x71c084a923d4 - clone
[INFO] [stdout]   21:                0x0 - <unknown>
[INFO] [stdout] 
[INFO] [stdout] ---- test_list_forms_empty stdout ----
[INFO] [stdout] 
[INFO] [stdout] thread 'test_list_forms_empty' (3429) panicked at crates/niobium-mcp/tests/mcp_e2e.rs:40:29:
[INFO] [stdout] failed to start /opt/rustwide/target/release/build/niobium-mcp/bc28dba4ee23e8d8/niobium: No such file or directory (os error 2)
[INFO] [stdout] stack backtrace:
[INFO] [stdout]    0:     0x5aae87321901 - <<std[617be2ca0a6fd877]::sys::backtrace::BacktraceLock>::print::DisplayBacktrace as core[a373ad73a504971]::fmt::Display>::fmt
[INFO] [stdout]    1:     0x5aae873365ba - core[a373ad73a504971]::fmt::write
[INFO] [stdout]    2:     0x5aae87325e0c - <alloc[2e1b2a31b91974c5]::vec::Vec<u8> as core[a373ad73a504971]::io::write::Write>::write_fmt
[INFO] [stdout]    3:     0x5aae872fc086 - std[617be2ca0a6fd877]::panicking::default_hook::{closure#0}
[INFO] [stdout]    4:     0x5aae87319499 - std[617be2ca0a6fd877]::panicking::default_hook
[INFO] [stdout]    5:     0x5aae872ad5e0 - test[aada8e7e76ba119b]::test_main_inner::{closure#0}
[INFO] [stdout]    6:     0x5aae87319652 - std[617be2ca0a6fd877]::panicking::panic_with_hook
[INFO] [stdout]    7:     0x5aae872fc132 - std[617be2ca0a6fd877]::panicking::panic_handler::{closure#0}
[INFO] [stdout]    8:     0x5aae872f4d29 - std[617be2ca0a6fd877]::sys::backtrace::__rust_end_short_backtrace::<std[617be2ca0a6fd877]::panicking::panic_handler::{closure#0}, !>
[INFO] [stdout]    9:     0x5aae872fcdfd - __rustc[ea4f61d10b84890b]::rust_begin_unwind
[INFO] [stdout]   10:     0x5aae87336cec - core[a373ad73a504971]::panicking::panic_fmt
[INFO] [stdout]   11:     0x5aae87290f79 - mcp_e2e[c5193c8a52f3f4b]::run_mcp_session::{closure#0}
[INFO] [stdout]   12:     0x5aae87292273 - mcp_e2e[c5193c8a52f3f4b]::run_mcp_session
[INFO] [stdout]   13:     0x5aae87293c33 - <mcp_e2e[c5193c8a52f3f4b]::test_list_forms_empty::{closure#0} as core[a373ad73a504971]::ops::function::FnOnce<()>>::call_once
[INFO] [stdout]   14:     0x5aae872a0a2b - test[aada8e7e76ba119b]::__rust_begin_short_backtrace::<core[a373ad73a504971]::result::Result<(), alloc[2e1b2a31b91974c5]::string::String>, fn() -> core[a373ad73a504971]::result::Result<(), alloc[2e1b2a31b91974c5]::string::String>>
[INFO] [stdout]   15:     0x5aae872adc05 - test[aada8e7e76ba119b]::run_test::{closure#0}
[INFO] [stdout]   16:     0x5aae872a74f4 - std[617be2ca0a6fd877]::sys::backtrace::__rust_begin_short_backtrace::<test[aada8e7e76ba119b]::run_test::{closure#1}, ()>
[INFO] [stdout]   17:     0x5aae872b0c92 - <std[617be2ca0a6fd877]::thread::lifecycle::spawn_unchecked<test[aada8e7e76ba119b]::run_test::{closure#1}, ()>::{closure#1} as core[a373ad73a504971]::ops::function::FnOnce<()>>::call_once::{shim:vtable#0}
[INFO] [stdout]   18:     0x5aae87320f7f - <std[617be2ca0a6fd877]::sys::thread::unix::Thread>::new::thread_start
[INFO] [stdout]   19:     0x71c0849fedfa - <unknown>
[INFO] [stdout]   20:     0x71c084a923d4 - clone
[INFO] [stdout]   21:                0x0 - <unknown>
[INFO] [stdout] 
[INFO] [stdout] ---- test_headless_flag stdout ----
[INFO] [stdout] 
[INFO] [stdout] thread 'test_headless_flag' (3427) panicked at crates/niobium-mcp/tests/mcp_e2e.rs:131:29:
[INFO] [stdout] failed to start /opt/rustwide/target/release/build/niobium-mcp/bc28dba4ee23e8d8/niobium: No such file or directory (os error 2)
[INFO] [stdout] stack backtrace:
[INFO] [stdout]    0:     0x5aae87321901 - <<std[617be2ca0a6fd877]::sys::backtrace::BacktraceLock>::print::DisplayBacktrace as core[a373ad73a504971]::fmt::Display>::fmt
[INFO] [stdout]    1:     0x5aae873365ba - core[a373ad73a504971]::fmt::write
[INFO] [stdout]    2:     0x5aae87325e0c - <alloc[2e1b2a31b91974c5]::vec::Vec<u8> as core[a373ad73a504971]::io::write::Write>::write_fmt
[INFO] [stdout]    3:     0x5aae872fc086 - std[617be2ca0a6fd877]::panicking::default_hook::{closure#0}
[INFO] [stdout]    4:     0x5aae87319499 - std[617be2ca0a6fd877]::panicking::default_hook
[INFO] [stdout]    5:     0x5aae872ad5e0 - test[aada8e7e76ba119b]::test_main_inner::{closure#0}
[INFO] [stdout]    6:     0x5aae87319652 - std[617be2ca0a6fd877]::panicking::panic_with_hook
[INFO] [stdout]    7:     0x5aae872fc132 - std[617be2ca0a6fd877]::panicking::panic_handler::{closure#0}
[INFO] [stdout]    8:     0x5aae872f4d29 - std[617be2ca0a6fd877]::sys::backtrace::__rust_end_short_backtrace::<std[617be2ca0a6fd877]::panicking::panic_handler::{closure#0}, !>
[INFO] [stdout]    9:     0x5aae872fcdfd - __rustc[ea4f61d10b84890b]::rust_begin_unwind
[INFO] [stdout]   10:     0x5aae87336cec - core[a373ad73a504971]::panicking::panic_fmt
[INFO] [stdout]   11:     0x5aae87291019 - mcp_e2e[c5193c8a52f3f4b]::run_mcp_session_with::{closure#0}
[INFO] [stdout]   12:     0x5aae87292ab5 - mcp_e2e[c5193c8a52f3f4b]::run_mcp_session_with
[INFO] [stdout]   13:     0x5aae87293557 - <mcp_e2e[c5193c8a52f3f4b]::test_headless_flag::{closure#0} as core[a373ad73a504971]::ops::function::FnOnce<()>>::call_once
[INFO] [stdout]   14:     0x5aae872a0a2b - test[aada8e7e76ba119b]::__rust_begin_short_backtrace::<core[a373ad73a504971]::result::Result<(), alloc[2e1b2a31b91974c5]::string::String>, fn() -> core[a373ad73a504971]::result::Result<(), alloc[2e1b2a31b91974c5]::string::String>>
[INFO] [stdout]   15:     0x5aae872adc05 - test[aada8e7e76ba119b]::run_test::{closure#0}
[INFO] [stdout]   16:     0x5aae872a74f4 - std[617be2ca0a6fd877]::sys::backtrace::__rust_begin_short_backtrace::<test[aada8e7e76ba119b]::run_test::{closure#1}, ()>
[INFO] [stdout]   17:     0x5aae872b0c92 - <std[617be2ca0a6fd877]::thread::lifecycle::spawn_unchecked<test[aada8e7e76ba119b]::run_test::{closure#1}, ()>::{closure#1} as core[a373ad73a504971]::ops::function::FnOnce<()>>::call_once::{shim:vtable#0}
[INFO] [stdout]   18:     0x5aae87320f7f - <std[617be2ca0a6fd877]::sys::thread::unix::Thread>::new::thread_start
[INFO] [stdout]   19:     0x71c0849fedfa - <unknown>
[INFO] [stdout]   20:     0x71c084a923d4 - clone
[INFO] [stdout]   21:                0x0 - <unknown>
[INFO] [stdout] 
[INFO] [stdout] ---- test_save_and_list_forms stdout ----
[INFO] [stdout] 
[INFO] [stdout] thread 'test_save_and_list_forms' (3430) panicked at crates/niobium-mcp/tests/mcp_e2e.rs:40:29:
[INFO] [stdout] failed to start /opt/rustwide/target/release/build/niobium-mcp/bc28dba4ee23e8d8/niobium: No such file or directory (os error 2)
[INFO] [stdout] stack backtrace:
[INFO] [stdout]    0:     0x5aae87321901 - <<std[617be2ca0a6fd877]::sys::backtrace::BacktraceLock>::print::DisplayBacktrace as core[a373ad73a504971]::fmt::Display>::fmt
[INFO] [stdout]    1:     0x5aae873365ba - core[a373ad73a504971]::fmt::write
[INFO] [stdout]    2:     0x5aae87325e0c - <alloc[2e1b2a31b91974c5]::vec::Vec<u8> as core[a373ad73a504971]::io::write::Write>::write_fmt
[INFO] [stdout]    3:     0x5aae872fc086 - std[617be2ca0a6fd877]::panicking::default_hook::{closure#0}
[INFO] [stdout]    4:     0x5aae87319499 - std[617be2ca0a6fd877]::panicking::default_hook
[INFO] [stdout]    5:     0x5aae872ad5e0 - test[aada8e7e76ba119b]::test_main_inner::{closure#0}
[INFO] [stdout]    6:     0x5aae87319652 - std[617be2ca0a6fd877]::panicking::panic_with_hook
[INFO] [stdout]    7:     0x5aae872fc132 - std[617be2ca0a6fd877]::panicking::panic_handler::{closure#0}
[INFO] [stdout]    8:     0x5aae872f4d29 - std[617be2ca0a6fd877]::sys::backtrace::__rust_end_short_backtrace::<std[617be2ca0a6fd877]::panicking::panic_handler::{closure#0}, !>
[INFO] [stdout]    9:     0x5aae872fcdfd - __rustc[ea4f61d10b84890b]::rust_begin_unwind
[INFO] [stdout]   10:     0x5aae87336cec - core[a373ad73a504971]::panicking::panic_fmt
[INFO] [stdout]   11:     0x5aae87290f79 - mcp_e2e[c5193c8a52f3f4b]::run_mcp_session::{closure#0}
[INFO] [stdout]   12:     0x5aae87292273 - mcp_e2e[c5193c8a52f3f4b]::run_mcp_session
[INFO] [stdout]   13:     0x5aae87294977 - <mcp_e2e[c5193c8a52f3f4b]::test_save_and_list_forms::{closure#0} as core[a373ad73a504971]::ops::function::FnOnce<()>>::call_once
[INFO] [stdout]   14:     0x5aae872a0a2b - test[aada8e7e76ba119b]::__rust_begin_short_backtrace::<core[a373ad73a504971]::result::Result<(), alloc[2e1b2a31b91974c5]::string::String>, fn() -> core[a373ad73a504971]::result::Result<(), alloc[2e1b2a31b91974c5]::string::String>>
[INFO] [stdout]   15:     0x5aae872adc05 - test[aada8e7e76ba119b]::run_test::{closure#0}
[INFO] [stdout]   16:     0x5aae872a74f4 - std[617be2ca0a6fd877]::sys::backtrace::__rust_begin_short_backtrace::<test[aada8e7e76ba119b]::run_test::{closure#1}, ()>
[INFO] [stdout]   17:     0x5aae872b0c92 - <std[617be2ca0a6fd877]::thread::lifecycle::spawn_unchecked<test[aada8e7e76ba119b]::run_test::{closure#1}, ()>::{closure#1} as core[a373ad73a504971]::ops::function::FnOnce<()>>::call_once::{shim:vtable#0}
[INFO] [stdout]   18:     0x5aae87320f7f - <std[617be2ca0a6fd877]::sys::thread::unix::Thread>::new::thread_start
[INFO] [stdout]   19:     0x71c0849fedfa - <unknown>
[INFO] [stdout]   20:     0x71c084a923d4 - clone
[INFO] [stdout]   21:                0x0 - <unknown>
[INFO] [stdout] 
[INFO] [stdout] 
[INFO] [stdout] failures:
[INFO] [stdout]     test_broken_flutter_binary_falls_back_to_headless
[INFO] [stdout]     test_headless_env_var
[INFO] [stdout]     test_headless_flag
[INFO] [stdout]     test_initialize_handshake
[INFO] [stdout]     test_list_forms_empty
[INFO] [stdout]     test_save_and_list_forms
[INFO] [stdout]     test_save_form_auto_versions
[INFO] [stdout]     test_show_form_rejects_non_object_schema
[INFO] [stdout]     test_tools_list_returns_all_tools
[INFO] [stdout] 
[INFO] [stdout] test result: FAILED. 0 passed; 9 failed; 0 ignored; 0 measured; 0 filtered out; finished in 0.01s
[INFO] [stdout] 
[INFO] running `Command { std: "docker" "inspect" "a29fa575f4823406b717e06455691f0a4ac761122cbacb8c6b2af54aa662090b", kill_on_drop: false }`
[INFO] running `Command { std: "docker" "rm" "-f" "a29fa575f4823406b717e06455691f0a4ac761122cbacb8c6b2af54aa662090b", kill_on_drop: false }`
[INFO] [stdout] a29fa575f4823406b717e06455691f0a4ac761122cbacb8c6b2af54aa662090b
