[INFO] cloning repository https://github.com/qrichert/lessify
[INFO] running `Command { std: "git" "-c" "credential.helper=" "-c" "credential.helper=/workspace/cargo-home/bin/git-credential-null" "clone" "--bare" "https://github.com/qrichert/lessify" "/workspace/cache/git-repos/https%3A%2F%2Fgithub.com%2Fqrichert%2Flessify", kill_on_drop: false }`
[INFO] [stderr] Cloning into bare repository '/workspace/cache/git-repos/https%3A%2F%2Fgithub.com%2Fqrichert%2Flessify'...
[INFO] running `Command { std: "git" "rev-parse" "HEAD", kill_on_drop: false }`
[INFO] [stdout] b8c251fbdeb393b79e0ae903225c93d4b78fe32f
[INFO] testing qrichert/lessify against 1.100.0-beta.1+cargoflags=--release for beta-release-1.100-2
[INFO] running `Command { std: "git" "clone" "/workspace/cache/git-repos/https%3A%2F%2Fgithub.com%2Fqrichert%2Flessify" "/workspace/builds/worker-1-tc2/source", kill_on_drop: false }`
[INFO] [stderr] Cloning into '/workspace/builds/worker-1-tc2/source'...
[INFO] [stderr] done.
[INFO] started tweaking git repo https://github.com/qrichert/lessify
[INFO] finished tweaking git repo https://github.com/qrichert/lessify
[INFO] tweaked toml for git repo https://github.com/qrichert/lessify written to /workspace/builds/worker-1-tc2/source/Cargo.toml
[INFO] validating manifest of git repo https://github.com/qrichert/lessify on toolchain 1.100.0-beta.1
[INFO] running `Command { std: CARGO_HOME="/workspace/cargo-home" RUSTUP_HOME="/workspace/rustup-home" "/workspace/cargo-home/bin/cargo" "+1.100.0-beta.1" "metadata" "--manifest-path" "Cargo.toml" "--no-deps", kill_on_drop: false }`
[INFO] crate git repo https://github.com/qrichert/lessify already has a lockfile, it will not be regenerated
[INFO] running `Command { std: CARGO_HOME="/workspace/cargo-home" RUSTUP_HOME="/workspace/rustup-home" "/workspace/cargo-home/bin/cargo" "+1.100.0-beta.1" "fetch" "--manifest-path" "Cargo.toml", kill_on_drop: false }`
[INFO] running `Command { std: "docker" "create" "-v" "/var/lib/crater-agent-workspace/builds/worker-1-tc2/source:/opt/rustwide/workdir:ro,Z" "-v" "/var/lib/crater-agent-workspace/builds/worker-1-tc2/target:/opt/rustwide/target:rw,Z" "-v" "/var/lib/crater-agent-workspace/cargo-home:/opt/rustwide/cargo-home:ro,Z" "-v" "/var/lib/crater-agent-workspace/rustup-home:/opt/rustwide/rustup-home:ro,Z" "-m" "1610612736" "--network" "none" "ghcr.io/rust-lang/crates-build-env/linux@sha256:77db811e55d90add9212f6832c23229e3de5f1c1f9905e8cb07319ea15df73ac" "sleep" "infinity", kill_on_drop: false }`
[INFO] [stdout] dd2ac5d8fdd54dfe4df955afe68a339952573f77e7fe4ff62007b175cd1ca4f0
[INFO] running `Command { std: "docker" "start" "dd2ac5d8fdd54dfe4df955afe68a339952573f77e7fe4ff62007b175cd1ca4f0", kill_on_drop: false }`
[INFO] running `Command { std: "docker" "inspect" "dd2ac5d8fdd54dfe4df955afe68a339952573f77e7fe4ff62007b175cd1ca4f0", kill_on_drop: false }`
[INFO] running `Command { std: "docker" "exec" "-e" "SOURCE_DIR=/opt/rustwide/workdir" "-e" "CARGO_HOME=/opt/rustwide/cargo-home" "-e" "RUSTUP_HOME=/opt/rustwide/rustup-home" "-e" "CARGO_TARGET_DIR=/opt/rustwide/target" "-w" "/opt/rustwide/workdir" "--user" "0:0" "dd2ac5d8fdd54dfe4df955afe68a339952573f77e7fe4ff62007b175cd1ca4f0" "/opt/rustwide/cargo-home/bin/cargo" "+1.100.0-beta.1" "metadata" "--no-deps" "--format-version=1", kill_on_drop: false }`
[INFO] running `Command { std: "docker" "inspect" "dd2ac5d8fdd54dfe4df955afe68a339952573f77e7fe4ff62007b175cd1ca4f0", kill_on_drop: false }`
[INFO] running `Command { std: "docker" "exec" "-e" "SOURCE_DIR=/opt/rustwide/workdir" "-e" "CARGO_HOME=/opt/rustwide/cargo-home" "-e" "RUSTUP_HOME=/opt/rustwide/rustup-home" "-e" "CARGO_TARGET_DIR=/opt/rustwide/target" "-e" "CARGO_INCREMENTAL=0" "-e" "RUST_BACKTRACE=full" "-e" "RUSTFLAGS=--cap-lints=warn" "-e" "RUSTDOCFLAGS=--cap-lints=warn" "-w" "/opt/rustwide/workdir" "--user" "0:0" "dd2ac5d8fdd54dfe4df955afe68a339952573f77e7fe4ff62007b175cd1ca4f0" "/opt/rustwide/cargo-home/bin/cargo" "+1.100.0-beta.1" "build" "--frozen" "--message-format=json" "--release", kill_on_drop: false }`
[INFO] [stderr]    Compiling lessify v0.6.0 (/opt/rustwide/workdir)
[INFO] [stderr]     Finished `release` profile [optimized] target(s) in 0.41s
[INFO] running `Command { std: "docker" "inspect" "dd2ac5d8fdd54dfe4df955afe68a339952573f77e7fe4ff62007b175cd1ca4f0", kill_on_drop: false }`
[INFO] running `Command { std: "docker" "exec" "-e" "SOURCE_DIR=/opt/rustwide/workdir" "-e" "CARGO_HOME=/opt/rustwide/cargo-home" "-e" "RUSTUP_HOME=/opt/rustwide/rustup-home" "-e" "CARGO_TARGET_DIR=/opt/rustwide/target" "-e" "CARGO_INCREMENTAL=0" "-e" "RUST_BACKTRACE=full" "-e" "RUSTFLAGS=--cap-lints=warn" "-e" "RUSTDOCFLAGS=--cap-lints=warn" "-w" "/opt/rustwide/workdir" "--user" "0:0" "dd2ac5d8fdd54dfe4df955afe68a339952573f77e7fe4ff62007b175cd1ca4f0" "/opt/rustwide/cargo-home/bin/cargo" "+1.100.0-beta.1" "test" "--frozen" "--no-run" "--message-format=json" "--release", kill_on_drop: false }`
[INFO] [stderr]    Compiling lessify v0.6.0 (/opt/rustwide/workdir)
[INFO] [stderr]     Finished `release` profile [optimized] target(s) in 0.80s
[INFO] running `Command { std: "docker" "inspect" "dd2ac5d8fdd54dfe4df955afe68a339952573f77e7fe4ff62007b175cd1ca4f0", kill_on_drop: false }`
[INFO] running `Command { std: "docker" "exec" "-e" "SOURCE_DIR=/opt/rustwide/workdir" "-e" "CARGO_HOME=/opt/rustwide/cargo-home" "-e" "RUSTUP_HOME=/opt/rustwide/rustup-home" "-e" "CARGO_TARGET_DIR=/opt/rustwide/target" "-e" "CARGO_INCREMENTAL=0" "-e" "RUST_BACKTRACE=full" "-e" "RUSTFLAGS=--cap-lints=warn" "-e" "RUSTDOCFLAGS=--cap-lints=warn" "-w" "/opt/rustwide/workdir" "--user" "0:0" "dd2ac5d8fdd54dfe4df955afe68a339952573f77e7fe4ff62007b175cd1ca4f0" "/opt/rustwide/cargo-home/bin/cargo" "+1.100.0-beta.1" "test" "--frozen" "--release", kill_on_drop: false }`
[INFO] [stderr]     Finished `release` profile [optimized] target(s) in 0.01s
[INFO] [stderr]      Running unittests src/lib.rs (/opt/rustwide/target/release/build/lessify/f7c55e7d670bcfa6/out/lessify-f7c55e7d670bcfa6)
[INFO] [stdout] 
[INFO] [stdout] running 0 tests
[INFO] [stdout] 
[INFO] [stdout] test result: ok. 0 passed; 0 failed; 0 ignored; 0 measured; 0 filtered out; finished in 0.00s
[INFO] [stdout] 
[INFO] [stderr]      Running tests/test_pager.rs (/opt/rustwide/target/release/build/lessify/bd3d5f111efd3494/out/test_pager-bd3d5f111efd3494)
[INFO] [stdout] 
[INFO] [stdout] running 6 tests
[INFO] [stdout] test pager_in_env ... ok
[INFO] [stdout] test page_or_print_with_newline ... ok
[INFO] [stdout] test page_with_newline ... ok
[INFO] [stdout] test page_without_newline ... FAILED
[INFO] [stdout] test page_or_print_without_newline ... ok
[INFO] [stdout] test output_paged_trait ... ok
[INFO] [stdout] 
[INFO] [stdout] failures:
[INFO] [stdout] 
[INFO] [stdout] ---- page_without_newline stdout ----
[INFO] [stdout] 
[INFO] [stdout] thread 'page_without_newline' (372) panicked at tests/test_pager.rs:66:52:
[INFO] [stdout] called `Result::unwrap()` on an `Err` value: Os { code: 2, kind: NotFound, message: "No such file or directory" }
[INFO] [stdout] stack backtrace:
[INFO] [stdout]    0:     0x59059e84ad51 - <<std[617be2ca0a6fd877]::sys::backtrace::BacktraceLock>::print::DisplayBacktrace as core[a373ad73a504971]::fmt::Display>::fmt
[INFO] [stdout]    1:     0x59059e85ed4a - core[a373ad73a504971]::fmt::write
[INFO] [stdout]    2:     0x59059e84effc - <alloc[2e1b2a31b91974c5]::vec::Vec<u8> as core[a373ad73a504971]::io::write::Write>::write_fmt
[INFO] [stdout]    3:     0x59059e8268f6 - std[617be2ca0a6fd877]::panicking::default_hook::{closure#0}
[INFO] [stdout]    4:     0x59059e842f59 - std[617be2ca0a6fd877]::panicking::default_hook
[INFO] [stdout]    5:     0x59059e7dcc30 - test[aada8e7e76ba119b]::test_main_inner::{closure#0}
[INFO] [stdout]    6:     0x59059e843112 - std[617be2ca0a6fd877]::panicking::panic_with_hook
[INFO] [stdout]    7:     0x59059e8269a2 - std[617be2ca0a6fd877]::panicking::panic_handler::{closure#0}
[INFO] [stdout]    8:     0x59059e81f2e9 - std[617be2ca0a6fd877]::sys::backtrace::__rust_end_short_backtrace::<std[617be2ca0a6fd877]::panicking::panic_handler::{closure#0}, !>
[INFO] [stdout]    9:     0x59059e82764d - __rustc[ea4f61d10b84890b]::rust_begin_unwind
[INFO] [stdout]   10:     0x59059e85f47c - core[a373ad73a504971]::panicking::panic_fmt
[INFO] [stdout]   11:     0x59059e85f252 - core[a373ad73a504971]::result::unwrap_failed
[INFO] [stdout]   12:     0x59059e7cfc9e - <test_pager[cfba75b4c51e8502]::page_without_newline::{closure#0} as core[a373ad73a504971]::ops::function::FnOnce<()>>::call_once
[INFO] [stdout]   13:     0x59059e7d007b - test[aada8e7e76ba119b]::__rust_begin_short_backtrace::<core[a373ad73a504971]::result::Result<(), alloc[2e1b2a31b91974c5]::string::String>, fn() -> core[a373ad73a504971]::result::Result<(), alloc[2e1b2a31b91974c5]::string::String>>
[INFO] [stdout]   14:     0x59059e7dd255 - test[aada8e7e76ba119b]::run_test::{closure#0}
[INFO] [stdout]   15:     0x59059e7d6b44 - std[617be2ca0a6fd877]::sys::backtrace::__rust_begin_short_backtrace::<test[aada8e7e76ba119b]::run_test::{closure#1}, ()>
[INFO] [stdout]   16:     0x59059e7e02e2 - <std[617be2ca0a6fd877]::thread::lifecycle::spawn_unchecked<test[aada8e7e76ba119b]::run_test::{closure#1}, ()>::{closure#1} as core[a373ad73a504971]::ops::function::FnOnce<()>>::call_once::{shim:vtable#0}
[INFO] [stdout]   17:     0x59059e84a24f - <std[617be2ca0a6fd877]::sys::thread::unix::Thread>::new::thread_start
[INFO] [stdout]   18:     0x76209abc2dfa - <unknown>
[INFO] [stdout]   19:     0x76209ac563d4 - clone
[INFO] [stdout]   20:                0x0 - <unknown>
[INFO] [stdout] 
[INFO] [stdout] 
[INFO] [stdout] failures:
[INFO] [stdout]     page_without_newline
[INFO] [stdout] 
[INFO] [stdout] test result: FAILED. 5 passed; 1 failed; 0 ignored; 0 measured; 0 filtered out; finished in 0.04s
[INFO] [stderr] error: test failed, to rerun pass `--test test_pager`
[INFO] [stdout] 
[INFO] running `Command { std: "docker" "inspect" "dd2ac5d8fdd54dfe4df955afe68a339952573f77e7fe4ff62007b175cd1ca4f0", kill_on_drop: false }`
[INFO] running `Command { std: "docker" "rm" "-f" "dd2ac5d8fdd54dfe4df955afe68a339952573f77e7fe4ff62007b175cd1ca4f0", kill_on_drop: false }`
[INFO] [stdout] dd2ac5d8fdd54dfe4df955afe68a339952573f77e7fe4ff62007b175cd1ca4f0
