[INFO] cloning repository https://github.com/prsutherland/transaction-ingestion
[INFO] running `Command { std: "git" "-c" "credential.helper=" "-c" "credential.helper=/workspace/cargo-home/bin/git-credential-null" "clone" "--bare" "https://github.com/prsutherland/transaction-ingestion" "/workspace/cache/git-repos/https%3A%2F%2Fgithub.com%2Fprsutherland%2Ftransaction-ingestion", kill_on_drop: false }`
[INFO] [stderr] Cloning into bare repository '/workspace/cache/git-repos/https%3A%2F%2Fgithub.com%2Fprsutherland%2Ftransaction-ingestion'...
[INFO] running `Command { std: "git" "rev-parse" "HEAD", kill_on_drop: false }`
[INFO] [stdout] 88497b24e8d35f633f26f4ae97bafba887c07e4e
[INFO] testing prsutherland/transaction-ingestion against 1.100.0-beta.1+cargoflags=--release for beta-release-1.100-2
[INFO] running `Command { std: "git" "clone" "/workspace/cache/git-repos/https%3A%2F%2Fgithub.com%2Fprsutherland%2Ftransaction-ingestion" "/workspace/builds/worker-6-tc2/source", kill_on_drop: false }`
[INFO] [stderr] Cloning into '/workspace/builds/worker-6-tc2/source'...
[INFO] [stderr] done.
[INFO] started tweaking git repo https://github.com/prsutherland/transaction-ingestion
[INFO] finished tweaking git repo https://github.com/prsutherland/transaction-ingestion
[INFO] tweaked toml for git repo https://github.com/prsutherland/transaction-ingestion written to /workspace/builds/worker-6-tc2/source/Cargo.toml
[INFO] validating manifest of git repo https://github.com/prsutherland/transaction-ingestion on toolchain 1.100.0-beta.1
[INFO] running `Command { std: CARGO_HOME="/workspace/cargo-home" RUSTUP_HOME="/workspace/rustup-home" "/workspace/cargo-home/bin/cargo" "+1.100.0-beta.1" "metadata" "--manifest-path" "Cargo.toml" "--no-deps", kill_on_drop: false }`
[INFO] crate git repo https://github.com/prsutherland/transaction-ingestion already has a lockfile, it will not be regenerated
[INFO] running `Command { std: CARGO_HOME="/workspace/cargo-home" RUSTUP_HOME="/workspace/rustup-home" "/workspace/cargo-home/bin/cargo" "+1.100.0-beta.1" "fetch" "--manifest-path" "Cargo.toml", kill_on_drop: false }`
[INFO] running `Command { std: "docker" "create" "-v" "/var/lib/crater-agent-workspace/builds/worker-6-tc2/source:/opt/rustwide/workdir:ro,Z" "-v" "/var/lib/crater-agent-workspace/builds/worker-6-tc2/target:/opt/rustwide/target:rw,Z" "-v" "/var/lib/crater-agent-workspace/cargo-home:/opt/rustwide/cargo-home:ro,Z" "-v" "/var/lib/crater-agent-workspace/rustup-home:/opt/rustwide/rustup-home:ro,Z" "-m" "1610612736" "--network" "none" "ghcr.io/rust-lang/crates-build-env/linux@sha256:77db811e55d90add9212f6832c23229e3de5f1c1f9905e8cb07319ea15df73ac" "sleep" "infinity", kill_on_drop: false }`
[INFO] [stdout] dc751694d6acc3bafd56d9926165872a07732a8de4ad9dd227255f8678166e0c
[INFO] running `Command { std: "docker" "start" "dc751694d6acc3bafd56d9926165872a07732a8de4ad9dd227255f8678166e0c", kill_on_drop: false }`
[INFO] running `Command { std: "docker" "inspect" "dc751694d6acc3bafd56d9926165872a07732a8de4ad9dd227255f8678166e0c", kill_on_drop: false }`
[INFO] running `Command { std: "docker" "exec" "-e" "SOURCE_DIR=/opt/rustwide/workdir" "-e" "CARGO_HOME=/opt/rustwide/cargo-home" "-e" "RUSTUP_HOME=/opt/rustwide/rustup-home" "-e" "CARGO_TARGET_DIR=/opt/rustwide/target" "-w" "/opt/rustwide/workdir" "--user" "0:0" "dc751694d6acc3bafd56d9926165872a07732a8de4ad9dd227255f8678166e0c" "/opt/rustwide/cargo-home/bin/cargo" "+1.100.0-beta.1" "metadata" "--no-deps" "--format-version=1", kill_on_drop: false }`
[INFO] running `Command { std: "docker" "inspect" "dc751694d6acc3bafd56d9926165872a07732a8de4ad9dd227255f8678166e0c", kill_on_drop: false }`
[INFO] running `Command { std: "docker" "exec" "-e" "SOURCE_DIR=/opt/rustwide/workdir" "-e" "CARGO_HOME=/opt/rustwide/cargo-home" "-e" "RUSTUP_HOME=/opt/rustwide/rustup-home" "-e" "CARGO_TARGET_DIR=/opt/rustwide/target" "-e" "CARGO_INCREMENTAL=0" "-e" "RUST_BACKTRACE=full" "-e" "RUSTFLAGS=--cap-lints=warn" "-e" "RUSTDOCFLAGS=--cap-lints=warn" "-w" "/opt/rustwide/workdir" "--user" "0:0" "dc751694d6acc3bafd56d9926165872a07732a8de4ad9dd227255f8678166e0c" "/opt/rustwide/cargo-home/bin/cargo" "+1.100.0-beta.1" "build" "--frozen" "--message-format=json" "--release", kill_on_drop: false }`
[INFO] [stderr]    Compiling proc-macro2 v1.0.106
[INFO] [stderr]    Compiling quote v1.0.44
[INFO] [stderr]    Compiling serde_core v1.0.228
[INFO] [stderr]    Compiling rust_decimal v1.40.0
[INFO] [stderr]    Compiling memchr v2.8.0
[INFO] [stderr]    Compiling num-traits v0.2.19
[INFO] [stderr]    Compiling csv-core v0.1.13
[INFO] [stderr]    Compiling syn v2.0.117
[INFO] [stderr]    Compiling csv v1.4.0
[INFO] [stderr]    Compiling serde_derive v1.0.228
[INFO] [stderr]    Compiling serde v1.0.228
[INFO] [stderr]    Compiling transaction-ingestion v0.1.0 (/opt/rustwide/workdir)
[INFO] [stderr]     Finished `release` profile [optimized] target(s) in 11.34s
[INFO] running `Command { std: "docker" "inspect" "dc751694d6acc3bafd56d9926165872a07732a8de4ad9dd227255f8678166e0c", kill_on_drop: false }`
[INFO] running `Command { std: "docker" "exec" "-e" "SOURCE_DIR=/opt/rustwide/workdir" "-e" "CARGO_HOME=/opt/rustwide/cargo-home" "-e" "RUSTUP_HOME=/opt/rustwide/rustup-home" "-e" "CARGO_TARGET_DIR=/opt/rustwide/target" "-e" "CARGO_INCREMENTAL=0" "-e" "RUST_BACKTRACE=full" "-e" "RUSTFLAGS=--cap-lints=warn" "-e" "RUSTDOCFLAGS=--cap-lints=warn" "-w" "/opt/rustwide/workdir" "--user" "0:0" "dc751694d6acc3bafd56d9926165872a07732a8de4ad9dd227255f8678166e0c" "/opt/rustwide/cargo-home/bin/cargo" "+1.100.0-beta.1" "test" "--frozen" "--no-run" "--message-format=json" "--release", kill_on_drop: false }`
[INFO] [stderr]    Compiling serde_core v1.0.228
[INFO] [stderr]    Compiling zerocopy v0.8.40
[INFO] [stderr]    Compiling num-traits v0.2.19
[INFO] [stderr]    Compiling csv-core v0.1.13
[INFO] [stderr]    Compiling clap_builder v4.5.60
[INFO] [stderr]    Compiling itertools v0.13.0
[INFO] [stderr]    Compiling syn v2.0.117
[INFO] [stderr]    Compiling crossbeam-epoch v0.9.18
[INFO] [stderr]    Compiling regex-automata v0.4.14
[INFO] [stderr]    Compiling crossbeam-deque v0.8.6
[INFO] [stderr]    Compiling rayon-core v1.13.0
[INFO] [stderr]    Compiling rayon v1.11.0
[INFO] [stderr]    Compiling plotters v0.3.7
[INFO] [stderr]    Compiling criterion-plot v0.6.0
[INFO] [stderr]    Compiling csv v1.4.0
[INFO] [stderr]    Compiling serde_json v1.0.149
[INFO] [stderr]    Compiling regex v1.12.3
[INFO] [stderr]    Compiling clap v4.5.60
[INFO] [stderr]    Compiling serde_derive v1.0.228
[INFO] [stderr]    Compiling zerocopy-derive v0.8.40
[INFO] [stderr]    Compiling serde v1.0.228
[INFO] [stderr]    Compiling rust_decimal v1.40.0
[INFO] [stderr]    Compiling tinytemplate v1.2.1
[INFO] [stderr]    Compiling transaction-ingestion v0.1.0 (/opt/rustwide/workdir)
[INFO] [stderr]    Compiling half v2.7.1
[INFO] [stderr]    Compiling ciborium-ll v0.2.2
[INFO] [stderr]    Compiling ciborium v0.2.2
[INFO] [stderr]    Compiling criterion v0.7.0
[INFO] [stderr]     Finished `release` profile [optimized] target(s) in 46.99s
[INFO] running `Command { std: "docker" "inspect" "dc751694d6acc3bafd56d9926165872a07732a8de4ad9dd227255f8678166e0c", kill_on_drop: false }`
[INFO] running `Command { std: "docker" "exec" "-e" "SOURCE_DIR=/opt/rustwide/workdir" "-e" "CARGO_HOME=/opt/rustwide/cargo-home" "-e" "RUSTUP_HOME=/opt/rustwide/rustup-home" "-e" "CARGO_TARGET_DIR=/opt/rustwide/target" "-e" "CARGO_INCREMENTAL=0" "-e" "RUST_BACKTRACE=full" "-e" "RUSTFLAGS=--cap-lints=warn" "-e" "RUSTDOCFLAGS=--cap-lints=warn" "-w" "/opt/rustwide/workdir" "--user" "0:0" "dc751694d6acc3bafd56d9926165872a07732a8de4ad9dd227255f8678166e0c" "/opt/rustwide/cargo-home/bin/cargo" "+1.100.0-beta.1" "test" "--frozen" "--release", kill_on_drop: false }`
[INFO] [stderr]     Finished `release` profile [optimized] target(s) in 0.12s
[INFO] [stderr]      Running unittests src/lib.rs (/opt/rustwide/target/release/build/transaction-ingestion/7f1ffd564bf0475a/out/transaction_ingestion-7f1ffd564bf0475a)
[INFO] [stdout] 
[INFO] [stdout] running 17 tests
[INFO] [stdout] test engine::tests::dispute_of_existing_deposit_moves_funds_to_held ... ok
[INFO] [stdout] test engine::tests::failed_dispute_does_not_create_account ... ok
[INFO] [stdout] test engine::tests::deposit_and_withdrawal_updates_balances ... ok
[INFO] [stdout] test engine::tests::csv_empty_when_no_accounts_exist ... ok
[INFO] [stdout] test engine::tests::dispute_requires_existing_deposit_transaction ... ok
[INFO] [stdout] test engine::tests::failed_chargeback_does_not_create_account ... ok
[INFO] [stdout] test engine::tests::cannot_dispute_same_transaction_twice_concurrently ... ok
[INFO] [stdout] test engine::tests::dispute_requires_deposit_transaction_kind ... ok
[INFO] [stdout] test engine::tests::locked_account_rejects_deposits ... ok
[INFO] [stdout] test engine::tests::locked_account_rejects_withdrawals ... ok
[INFO] [stdout] test engine::tests::withdrawal_fails_when_funds_are_insufficient ... ok
[INFO] [stdout] test engine::tests::dispute_resolve_and_chargeback_can_process_on_locked_account ... ok
[INFO] [stdout] test engine::tests::negative_deposit_amount_is_rejected ... ok
[INFO] [stdout] test engine::tests::multiple_transactions_can_be_disputed_simultaneously ... ok
[INFO] [stdout] test engine::tests::negative_withdrawal_amount_is_rejected ... ok
[INFO] [stdout] test engine::tests::transaction_can_be_redisputed_after_resolve ... ok
[INFO] [stdout] test engine::tests::failed_resolve_does_not_create_account ... ok
[INFO] [stderr]      Running unittests src/main.rs (/opt/rustwide/target/release/build/transaction-ingestion/14d0f76ed47156fb/out/transaction_ingestion-14d0f76ed47156fb)
[INFO] [stdout] 
[INFO] [stdout] test result: ok. 17 passed; 0 failed; 0 ignored; 0 measured; 0 filtered out; finished in 0.01s
[INFO] [stdout] 
[INFO] [stdout] 
[INFO] [stdout] running 0 tests
[INFO] [stdout] 
[INFO] [stdout] test result: ok. 0 passed; 0 failed; 0 ignored; 0 measured; 0 filtered out; finished in 0.00s
[INFO] [stdout] 
[INFO] [stderr]      Running tests/main_all_inputs.rs (/opt/rustwide/target/release/build/transaction-ingestion/04c1f146baf4baba/out/main_all_inputs-04c1f146baf4baba)
[INFO] [stdout] 
[INFO] [stdout] running 3 tests
[INFO] [stderr] error: test failed, to rerun pass `--test main_all_inputs`
[INFO] [stdout] test main_processes_invalid_amounts_csv ... FAILED
[INFO] [stdout] test main_processes_basic_csv ... FAILED
[INFO] [stdout] test main_processes_dispute_csv ... FAILED
[INFO] [stdout] 
[INFO] [stdout] failures:
[INFO] [stdout] 
[INFO] [stdout] ---- main_processes_invalid_amounts_csv stdout ----
[INFO] [stdout] 
[INFO] [stdout] thread 'main_processes_invalid_amounts_csv' (1194) panicked at tests/main_all_inputs.rs:14:10:
[INFO] [stdout] transaction-ingestion binary should be present in target/debug
[INFO] [stdout] stack backtrace:
[INFO] [stdout]    0:     0x608388808751 - <<std[617be2ca0a6fd877]::sys::backtrace::BacktraceLock>::print::DisplayBacktrace as core[a373ad73a504971]::fmt::Display>::fmt
[INFO] [stdout]    1:     0x60838881c81a - core[a373ad73a504971]::fmt::write
[INFO] [stdout]    2:     0x60838880c98c - <alloc[2e1b2a31b91974c5]::vec::Vec<u8> as core[a373ad73a504971]::io::write::Write>::write_fmt
[INFO] [stdout]    3:     0x6083887e48a6 - std[617be2ca0a6fd877]::panicking::default_hook::{closure#0}
[INFO] [stdout]    4:     0x608388800de9 - std[617be2ca0a6fd877]::panicking::default_hook
[INFO] [stdout]    5:     0x60838879d180 - test[aada8e7e76ba119b]::test_main_inner::{closure#0}
[INFO] [stdout]    6:     0x608388800fa2 - std[617be2ca0a6fd877]::panicking::panic_with_hook
[INFO] [stdout]    7:     0x6083887e4952 - std[617be2ca0a6fd877]::panicking::panic_handler::{closure#0}
[INFO] [stdout]    8:     0x6083887dd669 - std[617be2ca0a6fd877]::sys::backtrace::__rust_end_short_backtrace::<std[617be2ca0a6fd877]::panicking::panic_handler::{closure#0}, !>
[INFO] [stdout]    9:     0x6083887e555d - __rustc[ea4f61d10b84890b]::rust_begin_unwind
[INFO] [stdout]   10:     0x60838881cf4c - core[a373ad73a504971]::panicking::panic_fmt
[INFO] [stdout]   11:     0x60838881cca4 - core[a373ad73a504971]::option::expect_failed
[INFO] [stdout]   12:     0x608388784fa1 - main_all_inputs[f18578a3730587c0]::run_input_file
[INFO] [stdout]   13:     0x6083887863fd - <main_all_inputs[f18578a3730587c0]::main_processes_invalid_amounts_csv::{closure#0} as core[a373ad73a504971]::ops::function::FnOnce<()>>::call_once
[INFO] [stdout]   14:     0x6083887905cb - test[aada8e7e76ba119b]::__rust_begin_short_backtrace::<core[a373ad73a504971]::result::Result<(), alloc[2e1b2a31b91974c5]::string::String>, fn() -> core[a373ad73a504971]::result::Result<(), alloc[2e1b2a31b91974c5]::string::String>>
[INFO] [stdout]   15:     0x60838879d7a5 - test[aada8e7e76ba119b]::run_test::{closure#0}
[INFO] [stdout]   16:     0x608388797094 - std[617be2ca0a6fd877]::sys::backtrace::__rust_begin_short_backtrace::<test[aada8e7e76ba119b]::run_test::{closure#1}, ()>
[INFO] [stdout]   17:     0x6083887a0832 - <std[617be2ca0a6fd877]::thread::lifecycle::spawn_unchecked<test[aada8e7e76ba119b]::run_test::{closure#1}, ()>::{closure#1} as core[a373ad73a504971]::ops::function::FnOnce<()>>::call_once::{shim:vtable#0}
[INFO] [stdout]   18:     0x608388807faf - <std[617be2ca0a6fd877]::sys::thread::unix::Thread>::new::thread_start
[INFO] [stdout]   19:     0x7abde1567dfa - <unknown>
[INFO] [stdout]   20:     0x7abde15fb3d4 - clone
[INFO] [stdout]   21:                0x0 - <unknown>
[INFO] [stdout] 
[INFO] [stdout] ---- main_processes_basic_csv stdout ----
[INFO] [stdout] 
[INFO] [stdout] thread 'main_processes_basic_csv' (1192) panicked at tests/main_all_inputs.rs:14:10:
[INFO] [stdout] transaction-ingestion binary should be present in target/debug
[INFO] [stdout] stack backtrace:
[INFO] [stdout]    0:     0x608388808751 - <<std[617be2ca0a6fd877]::sys::backtrace::BacktraceLock>::print::DisplayBacktrace as core[a373ad73a504971]::fmt::Display>::fmt
[INFO] [stdout]    1:     0x60838881c81a - core[a373ad73a504971]::fmt::write
[INFO] [stdout]    2:     0x60838880c98c - <alloc[2e1b2a31b91974c5]::vec::Vec<u8> as core[a373ad73a504971]::io::write::Write>::write_fmt
[INFO] [stdout]    3:     0x6083887e48a6 - std[617be2ca0a6fd877]::panicking::default_hook::{closure#0}
[INFO] [stdout]    4:     0x608388800de9 - std[617be2ca0a6fd877]::panicking::default_hook
[INFO] [stdout]    5:     0x60838879d180 - test[aada8e7e76ba119b]::test_main_inner::{closure#0}
[INFO] [stdout]    6:     0x608388800fa2 - std[617be2ca0a6fd877]::panicking::panic_with_hook
[INFO] [stdout]    7:     0x6083887e4952 - std[617be2ca0a6fd877]::panicking::panic_handler::{closure#0}
[INFO] [stdout]    8:     0x6083887dd669 - std[617be2ca0a6fd877]::sys::backtrace::__rust_end_short_backtrace::<std[617be2ca0a6fd877]::panicking::panic_handler::{closure#0}, !>
[INFO] [stdout]    9:     0x6083887e555d - __rustc[ea4f61d10b84890b]::rust_begin_unwind
[INFO] [stdout]   10:     0x60838881cf4c - core[a373ad73a504971]::panicking::panic_fmt
[INFO] [stdout]   11:     0x60838881cca4 - core[a373ad73a504971]::option::expect_failed
[INFO] [stdout]   12:     0x608388784fa1 - main_all_inputs[f18578a3730587c0]::run_input_file
[INFO] [stdout]   13:     0x608388785a0e - <main_all_inputs[f18578a3730587c0]::main_processes_basic_csv::{closure#0} as core[a373ad73a504971]::ops::function::FnOnce<()>>::call_once
[INFO] [stdout]   14:     0x6083887905cb - test[aada8e7e76ba119b]::__rust_begin_short_backtrace::<core[a373ad73a504971]::result::Result<(), alloc[2e1b2a31b91974c5]::string::String>, fn() -> core[a373ad73a504971]::result::Result<(), alloc[2e1b2a31b91974c5]::string::String>>
[INFO] [stdout]   15:     0x60838879d7a5 - test[aada8e7e76ba119b]::run_test::{closure#0}
[INFO] [stdout]   16:     0x608388797094 - std[617be2ca0a6fd877]::sys::backtrace::__rust_begin_short_backtrace::<test[aada8e7e76ba119b]::run_test::{closure#1}, ()>
[INFO] [stdout]   17:     0x6083887a0832 - <std[617be2ca0a6fd877]::thread::lifecycle::spawn_unchecked<test[aada8e7e76ba119b]::run_test::{closure#1}, ()>::{closure#1} as core[a373ad73a504971]::ops::function::FnOnce<()>>::call_once::{shim:vtable#0}
[INFO] [stdout]   18:     0x608388807faf - <std[617be2ca0a6fd877]::sys::thread::unix::Thread>::new::thread_start
[INFO] [stdout]   19:     0x7abde1567dfa - <unknown>
[INFO] [stdout]   20:     0x7abde15fb3d4 - clone
[INFO] [stdout]   21:                0x0 - <unknown>
[INFO] [stdout] 
[INFO] [stdout] ---- main_processes_dispute_csv stdout ----
[INFO] [stdout] 
[INFO] [stdout] thread 'main_processes_dispute_csv' (1193) panicked at tests/main_all_inputs.rs:14:10:
[INFO] [stdout] transaction-ingestion binary should be present in target/debug
[INFO] [stdout] stack backtrace:
[INFO] [stdout]    0:     0x608388808751 - <<std[617be2ca0a6fd877]::sys::backtrace::BacktraceLock>::print::DisplayBacktrace as core[a373ad73a504971]::fmt::Display>::fmt
[INFO] [stdout]    1:     0x60838881c81a - core[a373ad73a504971]::fmt::write
[INFO] [stdout]    2:     0x60838880c98c - <alloc[2e1b2a31b91974c5]::vec::Vec<u8> as core[a373ad73a504971]::io::write::Write>::write_fmt
[INFO] [stdout]    3:     0x6083887e48a6 - std[617be2ca0a6fd877]::panicking::default_hook::{closure#0}
[INFO] [stdout]    4:     0x608388800de9 - std[617be2ca0a6fd877]::panicking::default_hook
[INFO] [stdout]    5:     0x60838879d180 - test[aada8e7e76ba119b]::test_main_inner::{closure#0}
[INFO] [stdout]    6:     0x608388800fa2 - std[617be2ca0a6fd877]::panicking::panic_with_hook
[INFO] [stdout]    7:     0x6083887e4952 - std[617be2ca0a6fd877]::panicking::panic_handler::{closure#0}
[INFO] [stdout]    8:     0x6083887dd669 - std[617be2ca0a6fd877]::sys::backtrace::__rust_end_short_backtrace::<std[617be2ca0a6fd877]::panicking::panic_handler::{closure#0}, !>
[INFO] [stdout]    9:     0x6083887e555d - __rustc[ea4f61d10b84890b]::rust_begin_unwind
[INFO] [stdout]   10:     0x60838881cf4c - core[a373ad73a504971]::panicking::panic_fmt
[INFO] [stdout]   11:     0x60838881cca4 - core[a373ad73a504971]::option::expect_failed
[INFO] [stdout]   12:     0x608388784fa1 - main_all_inputs[f18578a3730587c0]::run_input_file
[INFO] [stdout]   13:     0x608388785efe - <main_all_inputs[f18578a3730587c0]::main_processes_dispute_csv::{closure#0} as core[a373ad73a504971]::ops::function::FnOnce<()>>::call_once
[INFO] [stdout]   14:     0x6083887905cb - test[aada8e7e76ba119b]::__rust_begin_short_backtrace::<core[a373ad73a504971]::result::Result<(), alloc[2e1b2a31b91974c5]::string::String>, fn() -> core[a373ad73a504971]::result::Result<(), alloc[2e1b2a31b91974c5]::string::String>>
[INFO] [stdout]   15:     0x60838879d7a5 - test[aada8e7e76ba119b]::run_test::{closure#0}
[INFO] [stdout]   16:     0x608388797094 - std[617be2ca0a6fd877]::sys::backtrace::__rust_begin_short_backtrace::<test[aada8e7e76ba119b]::run_test::{closure#1}, ()>
[INFO] [stdout]   17:     0x6083887a0832 - <std[617be2ca0a6fd877]::thread::lifecycle::spawn_unchecked<test[aada8e7e76ba119b]::run_test::{closure#1}, ()>::{closure#1} as core[a373ad73a504971]::ops::function::FnOnce<()>>::call_once::{shim:vtable#0}
[INFO] [stdout]   18:     0x608388807faf - <std[617be2ca0a6fd877]::sys::thread::unix::Thread>::new::thread_start
[INFO] [stdout]   19:     0x7abde1567dfa - <unknown>
[INFO] [stdout]   20:     0x7abde15fb3d4 - clone
[INFO] [stdout]   21:                0x0 - <unknown>
[INFO] [stdout] 
[INFO] [stdout] 
[INFO] [stdout] failures:
[INFO] [stdout]     main_processes_basic_csv
[INFO] [stdout]     main_processes_dispute_csv
[INFO] [stdout]     main_processes_invalid_amounts_csv
[INFO] [stdout] 
[INFO] [stdout] test result: FAILED. 0 passed; 3 failed; 0 ignored; 0 measured; 0 filtered out; finished in 0.00s
[INFO] [stdout] 
[INFO] running `Command { std: "docker" "inspect" "dc751694d6acc3bafd56d9926165872a07732a8de4ad9dd227255f8678166e0c", kill_on_drop: false }`
[INFO] running `Command { std: "docker" "rm" "-f" "dc751694d6acc3bafd56d9926165872a07732a8de4ad9dd227255f8678166e0c", kill_on_drop: false }`
[INFO] [stdout] dc751694d6acc3bafd56d9926165872a07732a8de4ad9dd227255f8678166e0c
