[INFO] cloning repository https://github.com/pradyuman-verma/roxt
[INFO] running `Command { std: "git" "-c" "credential.helper=" "-c" "credential.helper=/workspace/cargo-home/bin/git-credential-null" "clone" "--bare" "https://github.com/pradyuman-verma/roxt" "/workspace/cache/git-repos/https%3A%2F%2Fgithub.com%2Fpradyuman-verma%2Froxt", kill_on_drop: false }`
[INFO] [stderr] Cloning into bare repository '/workspace/cache/git-repos/https%3A%2F%2Fgithub.com%2Fpradyuman-verma%2Froxt'...
[INFO] running `Command { std: "git" "rev-parse" "HEAD", kill_on_drop: false }`
[INFO] [stdout] 3878e7a50c3fb2928f3a8a5ff84626290b15cdb5
[INFO] testing pradyuman-verma/roxt against 1.100.0-beta.1+cargoflags=--release for beta-release-1.100-2
[INFO] running `Command { std: "git" "clone" "/workspace/cache/git-repos/https%3A%2F%2Fgithub.com%2Fpradyuman-verma%2Froxt" "/workspace/builds/worker-2-tc2/source", kill_on_drop: false }`
[INFO] [stderr] Cloning into '/workspace/builds/worker-2-tc2/source'...
[INFO] [stderr] done.
[INFO] started tweaking git repo https://github.com/pradyuman-verma/roxt
[INFO] finished tweaking git repo https://github.com/pradyuman-verma/roxt
[INFO] tweaked toml for git repo https://github.com/pradyuman-verma/roxt written to /workspace/builds/worker-2-tc2/source/Cargo.toml
[INFO] validating manifest of git repo https://github.com/pradyuman-verma/roxt on toolchain 1.100.0-beta.1
[INFO] running `Command { std: CARGO_HOME="/workspace/cargo-home" RUSTUP_HOME="/workspace/rustup-home" "/workspace/cargo-home/bin/cargo" "+1.100.0-beta.1" "metadata" "--manifest-path" "Cargo.toml" "--no-deps", kill_on_drop: false }`
[INFO] crate git repo https://github.com/pradyuman-verma/roxt already has a lockfile, it will not be regenerated
[INFO] running `Command { std: CARGO_HOME="/workspace/cargo-home" RUSTUP_HOME="/workspace/rustup-home" "/workspace/cargo-home/bin/cargo" "+1.100.0-beta.1" "fetch" "--manifest-path" "Cargo.toml", kill_on_drop: false }`
[INFO] running `Command { std: "docker" "create" "-v" "/var/lib/crater-agent-workspace/builds/worker-2-tc2/source:/opt/rustwide/workdir:ro,Z" "-v" "/var/lib/crater-agent-workspace/builds/worker-2-tc2/target:/opt/rustwide/target:rw,Z" "-v" "/var/lib/crater-agent-workspace/cargo-home:/opt/rustwide/cargo-home:ro,Z" "-v" "/var/lib/crater-agent-workspace/rustup-home:/opt/rustwide/rustup-home:ro,Z" "-m" "1610612736" "--network" "none" "ghcr.io/rust-lang/crates-build-env/linux@sha256:77db811e55d90add9212f6832c23229e3de5f1c1f9905e8cb07319ea15df73ac" "sleep" "infinity", kill_on_drop: false }`
[INFO] [stdout] 50c62c3a7e38e900bc8771e418b9c4a6b2f343ee3efab82cc56751b95d626a87
[INFO] running `Command { std: "docker" "start" "50c62c3a7e38e900bc8771e418b9c4a6b2f343ee3efab82cc56751b95d626a87", kill_on_drop: false }`
[INFO] running `Command { std: "docker" "inspect" "50c62c3a7e38e900bc8771e418b9c4a6b2f343ee3efab82cc56751b95d626a87", kill_on_drop: false }`
[INFO] running `Command { std: "docker" "exec" "-e" "SOURCE_DIR=/opt/rustwide/workdir" "-e" "CARGO_HOME=/opt/rustwide/cargo-home" "-e" "RUSTUP_HOME=/opt/rustwide/rustup-home" "-e" "CARGO_TARGET_DIR=/opt/rustwide/target" "-w" "/opt/rustwide/workdir" "--user" "0:0" "50c62c3a7e38e900bc8771e418b9c4a6b2f343ee3efab82cc56751b95d626a87" "/opt/rustwide/cargo-home/bin/cargo" "+1.100.0-beta.1" "metadata" "--no-deps" "--format-version=1", kill_on_drop: false }`
[INFO] running `Command { std: "docker" "inspect" "50c62c3a7e38e900bc8771e418b9c4a6b2f343ee3efab82cc56751b95d626a87", kill_on_drop: false }`
[INFO] running `Command { std: "docker" "exec" "-e" "SOURCE_DIR=/opt/rustwide/workdir" "-e" "CARGO_HOME=/opt/rustwide/cargo-home" "-e" "RUSTUP_HOME=/opt/rustwide/rustup-home" "-e" "CARGO_TARGET_DIR=/opt/rustwide/target" "-e" "CARGO_INCREMENTAL=0" "-e" "RUST_BACKTRACE=full" "-e" "RUSTFLAGS=--cap-lints=warn" "-e" "RUSTDOCFLAGS=--cap-lints=warn" "-w" "/opt/rustwide/workdir" "--user" "0:0" "50c62c3a7e38e900bc8771e418b9c4a6b2f343ee3efab82cc56751b95d626a87" "/opt/rustwide/cargo-home/bin/cargo" "+1.100.0-beta.1" "build" "--frozen" "--message-format=json" "--release", kill_on_drop: false }`
[INFO] [stderr]    Compiling proc-macro2 v1.0.106
[INFO] [stderr]    Compiling serde_core v1.0.228
[INFO] [stderr]    Compiling thiserror v2.0.18
[INFO] [stderr]    Compiling tracing-core v0.1.36
[INFO] [stderr]    Compiling owo-colors v4.3.0
[INFO] [stderr]    Compiling zstd-safe v7.2.4
[INFO] [stderr]    Compiling bitflags v2.13.0
[INFO] [stderr]    Compiling binrw_derive v0.15.1
[INFO] [stderr]    Compiling jobserver v0.1.34
[INFO] [stderr]    Compiling crc32fast v1.5.0
[INFO] [stderr]    Compiling binrw v0.15.1
[INFO] [stderr]    Compiling log v0.4.32
[INFO] [stderr]    Compiling either v1.16.0
[INFO] [stderr]    Compiling serde v1.0.228
[INFO] [stderr]    Compiling serde_json v1.0.150
[INFO] [stderr]    Compiling memchr v2.8.1
[INFO] [stderr]    Compiling regex-syntax v0.8.11
[INFO] [stderr]    Compiling bytemuck v1.25.0
[INFO] [stderr]    Compiling array-init v2.1.0
[INFO] [stderr]    Compiling hashbrown v0.17.1
[INFO] [stderr]    Compiling num_cpus v1.17.0
[INFO] [stderr]    Compiling unsafe-libyaml v0.2.11
[INFO] [stderr]    Compiling time-core v0.1.4
[INFO] [stderr]    Compiling anyhow v1.0.102
[INFO] [stderr]    Compiling bimap v0.6.3
[INFO] [stderr]    Compiling deranged v0.4.0
[INFO] [stderr]    Compiling cc v1.2.63
[INFO] [stderr]    Compiling time-macros v0.2.22
[INFO] [stderr]    Compiling memmap2 v0.9.10
[INFO] [stderr]    Compiling tracing-log v0.2.0
[INFO] [stderr]    Compiling thread_local v1.1.9
[INFO] [stderr]    Compiling nu-ansi-term v0.50.3
[INFO] [stderr]    Compiling roxt-integration v0.1.0 (/opt/rustwide/workdir/tests/integration)
[INFO] [stderr]    Compiling quote v1.0.45
[INFO] [stderr]    Compiling indexmap v2.14.0
[INFO] [stderr]    Compiling syn v2.0.117
[INFO] [stderr]    Compiling time v0.3.41
[INFO] [stderr]    Compiling regex-automata v0.4.14
[INFO] [stderr]    Compiling libsqlite3-sys v0.32.0
[INFO] [stderr]    Compiling zstd-sys v2.0.16+zstd.1.5.7
[INFO] [stderr]    Compiling lz4-sys v1.11.1+lz4-1.10.0
[INFO] [stderr]    Compiling thiserror-impl v2.0.18
[INFO] [stderr]    Compiling darling_core v0.21.3
[INFO] [stderr]    Compiling tracing-attributes v0.1.31
[INFO] [stderr]    Compiling tracing v0.1.44
[INFO] [stderr]    Compiling serde_derive v1.0.228
[INFO] [stderr]    Compiling clap_derive v4.6.1
[INFO] [stderr]    Compiling darling_macro v0.21.3
[INFO] [stderr]    Compiling darling v0.21.3
[INFO] [stderr]    Compiling enumset_derive v0.15.0
[INFO] [stderr]    Compiling matchers v0.2.0
[INFO] [stderr]    Compiling tracing-subscriber v0.3.23
[INFO] [stderr]    Compiling lz4 v1.28.1
[INFO] [stderr]    Compiling enumset v1.1.13
[INFO] [stderr]    Compiling clap v4.6.1
[INFO] [stderr]    Compiling serde_yaml v0.9.34+deprecated
[INFO] [stderr]    Compiling zstd v0.13.3
[INFO] [stderr]    Compiling mcap v0.25.0
[INFO] [stderr]    Compiling rusqlite v0.34.0
[INFO] [stderr]    Compiling roxt-core v0.1.0 (/opt/rustwide/workdir/crates/roxt-core)
[INFO] [stderr]    Compiling roxt-store v0.1.0 (/opt/rustwide/workdir/crates/roxt-store)
[INFO] [stderr]    Compiling roxt-ingest v0.1.0 (/opt/rustwide/workdir/crates/roxt-ingest)
[INFO] [stderr]    Compiling roxt-query v0.1.0 (/opt/rustwide/workdir/crates/roxt-query)
[INFO] [stderr]    Compiling roxt-cli v0.1.0 (/opt/rustwide/workdir/crates/roxt-cli)
[INFO] [stderr] warning: unused dependency `tracing`
[INFO] [stderr]   --> crates/roxt-ingest/Cargo.toml:21:1
[INFO] [stderr]    |
[INFO] [stderr] 21 | tracing.workspace = true
[INFO] [stderr]    | ^^^^^^^
[INFO] [stderr]    |
[INFO] [stderr]    = note: `cargo::unused_dependencies` is set to `warn` by default
[INFO] [stderr] help: consider removing the dependency on `tracing`
[INFO] [stderr] warning: `roxt-ingest` (manifest) generated 1 warning
[INFO] [stderr]     Finished `release` profile [optimized] target(s) in 2m 55s
[INFO] [stderr] warning: the following packages contain code that will be rejected by a future version of Rust: binrw v0.15.1
[INFO] [stderr] note: to see what the problems were, use the option `--future-incompat-report`, or run `cargo report future-incompatibilities --id 2`
[INFO] running `Command { std: "docker" "inspect" "50c62c3a7e38e900bc8771e418b9c4a6b2f343ee3efab82cc56751b95d626a87", kill_on_drop: false }`
[INFO] running `Command { std: "docker" "exec" "-e" "SOURCE_DIR=/opt/rustwide/workdir" "-e" "CARGO_HOME=/opt/rustwide/cargo-home" "-e" "RUSTUP_HOME=/opt/rustwide/rustup-home" "-e" "CARGO_TARGET_DIR=/opt/rustwide/target" "-e" "CARGO_INCREMENTAL=0" "-e" "RUST_BACKTRACE=full" "-e" "RUSTFLAGS=--cap-lints=warn" "-e" "RUSTDOCFLAGS=--cap-lints=warn" "-w" "/opt/rustwide/workdir" "--user" "0:0" "50c62c3a7e38e900bc8771e418b9c4a6b2f343ee3efab82cc56751b95d626a87" "/opt/rustwide/cargo-home/bin/cargo" "+1.100.0-beta.1" "test" "--frozen" "--no-run" "--message-format=json" "--release", kill_on_drop: false }`
[INFO] [stderr]    Compiling regex-syntax v0.8.11
[INFO] [stderr]    Compiling getrandom v0.4.2
[INFO] [stderr]    Compiling rustix v1.1.4
[INFO] [stderr]    Compiling fastrand v2.4.1
[INFO] [stderr]    Compiling aho-corasick v1.1.4
[INFO] [stderr]    Compiling wait-timeout v0.2.1
[INFO] [stderr]    Compiling rusqlite v0.34.0
[INFO] [stderr]    Compiling getrandom v0.3.4
[INFO] [stderr]    Compiling predicates-core v1.0.10
[INFO] [stderr]    Compiling float-cmp v0.10.0
[INFO] [stderr]    Compiling normalize-line-endings v0.3.0
[INFO] [stderr]    Compiling zerocopy v0.8.52
[INFO] [stderr]    Compiling difflib v0.4.0
[INFO] [stderr]    Compiling termtree v0.5.1
[INFO] [stderr]    Compiling assert_cmd v2.2.2
[INFO] [stderr]    Compiling bit-vec v0.8.0
[INFO] [stderr]    Compiling unarray v0.1.4
[INFO] [stderr]    Compiling predicates-tree v1.0.13
[INFO] [stderr]    Compiling bit-set v0.8.0
[INFO] [stderr]    Compiling rand_core v0.9.5
[INFO] [stderr]    Compiling rand_xorshift v0.4.0
[INFO] [stderr]    Compiling rand v0.9.4
[INFO] [stderr]    Compiling roxt-core v0.1.0 (/opt/rustwide/workdir/crates/roxt-core)
[INFO] [stderr]    Compiling roxt-store v0.1.0 (/opt/rustwide/workdir/crates/roxt-store)
[INFO] [stderr]    Compiling roxt-ingest v0.1.0 (/opt/rustwide/workdir/crates/roxt-ingest)
[INFO] [stderr]    Compiling roxt-query v0.1.0 (/opt/rustwide/workdir/crates/roxt-query)
[INFO] [stderr]    Compiling tempfile v3.27.0
[INFO] [stderr]    Compiling regex-automata v0.4.14
[INFO] [stderr]    Compiling rusty-fork v0.3.1
[INFO] [stderr]    Compiling ppv-lite86 v0.2.21
[INFO] [stderr]    Compiling rand_chacha v0.9.0
[INFO] [stderr]    Compiling proptest v1.11.0
[INFO] [stderr]    Compiling regex v1.12.3
[INFO] [stderr]    Compiling bstr v1.12.1
[INFO] [stderr]    Compiling matchers v0.2.0
[INFO] [stderr]    Compiling tracing-subscriber v0.3.23
[INFO] [stderr]    Compiling predicates v3.1.4
[INFO] [stderr]    Compiling roxt-integration v0.1.0 (/opt/rustwide/workdir/tests/integration)
[INFO] [stderr]    Compiling roxt-cli v0.1.0 (/opt/rustwide/workdir/crates/roxt-cli)
[INFO] [stderr] warning: unused dependency `tracing`
[INFO] [stderr]   --> crates/roxt-ingest/Cargo.toml:21:1
[INFO] [stderr]    |
[INFO] [stderr] 21 | tracing.workspace = true
[INFO] [stderr]    | ^^^^^^^
[INFO] [stderr]    |
[INFO] [stderr]    = note: `cargo::unused_dependencies` is set to `warn` by default
[INFO] [stderr] help: consider removing the dependency on `tracing`
[INFO] [stderr] warning: `roxt-ingest` (manifest) generated 1 warning
[INFO] [stderr]     Finished `release` profile [optimized] target(s) in 1m 02s
[INFO] [stderr] warning: the following packages contain code that will be rejected by a future version of Rust: binrw v0.15.1
[INFO] [stderr] note: to see what the problems were, use the option `--future-incompat-report`, or run `cargo report future-incompatibilities --id 2`
[INFO] running `Command { std: "docker" "inspect" "50c62c3a7e38e900bc8771e418b9c4a6b2f343ee3efab82cc56751b95d626a87", kill_on_drop: false }`
[INFO] running `Command { std: "docker" "exec" "-e" "SOURCE_DIR=/opt/rustwide/workdir" "-e" "CARGO_HOME=/opt/rustwide/cargo-home" "-e" "RUSTUP_HOME=/opt/rustwide/rustup-home" "-e" "CARGO_TARGET_DIR=/opt/rustwide/target" "-e" "CARGO_INCREMENTAL=0" "-e" "RUST_BACKTRACE=full" "-e" "RUSTFLAGS=--cap-lints=warn" "-e" "RUSTDOCFLAGS=--cap-lints=warn" "-w" "/opt/rustwide/workdir" "--user" "0:0" "50c62c3a7e38e900bc8771e418b9c4a6b2f343ee3efab82cc56751b95d626a87" "/opt/rustwide/cargo-home/bin/cargo" "+1.100.0-beta.1" "test" "--frozen" "--release", kill_on_drop: false }`
[INFO] [stderr] warning: unused dependency `tracing`
[INFO] [stderr]   --> crates/roxt-ingest/Cargo.toml:21:1
[INFO] [stderr]    |
[INFO] [stderr] 21 | tracing.workspace = true
[INFO] [stderr]    | ^^^^^^^
[INFO] [stderr]    |
[INFO] [stderr]    = note: `cargo::unused_dependencies` is set to `warn` by default
[INFO] [stderr] help: consider removing the dependency on `tracing`
[INFO] [stderr] warning: `roxt-ingest` (manifest) generated 1 warning
[INFO] [stderr]     Finished `release` profile [optimized] target(s) in 0.21s
[INFO] [stderr] warning: the following packages contain code that will be rejected by a future version of Rust: binrw v0.15.1
[INFO] [stderr] note: to see what the problems were, use the option `--future-incompat-report`, or run `cargo report future-incompatibilities --id 2`
[INFO] [stderr]      Running unittests src/main.rs (/opt/rustwide/target/release/build/roxt-cli/97e8b2a22cdbf7b9/out/roxt-97e8b2a22cdbf7b9)
[INFO] [stdout] 
[INFO] [stdout] running 9 tests
[INFO] [stdout] test commands::diff::tests::payload_change_is_reported_with_its_index ... ok
[INFO] [stdout] test commands::query::format::tests::csv_escapes_embedded_quotes_and_commas ... ok
[INFO] [stdout] test commands::query::format::tests::json_renders_payload_as_hex ... ok
[INFO] [stdout] test commands::replay::tests::out_of_order_stamps_replay_back_to_back ... ok
[INFO] [stdout] test commands::diff::tests::different_ingest_times_are_not_divergence ... ok
[INFO] [stdout] test commands::diff::tests::identical_timelines_have_no_divergence ... ok
[INFO] [stdout] test commands::query::format::tests::renderers_are_deterministic ... ok
[INFO] [stdout] test commands::replay::tests::gap_is_scaled_by_speed ... ok
[INFO] [stdout] test commands::diff::tests::length_mismatch_is_divergence ... ok
[INFO] [stdout] 
[INFO] [stdout] test result: ok. 9 passed; 0 failed; 0 ignored; 0 measured; 0 filtered out; finished in 0.01s
[INFO] [stdout] 
[INFO] [stderr]      Running unittests src/lib.rs (/opt/rustwide/target/release/build/roxt-core/ee159ad98f7fb308/out/roxt_core-ee159ad98f7fb308)
[INFO] [stdout] 
[INFO] [stdout] running 10 tests
[INFO] [stdout] test event::tests::annotation_violations_surface_through_event_validate ... ok
[INFO] [stdout] test event::tests::empty_robot_id_is_rejected ... ok
[INFO] [stdout] test event::tests::severity_round_trips_through_text ... ok
[INFO] [stdout] test event::tests::empty_session_id_is_rejected ... ok
[INFO] [stdout] test event::tests::oversized_metadata_key_is_rejected ... ok
[INFO] [stdout] test event::tests::metadata_at_bound_is_accepted ... ok
[INFO] [stdout] test event::tests::metadata_over_bound_is_rejected ... ok
[INFO] [stdout] test event::tests::unknown_severity_text_is_rejected ... ok
[INFO] [stdout] test event::tests::error_messages_are_human_readable ... ok
[INFO] [stderr]      Running unittests src/lib.rs (/opt/rustwide/target/release/build/roxt-ingest/1345af602c3eb0f2/out/roxt_ingest-1345af602c3eb0f2)
[INFO] [stdout] test event::tests::valid_event_passes_validation ... ok
[INFO] [stdout] 
[INFO] [stdout] test result: ok. 10 passed; 0 failed; 0 ignored; 0 measured; 0 filtered out; finished in 0.01s
[INFO] [stdout] 
[INFO] [stdout] 
[INFO] [stdout] running 13 tests
[INFO] [stdout] test mcap_source::tests::empty_robot_id_is_rejected_before_io ... ok
[INFO] [stdout] test mcap_source::tests::missing_file_fails_before_streaming ... ok
[INFO] [stdout] test mcap_source::tests::empty_file_yields_zero_events_and_stays_exhausted ... ok
[INFO] [stdout] test mcap_source::tests::reads_all_messages_with_expected_fields ... ok
[INFO] [stdout] test mcap_source::tests::truncated_file_surfaces_a_locatable_error ... ok
[INFO] [stdout] test mcap_source::tests::timestamps_are_monotonically_non_decreasing ... ok
[INFO] [stdout] test mcap_source::tests::dropping_a_partially_consumed_source_does_not_hang ... ok
[INFO] [stdout] test ros2bag::tests::empty_bag_yields_zero_events ... ok
[INFO] [stdout] test ros2bag::tests::missing_metadata_yaml_is_an_error ... ok
[INFO] [stdout] test ros2bag::tests::unsupported_metadata_version_fails_loudly ... ok
[INFO] [stdout] test ros2bag::tests::non_sqlite_storage_is_unsupported ... ok
[INFO] [stdout] test ros2bag::tests::direct_db3_path_uses_sibling_metadata ... ok
[INFO] [stdout] test ros2bag::tests::reads_all_messages_in_order ... ok
[INFO] [stderr]      Running unittests src/lib.rs (/opt/rustwide/target/release/build/roxt-integration/d9f6f806246cfd31/out/roxt_integration-d9f6f806246cfd31)
[INFO] [stdout] 
[INFO] [stdout] test result: ok. 13 passed; 0 failed; 0 ignored; 0 measured; 0 filtered out; finished in 7.76s
[INFO] [stdout] 
[INFO] [stdout] 
[INFO] [stderr]      Running tests/conformance.rs (/opt/rustwide/target/release/build/roxt-integration/6b6c5303e54a4f91/out/conformance-6b6c5303e54a4f91)
[INFO] [stdout] running 0 tests
[INFO] [stdout] 
[INFO] [stdout] test result: ok. 0 passed; 0 failed; 0 ignored; 0 measured; 0 filtered out; finished in 0.00s
[INFO] [stdout] 
[INFO] [stdout] 
[INFO] [stdout] running 5 tests
[INFO] [stdout] test schemaless_channel_yields_empty_msg_type ... ok
[INFO] [stdout] test ten_messages_chunked_and_unchunked_agree ... ok
[INFO] [stdout] test no_data_files_yield_zero_events ... ok
[INFO] [stdout] test one_message_is_read_with_schema_name_as_msg_type ... ok
[INFO] [stdout] test attachment_and_metadata_records_are_skipped_not_errors ... ok
[INFO] [stdout] 
[INFO] [stdout] test result: ok. 5 passed; 0 failed; 0 ignored; 0 measured; 0 filtered out; finished in 0.02s
[INFO] [stderr]      Running tests/edge_cases.rs (/opt/rustwide/target/release/build/roxt-integration/8cd9723fe2b64cc7/out/edge_cases-8cd9723fe2b64cc7)
[INFO] [stdout] 
[INFO] [stdout] 
[INFO] [stdout] running 4 tests
[INFO] [stdout] test clock_skew_is_recorded_not_reconciled ... ok
[INFO] [stdout] test log_time_overflowing_i64_is_a_corrupt_payload_error ... ok
[INFO] [stdout] test compression_variants_decode_to_identical_events ... ok
[INFO] [stdout] test pre_epoch_rosbag2_timestamps_survive_the_full_pipeline ... ok
[INFO] [stdout] 
[INFO] [stdout] test result: ok. 4 passed; 0 failed; 0 ignored; 0 measured; 0 filtered out; finished in 0.11s
[INFO] [stdout] 
[INFO] [stderr]      Running tests/fixture_gen.rs (/opt/rustwide/target/release/build/roxt-integration/81b4d6803559fcf8/out/fixture_gen-81b4d6803559fcf8)
[INFO] [stdout] 
[INFO] [stdout] running 1 test
[INFO] [stdout] test generate_fixtures ... ignored, writes checked-in fixtures; run explicitly to regenerate
[INFO] [stdout] 
[INFO] [stdout] test result: ok. 0 passed; 0 failed; 1 ignored; 0 measured; 0 filtered out; finished in 0.00s
[INFO] [stdout] 
[INFO] [stderr]      Running tests/jkk_smoke.rs (/opt/rustwide/target/release/build/roxt-integration/1ea526fdc0b3cfd4/out/jkk_smoke-1ea526fdc0b3cfd4)
[INFO] [stdout] 
[INFO] [stdout] running 1 test
[INFO] [stdout] test real_ros2_mcap_ingests_end_to_end ... ignored, needs real JKK dataset; set ROXT_JKK_MCAP and run explicitly
[INFO] [stdout] 
[INFO] [stdout] test result: ok. 0 passed; 0 failed; 1 ignored; 0 measured; 0 filtered out; finished in 0.00s
[INFO] [stdout] 
[INFO] [stderr]      Running tests/pipeline.rs (/opt/rustwide/target/release/build/roxt-integration/d9da2e5549d986d3/out/pipeline-d9da2e5549d986d3)
[INFO] [stdout] 
[INFO] [stdout] running 7 tests
[INFO] [stdout] test rec_rejects_empty_robot_id_with_clear_error ... FAILED
[INFO] [stdout] test diff_of_two_identical_recordings_reports_zero_divergence ... FAILED
[INFO] [stdout] test diff_of_divergent_databases_exits_nonzero ... FAILED
[INFO] [stdout] test query_time_window_filters_fixture_events ... FAILED
[INFO] [stdout] test mcap_fixture_parses_with_known_count_and_monotonic_stamps ... ok
[INFO] [stdout] test empty_mcap_produces_zero_events_not_an_error ... FAILED
[INFO] [stdout] test full_pipeline_query_json_matches_fixture ... FAILED
[INFO] [stdout] 
[INFO] [stdout] failures:
[INFO] [stdout] 
[INFO] [stdout] ---- rec_rejects_empty_robot_id_with_clear_error stdout ----
[INFO] [stdout] 
[INFO] [stdout] thread 'rec_rejects_empty_robot_id_with_clear_error' (3114) panicked at /opt/rustwide/cargo-home/registry/src/index.crates.io-1949cf8c6b5b557f/assert_cmd-2.2.2/src/cargo.rs:232:5:
[INFO] [stdout] `CARGO_BIN_EXE_roxt` is unset
[INFO] [stdout] help: if this is running within a unit test, move it to an integration test to gain access to `CARGO_BIN_EXE_roxt`
[INFO] [stdout] stack backtrace:
[INFO] [stdout]    0:     0x5bcefb603401 - <<std[617be2ca0a6fd877]::sys::backtrace::BacktraceLock>::print::DisplayBacktrace as core[a373ad73a504971]::fmt::Display>::fmt
[INFO] [stdout]    1:     0x5bcefb61a2ba - core[a373ad73a504971]::fmt::write
[INFO] [stdout]    2:     0x5bcefb608cfc - <alloc[2e1b2a31b91974c5]::vec::Vec<u8> as core[a373ad73a504971]::io::write::Write>::write_fmt
[INFO] [stdout]    3:     0x5bcefb5dd8c6 - std[617be2ca0a6fd877]::panicking::default_hook::{closure#0}
[INFO] [stdout]    4:     0x5bcefb5faf99 - std[617be2ca0a6fd877]::panicking::default_hook
[INFO] [stdout]    5:     0x5bcefb36cdf0 - test[aada8e7e76ba119b]::test_main_inner::{closure#0}
[INFO] [stdout]    6:     0x5bcefb5fb152 - std[617be2ca0a6fd877]::panicking::panic_with_hook
[INFO] [stdout]    7:     0x5bcefb5dd972 - std[617be2ca0a6fd877]::panicking::panic_handler::{closure#0}
[INFO] [stdout]    8:     0x5bcefb5d63d9 - std[617be2ca0a6fd877]::sys::backtrace::__rust_end_short_backtrace::<std[617be2ca0a6fd877]::panicking::panic_handler::{closure#0}, !>
[INFO] [stdout]    9:     0x5bcefb5de57d - __rustc[ea4f61d10b84890b]::rust_begin_unwind
[INFO] [stdout]   10:     0x5bcefb61aa9c - core[a373ad73a504971]::panicking::panic_fmt
[INFO] [stdout]   11:     0x5bcefb5ba65f - assert_cmd[9c98397acdbe9c18]::cargo::missing_cargo_bin
[INFO] [stdout]   12:     0x5bcefb5ba413 - assert_cmd[9c98397acdbe9c18]::cargo::cargo_bin_str
[INFO] [stdout]   13:     0x5bcefb349956 - assert_cmd[9c98397acdbe9c18]::cargo::cargo_bin_cmd::<&str>
[INFO] [stdout]   14:     0x5bcefb34d081 - <pipeline[c35086de610db6db]::rec_rejects_empty_robot_id_with_clear_error::{closure#0} as core[a373ad73a504971]::ops::function::FnOnce<()>>::call_once
[INFO] [stdout]   15:     0x5bcefb36023b - test[aada8e7e76ba119b]::__rust_begin_short_backtrace::<core[a373ad73a504971]::result::Result<(), alloc[2e1b2a31b91974c5]::string::String>, fn() -> core[a373ad73a504971]::result::Result<(), alloc[2e1b2a31b91974c5]::string::String>>
[INFO] [stdout]   16:     0x5bcefb36d415 - test[aada8e7e76ba119b]::run_test::{closure#0}
[INFO] [stdout]   17:     0x5bcefb366d04 - std[617be2ca0a6fd877]::sys::backtrace::__rust_begin_short_backtrace::<test[aada8e7e76ba119b]::run_test::{closure#1}, ()>
[INFO] [stdout]   18:     0x5bcefb3704a2 - <std[617be2ca0a6fd877]::thread::lifecycle::spawn_unchecked<test[aada8e7e76ba119b]::run_test::{closure#1}, ()>::{closure#1} as core[a373ad73a504971]::ops::function::FnOnce<()>>::call_once::{shim:vtable#0}
[INFO] [stdout]   19:     0x5bcefb60287f - <std[617be2ca0a6fd877]::sys::thread::unix::Thread>::new::thread_start
[INFO] [stdout]   20:     0x70e76b578dfa - <unknown>
[INFO] [stdout]   21:     0x70e76b60c3d4 - clone
[INFO] [stdout]   22:                0x0 - <unknown>
[INFO] [stdout] 
[INFO] [stdout] ---- diff_of_two_identical_recordings_reports_zero_divergence stdout ----
[INFO] [stdout] 
[INFO] [stdout] thread 'diff_of_two_identical_recordings_reports_zero_divergence' (3109) panicked at /opt/rustwide/cargo-home/registry/src/index.crates.io-1949cf8c6b5b557f/assert_cmd-2.2.2/src/cargo.rs:232:5:
[INFO] [stdout] `CARGO_BIN_EXE_roxt` is unset
[INFO] [stdout] help: if this is running within a unit test, move it to an integration test to gain access to `CARGO_BIN_EXE_roxt`
[INFO] [stdout] stack backtrace:
[INFO] [stdout]    0:     0x5bcefb603401 - <<std[617be2ca0a6fd877]::sys::backtrace::BacktraceLock>::print::DisplayBacktrace as core[a373ad73a504971]::fmt::Display>::fmt
[INFO] [stdout]    1:     0x5bcefb61a2ba - core[a373ad73a504971]::fmt::write
[INFO] [stdout]    2:     0x5bcefb608cfc - <alloc[2e1b2a31b91974c5]::vec::Vec<u8> as core[a373ad73a504971]::io::write::Write>::write_fmt
[INFO] [stdout]    3:     0x5bcefb5dd8c6 - std[617be2ca0a6fd877]::panicking::default_hook::{closure#0}
[INFO] [stdout]    4:     0x5bcefb5faf99 - std[617be2ca0a6fd877]::panicking::default_hook
[INFO] [stdout]    5:     0x5bcefb36cdf0 - test[aada8e7e76ba119b]::test_main_inner::{closure#0}
[INFO] [stdout]    6:     0x5bcefb5fb152 - std[617be2ca0a6fd877]::panicking::panic_with_hook
[INFO] [stdout]    7:     0x5bcefb5dd972 - std[617be2ca0a6fd877]::panicking::panic_handler::{closure#0}
[INFO] [stdout]    8:     0x5bcefb5d63d9 - std[617be2ca0a6fd877]::sys::backtrace::__rust_end_short_backtrace::<std[617be2ca0a6fd877]::panicking::panic_handler::{closure#0}, !>
[INFO] [stdout]    9:     0x5bcefb5de57d - __rustc[ea4f61d10b84890b]::rust_begin_unwind
[INFO] [stdout]   10:     0x5bcefb61aa9c - core[a373ad73a504971]::panicking::panic_fmt
[INFO] [stdout]   11:     0x5bcefb5ba65f - assert_cmd[9c98397acdbe9c18]::cargo::missing_cargo_bin
[INFO] [stdout]   12:     0x5bcefb5ba413 - assert_cmd[9c98397acdbe9c18]::cargo::cargo_bin_str
[INFO] [stdout]   13:     0x5bcefb349956 - assert_cmd[9c98397acdbe9c18]::cargo::cargo_bin_cmd::<&str>
[INFO] [stdout]   14:     0x5bcefb34b4c8 - pipeline[c35086de610db6db]::record
[INFO] [stdout]   15:     0x5bcefb34dae4 - <pipeline[c35086de610db6db]::diff_of_two_identical_recordings_reports_zero_divergence::{closure#0} as core[a373ad73a504971]::ops::function::FnOnce<()>>::call_once
[INFO] [stdout]   16:     0x5bcefb36023b - test[aada8e7e76ba119b]::__rust_begin_short_backtrace::<core[a373ad73a504971]::result::Result<(), alloc[2e1b2a31b91974c5]::string::String>, fn() -> core[a373ad73a504971]::result::Result<(), alloc[2e1b2a31b91974c5]::string::String>>
[INFO] [stdout]   17:     0x5bcefb36d415 - test[aada8e7e76ba119b]::run_test::{closure#0}
[INFO] [stdout]   18:     0x5bcefb366d04 - std[617be2ca0a6fd877]::sys::backtrace::__rust_begin_short_backtrace::<test[aada8e7e76ba119b]::run_test::{closure#1}, ()>
[INFO] [stdout]   19:     0x5bcefb3704a2 - <std[617be2ca0a6fd877]::thread::lifecycle::spawn_unchecked<test[aada8e7e76ba119b]::run_test::{closure#1}, ()>::{closure#1} as core[a373ad73a504971]::ops::function::FnOnce<()>>::call_once::{shim:vtable#0}
[INFO] [stdout]   20:     0x5bcefb60287f - <std[617be2ca0a6fd877]::sys::thread::unix::Thread>::new::thread_start
[INFO] [stdout]   21:     0x70e76b578dfa - <unknown>
[INFO] [stdout]   22:     0x70e76b60c3d4 - clone
[INFO] [stdout]   23:                0x0 - <unknown>
[INFO] [stdout] 
[INFO] [stdout] ---- diff_of_divergent_databases_exits_nonzero stdout ----
[INFO] [stdout] 
[INFO] [stdout] thread 'diff_of_divergent_databases_exits_nonzero' (3108) panicked at /opt/rustwide/cargo-home/registry/src/index.crates.io-1949cf8c6b5b557f/assert_cmd-2.2.2/src/cargo.rs:232:5:
[INFO] [stdout] `CARGO_BIN_EXE_roxt` is unset
[INFO] [stdout] help: if this is running within a unit test, move it to an integration test to gain access to `CARGO_BIN_EXE_roxt`
[INFO] [stdout] stack backtrace:
[INFO] [stdout]    0:     0x5bcefb603401 - <<std[617be2ca0a6fd877]::sys::backtrace::BacktraceLock>::print::DisplayBacktrace as core[a373ad73a504971]::fmt::Display>::fmt
[INFO] [stdout]    1:     0x5bcefb61a2ba - core[a373ad73a504971]::fmt::write
[INFO] [stdout]    2:     0x5bcefb608cfc - <alloc[2e1b2a31b91974c5]::vec::Vec<u8> as core[a373ad73a504971]::io::write::Write>::write_fmt
[INFO] [stdout]    3:     0x5bcefb5dd8c6 - std[617be2ca0a6fd877]::panicking::default_hook::{closure#0}
[INFO] [stdout]    4:     0x5bcefb5faf99 - std[617be2ca0a6fd877]::panicking::default_hook
[INFO] [stdout]    5:     0x5bcefb36cdf0 - test[aada8e7e76ba119b]::test_main_inner::{closure#0}
[INFO] [stdout]    6:     0x5bcefb5fb152 - std[617be2ca0a6fd877]::panicking::panic_with_hook
[INFO] [stdout]    7:     0x5bcefb5dd972 - std[617be2ca0a6fd877]::panicking::panic_handler::{closure#0}
[INFO] [stdout]    8:     0x5bcefb5d63d9 - std[617be2ca0a6fd877]::sys::backtrace::__rust_end_short_backtrace::<std[617be2ca0a6fd877]::panicking::panic_handler::{closure#0}, !>
[INFO] [stdout]    9:     0x5bcefb5de57d - __rustc[ea4f61d10b84890b]::rust_begin_unwind
[INFO] [stdout]   10:     0x5bcefb61aa9c - core[a373ad73a504971]::panicking::panic_fmt
[INFO] [stdout]   11:     0x5bcefb5ba65f - assert_cmd[9c98397acdbe9c18]::cargo::missing_cargo_bin
[INFO] [stdout]   12:     0x5bcefb5ba413 - assert_cmd[9c98397acdbe9c18]::cargo::cargo_bin_str
[INFO] [stdout]   13:     0x5bcefb349956 - assert_cmd[9c98397acdbe9c18]::cargo::cargo_bin_cmd::<&str>
[INFO] [stdout]   14:     0x5bcefb34b4c8 - pipeline[c35086de610db6db]::record
[INFO] [stdout]   15:     0x5bcefb34caab - <pipeline[c35086de610db6db]::diff_of_divergent_databases_exits_nonzero::{closure#0} as core[a373ad73a504971]::ops::function::FnOnce<()>>::call_once
[INFO] [stdout]   16:     0x5bcefb36023b - test[aada8e7e76ba119b]::__rust_begin_short_backtrace::<core[a373ad73a504971]::result::Result<(), alloc[2e1b2a31b91974c5]::string::String>, fn() -> core[a373ad73a504971]::result::Result<(), alloc[2e1b2a31b91974c5]::string::String>>
[INFO] [stdout]   17:     0x5bcefb36d415 - test[aada8e7e76ba119b]::run_test::{closure#0}
[INFO] [stdout]   18:     0x5bcefb366d04 - std[617be2ca0a6fd877]::sys::backtrace::__rust_begin_short_backtrace::<test[aada8e7e76ba119b]::run_test::{closure#1}, ()>
[INFO] [stdout]   19:     0x5bcefb3704a2 - <std[617be2ca0a6fd877]::thread::lifecycle::spawn_unchecked<test[aada8e7e76ba119b]::run_test::{closure#1}, ()>::{closure#1} as core[a373ad73a504971]::ops::function::FnOnce<()>>::call_once::{shim:vtable#0}
[INFO] [stdout]   20:     0x5bcefb60287f - <std[617be2ca0a6fd877]::sys::thread::unix::Thread>::new::thread_start
[INFO] [stdout]   21:     0x70e76b578dfa - <unknown>
[INFO] [stdout]   22:     0x70e76b60c3d4 - clone
[INFO] [stdout]   23:                0x0 - <unknown>
[INFO] [stdout] 
[INFO] [stdout] ---- query_time_window_filters_fixture_events stdout ----
[INFO] [stdout] 
[INFO] [stdout] thread 'query_time_window_filters_fixture_events' (3113) panicked at /opt/rustwide/cargo-home/registry/src/index.crates.io-1949cf8c6b5b557f/assert_cmd-2.2.2/src/cargo.rs:232:5:
[INFO] [stdout] `CARGO_BIN_EXE_roxt` is unset
[INFO] [stdout] help: if this is running within a unit test, move it to an integration test to gain access to `CARGO_BIN_EXE_roxt`
[INFO] [stdout] stack backtrace:
[INFO] [stdout]    0:     0x5bcefb603401 - <<std[617be2ca0a6fd877]::sys::backtrace::BacktraceLock>::print::DisplayBacktrace as core[a373ad73a504971]::fmt::Display>::fmt
[INFO] [stdout]    1:     0x5bcefb61a2ba - core[a373ad73a504971]::fmt::write
[INFO] [stdout]    2:     0x5bcefb608cfc - <alloc[2e1b2a31b91974c5]::vec::Vec<u8> as core[a373ad73a504971]::io::write::Write>::write_fmt
[INFO] [stdout]    3:     0x5bcefb5dd8c6 - std[617be2ca0a6fd877]::panicking::default_hook::{closure#0}
[INFO] [stdout]    4:     0x5bcefb5faf99 - std[617be2ca0a6fd877]::panicking::default_hook
[INFO] [stdout]    5:     0x5bcefb36cdf0 - test[aada8e7e76ba119b]::test_main_inner::{closure#0}
[INFO] [stdout]    6:     0x5bcefb5fb152 - std[617be2ca0a6fd877]::panicking::panic_with_hook
[INFO] [stdout]    7:     0x5bcefb5dd972 - std[617be2ca0a6fd877]::panicking::panic_handler::{closure#0}
[INFO] [stdout]    8:     0x5bcefb5d63d9 - std[617be2ca0a6fd877]::sys::backtrace::__rust_end_short_backtrace::<std[617be2ca0a6fd877]::panicking::panic_handler::{closure#0}, !>
[INFO] [stdout]    9:     0x5bcefb5de57d - __rustc[ea4f61d10b84890b]::rust_begin_unwind
[INFO] [stdout]   10:     0x5bcefb61aa9c - core[a373ad73a504971]::panicking::panic_fmt
[INFO] [stdout]   11:     0x5bcefb5ba65f - assert_cmd[9c98397acdbe9c18]::cargo::missing_cargo_bin
[INFO] [stdout]   12:     0x5bcefb5ba413 - assert_cmd[9c98397acdbe9c18]::cargo::cargo_bin_str
[INFO] [stdout]   13:     0x5bcefb349956 - assert_cmd[9c98397acdbe9c18]::cargo::cargo_bin_cmd::<&str>
[INFO] [stdout]   14:     0x5bcefb34b4c8 - pipeline[c35086de610db6db]::record
[INFO] [stdout]   15:     0x5bcefb34c64a - <pipeline[c35086de610db6db]::query_time_window_filters_fixture_events::{closure#0} as core[a373ad73a504971]::ops::function::FnOnce<()>>::call_once
[INFO] [stdout]   16:     0x5bcefb36023b - test[aada8e7e76ba119b]::__rust_begin_short_backtrace::<core[a373ad73a504971]::result::Result<(), alloc[2e1b2a31b91974c5]::string::String>, fn() -> core[a373ad73a504971]::result::Result<(), alloc[2e1b2a31b91974c5]::string::String>>
[INFO] [stdout]   17:     0x5bcefb36d415 - test[aada8e7e76ba119b]::run_test::{closure#0}
[INFO] [stdout]   18:     0x5bcefb366d04 - std[617be2ca0a6fd877]::sys::backtrace::__rust_begin_short_backtrace::<test[aada8e7e76ba119b]::run_test::{closure#1}, ()>
[INFO] [stdout]   19:     0x5bcefb3704a2 - <std[617be2ca0a6fd877]::thread::lifecycle::spawn_unchecked<test[aada8e7e76ba119b]::run_test::{closure#1}, ()>::{closure#1} as core[a373ad73a504971]::ops::function::FnOnce<()>>::call_once::{shim:vtable#0}
[INFO] [stdout]   20:     0x5bcefb60287f - <std[617be2ca0a6fd877]::sys::thread::unix::Thread>::new::thread_start
[INFO] [stdout]   21:     0x70e76b578dfa - <unknown>
[INFO] [stdout]   22:     0x70e76b60c3d4 - clone
[INFO] [stdout]   23:                0x0 - <unknown>
[INFO] [stdout] 
[INFO] [stdout] ---- empty_mcap_produces_zero_events_not_an_error stdout ----
[INFO] [stdout] 
[INFO] [stdout] thread 'empty_mcap_produces_zero_events_not_an_error' (3110) panicked at /opt/rustwide/cargo-home/registry/src/index.crates.io-1949cf8c6b5b557f/assert_cmd-2.2.2/src/cargo.rs:232:5:
[INFO] [stdout] `CARGO_BIN_EXE_roxt` is unset
[INFO] [stdout] help: if this is running within a unit test, move it to an integration test to gain access to `CARGO_BIN_EXE_roxt`
[INFO] [stdout] stack backtrace:
[INFO] [stdout]    0:     0x5bcefb603401 - <<std[617be2ca0a6fd877]::sys::backtrace::BacktraceLock>::print::DisplayBacktrace as core[a373ad73a504971]::fmt::Display>::fmt
[INFO] [stdout]    1:     0x5bcefb61a2ba - core[a373ad73a504971]::fmt::write
[INFO] [stdout]    2:     0x5bcefb608cfc - <alloc[2e1b2a31b91974c5]::vec::Vec<u8> as core[a373ad73a504971]::io::write::Write>::write_fmt
[INFO] [stdout]    3:     0x5bcefb5dd8c6 - std[617be2ca0a6fd877]::panicking::default_hook::{closure#0}
[INFO] [stdout]    4:     0x5bcefb5faf99 - std[617be2ca0a6fd877]::panicking::default_hook
[INFO] [stdout]    5:     0x5bcefb36cdf0 - test[aada8e7e76ba119b]::test_main_inner::{closure#0}
[INFO] [stdout]    6:     0x5bcefb5fb152 - std[617be2ca0a6fd877]::panicking::panic_with_hook
[INFO] [stdout]    7:     0x5bcefb5dd972 - std[617be2ca0a6fd877]::panicking::panic_handler::{closure#0}
[INFO] [stdout]    8:     0x5bcefb5d63d9 - std[617be2ca0a6fd877]::sys::backtrace::__rust_end_short_backtrace::<std[617be2ca0a6fd877]::panicking::panic_handler::{closure#0}, !>
[INFO] [stdout]    9:     0x5bcefb5de57d - __rustc[ea4f61d10b84890b]::rust_begin_unwind
[INFO] [stdout]   10:     0x5bcefb61aa9c - core[a373ad73a504971]::panicking::panic_fmt
[INFO] [stdout]   11:     0x5bcefb5ba65f - assert_cmd[9c98397acdbe9c18]::cargo::missing_cargo_bin
[INFO] [stdout]   12:     0x5bcefb5ba413 - assert_cmd[9c98397acdbe9c18]::cargo::cargo_bin_str
[INFO] [stdout]   13:     0x5bcefb349956 - assert_cmd[9c98397acdbe9c18]::cargo::cargo_bin_cmd::<&str>
[INFO] [stdout]   14:     0x5bcefb34b4c8 - pipeline[c35086de610db6db]::record
[INFO] [stdout]   15:     0x5bcefb34d74a - <pipeline[c35086de610db6db]::empty_mcap_produces_zero_events_not_an_error::{closure#0} as core[a373ad73a504971]::ops::function::FnOnce<()>>::call_once
[INFO] [stdout]   16:     0x5bcefb36023b - test[aada8e7e76ba119b]::__rust_begin_short_backtrace::<core[a373ad73a504971]::result::Result<(), alloc[2e1b2a31b91974c5]::string::String>, fn() -> core[a373ad73a504971]::result::Result<(), alloc[2e1b2a31b91974c5]::string::String>>
[INFO] [stdout]   17:     0x5bcefb36d415 - test[aada8e7e76ba119b]::run_test::{closure#0}
[INFO] [stdout]   18:     0x5bcefb366d04 - std[617be2ca0a6fd877]::sys::backtrace::__rust_begin_short_backtrace::<test[aada8e7e76ba119b]::run_test::{closure#1}, ()>
[INFO] [stdout]   19:     0x5bcefb3704a2 - <std[617be2ca0a6fd877]::thread::lifecycle::spawn_unchecked<test[aada8e7e76ba119b]::run_test::{closure#1}, ()>::{closure#1} as core[a373ad73a504971]::ops::function::FnOnce<()>>::call_once::{shim:vtable#0}
[INFO] [stdout]   20:     0x5bcefb60287f - <std[617be2ca0a6fd877]::sys::thread::unix::Thread>::new::thread_start
[INFO] [stdout]   21:     0x70e76b578dfa - <unknown>
[INFO] [stdout]   22:     0x70e76b60c3d4 - clone
[INFO] [stdout]   23:                0x0 - <unknown>
[INFO] [stdout] 
[INFO] [stdout] ---- full_pipeline_query_json_matches_fixture stdout ----
[INFO] [stdout] 
[INFO] [stdout] thread 'full_pipeline_query_json_matches_fixture' (3111) panicked at /opt/rustwide/cargo-home/registry/src/index.crates.io-1949cf8c6b5b557f/assert_cmd-2.2.2/src/cargo.rs:232:5:
[INFO] [stdout] `CARGO_BIN_EXE_roxt` is unset
[INFO] [stdout] help: if this is running within a unit test, move it to an integration test to gain access to `CARGO_BIN_EXE_roxt`
[INFO] [stdout] stack backtrace:
[INFO] [stdout]    0:     0x5bcefb603401 - <<std[617be2ca0a6fd877]::sys::backtrace::BacktraceLock>::print::DisplayBacktrace as core[a373ad73a504971]::fmt::Display>::fmt
[INFO] [stdout]    1:     0x5bcefb61a2ba - core[a373ad73a504971]::fmt::write
[INFO] [stdout]    2:     0x5bcefb608cfc - <alloc[2e1b2a31b91974c5]::vec::Vec<u8> as core[a373ad73a504971]::io::write::Write>::write_fmt
[INFO] [stdout]    3:     0x5bcefb5dd8c6 - std[617be2ca0a6fd877]::panicking::default_hook::{closure#0}
[INFO] [stdout]    4:     0x5bcefb5faf99 - std[617be2ca0a6fd877]::panicking::default_hook
[INFO] [stdout]    5:     0x5bcefb36cdf0 - test[aada8e7e76ba119b]::test_main_inner::{closure#0}
[INFO] [stdout]    6:     0x5bcefb5fb152 - std[617be2ca0a6fd877]::panicking::panic_with_hook
[INFO] [stdout]    7:     0x5bcefb5dd972 - std[617be2ca0a6fd877]::panicking::panic_handler::{closure#0}
[INFO] [stdout]    8:     0x5bcefb5d63d9 - std[617be2ca0a6fd877]::sys::backtrace::__rust_end_short_backtrace::<std[617be2ca0a6fd877]::panicking::panic_handler::{closure#0}, !>
[INFO] [stdout]    9:     0x5bcefb5de57d - __rustc[ea4f61d10b84890b]::rust_begin_unwind
[INFO] [stdout]   10:     0x5bcefb61aa9c - core[a373ad73a504971]::panicking::panic_fmt
[INFO] [stdout]   11:     0x5bcefb5ba65f - assert_cmd[9c98397acdbe9c18]::cargo::missing_cargo_bin
[INFO] [stdout]   12:     0x5bcefb5ba413 - assert_cmd[9c98397acdbe9c18]::cargo::cargo_bin_str
[INFO] [stdout]   13:     0x5bcefb349956 - assert_cmd[9c98397acdbe9c18]::cargo::cargo_bin_cmd::<&str>
[INFO] [stdout]   14:     0x5bcefb34b4c8 - pipeline[c35086de610db6db]::record
[INFO] [stdout]   15:     0x5bcefb34bcb9 - <pipeline[c35086de610db6db]::full_pipeline_query_json_matches_fixture::{closure#0} as core[a373ad73a504971]::ops::function::FnOnce<()>>::call_once
[INFO] [stdout]   16:     0x5bcefb36023b - test[aada8e7e76ba119b]::__rust_begin_short_backtrace::<core[a373ad73a504971]::result::Result<(), alloc[2e1b2a31b91974c5]::string::String>, fn() -> core[a373ad73a504971]::result::Result<(), alloc[2e1b2a31b91974c5]::string::String>>
[INFO] [stdout]   17:     0x5bcefb36d415 - test[aada8e7e76ba119b]::run_test::{closure#0}
[INFO] [stdout]   18:     0x5bcefb366d04 - std[617be2ca0a6fd877]::sys::backtrace::__rust_begin_short_backtrace::<test[aada8e7e76ba119b]::run_test::{closure#1}, ()>
[INFO] [stdout]   19:     0x5bcefb3704a2 - <std[617be2ca0a6fd877]::thread::lifecycle::spawn_unchecked<test[aada8e7e76ba119b]::run_test::{closure#1}, ()>::{closure#1} as core[a373ad73a504971]::ops::function::FnOnce<()>>::call_once::{shim:vtable#0}
[INFO] [stdout]   20:     0x5bcefb60287f - <std[617be2ca0a6fd877]::sys::thread::unix::Thread>::new::thread_start
[INFO] [stdout]   21:     0x70e76b578dfa - <unknown>
[INFO] [stdout]   22:     0x70e76b60c3d4 - clone
[INFO] [stdout]   23:                0x0 - <unknown>
[INFO] [stdout] 
[INFO] [stdout] 
[INFO] [stdout] failures:
[INFO] [stdout]     diff_of_divergent_databases_exits_nonzero
[INFO] [stdout]     diff_of_two_identical_recordings_reports_zero_divergence
[INFO] [stdout]     empty_mcap_produces_zero_events_not_an_error
[INFO] [stdout]     full_pipeline_query_json_matches_fixture
[INFO] [stdout]     query_time_window_filters_fixture_events
[INFO] [stdout]     rec_rejects_empty_robot_id_with_clear_error
[INFO] [stdout] 
[INFO] [stdout] test result: FAILED. 1 passed; 6 failed; 0 ignored; 0 measured; 0 filtered out; finished in 0.01s
[INFO] [stdout] 
[INFO] [stderr] error: test failed, to rerun pass `-p roxt-integration --test pipeline`
[INFO] running `Command { std: "docker" "inspect" "50c62c3a7e38e900bc8771e418b9c4a6b2f343ee3efab82cc56751b95d626a87", kill_on_drop: false }`
[INFO] running `Command { std: "docker" "rm" "-f" "50c62c3a7e38e900bc8771e418b9c4a6b2f343ee3efab82cc56751b95d626a87", kill_on_drop: false }`
[INFO] [stdout] 50c62c3a7e38e900bc8771e418b9c4a6b2f343ee3efab82cc56751b95d626a87
