[INFO] cloning repository https://github.com/postpersonality/serde-transcode-cli
[INFO] running `Command { std: "git" "-c" "credential.helper=" "-c" "credential.helper=/workspace/cargo-home/bin/git-credential-null" "clone" "--bare" "https://github.com/postpersonality/serde-transcode-cli" "/workspace/cache/git-repos/https%3A%2F%2Fgithub.com%2Fpostpersonality%2Fserde-transcode-cli", kill_on_drop: false }`
[INFO] [stderr] Cloning into bare repository '/workspace/cache/git-repos/https%3A%2F%2Fgithub.com%2Fpostpersonality%2Fserde-transcode-cli'...
[INFO] running `Command { std: "git" "rev-parse" "HEAD", kill_on_drop: false }`
[INFO] [stdout] d5dfdd34e485a7a93be19c55372c1bbade1328ad
[INFO] testing postpersonality/serde-transcode-cli against 1.100.0-beta.1+cargoflags=--release for beta-release-1.100-2
[INFO] running `Command { std: "git" "clone" "/workspace/cache/git-repos/https%3A%2F%2Fgithub.com%2Fpostpersonality%2Fserde-transcode-cli" "/workspace/builds/worker-3-tc2/source", kill_on_drop: false }`
[INFO] [stderr] Cloning into '/workspace/builds/worker-3-tc2/source'...
[INFO] [stderr] done.
[INFO] started tweaking git repo https://github.com/postpersonality/serde-transcode-cli
[INFO] finished tweaking git repo https://github.com/postpersonality/serde-transcode-cli
[INFO] tweaked toml for git repo https://github.com/postpersonality/serde-transcode-cli written to /workspace/builds/worker-3-tc2/source/Cargo.toml
[INFO] validating manifest of git repo https://github.com/postpersonality/serde-transcode-cli on toolchain 1.100.0-beta.1
[INFO] running `Command { std: CARGO_HOME="/workspace/cargo-home" RUSTUP_HOME="/workspace/rustup-home" "/workspace/cargo-home/bin/cargo" "+1.100.0-beta.1" "metadata" "--manifest-path" "Cargo.toml" "--no-deps", kill_on_drop: false }`
[INFO] crate git repo https://github.com/postpersonality/serde-transcode-cli already has a lockfile, it will not be regenerated
[INFO] running `Command { std: CARGO_HOME="/workspace/cargo-home" RUSTUP_HOME="/workspace/rustup-home" "/workspace/cargo-home/bin/cargo" "+1.100.0-beta.1" "fetch" "--manifest-path" "Cargo.toml", kill_on_drop: false }`
[INFO] running `Command { std: "docker" "create" "-v" "/var/lib/crater-agent-workspace/builds/worker-3-tc2/source:/opt/rustwide/workdir:ro,Z" "-v" "/var/lib/crater-agent-workspace/builds/worker-3-tc2/target:/opt/rustwide/target:rw,Z" "-v" "/var/lib/crater-agent-workspace/cargo-home:/opt/rustwide/cargo-home:ro,Z" "-v" "/var/lib/crater-agent-workspace/rustup-home:/opt/rustwide/rustup-home:ro,Z" "-m" "1610612736" "--network" "none" "ghcr.io/rust-lang/crates-build-env/linux@sha256:77db811e55d90add9212f6832c23229e3de5f1c1f9905e8cb07319ea15df73ac" "sleep" "infinity", kill_on_drop: false }`
[INFO] [stdout] 72758a05107023e33a06601dc7cbea0149c89d5546aeff87c612e46f8042dec2
[INFO] running `Command { std: "docker" "start" "72758a05107023e33a06601dc7cbea0149c89d5546aeff87c612e46f8042dec2", kill_on_drop: false }`
[INFO] running `Command { std: "docker" "inspect" "72758a05107023e33a06601dc7cbea0149c89d5546aeff87c612e46f8042dec2", kill_on_drop: false }`
[INFO] running `Command { std: "docker" "exec" "-e" "SOURCE_DIR=/opt/rustwide/workdir" "-e" "CARGO_HOME=/opt/rustwide/cargo-home" "-e" "RUSTUP_HOME=/opt/rustwide/rustup-home" "-e" "CARGO_TARGET_DIR=/opt/rustwide/target" "-w" "/opt/rustwide/workdir" "--user" "0:0" "72758a05107023e33a06601dc7cbea0149c89d5546aeff87c612e46f8042dec2" "/opt/rustwide/cargo-home/bin/cargo" "+1.100.0-beta.1" "metadata" "--no-deps" "--format-version=1", kill_on_drop: false }`
[INFO] running `Command { std: "docker" "inspect" "72758a05107023e33a06601dc7cbea0149c89d5546aeff87c612e46f8042dec2", kill_on_drop: false }`
[INFO] running `Command { std: "docker" "exec" "-e" "SOURCE_DIR=/opt/rustwide/workdir" "-e" "CARGO_HOME=/opt/rustwide/cargo-home" "-e" "RUSTUP_HOME=/opt/rustwide/rustup-home" "-e" "CARGO_TARGET_DIR=/opt/rustwide/target" "-e" "CARGO_INCREMENTAL=0" "-e" "RUST_BACKTRACE=full" "-e" "RUSTFLAGS=--cap-lints=warn" "-e" "RUSTDOCFLAGS=--cap-lints=warn" "-w" "/opt/rustwide/workdir" "--user" "0:0" "72758a05107023e33a06601dc7cbea0149c89d5546aeff87c612e46f8042dec2" "/opt/rustwide/cargo-home/bin/cargo" "+1.100.0-beta.1" "build" "--frozen" "--message-format=json" "--release", kill_on_drop: false }`
[INFO] [stderr]    Compiling proc-macro2 v0.4.30
[INFO] [stderr]    Compiling unicode-xid v0.1.0
[INFO] [stderr]    Compiling syn v0.15.34
[INFO] [stderr]    Compiling serde v1.0.90
[INFO] [stderr]    Compiling byteorder v1.3.1
[INFO] [stderr]    Compiling ryu v0.2.8
[INFO] [stderr]    Compiling linked-hash-map v0.5.2
[INFO] [stderr]    Compiling itoa v0.4.4
[INFO] [stderr]    Compiling half v1.3.0
[INFO] [stderr]    Compiling dtoa v0.4.4
[INFO] [stderr]    Compiling unicode-width v0.1.5
[INFO] [stderr]    Compiling getopts v0.2.19
[INFO] [stderr]    Compiling yaml-rust v0.4.3
[INFO] [stderr]    Compiling quote v0.6.12
[INFO] [stderr]    Compiling serde_derive v1.0.91
[INFO] [stderr]    Compiling serde_yaml v0.8.9
[INFO] [stderr]    Compiling serde-transcode v1.1.0
[INFO] [stderr]    Compiling serde_cbor v0.9.0
[INFO] [stderr]    Compiling toml v0.5.0
[INFO] [stderr]    Compiling serde_json v1.0.39
[INFO] [stderr]    Compiling serde-transcode-cli v0.1.0 (/opt/rustwide/workdir)
[INFO] [stderr]     Finished `release` profile [optimized] target(s) in 30.20s
[INFO] running `Command { std: "docker" "inspect" "72758a05107023e33a06601dc7cbea0149c89d5546aeff87c612e46f8042dec2", kill_on_drop: false }`
[INFO] running `Command { std: "docker" "exec" "-e" "SOURCE_DIR=/opt/rustwide/workdir" "-e" "CARGO_HOME=/opt/rustwide/cargo-home" "-e" "RUSTUP_HOME=/opt/rustwide/rustup-home" "-e" "CARGO_TARGET_DIR=/opt/rustwide/target" "-e" "CARGO_INCREMENTAL=0" "-e" "RUST_BACKTRACE=full" "-e" "RUSTFLAGS=--cap-lints=warn" "-e" "RUSTDOCFLAGS=--cap-lints=warn" "-w" "/opt/rustwide/workdir" "--user" "0:0" "72758a05107023e33a06601dc7cbea0149c89d5546aeff87c612e46f8042dec2" "/opt/rustwide/cargo-home/bin/cargo" "+1.100.0-beta.1" "test" "--frozen" "--no-run" "--message-format=json" "--release", kill_on_drop: false }`
[INFO] [stderr]    Compiling rand_core v0.4.0
[INFO] [stderr]    Compiling autocfg v0.1.2
[INFO] [stderr]    Compiling lazy_static v1.3.0
[INFO] [stderr]    Compiling memchr v2.2.0
[INFO] [stderr]    Compiling cfg-if v0.1.7
[INFO] [stderr]    Compiling regex v1.1.6
[INFO] [stderr]    Compiling ucd-util v0.1.3
[INFO] [stderr]    Compiling utf8-ranges v1.0.2
[INFO] [stderr]    Compiling log v0.4.6
[INFO] [stderr]    Compiling regex-syntax v0.6.6
[INFO] [stderr]    Compiling rand_core v0.3.1
[INFO] [stderr]    Compiling thread_local v0.3.6
[INFO] [stderr]    Compiling num-traits v0.2.6
[INFO] [stderr]    Compiling libc v0.2.54
[INFO] [stderr]    Compiling rand_pcg v0.1.2
[INFO] [stderr]    Compiling rand_chacha v0.1.1
[INFO] [stderr]    Compiling rand v0.6.5
[INFO] [stderr]    Compiling crossbeam-utils v0.6.5
[INFO] [stderr]    Compiling predicates-core v1.0.0
[INFO] [stderr]    Compiling fnv v1.0.6
[INFO] [stderr]    Compiling same-file v1.0.4
[INFO] [stderr]    Compiling aho-corasick v0.7.3
[INFO] [stderr]    Compiling bstr v0.1.3
[INFO] [stderr]    Compiling smallvec v0.6.9
[INFO] [stderr]    Compiling rand_os v0.1.3
[INFO] [stderr]    Compiling crossbeam-channel v0.3.8
[INFO] [stderr]    Compiling walkdir v2.2.7
[INFO] [stderr]    Compiling rand_hc v0.1.0
[INFO] [stderr]    Compiling float-cmp v0.4.0
[INFO] [stderr]    Compiling rand_isaac v0.1.1
[INFO] [stderr]    Compiling rand_xorshift v0.1.1
[INFO] [stderr]    Compiling rand_jitter v0.1.4
[INFO] [stderr]    Compiling treeline v0.1.0
[INFO] [stderr]    Compiling difference v2.0.0
[INFO] [stderr]    Compiling normalize-line-endings v0.2.2
[INFO] [stderr]    Compiling escargot v0.4.0
[INFO] [stderr]    Compiling predicates-tree v1.0.0
[INFO] [stderr]    Compiling remove_dir_all v0.5.1
[INFO] [stderr]    Compiling tempfile v3.0.7
[INFO] [stderr]    Compiling globset v0.4.3
[INFO] [stderr]    Compiling predicates v1.0.1
[INFO] [stderr]    Compiling ignore v0.4.7
[INFO] [stderr]    Compiling assert_cmd v0.11.1
[INFO] [stderr]    Compiling globwalk v0.5.0
[INFO] [stderr]    Compiling assert_fs v0.11.3
[INFO] [stderr]    Compiling serde-transcode-cli v0.1.0 (/opt/rustwide/workdir)
[INFO] [stdout] warning: trait objects without an explicit `dyn` are deprecated
[INFO] [stdout]   --> tests/integration_tests.rs:20:43
[INFO] [stdout]    |
[INFO] [stdout] 20 | fn file_not_specified() -> Result<(), Box<Error>> {
[INFO] [stdout]    |                                           ^^^^^
[INFO] [stdout]    |
[INFO] [stdout]    = warning: this is accepted in the current edition (Rust 2018) but is a hard error in Rust 2021!
[INFO] [stdout]    = note: for more information, see <https://doc.rust-lang.org/edition-guide/rust-2021/warnings-promoted-to-error.html>
[INFO] [stdout]    = note: `#[warn(bare_trait_objects)]` (part of `#[warn(rust_2021_compatibility)]`) on by default
[INFO] [stdout] help: if this is a dyn-compatible trait, use `dyn`
[INFO] [stdout]    |
[INFO] [stdout] 20 | fn file_not_specified() -> Result<(), Box<dyn Error>> {
[INFO] [stdout]    |                                           +++
[INFO] [stdout] 
[INFO] [stdout] 
[INFO] [stdout] warning: trait objects without an explicit `dyn` are deprecated
[INFO] [stdout]   --> tests/integration_tests.rs:47:60
[INFO] [stdout]    |
[INFO] [stdout] 47 | fn test(i_fixture: &str, o_format: &str) -> Result<(), Box<Error>> {
[INFO] [stdout]    |                                                            ^^^^^
[INFO] [stdout]    |
[INFO] [stdout]    = warning: this is accepted in the current edition (Rust 2018) but is a hard error in Rust 2021!
[INFO] [stdout]    = note: for more information, see <https://doc.rust-lang.org/edition-guide/rust-2021/warnings-promoted-to-error.html>
[INFO] [stdout] help: if this is a dyn-compatible trait, use `dyn`
[INFO] [stdout]    |
[INFO] [stdout] 47 | fn test(i_fixture: &str, o_format: &str) -> Result<(), Box<dyn Error>> {
[INFO] [stdout]    |                                                            +++
[INFO] [stdout] 
[INFO] [stdout] 
[INFO] [stdout] warning: trait objects without an explicit `dyn` are deprecated
[INFO] [stdout]   --> tests/integration_tests.rs:85:34
[INFO] [stdout]    |
[INFO] [stdout] 85 | fn json_json() -> Result<(), Box<Error>> {
[INFO] [stdout]    |                                  ^^^^^
[INFO] [stdout]    |
[INFO] [stdout]    = warning: this is accepted in the current edition (Rust 2018) but is a hard error in Rust 2021!
[INFO] [stdout]    = note: for more information, see <https://doc.rust-lang.org/edition-guide/rust-2021/warnings-promoted-to-error.html>
[INFO] [stdout] help: if this is a dyn-compatible trait, use `dyn`
[INFO] [stdout]    |
[INFO] [stdout] 85 | fn json_json() -> Result<(), Box<dyn Error>> {
[INFO] [stdout]    |                                  +++
[INFO] [stdout] 
[INFO] [stdout] 
[INFO] [stdout] warning: trait objects without an explicit `dyn` are deprecated
[INFO] [stdout]   --> tests/integration_tests.rs:90:34
[INFO] [stdout]    |
[INFO] [stdout] 90 | fn json_cbor() -> Result<(), Box<Error>> {
[INFO] [stdout]    |                                  ^^^^^
[INFO] [stdout]    |
[INFO] [stdout]    = warning: this is accepted in the current edition (Rust 2018) but is a hard error in Rust 2021!
[INFO] [stdout]    = note: for more information, see <https://doc.rust-lang.org/edition-guide/rust-2021/warnings-promoted-to-error.html>
[INFO] [stdout] help: if this is a dyn-compatible trait, use `dyn`
[INFO] [stdout]    |
[INFO] [stdout] 90 | fn json_cbor() -> Result<(), Box<dyn Error>> {
[INFO] [stdout]    |                                  +++
[INFO] [stdout] 
[INFO] [stdout] 
[INFO] [stdout] warning: trait objects without an explicit `dyn` are deprecated
[INFO] [stdout]   --> tests/integration_tests.rs:95:34
[INFO] [stdout]    |
[INFO] [stdout] 95 | fn json_toml() -> Result<(), Box<Error>> {
[INFO] [stdout]    |                                  ^^^^^
[INFO] [stdout]    |
[INFO] [stdout]    = warning: this is accepted in the current edition (Rust 2018) but is a hard error in Rust 2021!
[INFO] [stdout]    = note: for more information, see <https://doc.rust-lang.org/edition-guide/rust-2021/warnings-promoted-to-error.html>
[INFO] [stdout] help: if this is a dyn-compatible trait, use `dyn`
[INFO] [stdout]    |
[INFO] [stdout] 95 | fn json_toml() -> Result<(), Box<dyn Error>> {
[INFO] [stdout]    |                                  +++
[INFO] [stdout] 
[INFO] [stdout] 
[INFO] [stdout] warning: trait objects without an explicit `dyn` are deprecated
[INFO] [stdout]    --> tests/integration_tests.rs:100:34
[INFO] [stdout]     |
[INFO] [stdout] 100 | fn json_yaml() -> Result<(), Box<Error>> {
[INFO] [stdout]     |                                  ^^^^^
[INFO] [stdout]     |
[INFO] [stdout]     = warning: this is accepted in the current edition (Rust 2018) but is a hard error in Rust 2021!
[INFO] [stdout]     = note: for more information, see <https://doc.rust-lang.org/edition-guide/rust-2021/warnings-promoted-to-error.html>
[INFO] [stdout] help: if this is a dyn-compatible trait, use `dyn`
[INFO] [stdout]     |
[INFO] [stdout] 100 | fn json_yaml() -> Result<(), Box<dyn Error>> {
[INFO] [stdout]     |                                  +++
[INFO] [stdout] 
[INFO] [stdout] 
[INFO] [stdout] warning: trait objects without an explicit `dyn` are deprecated
[INFO] [stdout]    --> tests/integration_tests.rs:105:34
[INFO] [stdout]     |
[INFO] [stdout] 105 | fn cbor_json() -> Result<(), Box<Error>> {
[INFO] [stdout]     |                                  ^^^^^
[INFO] [stdout]     |
[INFO] [stdout]     = warning: this is accepted in the current edition (Rust 2018) but is a hard error in Rust 2021!
[INFO] [stdout]     = note: for more information, see <https://doc.rust-lang.org/edition-guide/rust-2021/warnings-promoted-to-error.html>
[INFO] [stdout] help: if this is a dyn-compatible trait, use `dyn`
[INFO] [stdout]     |
[INFO] [stdout] 105 | fn cbor_json() -> Result<(), Box<dyn Error>> {
[INFO] [stdout]     |                                  +++
[INFO] [stdout] 
[INFO] [stdout] 
[INFO] [stdout] warning: trait objects without an explicit `dyn` are deprecated
[INFO] [stdout]    --> tests/integration_tests.rs:110:34
[INFO] [stdout]     |
[INFO] [stdout] 110 | fn cbor_toml() -> Result<(), Box<Error>> {
[INFO] [stdout]     |                                  ^^^^^
[INFO] [stdout]     |
[INFO] [stdout]     = warning: this is accepted in the current edition (Rust 2018) but is a hard error in Rust 2021!
[INFO] [stdout]     = note: for more information, see <https://doc.rust-lang.org/edition-guide/rust-2021/warnings-promoted-to-error.html>
[INFO] [stdout] help: if this is a dyn-compatible trait, use `dyn`
[INFO] [stdout]     |
[INFO] [stdout] 110 | fn cbor_toml() -> Result<(), Box<dyn Error>> {
[INFO] [stdout]     |                                  +++
[INFO] [stdout] 
[INFO] [stdout] 
[INFO] [stdout] warning: trait objects without an explicit `dyn` are deprecated
[INFO] [stdout]    --> tests/integration_tests.rs:115:34
[INFO] [stdout]     |
[INFO] [stdout] 115 | fn cbor_yaml() -> Result<(), Box<Error>> {
[INFO] [stdout]     |                                  ^^^^^
[INFO] [stdout]     |
[INFO] [stdout]     = warning: this is accepted in the current edition (Rust 2018) but is a hard error in Rust 2021!
[INFO] [stdout]     = note: for more information, see <https://doc.rust-lang.org/edition-guide/rust-2021/warnings-promoted-to-error.html>
[INFO] [stdout] help: if this is a dyn-compatible trait, use `dyn`
[INFO] [stdout]     |
[INFO] [stdout] 115 | fn cbor_yaml() -> Result<(), Box<dyn Error>> {
[INFO] [stdout]     |                                  +++
[INFO] [stdout] 
[INFO] [stdout] 
[INFO] [stdout] warning: trait objects without an explicit `dyn` are deprecated
[INFO] [stdout]    --> tests/integration_tests.rs:120:34
[INFO] [stdout]     |
[INFO] [stdout] 120 | fn toml_cbor() -> Result<(), Box<Error>> {
[INFO] [stdout]     |                                  ^^^^^
[INFO] [stdout]     |
[INFO] [stdout]     = warning: this is accepted in the current edition (Rust 2018) but is a hard error in Rust 2021!
[INFO] [stdout]     = note: for more information, see <https://doc.rust-lang.org/edition-guide/rust-2021/warnings-promoted-to-error.html>
[INFO] [stdout] help: if this is a dyn-compatible trait, use `dyn`
[INFO] [stdout]     |
[INFO] [stdout] 120 | fn toml_cbor() -> Result<(), Box<dyn Error>> {
[INFO] [stdout]     |                                  +++
[INFO] [stdout] 
[INFO] [stdout] 
[INFO] [stdout] warning: trait objects without an explicit `dyn` are deprecated
[INFO] [stdout]    --> tests/integration_tests.rs:125:34
[INFO] [stdout]     |
[INFO] [stdout] 125 | fn toml_json() -> Result<(), Box<Error>> {
[INFO] [stdout]     |                                  ^^^^^
[INFO] [stdout]     |
[INFO] [stdout]     = warning: this is accepted in the current edition (Rust 2018) but is a hard error in Rust 2021!
[INFO] [stdout]     = note: for more information, see <https://doc.rust-lang.org/edition-guide/rust-2021/warnings-promoted-to-error.html>
[INFO] [stdout] help: if this is a dyn-compatible trait, use `dyn`
[INFO] [stdout]     |
[INFO] [stdout] 125 | fn toml_json() -> Result<(), Box<dyn Error>> {
[INFO] [stdout]     |                                  +++
[INFO] [stdout] 
[INFO] [stdout] 
[INFO] [stdout] warning: trait objects without an explicit `dyn` are deprecated
[INFO] [stdout]    --> tests/integration_tests.rs:130:34
[INFO] [stdout]     |
[INFO] [stdout] 130 | fn toml_yaml() -> Result<(), Box<Error>> {
[INFO] [stdout]     |                                  ^^^^^
[INFO] [stdout]     |
[INFO] [stdout]     = warning: this is accepted in the current edition (Rust 2018) but is a hard error in Rust 2021!
[INFO] [stdout]     = note: for more information, see <https://doc.rust-lang.org/edition-guide/rust-2021/warnings-promoted-to-error.html>
[INFO] [stdout] help: if this is a dyn-compatible trait, use `dyn`
[INFO] [stdout]     |
[INFO] [stdout] 130 | fn toml_yaml() -> Result<(), Box<dyn Error>> {
[INFO] [stdout]     |                                  +++
[INFO] [stdout] 
[INFO] [stdout] 
[INFO] [stdout] warning: fields `input_file`, `output_file`, and `output_format` are never read
[INFO] [stdout]   --> tests/integration_tests.rs:33:5
[INFO] [stdout]    |
[INFO] [stdout] 31 | struct AppError {
[INFO] [stdout]    |        -------- fields in this struct
[INFO] [stdout] 32 |     stderr: String,
[INFO] [stdout] 33 |     input_file: String,
[INFO] [stdout]    |     ^^^^^^^^^^
[INFO] [stdout] 34 |     output_file: String,
[INFO] [stdout]    |     ^^^^^^^^^^^
[INFO] [stdout] 35 |     output_format: String,
[INFO] [stdout]    |     ^^^^^^^^^^^^^
[INFO] [stdout]    |
[INFO] [stdout]    = note: `AppError` has a derived impl for the trait `Debug`, but this is intentionally ignored during dead code analysis
[INFO] [stdout]    = note: `#[warn(dead_code)]` (part of `#[warn(unused)]`) on by default
[INFO] [stdout] 
[INFO] [stdout] 
[INFO] [stderr]     Finished `release` profile [optimized] target(s) in 47.59s
[INFO] [stderr] warning: the following packages contain code that will be rejected by a future version of Rust: escargot v0.4.0
[INFO] [stderr] note: to see what the problems were, use the option `--future-incompat-report`, or run `cargo report future-incompatibilities --id 1`
[INFO] running `Command { std: "docker" "inspect" "72758a05107023e33a06601dc7cbea0149c89d5546aeff87c612e46f8042dec2", kill_on_drop: false }`
[INFO] running `Command { std: "docker" "exec" "-e" "SOURCE_DIR=/opt/rustwide/workdir" "-e" "CARGO_HOME=/opt/rustwide/cargo-home" "-e" "RUSTUP_HOME=/opt/rustwide/rustup-home" "-e" "CARGO_TARGET_DIR=/opt/rustwide/target" "-e" "CARGO_INCREMENTAL=0" "-e" "RUST_BACKTRACE=full" "-e" "RUSTFLAGS=--cap-lints=warn" "-e" "RUSTDOCFLAGS=--cap-lints=warn" "-w" "/opt/rustwide/workdir" "--user" "0:0" "72758a05107023e33a06601dc7cbea0149c89d5546aeff87c612e46f8042dec2" "/opt/rustwide/cargo-home/bin/cargo" "+1.100.0-beta.1" "test" "--frozen" "--release", kill_on_drop: false }`
[INFO] [stderr] warning: trait objects without an explicit `dyn` are deprecated
[INFO] [stderr]   --> tests/integration_tests.rs:20:43
[INFO] [stderr]    |
[INFO] [stderr] 20 | fn file_not_specified() -> Result<(), Box<Error>> {
[INFO] [stderr]    |                                           ^^^^^
[INFO] [stderr]    |
[INFO] [stderr]    = warning: this is accepted in the current edition (Rust 2018) but is a hard error in Rust 2021!
[INFO] [stderr]    = note: for more information, see <https://doc.rust-lang.org/edition-guide/rust-2021/warnings-promoted-to-error.html>
[INFO] [stderr]    = note: `#[warn(bare_trait_objects)]` (part of `#[warn(rust_2021_compatibility)]`) on by default
[INFO] [stderr] help: if this is a dyn-compatible trait, use `dyn`
[INFO] [stderr]    |
[INFO] [stderr] 20 | fn file_not_specified() -> Result<(), Box<dyn Error>> {
[INFO] [stderr]    |                                           +++
[INFO] [stderr] 
[INFO] [stderr] warning: trait objects without an explicit `dyn` are deprecated
[INFO] [stderr]   --> tests/integration_tests.rs:47:60
[INFO] [stderr]    |
[INFO] [stderr] 47 | fn test(i_fixture: &str, o_format: &str) -> Result<(), Box<Error>> {
[INFO] [stderr]    |                                                            ^^^^^
[INFO] [stderr]    |
[INFO] [stderr]    = warning: this is accepted in the current edition (Rust 2018) but is a hard error in Rust 2021!
[INFO] [stderr]    = note: for more information, see <https://doc.rust-lang.org/edition-guide/rust-2021/warnings-promoted-to-error.html>
[INFO] [stderr] help: if this is a dyn-compatible trait, use `dyn`
[INFO] [stderr]    |
[INFO] [stderr] 47 | fn test(i_fixture: &str, o_format: &str) -> Result<(), Box<dyn Error>> {
[INFO] [stderr]    |                                                            +++
[INFO] [stderr] 
[INFO] [stderr] warning: trait objects without an explicit `dyn` are deprecated
[INFO] [stderr]   --> tests/integration_tests.rs:85:34
[INFO] [stderr]    |
[INFO] [stderr] 85 | fn json_json() -> Result<(), Box<Error>> {
[INFO] [stderr]    |                                  ^^^^^
[INFO] [stderr]    |
[INFO] [stderr]    = warning: this is accepted in the current edition (Rust 2018) but is a hard error in Rust 2021!
[INFO] [stderr]    = note: for more information, see <https://doc.rust-lang.org/edition-guide/rust-2021/warnings-promoted-to-error.html>
[INFO] [stderr] help: if this is a dyn-compatible trait, use `dyn`
[INFO] [stderr]    |
[INFO] [stderr] 85 | fn json_json() -> Result<(), Box<dyn Error>> {
[INFO] [stderr]    |                                  +++
[INFO] [stderr] 
[INFO] [stderr] warning: trait objects without an explicit `dyn` are deprecated
[INFO] [stderr]   --> tests/integration_tests.rs:90:34
[INFO] [stderr]    |
[INFO] [stderr] 90 | fn json_cbor() -> Result<(), Box<Error>> {
[INFO] [stderr]    |                                  ^^^^^
[INFO] [stderr]    |
[INFO] [stderr]    = warning: this is accepted in the current edition (Rust 2018) but is a hard error in Rust 2021!
[INFO] [stderr]    = note: for more information, see <https://doc.rust-lang.org/edition-guide/rust-2021/warnings-promoted-to-error.html>
[INFO] [stderr] help: if this is a dyn-compatible trait, use `dyn`
[INFO] [stderr]    |
[INFO] [stderr] 90 | fn json_cbor() -> Result<(), Box<dyn Error>> {
[INFO] [stderr]    |                                  +++
[INFO] [stderr] 
[INFO] [stderr] warning: trait objects without an explicit `dyn` are deprecated
[INFO] [stderr]   --> tests/integration_tests.rs:95:34
[INFO] [stderr]    |
[INFO] [stderr] 95 | fn json_toml() -> Result<(), Box<Error>> {
[INFO] [stderr]    |                                  ^^^^^
[INFO] [stderr]    |
[INFO] [stderr]    = warning: this is accepted in the current edition (Rust 2018) but is a hard error in Rust 2021!
[INFO] [stderr]    = note: for more information, see <https://doc.rust-lang.org/edition-guide/rust-2021/warnings-promoted-to-error.html>
[INFO] [stderr] help: if this is a dyn-compatible trait, use `dyn`
[INFO] [stderr]    |
[INFO] [stderr] 95 | fn json_toml() -> Result<(), Box<dyn Error>> {
[INFO] [stderr]    |                                  +++
[INFO] [stderr] 
[INFO] [stderr] warning: trait objects without an explicit `dyn` are deprecated
[INFO] [stderr]    --> tests/integration_tests.rs:100:34
[INFO] [stderr]     |
[INFO] [stderr] 100 | fn json_yaml() -> Result<(), Box<Error>> {
[INFO] [stderr]     |                                  ^^^^^
[INFO] [stderr]     |
[INFO] [stderr]     = warning: this is accepted in the current edition (Rust 2018) but is a hard error in Rust 2021!
[INFO] [stderr]     = note: for more information, see <https://doc.rust-lang.org/edition-guide/rust-2021/warnings-promoted-to-error.html>
[INFO] [stderr] help: if this is a dyn-compatible trait, use `dyn`
[INFO] [stderr]     |
[INFO] [stderr] 100 | fn json_yaml() -> Result<(), Box<dyn Error>> {
[INFO] [stderr]     |                                  +++
[INFO] [stderr] 
[INFO] [stderr] warning: trait objects without an explicit `dyn` are deprecated
[INFO] [stderr]    --> tests/integration_tests.rs:105:34
[INFO] [stderr]     |
[INFO] [stderr] 105 | fn cbor_json() -> Result<(), Box<Error>> {
[INFO] [stderr]     |                                  ^^^^^
[INFO] [stderr]     |
[INFO] [stderr]     = warning: this is accepted in the current edition (Rust 2018) but is a hard error in Rust 2021!
[INFO] [stderr]     = note: for more information, see <https://doc.rust-lang.org/edition-guide/rust-2021/warnings-promoted-to-error.html>
[INFO] [stderr] help: if this is a dyn-compatible trait, use `dyn`
[INFO] [stderr]     |
[INFO] [stderr] 105 | fn cbor_json() -> Result<(), Box<dyn Error>> {
[INFO] [stderr]     |                                  +++
[INFO] [stderr] 
[INFO] [stderr] warning: trait objects without an explicit `dyn` are deprecated
[INFO] [stderr]    --> tests/integration_tests.rs:110:34
[INFO] [stderr]     |
[INFO] [stderr] 110 | fn cbor_toml() -> Result<(), Box<Error>> {
[INFO] [stderr]     |                                  ^^^^^
[INFO] [stderr]     |
[INFO] [stderr]     = warning: this is accepted in the current edition (Rust 2018) but is a hard error in Rust 2021!
[INFO] [stderr]     = note: for more information, see <https://doc.rust-lang.org/edition-guide/rust-2021/warnings-promoted-to-error.html>
[INFO] [stderr] help: if this is a dyn-compatible trait, use `dyn`
[INFO] [stderr]     |
[INFO] [stderr] 110 | fn cbor_toml() -> Result<(), Box<dyn Error>> {
[INFO] [stderr]     |                                  +++
[INFO] [stderr] 
[INFO] [stderr] warning: trait objects without an explicit `dyn` are deprecated
[INFO] [stderr]    --> tests/integration_tests.rs:115:34
[INFO] [stderr]     |
[INFO] [stderr] 115 | fn cbor_yaml() -> Result<(), Box<Error>> {
[INFO] [stderr]     |                                  ^^^^^
[INFO] [stderr]     |
[INFO] [stderr]     = warning: this is accepted in the current edition (Rust 2018) but is a hard error in Rust 2021!
[INFO] [stderr]     = note: for more information, see <https://doc.rust-lang.org/edition-guide/rust-2021/warnings-promoted-to-error.html>
[INFO] [stderr] help: if this is a dyn-compatible trait, use `dyn`
[INFO] [stderr]     |
[INFO] [stderr] 115 | fn cbor_yaml() -> Result<(), Box<dyn Error>> {
[INFO] [stderr]     |                                  +++
[INFO] [stderr] 
[INFO] [stderr] warning: trait objects without an explicit `dyn` are deprecated
[INFO] [stderr]    --> tests/integration_tests.rs:120:34
[INFO] [stderr]     |
[INFO] [stderr] 120 | fn toml_cbor() -> Result<(), Box<Error>> {
[INFO] [stderr]     |                                  ^^^^^
[INFO] [stderr]     |
[INFO] [stderr]     = warning: this is accepted in the current edition (Rust 2018) but is a hard error in Rust 2021!
[INFO] [stderr]     = note: for more information, see <https://doc.rust-lang.org/edition-guide/rust-2021/warnings-promoted-to-error.html>
[INFO] [stderr] help: if this is a dyn-compatible trait, use `dyn`
[INFO] [stderr]     |
[INFO] [stderr] 120 | fn toml_cbor() -> Result<(), Box<dyn Error>> {
[INFO] [stderr]     |                                  +++
[INFO] [stderr] 
[INFO] [stderr] warning: trait objects without an explicit `dyn` are deprecated
[INFO] [stderr]    --> tests/integration_tests.rs:125:34
[INFO] [stderr]     |
[INFO] [stderr] 125 | fn toml_json() -> Result<(), Box<Error>> {
[INFO] [stderr]     |                                  ^^^^^
[INFO] [stderr]     |
[INFO] [stderr]     = warning: this is accepted in the current edition (Rust 2018) but is a hard error in Rust 2021!
[INFO] [stderr]     = note: for more information, see <https://doc.rust-lang.org/edition-guide/rust-2021/warnings-promoted-to-error.html>
[INFO] [stderr] help: if this is a dyn-compatible trait, use `dyn`
[INFO] [stderr]     |
[INFO] [stderr] 125 | fn toml_json() -> Result<(), Box<dyn Error>> {
[INFO] [stderr]     |                                  +++
[INFO] [stderr] 
[INFO] [stderr] warning: trait objects without an explicit `dyn` are deprecated
[INFO] [stderr]    --> tests/integration_tests.rs:130:34
[INFO] [stderr]     |
[INFO] [stderr] 130 | fn toml_yaml() -> Result<(), Box<Error>> {
[INFO] [stderr]     |                                  ^^^^^
[INFO] [stderr]     |
[INFO] [stderr]     = warning: this is accepted in the current edition (Rust 2018) but is a hard error in Rust 2021!
[INFO] [stderr]     = note: for more information, see <https://doc.rust-lang.org/edition-guide/rust-2021/warnings-promoted-to-error.html>
[INFO] [stderr] help: if this is a dyn-compatible trait, use `dyn`
[INFO] [stderr]     |
[INFO] [stderr] 130 | fn toml_yaml() -> Result<(), Box<dyn Error>> {
[INFO] [stderr]     |                                  +++
[INFO] [stderr] 
[INFO] [stderr] warning: fields `input_file`, `output_file`, and `output_format` are never read
[INFO] [stderr]   --> tests/integration_tests.rs:33:5
[INFO] [stderr]    |
[INFO] [stderr] 31 | struct AppError {
[INFO] [stderr]    |        -------- fields in this struct
[INFO] [stderr] 32 |     stderr: String,
[INFO] [stderr] 33 |     input_file: String,
[INFO] [stderr]    |     ^^^^^^^^^^
[INFO] [stderr] 34 |     output_file: String,
[INFO] [stderr]    |     ^^^^^^^^^^^
[INFO] [stderr] 35 |     output_format: String,
[INFO] [stderr]    |     ^^^^^^^^^^^^^
[INFO] [stderr]    |
[INFO] [stderr]    = note: `AppError` has a derived impl for the trait `Debug`, but this is intentionally ignored during dead code analysis
[INFO] [stderr]    = note: `#[warn(dead_code)]` (part of `#[warn(unused)]`) on by default
[INFO] [stderr] 
[INFO] [stderr] warning: `serde-transcode-cli` (test "integration_tests") generated 13 warnings (run `cargo fix --test "integration_tests" -p serde-transcode-cli` to apply 12 suggestions)
[INFO] [stderr]     Finished `release` profile [optimized] target(s) in 0.11s
[INFO] [stderr] warning: the following packages contain code that will be rejected by a future version of Rust: escargot v0.4.0
[INFO] [stderr] note: to see what the problems were, use the option `--future-incompat-report`, or run `cargo report future-incompatibilities --id 1`
[INFO] [stderr]      Running unittests src/main.rs (/opt/rustwide/target/release/build/serde-transcode-cli/880e8747a1e86232/out/serde_transcode_cli-880e8747a1e86232)
[INFO] [stdout] 
[INFO] [stdout] running 3 tests
[INFO] [stdout] test args_parser_tests::parse_errors ... ok
[INFO] [stdout] test args_parser_tests::parse_params ... ok
[INFO] [stdout] test args_parser_tests::parse_help ... ok
[INFO] [stderr]      Running tests/integration_tests.rs (/opt/rustwide/target/release/build/serde-transcode-cli/ad4a8b24b8b767ed/out/integration_tests-ad4a8b24b8b767ed)
[INFO] [stdout] 
[INFO] [stdout] test result: ok. 3 passed; 0 failed; 0 ignored; 0 measured; 0 filtered out; finished in 0.00s
[INFO] [stdout] 
[INFO] [stdout] 
[INFO] [stdout] running 11 tests
[INFO] [stdout] test json_json ... FAILED
[INFO] [stdout] test cbor_json ... FAILED
[INFO] [stdout] test cbor_toml ... FAILED
[INFO] [stdout] test file_not_specified ... FAILED
[INFO] [stdout] test json_toml ... FAILED
[INFO] [stdout] test json_yaml ... FAILED
[INFO] [stdout] test toml_json ... FAILED
[INFO] [stdout] test cbor_yaml ... FAILED
[INFO] [stdout] test toml_cbor ... FAILED
[INFO] [stdout] test toml_yaml ... FAILED
[INFO] [stdout] test json_cbor ... FAILED
[INFO] [stderr] error: test failed, to rerun pass `--test integration_tests`
[INFO] [stdout] 
[INFO] [stdout] failures:
[INFO] [stdout] 
[INFO] [stdout] ---- json_json stdout ----
[INFO] [stdout] 
[INFO] [stdout] thread 'json_json' (1291) panicked at tests/integration_tests.rs:16:48:
[INFO] [stdout] called `Result::unwrap()` on an `Err` value: CargoError { cause: Some(NotFoundError { path: "/opt/rustwide/target/release/build/serde-transcode-cli/ad4a8b24b8b767ed/out/serde-transcode-cli" }) }
[INFO] [stdout] stack backtrace:
[INFO] [stdout]    0:     0x5856e6129631 - <<std[617be2ca0a6fd877]::sys::backtrace::BacktraceLock>::print::DisplayBacktrace as core[a373ad73a504971]::fmt::Display>::fmt
[INFO] [stdout]    1:     0x5856e613efca - core[a373ad73a504971]::fmt::write
[INFO] [stdout]    2:     0x5856e612ed5c - <alloc[2e1b2a31b91974c5]::vec::Vec<u8> as core[a373ad73a504971]::io::write::Write>::write_fmt
[INFO] [stdout]    3:     0x5856e6103626 - std[617be2ca0a6fd877]::panicking::default_hook::{closure#0}
[INFO] [stdout]    4:     0x5856e6120819 - std[617be2ca0a6fd877]::panicking::default_hook
[INFO] [stdout]    5:     0x5856e60b2470 - test[aada8e7e76ba119b]::test_main_inner::{closure#0}
[INFO] [stdout]    6:     0x5856e61209d2 - std[617be2ca0a6fd877]::panicking::panic_with_hook
[INFO] [stdout]    7:     0x5856e61036d2 - std[617be2ca0a6fd877]::panicking::panic_handler::{closure#0}
[INFO] [stdout]    8:     0x5856e60fc2c9 - std[617be2ca0a6fd877]::sys::backtrace::__rust_end_short_backtrace::<std[617be2ca0a6fd877]::panicking::panic_handler::{closure#0}, !>
[INFO] [stdout]    9:     0x5856e61042dd - __rustc[ea4f61d10b84890b]::rust_begin_unwind
[INFO] [stdout]   10:     0x5856e613f6fc - core[a373ad73a504971]::panicking::panic_fmt
[INFO] [stdout]   11:     0x5856e613f4d2 - core[a373ad73a504971]::result::unwrap_failed
[INFO] [stdout]   12:     0x5856e60a4728 - integration_tests[6b3bafd6aef33f9f]::get_cmd
[INFO] [stdout]   13:     0x5856e60a379d - integration_tests[6b3bafd6aef33f9f]::test
[INFO] [stdout]   14:     0x5856e60a56b7 - <integration_tests[6b3bafd6aef33f9f]::json_json::{closure#0} as core[a373ad73a504971]::ops::function::FnOnce<()>>::call_once
[INFO] [stdout]   15:     0x5856e60a58bb - test[aada8e7e76ba119b]::__rust_begin_short_backtrace::<core[a373ad73a504971]::result::Result<(), alloc[2e1b2a31b91974c5]::string::String>, fn() -> core[a373ad73a504971]::result::Result<(), alloc[2e1b2a31b91974c5]::string::String>>
[INFO] [stdout]   16:     0x5856e60b2a95 - test[aada8e7e76ba119b]::run_test::{closure#0}
[INFO] [stdout]   17:     0x5856e60ac384 - std[617be2ca0a6fd877]::sys::backtrace::__rust_begin_short_backtrace::<test[aada8e7e76ba119b]::run_test::{closure#1}, ()>
[INFO] [stdout]   18:     0x5856e60b5b22 - <std[617be2ca0a6fd877]::thread::lifecycle::spawn_unchecked<test[aada8e7e76ba119b]::run_test::{closure#1}, ()>::{closure#1} as core[a373ad73a504971]::ops::function::FnOnce<()>>::call_once::{shim:vtable#0}
[INFO] [stdout]   19:     0x5856e6128d4f - <std[617be2ca0a6fd877]::sys::thread::unix::Thread>::new::thread_start
[INFO] [stdout]   20:     0x75241d3addfa - <unknown>
[INFO] [stdout]   21:     0x75241d4413d4 - clone
[INFO] [stdout]   22:                0x0 - <unknown>
[INFO] [stdout] 
[INFO] [stdout] ---- cbor_json stdout ----
[INFO] [stdout] 
[INFO] [stdout] thread 'cbor_json' (1286) panicked at tests/integration_tests.rs:16:48:
[INFO] [stdout] called `Result::unwrap()` on an `Err` value: CargoError { cause: Some(NotFoundError { path: "/opt/rustwide/target/release/build/serde-transcode-cli/ad4a8b24b8b767ed/out/serde-transcode-cli" }) }
[INFO] [stdout] stack backtrace:
[INFO] [stdout]    0:     0x5856e6129631 - <<std[617be2ca0a6fd877]::sys::backtrace::BacktraceLock>::print::DisplayBacktrace as core[a373ad73a504971]::fmt::Display>::fmt
[INFO] [stdout]    1:     0x5856e613efca - core[a373ad73a504971]::fmt::write
[INFO] [stdout]    2:     0x5856e612ed5c - <alloc[2e1b2a31b91974c5]::vec::Vec<u8> as core[a373ad73a504971]::io::write::Write>::write_fmt
[INFO] [stdout]    3:     0x5856e6103626 - std[617be2ca0a6fd877]::panicking::default_hook::{closure#0}
[INFO] [stdout]    4:     0x5856e6120819 - std[617be2ca0a6fd877]::panicking::default_hook
[INFO] [stdout]    5:     0x5856e60b2470 - test[aada8e7e76ba119b]::test_main_inner::{closure#0}
[INFO] [stdout]    6:     0x5856e61209d2 - std[617be2ca0a6fd877]::panicking::panic_with_hook
[INFO] [stdout]    7:     0x5856e61036d2 - std[617be2ca0a6fd877]::panicking::panic_handler::{closure#0}
[INFO] [stdout]    8:     0x5856e60fc2c9 - std[617be2ca0a6fd877]::sys::backtrace::__rust_end_short_backtrace::<std[617be2ca0a6fd877]::panicking::panic_handler::{closure#0}, !>
[INFO] [stdout]    9:     0x5856e61042dd - __rustc[ea4f61d10b84890b]::rust_begin_unwind
[INFO] [stdout]   10:     0x5856e613f6fc - core[a373ad73a504971]::panicking::panic_fmt
[INFO] [stdout]   11:     0x5856e613f4d2 - core[a373ad73a504971]::result::unwrap_failed
[INFO] [stdout]   12:     0x5856e60a4728 - integration_tests[6b3bafd6aef33f9f]::get_cmd
[INFO] [stdout]   13:     0x5856e60a379d - integration_tests[6b3bafd6aef33f9f]::test
[INFO] [stdout]   14:     0x5856e60a55f7 - <integration_tests[6b3bafd6aef33f9f]::cbor_json::{closure#0} as core[a373ad73a504971]::ops::function::FnOnce<()>>::call_once
[INFO] [stdout]   15:     0x5856e60a58bb - test[aada8e7e76ba119b]::__rust_begin_short_backtrace::<core[a373ad73a504971]::result::Result<(), alloc[2e1b2a31b91974c5]::string::String>, fn() -> core[a373ad73a504971]::result::Result<(), alloc[2e1b2a31b91974c5]::string::String>>
[INFO] [stdout]   16:     0x5856e60b2a95 - test[aada8e7e76ba119b]::run_test::{closure#0}
[INFO] [stdout]   17:     0x5856e60ac384 - std[617be2ca0a6fd877]::sys::backtrace::__rust_begin_short_backtrace::<test[aada8e7e76ba119b]::run_test::{closure#1}, ()>
[INFO] [stdout]   18:     0x5856e60b5b22 - <std[617be2ca0a6fd877]::thread::lifecycle::spawn_unchecked<test[aada8e7e76ba119b]::run_test::{closure#1}, ()>::{closure#1} as core[a373ad73a504971]::ops::function::FnOnce<()>>::call_once::{shim:vtable#0}
[INFO] [stdout]   19:     0x5856e6128d4f - <std[617be2ca0a6fd877]::sys::thread::unix::Thread>::new::thread_start
[INFO] [stdout]   20:     0x75241d3addfa - <unknown>
[INFO] [stdout]   21:     0x75241d4413d4 - clone
[INFO] [stdout]   22:                0x0 - <unknown>
[INFO] [stdout] 
[INFO] [stdout] ---- cbor_toml stdout ----
[INFO] [stdout] 
[INFO] [stdout] thread 'cbor_toml' (1287) panicked at tests/integration_tests.rs:16:48:
[INFO] [stdout] called `Result::unwrap()` on an `Err` value: CargoError { cause: Some(NotFoundError { path: "/opt/rustwide/target/release/build/serde-transcode-cli/ad4a8b24b8b767ed/out/serde-transcode-cli" }) }
[INFO] [stdout] stack backtrace:
[INFO] [stdout]    0:     0x5856e6129631 - <<std[617be2ca0a6fd877]::sys::backtrace::BacktraceLock>::print::DisplayBacktrace as core[a373ad73a504971]::fmt::Display>::fmt
[INFO] [stdout]    1:     0x5856e613efca - core[a373ad73a504971]::fmt::write
[INFO] [stdout]    2:     0x5856e612ed5c - <alloc[2e1b2a31b91974c5]::vec::Vec<u8> as core[a373ad73a504971]::io::write::Write>::write_fmt
[INFO] [stdout]    3:     0x5856e6103626 - std[617be2ca0a6fd877]::panicking::default_hook::{closure#0}
[INFO] [stdout]    4:     0x5856e6120819 - std[617be2ca0a6fd877]::panicking::default_hook
[INFO] [stdout]    5:     0x5856e60b2470 - test[aada8e7e76ba119b]::test_main_inner::{closure#0}
[INFO] [stdout]    6:     0x5856e61209d2 - std[617be2ca0a6fd877]::panicking::panic_with_hook
[INFO] [stdout]    7:     0x5856e61036d2 - std[617be2ca0a6fd877]::panicking::panic_handler::{closure#0}
[INFO] [stdout]    8:     0x5856e60fc2c9 - std[617be2ca0a6fd877]::sys::backtrace::__rust_end_short_backtrace::<std[617be2ca0a6fd877]::panicking::panic_handler::{closure#0}, !>
[INFO] [stdout]    9:     0x5856e61042dd - __rustc[ea4f61d10b84890b]::rust_begin_unwind
[INFO] [stdout]   10:     0x5856e613f6fc - core[a373ad73a504971]::panicking::panic_fmt
[INFO] [stdout]   11:     0x5856e613f4d2 - core[a373ad73a504971]::result::unwrap_failed
[INFO] [stdout]   12:     0x5856e60a4728 - integration_tests[6b3bafd6aef33f9f]::get_cmd
[INFO] [stdout]   13:     0x5856e60a379d - integration_tests[6b3bafd6aef33f9f]::test
[INFO] [stdout]   14:     0x5856e60a5627 - <integration_tests[6b3bafd6aef33f9f]::cbor_toml::{closure#0} as core[a373ad73a504971]::ops::function::FnOnce<()>>::call_once
[INFO] [stdout]   15:     0x5856e60a58bb - test[aada8e7e76ba119b]::__rust_begin_short_backtrace::<core[a373ad73a504971]::result::Result<(), alloc[2e1b2a31b91974c5]::string::String>, fn() -> core[a373ad73a504971]::result::Result<(), alloc[2e1b2a31b91974c5]::string::String>>
[INFO] [stdout]   16:     0x5856e60b2a95 - test[aada8e7e76ba119b]::run_test::{closure#0}
[INFO] [stdout]   17:     0x5856e60ac384 - std[617be2ca0a6fd877]::sys::backtrace::__rust_begin_short_backtrace::<test[aada8e7e76ba119b]::run_test::{closure#1}, ()>
[INFO] [stdout]   18:     0x5856e60b5b22 - <std[617be2ca0a6fd877]::thread::lifecycle::spawn_unchecked<test[aada8e7e76ba119b]::run_test::{closure#1}, ()>::{closure#1} as core[a373ad73a504971]::ops::function::FnOnce<()>>::call_once::{shim:vtable#0}
[INFO] [stdout]   19:     0x5856e6128d4f - <std[617be2ca0a6fd877]::sys::thread::unix::Thread>::new::thread_start
[INFO] [stdout]   20:     0x75241d3addfa - <unknown>
[INFO] [stdout]   21:     0x75241d4413d4 - clone
[INFO] [stdout]   22:                0x0 - <unknown>
[INFO] [stdout] 
[INFO] [stdout] ---- file_not_specified stdout ----
[INFO] [stdout] 
[INFO] [stdout] thread 'file_not_specified' (1289) panicked at tests/integration_tests.rs:16:48:
[INFO] [stdout] called `Result::unwrap()` on an `Err` value: CargoError { cause: Some(NotFoundError { path: "/opt/rustwide/target/release/build/serde-transcode-cli/ad4a8b24b8b767ed/out/serde-transcode-cli" }) }
[INFO] [stdout] stack backtrace:
[INFO] [stdout]    0:     0x5856e6129631 - <<std[617be2ca0a6fd877]::sys::backtrace::BacktraceLock>::print::DisplayBacktrace as core[a373ad73a504971]::fmt::Display>::fmt
[INFO] [stdout]    1:     0x5856e613efca - core[a373ad73a504971]::fmt::write
[INFO] [stdout]    2:     0x5856e612ed5c - <alloc[2e1b2a31b91974c5]::vec::Vec<u8> as core[a373ad73a504971]::io::write::Write>::write_fmt
[INFO] [stdout]    3:     0x5856e6103626 - std[617be2ca0a6fd877]::panicking::default_hook::{closure#0}
[INFO] [stdout]    4:     0x5856e6120819 - std[617be2ca0a6fd877]::panicking::default_hook
[INFO] [stdout]    5:     0x5856e60b2470 - test[aada8e7e76ba119b]::test_main_inner::{closure#0}
[INFO] [stdout]    6:     0x5856e61209d2 - std[617be2ca0a6fd877]::panicking::panic_with_hook
[INFO] [stdout]    7:     0x5856e61036d2 - std[617be2ca0a6fd877]::panicking::panic_handler::{closure#0}
[INFO] [stdout]    8:     0x5856e60fc2c9 - std[617be2ca0a6fd877]::sys::backtrace::__rust_end_short_backtrace::<std[617be2ca0a6fd877]::panicking::panic_handler::{closure#0}, !>
[INFO] [stdout]    9:     0x5856e61042dd - __rustc[ea4f61d10b84890b]::rust_begin_unwind
[INFO] [stdout]   10:     0x5856e613f6fc - core[a373ad73a504971]::panicking::panic_fmt
[INFO] [stdout]   11:     0x5856e613f4d2 - core[a373ad73a504971]::result::unwrap_failed
[INFO] [stdout]   12:     0x5856e60a4728 - integration_tests[6b3bafd6aef33f9f]::get_cmd
[INFO] [stdout]   13:     0x5856e60a542d - <integration_tests[6b3bafd6aef33f9f]::file_not_specified::{closure#0} as core[a373ad73a504971]::ops::function::FnOnce<()>>::call_once
[INFO] [stdout]   14:     0x5856e60a58bb - test[aada8e7e76ba119b]::__rust_begin_short_backtrace::<core[a373ad73a504971]::result::Result<(), alloc[2e1b2a31b91974c5]::string::String>, fn() -> core[a373ad73a504971]::result::Result<(), alloc[2e1b2a31b91974c5]::string::String>>
[INFO] [stdout]   15:     0x5856e60b2a95 - test[aada8e7e76ba119b]::run_test::{closure#0}
[INFO] [stdout]   16:     0x5856e60ac384 - std[617be2ca0a6fd877]::sys::backtrace::__rust_begin_short_backtrace::<test[aada8e7e76ba119b]::run_test::{closure#1}, ()>
[INFO] [stdout]   17:     0x5856e60b5b22 - <std[617be2ca0a6fd877]::thread::lifecycle::spawn_unchecked<test[aada8e7e76ba119b]::run_test::{closure#1}, ()>::{closure#1} as core[a373ad73a504971]::ops::function::FnOnce<()>>::call_once::{shim:vtable#0}
[INFO] [stdout]   18:     0x5856e6128d4f - <std[617be2ca0a6fd877]::sys::thread::unix::Thread>::new::thread_start
[INFO] [stdout]   19:     0x75241d3addfa - <unknown>
[INFO] [stdout]   20:     0x75241d4413d4 - clone
[INFO] [stdout]   21:                0x0 - <unknown>
[INFO] [stdout] 
[INFO] [stdout] ---- json_toml stdout ----
[INFO] [stdout] 
[INFO] [stdout] thread 'json_toml' (1292) panicked at tests/integration_tests.rs:16:48:
[INFO] [stdout] called `Result::unwrap()` on an `Err` value: CargoError { cause: Some(NotFoundError { path: "/opt/rustwide/target/release/build/serde-transcode-cli/ad4a8b24b8b767ed/out/serde-transcode-cli" }) }
[INFO] [stdout] stack backtrace:
[INFO] [stdout]    0:     0x5856e6129631 - <<std[617be2ca0a6fd877]::sys::backtrace::BacktraceLock>::print::DisplayBacktrace as core[a373ad73a504971]::fmt::Display>::fmt
[INFO] [stdout]    1:     0x5856e613efca - core[a373ad73a504971]::fmt::write
[INFO] [stdout]    2:     0x5856e612ed5c - <alloc[2e1b2a31b91974c5]::vec::Vec<u8> as core[a373ad73a504971]::io::write::Write>::write_fmt
[INFO] [stdout]    3:     0x5856e6103626 - std[617be2ca0a6fd877]::panicking::default_hook::{closure#0}
[INFO] [stdout]    4:     0x5856e6120819 - std[617be2ca0a6fd877]::panicking::default_hook
[INFO] [stdout]    5:     0x5856e60b2470 - test[aada8e7e76ba119b]::test_main_inner::{closure#0}
[INFO] [stdout]    6:     0x5856e61209d2 - std[617be2ca0a6fd877]::panicking::panic_with_hook
[INFO] [stdout]    7:     0x5856e61036d2 - std[617be2ca0a6fd877]::panicking::panic_handler::{closure#0}
[INFO] [stdout]    8:     0x5856e60fc2c9 - std[617be2ca0a6fd877]::sys::backtrace::__rust_end_short_backtrace::<std[617be2ca0a6fd877]::panicking::panic_handler::{closure#0}, !>
[INFO] [stdout]    9:     0x5856e61042dd - __rustc[ea4f61d10b84890b]::rust_begin_unwind
[INFO] [stdout]   10:     0x5856e613f6fc - core[a373ad73a504971]::panicking::panic_fmt
[INFO] [stdout]   11:     0x5856e613f4d2 - core[a373ad73a504971]::result::unwrap_failed
[INFO] [stdout]   12:     0x5856e60a4728 - integration_tests[6b3bafd6aef33f9f]::get_cmd
[INFO] [stdout]   13:     0x5856e60a379d - integration_tests[6b3bafd6aef33f9f]::test
[INFO] [stdout]   14:     0x5856e60a56e7 - <integration_tests[6b3bafd6aef33f9f]::json_toml::{closure#0} as core[a373ad73a504971]::ops::function::FnOnce<()>>::call_once
[INFO] [stdout]   15:     0x5856e60a58bb - test[aada8e7e76ba119b]::__rust_begin_short_backtrace::<core[a373ad73a504971]::result::Result<(), alloc[2e1b2a31b91974c5]::string::String>, fn() -> core[a373ad73a504971]::result::Result<(), alloc[2e1b2a31b91974c5]::string::String>>
[INFO] [stdout]   16:     0x5856e60b2a95 - test[aada8e7e76ba119b]::run_test::{closure#0}
[INFO] [stdout]   17:     0x5856e60ac384 - std[617be2ca0a6fd877]::sys::backtrace::__rust_begin_short_backtrace::<test[aada8e7e76ba119b]::run_test::{closure#1}, ()>
[INFO] [stdout]   18:     0x5856e60b5b22 - <std[617be2ca0a6fd877]::thread::lifecycle::spawn_unchecked<test[aada8e7e76ba119b]::run_test::{closure#1}, ()>::{closure#1} as core[a373ad73a504971]::ops::function::FnOnce<()>>::call_once::{shim:vtable#0}
[INFO] [stdout]   19:     0x5856e6128d4f - <std[617be2ca0a6fd877]::sys::thread::unix::Thread>::new::thread_start
[INFO] [stdout]   20:     0x75241d3addfa - <unknown>
[INFO] [stdout]   21:     0x75241d4413d4 - clone
[INFO] [stdout]   22:                0x0 - <unknown>
[INFO] [stdout] 
[INFO] [stdout] ---- json_yaml stdout ----
[INFO] [stdout] 
[INFO] [stdout] thread 'json_yaml' (1293) panicked at tests/integration_tests.rs:16:48:
[INFO] [stdout] called `Result::unwrap()` on an `Err` value: CargoError { cause: Some(NotFoundError { path: "/opt/rustwide/target/release/build/serde-transcode-cli/ad4a8b24b8b767ed/out/serde-transcode-cli" }) }
[INFO] [stdout] stack backtrace:
[INFO] [stdout]    0:     0x5856e6129631 - <<std[617be2ca0a6fd877]::sys::backtrace::BacktraceLock>::print::DisplayBacktrace as core[a373ad73a504971]::fmt::Display>::fmt
[INFO] [stdout]    1:     0x5856e613efca - core[a373ad73a504971]::fmt::write
[INFO] [stdout]    2:     0x5856e612ed5c - <alloc[2e1b2a31b91974c5]::vec::Vec<u8> as core[a373ad73a504971]::io::write::Write>::write_fmt
[INFO] [stdout]    3:     0x5856e6103626 - std[617be2ca0a6fd877]::panicking::default_hook::{closure#0}
[INFO] [stdout]    4:     0x5856e6120819 - std[617be2ca0a6fd877]::panicking::default_hook
[INFO] [stdout]    5:     0x5856e60b2470 - test[aada8e7e76ba119b]::test_main_inner::{closure#0}
[INFO] [stdout]    6:     0x5856e61209d2 - std[617be2ca0a6fd877]::panicking::panic_with_hook
[INFO] [stdout]    7:     0x5856e61036d2 - std[617be2ca0a6fd877]::panicking::panic_handler::{closure#0}
[INFO] [stdout]    8:     0x5856e60fc2c9 - std[617be2ca0a6fd877]::sys::backtrace::__rust_end_short_backtrace::<std[617be2ca0a6fd877]::panicking::panic_handler::{closure#0}, !>
[INFO] [stdout]    9:     0x5856e61042dd - __rustc[ea4f61d10b84890b]::rust_begin_unwind
[INFO] [stdout]   10:     0x5856e613f6fc - core[a373ad73a504971]::panicking::panic_fmt
[INFO] [stdout]   11:     0x5856e613f4d2 - core[a373ad73a504971]::result::unwrap_failed
[INFO] [stdout]   12:     0x5856e60a4728 - integration_tests[6b3bafd6aef33f9f]::get_cmd
[INFO] [stdout]   13:     0x5856e60a379d - integration_tests[6b3bafd6aef33f9f]::test
[INFO] [stdout]   14:     0x5856e60a5717 - <integration_tests[6b3bafd6aef33f9f]::json_yaml::{closure#0} as core[a373ad73a504971]::ops::function::FnOnce<()>>::call_once
[INFO] [stdout]   15:     0x5856e60a58bb - test[aada8e7e76ba119b]::__rust_begin_short_backtrace::<core[a373ad73a504971]::result::Result<(), alloc[2e1b2a31b91974c5]::string::String>, fn() -> core[a373ad73a504971]::result::Result<(), alloc[2e1b2a31b91974c5]::string::String>>
[INFO] [stdout]   16:     0x5856e60b2a95 - test[aada8e7e76ba119b]::run_test::{closure#0}
[INFO] [stdout]   17:     0x5856e60ac384 - std[617be2ca0a6fd877]::sys::backtrace::__rust_begin_short_backtrace::<test[aada8e7e76ba119b]::run_test::{closure#1}, ()>
[INFO] [stdout]   18:     0x5856e60b5b22 - <std[617be2ca0a6fd877]::thread::lifecycle::spawn_unchecked<test[aada8e7e76ba119b]::run_test::{closure#1}, ()>::{closure#1} as core[a373ad73a504971]::ops::function::FnOnce<()>>::call_once::{shim:vtable#0}
[INFO] [stdout]   19:     0x5856e6128d4f - <std[617be2ca0a6fd877]::sys::thread::unix::Thread>::new::thread_start
[INFO] [stdout]   20:     0x75241d3addfa - <unknown>
[INFO] [stdout]   21:     0x75241d4413d4 - clone
[INFO] [stdout]   22:                0x0 - <unknown>
[INFO] [stdout] 
[INFO] [stdout] ---- toml_json stdout ----
[INFO] [stdout] 
[INFO] [stdout] thread 'toml_json' (1295) panicked at tests/integration_tests.rs:16:48:
[INFO] [stdout] called `Result::unwrap()` on an `Err` value: CargoError { cause: Some(NotFoundError { path: "/opt/rustwide/target/release/build/serde-transcode-cli/ad4a8b24b8b767ed/out/serde-transcode-cli" }) }
[INFO] [stdout] stack backtrace:
[INFO] [stdout]    0:     0x5856e6129631 - <<std[617be2ca0a6fd877]::sys::backtrace::BacktraceLock>::print::DisplayBacktrace as core[a373ad73a504971]::fmt::Display>::fmt
[INFO] [stdout]    1:     0x5856e613efca - core[a373ad73a504971]::fmt::write
[INFO] [stdout]    2:     0x5856e612ed5c - <alloc[2e1b2a31b91974c5]::vec::Vec<u8> as core[a373ad73a504971]::io::write::Write>::write_fmt
[INFO] [stdout]    3:     0x5856e6103626 - std[617be2ca0a6fd877]::panicking::default_hook::{closure#0}
[INFO] [stdout]    4:     0x5856e6120819 - std[617be2ca0a6fd877]::panicking::default_hook
[INFO] [stdout]    5:     0x5856e60b2470 - test[aada8e7e76ba119b]::test_main_inner::{closure#0}
[INFO] [stdout]    6:     0x5856e61209d2 - std[617be2ca0a6fd877]::panicking::panic_with_hook
[INFO] [stdout]    7:     0x5856e61036d2 - std[617be2ca0a6fd877]::panicking::panic_handler::{closure#0}
[INFO] [stdout]    8:     0x5856e60fc2c9 - std[617be2ca0a6fd877]::sys::backtrace::__rust_end_short_backtrace::<std[617be2ca0a6fd877]::panicking::panic_handler::{closure#0}, !>
[INFO] [stdout]    9:     0x5856e61042dd - __rustc[ea4f61d10b84890b]::rust_begin_unwind
[INFO] [stdout]   10:     0x5856e613f6fc - core[a373ad73a504971]::panicking::panic_fmt
[INFO] [stdout]   11:     0x5856e613f4d2 - core[a373ad73a504971]::result::unwrap_failed
[INFO] [stdout]   12:     0x5856e60a4728 - integration_tests[6b3bafd6aef33f9f]::get_cmd
[INFO] [stdout]   13:     0x5856e60a379d - integration_tests[6b3bafd6aef33f9f]::test
[INFO] [stdout]   14:     0x5856e60a5777 - <integration_tests[6b3bafd6aef33f9f]::toml_json::{closure#0} as core[a373ad73a504971]::ops::function::FnOnce<()>>::call_once
[INFO] [stdout]   15:     0x5856e60a58bb - test[aada8e7e76ba119b]::__rust_begin_short_backtrace::<core[a373ad73a504971]::result::Result<(), alloc[2e1b2a31b91974c5]::string::String>, fn() -> core[a373ad73a504971]::result::Result<(), alloc[2e1b2a31b91974c5]::string::String>>
[INFO] [stdout]   16:     0x5856e60b2a95 - test[aada8e7e76ba119b]::run_test::{closure#0}
[INFO] [stdout]   17:     0x5856e60ac384 - std[617be2ca0a6fd877]::sys::backtrace::__rust_begin_short_backtrace::<test[aada8e7e76ba119b]::run_test::{closure#1}, ()>
[INFO] [stdout]   18:     0x5856e60b5b22 - <std[617be2ca0a6fd877]::thread::lifecycle::spawn_unchecked<test[aada8e7e76ba119b]::run_test::{closure#1}, ()>::{closure#1} as core[a373ad73a504971]::ops::function::FnOnce<()>>::call_once::{shim:vtable#0}
[INFO] [stdout]   19:     0x5856e6128d4f - <std[617be2ca0a6fd877]::sys::thread::unix::Thread>::new::thread_start
[INFO] [stdout]   20:     0x75241d3addfa - <unknown>
[INFO] [stdout]   21:     0x75241d4413d4 - clone
[INFO] [stdout]   22:                0x0 - <unknown>
[INFO] [stdout] 
[INFO] [stdout] ---- cbor_yaml stdout ----
[INFO] [stdout] 
[INFO] [stdout] thread 'cbor_yaml' (1288) panicked at tests/integration_tests.rs:16:48:
[INFO] [stdout] called `Result::unwrap()` on an `Err` value: CargoError { cause: Some(NotFoundError { path: "/opt/rustwide/target/release/build/serde-transcode-cli/ad4a8b24b8b767ed/out/serde-transcode-cli" }) }
[INFO] [stdout] stack backtrace:
[INFO] [stdout]    0:     0x5856e6129631 - <<std[617be2ca0a6fd877]::sys::backtrace::BacktraceLock>::print::DisplayBacktrace as core[a373ad73a504971]::fmt::Display>::fmt
[INFO] [stdout]    1:     0x5856e613efca - core[a373ad73a504971]::fmt::write
[INFO] [stdout]    2:     0x5856e612ed5c - <alloc[2e1b2a31b91974c5]::vec::Vec<u8> as core[a373ad73a504971]::io::write::Write>::write_fmt
[INFO] [stdout]    3:     0x5856e6103626 - std[617be2ca0a6fd877]::panicking::default_hook::{closure#0}
[INFO] [stdout]    4:     0x5856e6120819 - std[617be2ca0a6fd877]::panicking::default_hook
[INFO] [stdout]    5:     0x5856e60b2470 - test[aada8e7e76ba119b]::test_main_inner::{closure#0}
[INFO] [stdout]    6:     0x5856e61209d2 - std[617be2ca0a6fd877]::panicking::panic_with_hook
[INFO] [stdout]    7:     0x5856e61036d2 - std[617be2ca0a6fd877]::panicking::panic_handler::{closure#0}
[INFO] [stdout]    8:     0x5856e60fc2c9 - std[617be2ca0a6fd877]::sys::backtrace::__rust_end_short_backtrace::<std[617be2ca0a6fd877]::panicking::panic_handler::{closure#0}, !>
[INFO] [stdout]    9:     0x5856e61042dd - __rustc[ea4f61d10b84890b]::rust_begin_unwind
[INFO] [stdout]   10:     0x5856e613f6fc - core[a373ad73a504971]::panicking::panic_fmt
[INFO] [stdout]   11:     0x5856e613f4d2 - core[a373ad73a504971]::result::unwrap_failed
[INFO] [stdout]   12:     0x5856e60a4728 - integration_tests[6b3bafd6aef33f9f]::get_cmd
[INFO] [stdout]   13:     0x5856e60a379d - integration_tests[6b3bafd6aef33f9f]::test
[INFO] [stdout]   14:     0x5856e60a5657 - <integration_tests[6b3bafd6aef33f9f]::cbor_yaml::{closure#0} as core[a373ad73a504971]::ops::function::FnOnce<()>>::call_once
[INFO] [stdout]   15:     0x5856e60a58bb - test[aada8e7e76ba119b]::__rust_begin_short_backtrace::<core[a373ad73a504971]::result::Result<(), alloc[2e1b2a31b91974c5]::string::String>, fn() -> core[a373ad73a504971]::result::Result<(), alloc[2e1b2a31b91974c5]::string::String>>
[INFO] [stdout]   16:     0x5856e60b2a95 - test[aada8e7e76ba119b]::run_test::{closure#0}
[INFO] [stdout]   17:     0x5856e60ac384 - std[617be2ca0a6fd877]::sys::backtrace::__rust_begin_short_backtrace::<test[aada8e7e76ba119b]::run_test::{closure#1}, ()>
[INFO] [stdout]   18:     0x5856e60b5b22 - <std[617be2ca0a6fd877]::thread::lifecycle::spawn_unchecked<test[aada8e7e76ba119b]::run_test::{closure#1}, ()>::{closure#1} as core[a373ad73a504971]::ops::function::FnOnce<()>>::call_once::{shim:vtable#0}
[INFO] [stdout]   19:     0x5856e6128d4f - <std[617be2ca0a6fd877]::sys::thread::unix::Thread>::new::thread_start
[INFO] [stdout]   20:     0x75241d3addfa - <unknown>
[INFO] [stdout]   21:     0x75241d4413d4 - clone
[INFO] [stdout]   22:                0x0 - <unknown>
[INFO] [stdout] 
[INFO] [stdout] ---- toml_cbor stdout ----
[INFO] [stdout] 
[INFO] [stdout] thread 'toml_cbor' (1294) panicked at tests/integration_tests.rs:16:48:
[INFO] [stdout] called `Result::unwrap()` on an `Err` value: CargoError { cause: Some(NotFoundError { path: "/opt/rustwide/target/release/build/serde-transcode-cli/ad4a8b24b8b767ed/out/serde-transcode-cli" }) }
[INFO] [stdout] stack backtrace:
[INFO] [stdout]    0:     0x5856e6129631 - <<std[617be2ca0a6fd877]::sys::backtrace::BacktraceLock>::print::DisplayBacktrace as core[a373ad73a504971]::fmt::Display>::fmt
[INFO] [stdout]    1:     0x5856e613efca - core[a373ad73a504971]::fmt::write
[INFO] [stdout]    2:     0x5856e612ed5c - <alloc[2e1b2a31b91974c5]::vec::Vec<u8> as core[a373ad73a504971]::io::write::Write>::write_fmt
[INFO] [stdout]    3:     0x5856e6103626 - std[617be2ca0a6fd877]::panicking::default_hook::{closure#0}
[INFO] [stdout]    4:     0x5856e6120819 - std[617be2ca0a6fd877]::panicking::default_hook
[INFO] [stdout]    5:     0x5856e60b2470 - test[aada8e7e76ba119b]::test_main_inner::{closure#0}
[INFO] [stdout]    6:     0x5856e61209d2 - std[617be2ca0a6fd877]::panicking::panic_with_hook
[INFO] [stdout]    7:     0x5856e61036d2 - std[617be2ca0a6fd877]::panicking::panic_handler::{closure#0}
[INFO] [stdout]    8:     0x5856e60fc2c9 - std[617be2ca0a6fd877]::sys::backtrace::__rust_end_short_backtrace::<std[617be2ca0a6fd877]::panicking::panic_handler::{closure#0}, !>
[INFO] [stdout]    9:     0x5856e61042dd - __rustc[ea4f61d10b84890b]::rust_begin_unwind
[INFO] [stdout]   10:     0x5856e613f6fc - core[a373ad73a504971]::panicking::panic_fmt
[INFO] [stdout]   11:     0x5856e613f4d2 - core[a373ad73a504971]::result::unwrap_failed
[INFO] [stdout]   12:     0x5856e60a4728 - integration_tests[6b3bafd6aef33f9f]::get_cmd
[INFO] [stdout]   13:     0x5856e60a379d - integration_tests[6b3bafd6aef33f9f]::test
[INFO] [stdout]   14:     0x5856e60a5747 - <integration_tests[6b3bafd6aef33f9f]::toml_cbor::{closure#0} as core[a373ad73a504971]::ops::function::FnOnce<()>>::call_once
[INFO] [stdout]   15:     0x5856e60a58bb - test[aada8e7e76ba119b]::__rust_begin_short_backtrace::<core[a373ad73a504971]::result::Result<(), alloc[2e1b2a31b91974c5]::string::String>, fn() -> core[a373ad73a504971]::result::Result<(), alloc[2e1b2a31b91974c5]::string::String>>
[INFO] [stdout]   16:     0x5856e60b2a95 - test[aada8e7e76ba119b]::run_test::{closure#0}
[INFO] [stdout]   17:     0x5856e60ac384 - std[617be2ca0a6fd877]::sys::backtrace::__rust_begin_short_backtrace::<test[aada8e7e76ba119b]::run_test::{closure#1}, ()>
[INFO] [stdout]   18:     0x5856e60b5b22 - <std[617be2ca0a6fd877]::thread::lifecycle::spawn_unchecked<test[aada8e7e76ba119b]::run_test::{closure#1}, ()>::{closure#1} as core[a373ad73a504971]::ops::function::FnOnce<()>>::call_once::{shim:vtable#0}
[INFO] [stdout]   19:     0x5856e6128d4f - <std[617be2ca0a6fd877]::sys::thread::unix::Thread>::new::thread_start
[INFO] [stdout]   20:     0x75241d3addfa - <unknown>
[INFO] [stdout]   21:     0x75241d4413d4 - clone
[INFO] [stdout]   22:                0x0 - <unknown>
[INFO] [stdout] 
[INFO] [stdout] ---- toml_yaml stdout ----
[INFO] [stdout] 
[INFO] [stdout] thread 'toml_yaml' (1296) panicked at tests/integration_tests.rs:16:48:
[INFO] [stdout] called `Result::unwrap()` on an `Err` value: CargoError { cause: Some(NotFoundError { path: "/opt/rustwide/target/release/build/serde-transcode-cli/ad4a8b24b8b767ed/out/serde-transcode-cli" }) }
[INFO] [stdout] stack backtrace:
[INFO] [stdout]    0:     0x5856e6129631 - <<std[617be2ca0a6fd877]::sys::backtrace::BacktraceLock>::print::DisplayBacktrace as core[a373ad73a504971]::fmt::Display>::fmt
[INFO] [stdout]    1:     0x5856e613efca - core[a373ad73a504971]::fmt::write
[INFO] [stdout]    2:     0x5856e612ed5c - <alloc[2e1b2a31b91974c5]::vec::Vec<u8> as core[a373ad73a504971]::io::write::Write>::write_fmt
[INFO] [stdout]    3:     0x5856e6103626 - std[617be2ca0a6fd877]::panicking::default_hook::{closure#0}
[INFO] [stdout]    4:     0x5856e6120819 - std[617be2ca0a6fd877]::panicking::default_hook
[INFO] [stdout]    5:     0x5856e60b2470 - test[aada8e7e76ba119b]::test_main_inner::{closure#0}
[INFO] [stdout]    6:     0x5856e61209d2 - std[617be2ca0a6fd877]::panicking::panic_with_hook
[INFO] [stdout]    7:     0x5856e61036d2 - std[617be2ca0a6fd877]::panicking::panic_handler::{closure#0}
[INFO] [stdout]    8:     0x5856e60fc2c9 - std[617be2ca0a6fd877]::sys::backtrace::__rust_end_short_backtrace::<std[617be2ca0a6fd877]::panicking::panic_handler::{closure#0}, !>
[INFO] [stdout]    9:     0x5856e61042dd - __rustc[ea4f61d10b84890b]::rust_begin_unwind
[INFO] [stdout]   10:     0x5856e613f6fc - core[a373ad73a504971]::panicking::panic_fmt
[INFO] [stdout]   11:     0x5856e613f4d2 - core[a373ad73a504971]::result::unwrap_failed
[INFO] [stdout]   12:     0x5856e60a4728 - integration_tests[6b3bafd6aef33f9f]::get_cmd
[INFO] [stdout]   13:     0x5856e60a379d - integration_tests[6b3bafd6aef33f9f]::test
[INFO] [stdout]   14:     0x5856e60a57a7 - <integration_tests[6b3bafd6aef33f9f]::toml_yaml::{closure#0} as core[a373ad73a504971]::ops::function::FnOnce<()>>::call_once
[INFO] [stdout]   15:     0x5856e60a58bb - test[aada8e7e76ba119b]::__rust_begin_short_backtrace::<core[a373ad73a504971]::result::Result<(), alloc[2e1b2a31b91974c5]::string::String>, fn() -> core[a373ad73a504971]::result::Result<(), alloc[2e1b2a31b91974c5]::string::String>>
[INFO] [stdout]   16:     0x5856e60b2a95 - test[aada8e7e76ba119b]::run_test::{closure#0}
[INFO] [stdout]   17:     0x5856e60ac384 - std[617be2ca0a6fd877]::sys::backtrace::__rust_begin_short_backtrace::<test[aada8e7e76ba119b]::run_test::{closure#1}, ()>
[INFO] [stdout]   18:     0x5856e60b5b22 - <std[617be2ca0a6fd877]::thread::lifecycle::spawn_unchecked<test[aada8e7e76ba119b]::run_test::{closure#1}, ()>::{closure#1} as core[a373ad73a504971]::ops::function::FnOnce<()>>::call_once::{shim:vtable#0}
[INFO] [stdout]   19:     0x5856e6128d4f - <std[617be2ca0a6fd877]::sys::thread::unix::Thread>::new::thread_start
[INFO] [stdout]   20:     0x75241d3addfa - <unknown>
[INFO] [stdout]   21:     0x75241d4413d4 - clone
[INFO] [stdout]   22:                0x0 - <unknown>
[INFO] [stdout] 
[INFO] [stdout] ---- json_cbor stdout ----
[INFO] [stdout] 
[INFO] [stdout] thread 'json_cbor' (1290) panicked at tests/integration_tests.rs:16:48:
[INFO] [stdout] called `Result::unwrap()` on an `Err` value: CargoError { cause: Some(NotFoundError { path: "/opt/rustwide/target/release/build/serde-transcode-cli/ad4a8b24b8b767ed/out/serde-transcode-cli" }) }
[INFO] [stdout] stack backtrace:
[INFO] [stdout]    0:     0x5856e6129631 - <<std[617be2ca0a6fd877]::sys::backtrace::BacktraceLock>::print::DisplayBacktrace as core[a373ad73a504971]::fmt::Display>::fmt
[INFO] [stdout]    1:     0x5856e613efca - core[a373ad73a504971]::fmt::write
[INFO] [stdout]    2:     0x5856e612ed5c - <alloc[2e1b2a31b91974c5]::vec::Vec<u8> as core[a373ad73a504971]::io::write::Write>::write_fmt
[INFO] [stdout]    3:     0x5856e6103626 - std[617be2ca0a6fd877]::panicking::default_hook::{closure#0}
[INFO] [stdout]    4:     0x5856e6120819 - std[617be2ca0a6fd877]::panicking::default_hook
[INFO] [stdout]    5:     0x5856e60b2470 - test[aada8e7e76ba119b]::test_main_inner::{closure#0}
[INFO] [stdout]    6:     0x5856e61209d2 - std[617be2ca0a6fd877]::panicking::panic_with_hook
[INFO] [stdout]    7:     0x5856e61036d2 - std[617be2ca0a6fd877]::panicking::panic_handler::{closure#0}
[INFO] [stdout]    8:     0x5856e60fc2c9 - std[617be2ca0a6fd877]::sys::backtrace::__rust_end_short_backtrace::<std[617be2ca0a6fd877]::panicking::panic_handler::{closure#0}, !>
[INFO] [stdout]    9:     0x5856e61042dd - __rustc[ea4f61d10b84890b]::rust_begin_unwind
[INFO] [stdout]   10:     0x5856e613f6fc - core[a373ad73a504971]::panicking::panic_fmt
[INFO] [stdout]   11:     0x5856e613f4d2 - core[a373ad73a504971]::result::unwrap_failed
[INFO] [stdout]   12:     0x5856e60a4728 - integration_tests[6b3bafd6aef33f9f]::get_cmd
[INFO] [stdout]   13:     0x5856e60a379d - integration_tests[6b3bafd6aef33f9f]::test
[INFO] [stdout]   14:     0x5856e60a5687 - <integration_tests[6b3bafd6aef33f9f]::json_cbor::{closure#0} as core[a373ad73a504971]::ops::function::FnOnce<()>>::call_once
[INFO] [stdout]   15:     0x5856e60a58bb - test[aada8e7e76ba119b]::__rust_begin_short_backtrace::<core[a373ad73a504971]::result::Result<(), alloc[2e1b2a31b91974c5]::string::String>, fn() -> core[a373ad73a504971]::result::Result<(), alloc[2e1b2a31b91974c5]::string::String>>
[INFO] [stdout]   16:     0x5856e60b2a95 - test[aada8e7e76ba119b]::run_test::{closure#0}
[INFO] [stdout]   17:     0x5856e60ac384 - std[617be2ca0a6fd877]::sys::backtrace::__rust_begin_short_backtrace::<test[aada8e7e76ba119b]::run_test::{closure#1}, ()>
[INFO] [stdout]   18:     0x5856e60b5b22 - <std[617be2ca0a6fd877]::thread::lifecycle::spawn_unchecked<test[aada8e7e76ba119b]::run_test::{closure#1}, ()>::{closure#1} as core[a373ad73a504971]::ops::function::FnOnce<()>>::call_once::{shim:vtable#0}
[INFO] [stdout]   19:     0x5856e6128d4f - <std[617be2ca0a6fd877]::sys::thread::unix::Thread>::new::thread_start
[INFO] [stdout]   20:     0x75241d3addfa - <unknown>
[INFO] [stdout]   21:     0x75241d4413d4 - clone
[INFO] [stdout]   22:                0x0 - <unknown>
[INFO] [stdout] 
[INFO] [stdout] 
[INFO] [stdout] failures:
[INFO] [stdout]     cbor_json
[INFO] [stdout]     cbor_toml
[INFO] [stdout]     cbor_yaml
[INFO] [stdout]     file_not_specified
[INFO] [stdout]     json_cbor
[INFO] [stdout]     json_json
[INFO] [stdout]     json_toml
[INFO] [stdout]     json_yaml
[INFO] [stdout]     toml_cbor
[INFO] [stdout]     toml_json
[INFO] [stdout]     toml_yaml
[INFO] [stdout] 
[INFO] [stdout] test result: FAILED. 0 passed; 11 failed; 0 ignored; 0 measured; 0 filtered out; finished in 0.01s
[INFO] [stdout] 
[INFO] running `Command { std: "docker" "inspect" "72758a05107023e33a06601dc7cbea0149c89d5546aeff87c612e46f8042dec2", kill_on_drop: false }`
[INFO] running `Command { std: "docker" "rm" "-f" "72758a05107023e33a06601dc7cbea0149c89d5546aeff87c612e46f8042dec2", kill_on_drop: false }`
[INFO] [stdout] 72758a05107023e33a06601dc7cbea0149c89d5546aeff87c612e46f8042dec2
