[INFO] cloning repository https://github.com/piton-lang/piton-rs
[INFO] running `Command { std: "git" "-c" "credential.helper=" "-c" "credential.helper=/workspace/cargo-home/bin/git-credential-null" "clone" "--bare" "https://github.com/piton-lang/piton-rs" "/workspace/cache/git-repos/https%3A%2F%2Fgithub.com%2Fpiton-lang%2Fpiton-rs", kill_on_drop: false }`
[INFO] [stderr] Cloning into bare repository '/workspace/cache/git-repos/https%3A%2F%2Fgithub.com%2Fpiton-lang%2Fpiton-rs'...
[INFO] running `Command { std: "git" "rev-parse" "HEAD", kill_on_drop: false }`
[INFO] [stdout] 9a61643b23c95cfe4d3d87b3f4b944770030c716
[INFO] testing piton-lang/piton-rs against 1.100.0-beta.1+cargoflags=--release for beta-release-1.100-2
[INFO] running `Command { std: "git" "clone" "/workspace/cache/git-repos/https%3A%2F%2Fgithub.com%2Fpiton-lang%2Fpiton-rs" "/workspace/builds/worker-5-tc2/source", kill_on_drop: false }`
[INFO] [stderr] Cloning into '/workspace/builds/worker-5-tc2/source'...
[INFO] [stderr] done.
[INFO] removed /workspace/builds/worker-5-tc2/source/.cargo/config.toml
[INFO] started tweaking git repo https://github.com/piton-lang/piton-rs
[INFO] finished tweaking git repo https://github.com/piton-lang/piton-rs
[INFO] tweaked toml for git repo https://github.com/piton-lang/piton-rs written to /workspace/builds/worker-5-tc2/source/Cargo.toml
[INFO] validating manifest of git repo https://github.com/piton-lang/piton-rs on toolchain 1.100.0-beta.1
[INFO] running `Command { std: CARGO_HOME="/workspace/cargo-home" RUSTUP_HOME="/workspace/rustup-home" "/workspace/cargo-home/bin/cargo" "+1.100.0-beta.1" "metadata" "--manifest-path" "Cargo.toml" "--no-deps", kill_on_drop: false }`
[INFO] crate git repo https://github.com/piton-lang/piton-rs already has a lockfile, it will not be regenerated
[INFO] running `Command { std: CARGO_HOME="/workspace/cargo-home" RUSTUP_HOME="/workspace/rustup-home" "/workspace/cargo-home/bin/cargo" "+1.100.0-beta.1" "fetch" "--manifest-path" "Cargo.toml", kill_on_drop: false }`
[INFO] [stderr] warning: unused workspace dependency `anyhow`
[INFO] [stderr]   --> Cargo.toml:12:1
[INFO] [stderr]    |
[INFO] [stderr] 12 | anyhow = "1"
[INFO] [stderr]    | ^^^^^^
[INFO] [stderr]    |
[INFO] [stderr]    = note: `cargo::unused_workspace_dependencies` is set to `warn` by default
[INFO] [stderr] help: consider removing the workspace dependency `anyhow`
[INFO] [stderr] warning: unused workspace dependency `camino`
[INFO] [stderr]   --> Cargo.toml:13:1
[INFO] [stderr]    |
[INFO] [stderr] 13 | camino = "1"
[INFO] [stderr]    | ^^^^^^
[INFO] [stderr]    |
[INFO] [stderr] help: consider removing the workspace dependency `camino`
[INFO] [stderr] warning: unused workspace dependency `walkdir`
[INFO] [stderr]   --> Cargo.toml:21:1
[INFO] [stderr]    |
[INFO] [stderr] 21 | walkdir = "2"
[INFO] [stderr]    | ^^^^^^^
[INFO] [stderr]    |
[INFO] [stderr] help: consider removing the workspace dependency `walkdir`
[INFO] [stderr] warning: unused field `repository` in `workspace.package`
[INFO] [stderr]   --> Cargo.toml:60:1
[INFO] [stderr]    |
[INFO] [stderr] 60 | repository = "https://github.com/mctavishdynamics/piton"
[INFO] [stderr]    | ^^^^^^^^^^
[INFO] [stderr]    |
[INFO] [stderr]    = note: `cargo::unused_workspace_package_fields` is set to `warn` by default
[INFO] [stderr] help: consider removing the field `workspace.package.repository`
[INFO] [stderr] warning: unused field `rust-version` in `workspace.package`
[INFO] [stderr]   --> Cargo.toml:61:1
[INFO] [stderr]    |
[INFO] [stderr] 61 | rust-version = "1.75"
[INFO] [stderr]    | ^^^^^^^^^^^^
[INFO] [stderr]    |
[INFO] [stderr] help: consider removing the field `workspace.package.rust-version`
[INFO] [stderr] warning: workspace (manifest) generated 5 warnings
[INFO] running `Command { std: "docker" "create" "-v" "/var/lib/crater-agent-workspace/builds/worker-5-tc2/source:/opt/rustwide/workdir:ro,Z" "-v" "/var/lib/crater-agent-workspace/builds/worker-5-tc2/target:/opt/rustwide/target:rw,Z" "-v" "/var/lib/crater-agent-workspace/cargo-home:/opt/rustwide/cargo-home:ro,Z" "-v" "/var/lib/crater-agent-workspace/rustup-home:/opt/rustwide/rustup-home:ro,Z" "-m" "1610612736" "--network" "none" "ghcr.io/rust-lang/crates-build-env/linux@sha256:77db811e55d90add9212f6832c23229e3de5f1c1f9905e8cb07319ea15df73ac" "sleep" "infinity", kill_on_drop: false }`
[INFO] [stdout] bd3f180b0f0da43d1e9292ed47a111dc0d4c39ee66e725680389159822b59138
[INFO] running `Command { std: "docker" "start" "bd3f180b0f0da43d1e9292ed47a111dc0d4c39ee66e725680389159822b59138", kill_on_drop: false }`
[INFO] running `Command { std: "docker" "inspect" "bd3f180b0f0da43d1e9292ed47a111dc0d4c39ee66e725680389159822b59138", kill_on_drop: false }`
[INFO] running `Command { std: "docker" "exec" "-e" "SOURCE_DIR=/opt/rustwide/workdir" "-e" "CARGO_HOME=/opt/rustwide/cargo-home" "-e" "RUSTUP_HOME=/opt/rustwide/rustup-home" "-e" "CARGO_TARGET_DIR=/opt/rustwide/target" "-w" "/opt/rustwide/workdir" "--user" "0:0" "bd3f180b0f0da43d1e9292ed47a111dc0d4c39ee66e725680389159822b59138" "/opt/rustwide/cargo-home/bin/cargo" "+1.100.0-beta.1" "metadata" "--no-deps" "--format-version=1", kill_on_drop: false }`
[INFO] running `Command { std: "docker" "inspect" "bd3f180b0f0da43d1e9292ed47a111dc0d4c39ee66e725680389159822b59138", kill_on_drop: false }`
[INFO] running `Command { std: "docker" "exec" "-e" "SOURCE_DIR=/opt/rustwide/workdir" "-e" "CARGO_HOME=/opt/rustwide/cargo-home" "-e" "RUSTUP_HOME=/opt/rustwide/rustup-home" "-e" "CARGO_TARGET_DIR=/opt/rustwide/target" "-e" "CARGO_INCREMENTAL=0" "-e" "RUST_BACKTRACE=full" "-e" "RUSTFLAGS=--cap-lints=warn" "-e" "RUSTDOCFLAGS=--cap-lints=warn" "-w" "/opt/rustwide/workdir" "--user" "0:0" "bd3f180b0f0da43d1e9292ed47a111dc0d4c39ee66e725680389159822b59138" "/opt/rustwide/cargo-home/bin/cargo" "+1.100.0-beta.1" "build" "--frozen" "--message-format=json" "--release", kill_on_drop: false }`
[INFO] [stderr] warning: unused workspace dependency `anyhow`
[INFO] [stderr]   --> Cargo.toml:12:1
[INFO] [stderr]    |
[INFO] [stderr] 12 | anyhow = "1"
[INFO] [stderr]    | ^^^^^^
[INFO] [stderr]    |
[INFO] [stderr]    = note: `cargo::unused_workspace_dependencies` is set to `warn` by default
[INFO] [stderr] help: consider removing the workspace dependency `anyhow`
[INFO] [stderr] warning: unused workspace dependency `camino`
[INFO] [stderr]   --> Cargo.toml:13:1
[INFO] [stderr]    |
[INFO] [stderr] 13 | camino = "1"
[INFO] [stderr]    | ^^^^^^
[INFO] [stderr]    |
[INFO] [stderr] help: consider removing the workspace dependency `camino`
[INFO] [stderr] warning: unused workspace dependency `walkdir`
[INFO] [stderr]   --> Cargo.toml:21:1
[INFO] [stderr]    |
[INFO] [stderr] 21 | walkdir = "2"
[INFO] [stderr]    | ^^^^^^^
[INFO] [stderr]    |
[INFO] [stderr] help: consider removing the workspace dependency `walkdir`
[INFO] [stderr] warning: unused field `repository` in `workspace.package`
[INFO] [stderr]   --> Cargo.toml:60:1
[INFO] [stderr]    |
[INFO] [stderr] 60 | repository = "https://github.com/mctavishdynamics/piton"
[INFO] [stderr]    | ^^^^^^^^^^
[INFO] [stderr]    |
[INFO] [stderr]    = note: `cargo::unused_workspace_package_fields` is set to `warn` by default
[INFO] [stderr] help: consider removing the field `workspace.package.repository`
[INFO] [stderr] warning: unused field `rust-version` in `workspace.package`
[INFO] [stderr]   --> Cargo.toml:61:1
[INFO] [stderr]    |
[INFO] [stderr] 61 | rust-version = "1.75"
[INFO] [stderr]    | ^^^^^^^^^^^^
[INFO] [stderr]    |
[INFO] [stderr] help: consider removing the field `workspace.package.rust-version`
[INFO] [stderr] warning: workspace (manifest) generated 5 warnings
[INFO] [stderr]    Compiling cfg-if v1.0.5
[INFO] [stderr]    Compiling stable_deref_trait v1.2.1
[INFO] [stderr]    Compiling serde_core v1.0.229
[INFO] [stderr]    Compiling libc v0.2.189
[INFO] [stderr]    Compiling once_cell v1.21.4
[INFO] [stderr]    Compiling memchr v2.8.3
[INFO] [stderr]    Compiling syn v3.0.6
[INFO] [stderr]    Compiling syn v2.0.119
[INFO] [stderr]    Compiling smallvec v1.16.1
[INFO] [stderr]    Compiling object v0.39.1
[INFO] [stderr]    Compiling ahash v0.8.12
[INFO] [stderr]    Compiling zerocopy v0.8.57
[INFO] [stderr]    Compiling serde v1.0.229
[INFO] [stderr]    Compiling litemap v0.8.3
[INFO] [stderr]    Compiling writeable v0.6.4
[INFO] [stderr]    Compiling equivalent v1.0.2
[INFO] [stderr]    Compiling hashbrown v0.17.1
[INFO] [stderr]    Compiling icu_normalizer_data v2.3.0
[INFO] [stderr]    Compiling allocator-api2 v0.2.21
[INFO] [stderr]    Compiling icu_properties_data v2.3.0
[INFO] [stderr]    Compiling utf8_iter v1.0.4
[INFO] [stderr]    Compiling parking_lot_core v0.9.12
[INFO] [stderr]    Compiling pin-project-lite v0.2.17
[INFO] [stderr]    Compiling memoffset v0.9.1
[INFO] [stderr]    Compiling stacker v0.1.25
[INFO] [stderr]    Compiling scopeguard v1.2.0
[INFO] [stderr]    Compiling futures-core v0.3.34
[INFO] [stderr]    Compiling futures-sink v0.3.34
[INFO] [stderr]    Compiling indexmap v2.14.2
[INFO] [stderr]    Compiling zmij v1.0.23
[INFO] [stderr]    Compiling lock_api v0.4.14
[INFO] [stderr]    Compiling serde_json v1.0.151
[INFO] [stderr]    Compiling futures-channel v0.3.34
[INFO] [stderr]    Compiling errno v0.3.14
[INFO] [stderr]    Compiling slab v0.4.12
[INFO] [stderr]    Compiling countme v3.0.1
[INFO] [stderr]    Compiling futures-io v0.3.34
[INFO] [stderr]    Compiling itoa v1.0.18
[INFO] [stderr]    Compiling log v0.4.34
[INFO] [stderr]    Compiling rustc-hash v1.1.0
[INFO] [stderr]    Compiling futures-task v0.3.34
[INFO] [stderr]    Compiling text-size v1.1.1
[INFO] [stderr]    Compiling percent-encoding v2.3.2
[INFO] [stderr]    Compiling signal-hook v0.3.18
[INFO] [stderr]    Compiling form_urlencoded v1.2.2
[INFO] [stderr]    Compiling signal-hook-registry v1.4.8
[INFO] [stderr]    Compiling utf8parse v0.2.2
[INFO] [stderr]    Compiling rustix v1.1.5
[INFO] [stderr]    Compiling anstyle-parse v1.0.0
[INFO] [stderr]    Compiling httparse v1.10.1
[INFO] [stderr]    Compiling mio v1.2.3
[INFO] [stderr]    Compiling tracing-core v0.1.36
[INFO] [stderr]    Compiling anstyle-query v1.1.5
[INFO] [stderr]    Compiling bitflags v2.13.2
[INFO] [stderr]    Compiling tower-service v0.3.3
[INFO] [stderr]    Compiling colorchoice v1.0.5
[INFO] [stderr]    Compiling litrs v1.0.0
[INFO] [stderr]    Compiling is_terminal_polyfill v1.70.2
[INFO] [stderr]    Compiling bitflags v1.3.2
[INFO] [stderr]    Compiling linux-raw-sys v0.12.1
[INFO] [stderr]    Compiling anstyle v1.0.14
[INFO] [stderr]    Compiling bytes v1.12.1
[INFO] [stderr]    Compiling tower-layer v0.3.3
[INFO] [stderr]    Compiling synstructure v0.14.0
[INFO] [stderr]    Compiling anstream v1.0.0
[INFO] [stderr]    Compiling ar_archive_writer v0.5.3
[INFO] [stderr]    Compiling document-features v0.2.12
[INFO] [stderr]    Compiling hashbrown v0.14.5
[INFO] [stderr]    Compiling signal-hook-mio v0.2.5
[INFO] [stderr]    Compiling parking_lot v0.12.5
[INFO] [stderr]    Compiling pin-project-internal v1.1.13
[INFO] [stderr]    Compiling psm v0.1.32
[INFO] [stderr]    Compiling derive_more-impl v2.1.1
[INFO] [stderr]    Compiling zerofrom-derive v0.1.8
[INFO] [stderr]    Compiling yoke-derive v0.8.3
[INFO] [stderr]    Compiling zerovec-derive v0.11.6
[INFO] [stderr]    Compiling displaydoc v0.2.7
[INFO] [stderr]    Compiling serde_derive v1.0.229
[INFO] [stderr]    Compiling futures-macro v0.3.34
[INFO] [stderr]    Compiling chumsky v0.9.3
[INFO] [stderr]    Compiling rowan v0.15.19
[INFO] [stderr]    Compiling tokio-macros v2.7.2
[INFO] [stderr]    Compiling futures-util v0.3.34
[INFO] [stderr]    Compiling pin-project v1.1.13
[INFO] [stderr]    Compiling serde_repr v0.1.21
[INFO] [stderr]    Compiling tracing-attributes v0.1.31
[INFO] [stderr]    Compiling zerofrom v0.1.8
[INFO] [stderr]    Compiling tokio v1.53.1
[INFO] [stderr]    Compiling yoke v0.8.3
[INFO] [stderr]    Compiling derive_more v2.1.1
[INFO] [stderr]    Compiling dashmap v5.5.3
[INFO] [stderr]    Compiling zerovec v0.11.8
[INFO] [stderr]    Compiling zerotrie v0.2.5
[INFO] [stderr]    Compiling tracing v0.1.44
[INFO] [stderr]    Compiling tinystr v0.8.4
[INFO] [stderr]    Compiling icu_locale_core v2.3.0
[INFO] [stderr]    Compiling potential_utf v0.1.6
[INFO] [stderr]    Compiling async-trait v0.1.92
[INFO] [stderr]    Compiling icu_collections v2.3.0
[INFO] [stderr]    Compiling auto_impl v1.3.0
[INFO] [stderr]    Compiling tower-lsp-macros v0.9.0
[INFO] [stderr]    Compiling aho-corasick v1.1.5
[INFO] [stderr]    Compiling thread_local v1.1.10
[INFO] [stderr]    Compiling clap_lex v1.1.1
[INFO] [stderr]    Compiling strsim v0.11.1
[INFO] [stderr]    Compiling icu_provider v2.3.1
[INFO] [stderr]    Compiling regex-syntax v0.8.11
[INFO] [stderr]    Compiling icu_normalizer v2.3.0
[INFO] [stderr]    Compiling icu_properties v2.3.0
[INFO] [stderr]    Compiling piton-core v0.1.0 (/opt/rustwide/workdir/crates/piton-core)
[INFO] [stderr]    Compiling piton-syntax v0.1.0 (/opt/rustwide/workdir/crates/piton-syntax)
[INFO] [stderr]    Compiling piton-emit v0.1.0 (/opt/rustwide/workdir/crates/piton-emit)
[INFO] [stderr]    Compiling futures v0.3.34
[INFO] [stderr]    Compiling tower v0.4.13
[INFO] [stderr]    Compiling idna_adapter v1.2.2
[INFO] [stderr]    Compiling piton-compile v0.1.0 (/opt/rustwide/workdir/crates/piton-compile)
[INFO] [stderr]    Compiling idna v1.1.0
[INFO] [stderr]    Compiling tokio-util v0.7.19
[INFO] [stderr]    Compiling url v2.5.8
[INFO] [stderr]    Compiling regex-automata v0.4.18
[INFO] [stderr]    Compiling lsp-types v0.94.1
[INFO] [stderr]    Compiling piton-belay v0.1.0 (/opt/rustwide/workdir/crates/piton-belay)
[INFO] [stderr]    Compiling clap_derive v4.6.7
[INFO] [stderr]    Compiling clap_builder v4.6.7
[INFO] [stderr]    Compiling fuzzy-matcher v0.3.7
[INFO] [stderr]    Compiling crossterm v0.29.0
[INFO] [stderr]    Compiling bstr v1.13.1
[INFO] [stderr]    Compiling dyn-clone v1.0.20
[INFO] [stderr]    Compiling unicode-segmentation v1.13.3
[INFO] [stderr]    Compiling piton-cli v0.1.0 (/opt/rustwide/workdir/crates/piton-cli)
[INFO] [stderr]    Compiling unicode-width v0.2.2
[INFO] [stderr]    Compiling clap v4.6.7
[INFO] [stderr]    Compiling globset v0.4.20
[INFO] [stderr]    Compiling inquire v0.9.4
[INFO] [stderr]    Compiling similar v2.7.0
[INFO] [stderr]    Compiling xtask v0.1.0 (/opt/rustwide/workdir/crates/xtask)
[INFO] [stderr]    Compiling tower-lsp v0.20.0
[INFO] [stderr]    Compiling piton-lsp v0.1.0 (/opt/rustwide/workdir/crates/piton-lsp)
[INFO] [stderr] warning: unused dependency `serde`
[INFO] [stderr]  --> crates/piton-core/Cargo.toml:9:1
[INFO] [stderr]   |
[INFO] [stderr] 9 | serde.workspace = true
[INFO] [stderr]   | ^^^^^
[INFO] [stderr]   |
[INFO] [stderr]   = note: `cargo::unused_dependencies` is set to `warn` by default
[INFO] [stderr] help: consider removing the dependency on `serde`
[INFO] [stderr] warning: `piton-core` (manifest) generated 1 warning
[INFO] [stderr]     Finished `release` profile [optimized] target(s) in 6m 01s
[INFO] running `Command { std: "docker" "inspect" "bd3f180b0f0da43d1e9292ed47a111dc0d4c39ee66e725680389159822b59138", kill_on_drop: false }`
[INFO] running `Command { std: "docker" "exec" "-e" "SOURCE_DIR=/opt/rustwide/workdir" "-e" "CARGO_HOME=/opt/rustwide/cargo-home" "-e" "RUSTUP_HOME=/opt/rustwide/rustup-home" "-e" "CARGO_TARGET_DIR=/opt/rustwide/target" "-e" "CARGO_INCREMENTAL=0" "-e" "RUST_BACKTRACE=full" "-e" "RUSTFLAGS=--cap-lints=warn" "-e" "RUSTDOCFLAGS=--cap-lints=warn" "-w" "/opt/rustwide/workdir" "--user" "0:0" "bd3f180b0f0da43d1e9292ed47a111dc0d4c39ee66e725680389159822b59138" "/opt/rustwide/cargo-home/bin/cargo" "+1.100.0-beta.1" "test" "--frozen" "--no-run" "--message-format=json" "--release", kill_on_drop: false }`
[INFO] [stderr] warning: unused workspace dependency `anyhow`
[INFO] [stderr]   --> Cargo.toml:12:1
[INFO] [stderr]    |
[INFO] [stderr] 12 | anyhow = "1"
[INFO] [stderr]    | ^^^^^^
[INFO] [stderr]    |
[INFO] [stderr]    = note: `cargo::unused_workspace_dependencies` is set to `warn` by default
[INFO] [stderr] help: consider removing the workspace dependency `anyhow`
[INFO] [stderr] warning: unused workspace dependency `camino`
[INFO] [stderr]   --> Cargo.toml:13:1
[INFO] [stderr]    |
[INFO] [stderr] 13 | camino = "1"
[INFO] [stderr]    | ^^^^^^
[INFO] [stderr]    |
[INFO] [stderr] help: consider removing the workspace dependency `camino`
[INFO] [stderr] warning: unused workspace dependency `walkdir`
[INFO] [stderr]   --> Cargo.toml:21:1
[INFO] [stderr]    |
[INFO] [stderr] 21 | walkdir = "2"
[INFO] [stderr]    | ^^^^^^^
[INFO] [stderr]    |
[INFO] [stderr] help: consider removing the workspace dependency `walkdir`
[INFO] [stderr] warning: unused field `repository` in `workspace.package`
[INFO] [stderr]   --> Cargo.toml:60:1
[INFO] [stderr]    |
[INFO] [stderr] 60 | repository = "https://github.com/mctavishdynamics/piton"
[INFO] [stderr]    | ^^^^^^^^^^
[INFO] [stderr]    |
[INFO] [stderr]    = note: `cargo::unused_workspace_package_fields` is set to `warn` by default
[INFO] [stderr] help: consider removing the field `workspace.package.repository`
[INFO] [stderr] warning: unused field `rust-version` in `workspace.package`
[INFO] [stderr]   --> Cargo.toml:61:1
[INFO] [stderr]    |
[INFO] [stderr] 61 | rust-version = "1.75"
[INFO] [stderr]    | ^^^^^^^^^^^^
[INFO] [stderr]    |
[INFO] [stderr] help: consider removing the field `workspace.package.rust-version`
[INFO] [stderr] warning: workspace (manifest) generated 5 warnings
[INFO] [stderr]    Compiling regex-syntax v0.8.11
[INFO] [stderr]    Compiling piton-lsp v0.1.0 (/opt/rustwide/workdir/crates/piton-lsp)
[INFO] [stderr]    Compiling piton-belay v0.1.0 (/opt/rustwide/workdir/crates/piton-belay)
[INFO] [stderr]    Compiling regex-automata v0.4.18
[INFO] [stderr]    Compiling piton-compile v0.1.0 (/opt/rustwide/workdir/crates/piton-compile)
[INFO] [stderr]    Compiling piton-emit v0.1.0 (/opt/rustwide/workdir/crates/piton-emit)
[INFO] [stderr]    Compiling piton-core v0.1.0 (/opt/rustwide/workdir/crates/piton-core)
[INFO] [stderr]    Compiling xtask v0.1.0 (/opt/rustwide/workdir/crates/xtask)
[INFO] [stderr]    Compiling globset v0.4.20
[INFO] [stderr]    Compiling regex v1.13.1
[INFO] [stderr]    Compiling piton-syntax v0.1.0 (/opt/rustwide/workdir/crates/piton-syntax)
[INFO] [stderr]    Compiling piton-cli v0.1.0 (/opt/rustwide/workdir/crates/piton-cli)
[INFO] [stderr] warning: unused dependency `serde`
[INFO] [stderr]  --> crates/piton-core/Cargo.toml:9:1
[INFO] [stderr]   |
[INFO] [stderr] 9 | serde.workspace = true
[INFO] [stderr]   | ^^^^^
[INFO] [stderr]   |
[INFO] [stderr]   = note: `cargo::unused_dependencies` is set to `warn` by default
[INFO] [stderr] help: consider removing the dependency on `serde`
[INFO] [stderr] warning: `piton-core` (manifest) generated 1 warning
[INFO] [stderr]     Finished `release` profile [optimized] target(s) in 2m 04s
[INFO] running `Command { std: "docker" "inspect" "bd3f180b0f0da43d1e9292ed47a111dc0d4c39ee66e725680389159822b59138", kill_on_drop: false }`
[INFO] running `Command { std: "docker" "exec" "-e" "SOURCE_DIR=/opt/rustwide/workdir" "-e" "CARGO_HOME=/opt/rustwide/cargo-home" "-e" "RUSTUP_HOME=/opt/rustwide/rustup-home" "-e" "CARGO_TARGET_DIR=/opt/rustwide/target" "-e" "CARGO_INCREMENTAL=0" "-e" "RUST_BACKTRACE=full" "-e" "RUSTFLAGS=--cap-lints=warn" "-e" "RUSTDOCFLAGS=--cap-lints=warn" "-w" "/opt/rustwide/workdir" "--user" "0:0" "bd3f180b0f0da43d1e9292ed47a111dc0d4c39ee66e725680389159822b59138" "/opt/rustwide/cargo-home/bin/cargo" "+1.100.0-beta.1" "test" "--frozen" "--release", kill_on_drop: false }`
[INFO] [stderr] warning: unused workspace dependency `anyhow`
[INFO] [stderr]   --> Cargo.toml:12:1
[INFO] [stderr]    |
[INFO] [stderr] 12 | anyhow = "1"
[INFO] [stderr]    | ^^^^^^
[INFO] [stderr]    |
[INFO] [stderr]    = note: `cargo::unused_workspace_dependencies` is set to `warn` by default
[INFO] [stderr] help: consider removing the workspace dependency `anyhow`
[INFO] [stderr] warning: unused workspace dependency `camino`
[INFO] [stderr]   --> Cargo.toml:13:1
[INFO] [stderr]    |
[INFO] [stderr] 13 | camino = "1"
[INFO] [stderr]    | ^^^^^^
[INFO] [stderr]    |
[INFO] [stderr] help: consider removing the workspace dependency `camino`
[INFO] [stderr] warning: unused workspace dependency `walkdir`
[INFO] [stderr]   --> Cargo.toml:21:1
[INFO] [stderr]    |
[INFO] [stderr] 21 | walkdir = "2"
[INFO] [stderr]    | ^^^^^^^
[INFO] [stderr]    |
[INFO] [stderr] help: consider removing the workspace dependency `walkdir`
[INFO] [stderr] warning: unused field `repository` in `workspace.package`
[INFO] [stderr]   --> Cargo.toml:60:1
[INFO] [stderr]    |
[INFO] [stderr] 60 | repository = "https://github.com/mctavishdynamics/piton"
[INFO] [stderr]    | ^^^^^^^^^^
[INFO] [stderr]    |
[INFO] [stderr]    = note: `cargo::unused_workspace_package_fields` is set to `warn` by default
[INFO] [stderr] help: consider removing the field `workspace.package.repository`
[INFO] [stderr] warning: unused field `rust-version` in `workspace.package`
[INFO] [stderr]   --> Cargo.toml:61:1
[INFO] [stderr]    |
[INFO] [stderr] 61 | rust-version = "1.75"
[INFO] [stderr]    | ^^^^^^^^^^^^
[INFO] [stderr]    |
[INFO] [stderr] help: consider removing the field `workspace.package.rust-version`
[INFO] [stderr] warning: workspace (manifest) generated 5 warnings
[INFO] [stderr] warning: unused dependency `serde`
[INFO] [stderr]  --> crates/piton-core/Cargo.toml:9:1
[INFO] [stderr]   |
[INFO] [stderr] 9 | serde.workspace = true
[INFO] [stderr]   | ^^^^^
[INFO] [stderr]   |
[INFO] [stderr]   = note: `cargo::unused_dependencies` is set to `warn` by default
[INFO] [stderr] help: consider removing the dependency on `serde`
[INFO] [stderr] warning: `piton-core` (manifest) generated 1 warning
[INFO] [stderr]     Finished `release` profile [optimized] target(s) in 0.28s
[INFO] [stderr]      Running unittests src/lib.rs (/opt/rustwide/target/release/build/piton-belay/9a6964416ee32a28/out/piton_belay-9a6964416ee32a28)
[INFO] [stdout] 
[INFO] [stdout] running 30 tests
[INFO] [stdout] test adapter::tests::adapters_are_addressable_by_target_id ... ok
[INFO] [stdout] test adapter::tests::shape_roots_sit_under_the_reference_root ... ok
[INFO] [stdout] test manifest::tests::only_the_generated_array_is_read ... ok
[INFO] [stdout] test manifest::tests::unsafe_paths_are_refused ... ok
[INFO] [stdout] test references::tests::document_paths_mirror_the_module ... ok
[INFO] [stdout] test references::tests::headings_in_fences_are_not_headings ... ok
[INFO] [stdout] test render::tests::discovery_descriptions_follow_the_description_with_use_when ... ok
[INFO] [stdout] test render::tests::frontmatter_quotes_only_what_needs_it ... ok
[INFO] [stdout] test render::tests::a_missing_description_leaves_no_leading_space ... ok
[INFO] [stdout] test render::tests::multiline_toml_strings_use_a_literal_block ... ok
[INFO] [stdout] test render::tests::role_introductions_follow_the_specification_literally ... ok
[INFO] [stdout] test render::tests::yaml_scalars_that_would_change_type_are_quoted_whatever_their_case ... ok
[INFO] [stdout] test references::tests::relative_files_read_as_paths ... ok
[INFO] [stdout] test shape::tests::a_matching_directory_is_used_directly ... ok
[INFO] [stdout] test adapter::tests::every_adapter_names_its_own_root ... ok
[INFO] [stdout] test references::tests::repeated_slugs_are_numbered_across_the_file ... ok
[INFO] [stdout] test render::tests::toml_documents_put_tables_last ... ok
[INFO] [stdout] test render::tests::toml_strings_escape_control_characters ... ok
[INFO] [stdout] test render::tests::nested_frontmatter_indents ... ok
[INFO] [stdout] test tests::manifests_round_trip ... ok
[INFO] [stdout] test shape::tests::two_sources_in_one_directory_share_a_scope ... ok
[INFO] [stdout] test validate::tests::frontmatter_fields_are_readable ... ok
[INFO] [stdout] test tests::artifact_names_come_from_the_path ... ok
[INFO] [stdout] test validate::tests::instruction_patterns_match_like_globs ... ok
[INFO] [stdout] test validate::tests::markdown_links_are_found ... ok
[INFO] [stdout] test validate::tests::schemes_are_recognized ... ok
[INFO] [stdout] test shape::tests::a_missing_code_root_has_nowhere_to_attach ... ok
[INFO] [stdout] test shape::tests::a_missing_directory_walks_up_to_the_nearest_existing_one ... ok
[INFO] [stdout] test shape::tests::fallback_stops_at_the_code_root ... ok
[INFO] [stderr]      Running tests/combinations.rs (/opt/rustwide/target/release/build/piton-belay/e28de4ed6b412c63/out/combinations-e28de4ed6b412c63)
[INFO] [stdout] test adapter::tests::builtin_targets_fill_their_output_templates ... ok
[INFO] [stdout] 
[INFO] [stdout] test result: ok. 30 passed; 0 failed; 0 ignored; 0 measured; 0 filtered out; finished in 0.00s
[INFO] [stdout] 
[INFO] [stdout] 
[INFO] [stdout] running 1 test
[INFO] [stdout] test every_combination_of_adapters_matches_its_snapshot ... ok
[INFO] [stdout] 
[INFO] [stdout] test result: ok. 1 passed; 0 failed; 0 ignored; 0 measured; 0 filtered out; finished in 0.34s
[INFO] [stdout] 
[INFO] [stderr]      Running tests/framework.rs (/opt/rustwide/target/release/build/piton-belay/6744f1872b3ba11c/out/framework-6744f1872b3ba11c)
[INFO] [stdout] 
[INFO] [stdout] running 6 tests
[INFO] [stdout] test every_construct_is_reachable_through_its_keyword ... ok
[INFO] [stdout] test the_adapter_anchors_agree_with_the_built_in_targets ... ok
[INFO] [stderr]      Running tests/golden.rs (/opt/rustwide/target/release/build/piton-belay/434778d0ffd9839c/out/golden-434778d0ffd9839c)
[INFO] [stdout] test the_package_exports_the_framework_and_not_its_documentation ... ok
[INFO] [stdout] test the_adapters_are_served_from_the_specification_files ... ok
[INFO] [stdout] test the_constructs_are_served_from_the_specification_files ... ok
[INFO] [stdout] test the_bundled_package_matches_the_specification ... ok
[INFO] [stdout] 
[INFO] [stdout] test result: ok. 6 passed; 0 failed; 0 ignored; 0 measured; 0 filtered out; finished in 0.03s
[INFO] [stdout] 
[INFO] [stdout] 
[INFO] [stdout] running 4 tests
[INFO] [stdout] test report_byte_identical_share ... ok
[INFO] [stdout] test the_generated_file_set_matches ... ok
[INFO] [stdout] test generated_content_matches_line_for_line ... ok
[INFO] [stdout] test planning_is_deterministic ... ok
[INFO] [stderr]      Running tests/locations.rs (/opt/rustwide/target/release/build/piton-belay/c3baec0ee53a3f47/out/locations-c3baec0ee53a3f47)
[INFO] [stdout] 
[INFO] [stdout] test result: ok. 4 passed; 0 failed; 0 ignored; 0 measured; 0 filtered out; finished in 0.42s
[INFO] [stdout] 
[INFO] [stdout] 
[INFO] [stdout] running 3 tests
[INFO] [stdout] test every_root_resolves_relative_to_the_file_that_names_it ... ok
[INFO] [stdout] test an_unconfigured_shape_root_falls_back_to_the_project_root ... ok
[INFO] [stdout] test the_agent_root_follows_the_adapter ... ok
[INFO] [stdout] 
[INFO] [stdout] test result: ok. 3 passed; 0 failed; 0 ignored; 0 measured; 0 filtered out; finished in 0.12s
[INFO] [stdout] 
[INFO] [stderr]      Running tests/plan.rs (/opt/rustwide/target/release/build/piton-belay/ec4db1a8f4ed78d7/out/plan-ec4db1a8f4ed78d7)
[INFO] [stdout] 
[INFO] [stdout] running 26 tests
[INFO] [stdout] test a_reference_to_a_construct_links_to_its_own_output ... ok
[INFO] [stdout] test a_skill_opencode_finds_twice_is_reported_once_per_skill ... ok
[INFO] [stdout] test agents_begin_with_the_role_introduction ... ok
[INFO] [stdout] test a_reference_to_an_abstract_or_package_anchor_is_an_error ... ok
[INFO] [stdout] test an_adapter_anchor_can_move_the_reference_root ... ok
[INFO] [stdout] test cleanup_only_removes_recorded_files ... ok
[INFO] [stdout] test a_command_skill_opencode_is_told_to_hide_needs_no_choice ... ok
[INFO] [stdout] test constructs_normalizing_to_one_identity_collide ... ok
[INFO] [stdout] test discovery_descriptions_join_with_a_single_space ... ok
[INFO] [stdout] test descriptions_are_required_where_the_target_needs_them_and_omitted_otherwise ... ok
[INFO] [stdout] test cross_discovery_that_changes_activation_needs_a_choice ... ok
[INFO] [stdout] test codex_reports_over_budget_and_shadowed_guidance ... ok
[INFO] [stdout] test instructions_outside_the_shape_root_are_not_specified ... ok
[INFO] [stdout] test instructions_keep_their_description_and_nest_their_extras ... ok
[INFO] [stdout] test only_the_entry_exports_and_what_they_reference_are_emitted ... ok
[INFO] [stdout] test muse_leaves_agents_out_and_still_gets_its_references ... ok
[INFO] [stdout] test references_in_metadata_are_errors ... ok
[INFO] [stdout] test opencode_still_needs_muse_command_skills_hidden ... ok
[INFO] [stdout] test repeated_headings_in_one_file_get_distinct_fragments ... ok
[INFO] [stdout] test unsupported_and_invalid_native_options_fail ... ok
[INFO] [stdout] test shared_projects_write_one_reference_tree_and_one_agents_md ... ok
[INFO] [stdout] test existing_files_the_build_does_not_own_are_not_overwritten ... ok
[INFO] [stdout] test the_target_versions_are_recorded ... ok
[INFO] [stdout] test references_link_to_the_heading_in_the_module_file ... ok
[INFO] [stdout] test muse_shares_the_skills_and_commands_codex_and_claude_write ... ok
[INFO] [stdout] test opencode_nested_guidance_needs_explicit_configuration ... ok
[INFO] [stdout] 
[INFO] [stdout] test result: ok. 26 passed; 0 failed; 0 ignored; 0 measured; 0 filtered out; finished in 0.48s
[INFO] [stdout] 
[INFO] [stderr]      Running unittests src/main.rs (/opt/rustwide/target/release/build/piton-cli/dc1f28415f6be631/out/piton-dc1f28415f6be631)
[INFO] [stdout] 
[INFO] [stdout] running 13 tests
[INFO] [stdout] test commands::agent::tests::each_tool_is_given_the_prompt_its_own_way ... ok
[INFO] [stdout] test commands::agent::tests::subcommands_get_the_prompt_where_they_take_it ... ok
[INFO] [stdout] test commands::agent::tests::a_project_fluency_prompt_is_preferred ... ok
[INFO] [stdout] test config_edit::tests::removing_takes_the_pin_with_it ... ok
[INFO] [stdout] test commands::agent::tests::the_primer_points_where_the_build_wrote ... ok
[INFO] [stdout] test config_edit::tests::a_listed_dependency_is_not_added_twice ... ok
[INFO] [stdout] test config_edit::tests::a_missing_list_is_created ... ok
[INFO] [stdout] test config_edit::tests::a_missing_list_is_created_at_the_end_of_the_file ... ok
[INFO] [stdout] test config_edit::tests::removing_the_last_dependency_removes_the_list ... ok
[INFO] [stdout] test packages::tests::an_empty_tethers_directory_is_pruned_and_a_sibling_survives ... ok
[INFO] [stdout] test commands::agent::tests::the_embedded_copy_is_the_fluency_prompt ... ok
[INFO] [stdout] test packages::tests::copying_leaves_the_repository_behind ... ok
[INFO] [stdout] test config_edit::tests::a_new_dependency_goes_at_the_end_of_the_list ... ok
[INFO] [stdout] 
[INFO] [stdout] test result: ok. 13 passed; 0 failed; 0 ignored; 0 measured; 0 filtered out; finished in 0.01s
[INFO] [stdout] 
[INFO] [stdout] 
[INFO] [stderr]      Running tests/cli.rs (/opt/rustwide/target/release/build/piton-cli/e2c7dfdd3e7d4285/out/cli-e2c7dfdd3e7d4285)
[INFO] [stdout] running 49 tests
[INFO] [stdout] test a_relative_file_argument_resolves ... FAILED
[INFO] [stdout] test a_markdown_link_an_author_writes_is_passed_through ... FAILED
[INFO] [stdout] test a_full_project_builds_every_artifact ... FAILED
[INFO] [stdout] test a_glob_without_write_is_refused ... FAILED
[INFO] [stdout] test agent_prints_its_fluency_without_building_or_launching ... FAILED
[INFO] [stdout] test an_unknown_adapter_is_rejected ... FAILED
[INFO] [stdout] test agent_prints_its_fluency_without_a_project ... FAILED
[INFO] [stdout] test an_unknown_config_key_is_a_warning ... FAILED
[INFO] [stdout] test an_instruction_falls_back_to_the_nearest_existing_scope ... FAILED
[INFO] [stdout] test a_dry_run_writes_nothing ... FAILED
[INFO] [stdout] test build_cleans_up_only_what_it_generated ... FAILED
[INFO] [stdout] test build_uses_the_configured_output_and_renderer ... FAILED
[INFO] [stdout] test check_passes_on_a_clean_file ... FAILED
[INFO] [stdout] test build_without_a_framework_writes_the_renderer_output ... FAILED
[INFO] [stdout] test check_without_a_config_checks_everything_under_the_working_directory ... FAILED
[INFO] [stdout] test check_reports_problems_and_exits_non_zero ... FAILED
[INFO] [stdout] test a_framework_replaces_the_renderer_output ... FAILED
[INFO] [stdout] test compile_can_report_what_it_read ... FAILED
[INFO] [stdout] test build_output_references_point_into_the_output_tree ... FAILED
[INFO] [stdout] test compile_writes_next_to_the_input_when_asked ... FAILED
[INFO] [stdout] test compile_renders_each_adapter ... FAILED
[INFO] [stdout] test compile_includes_what_the_file_exports_without_declaring ... FAILED
[INFO] [stdout] test every_adapter_emits_its_own_native_form ... FAILED
[INFO] [stdout] test help_lists_every_documented_command ... FAILED
[INFO] [stdout] test init_leaves_tethering_to_later_when_asked ... FAILED
[INFO] [stdout] test init_builds_a_belay_project_for_the_adapters_chosen ... FAILED
[INFO] [stdout] test format_reads_stdin_when_given_a_dash ... FAILED
[INFO] [stdout] test format_normalizes_and_check_reports ... FAILED
[INFO] [stdout] test init_needs_a_template_it_knows ... FAILED
[INFO] [stdout] test loc_counts_by_category ... FAILED
[INFO] [stdout] test reach_accepts_a_glob ... FAILED
[INFO] [stdout] test naming_the_renderer_output_writes_it_alongside_a_framework ... FAILED
[INFO] [stdout] test init_never_overwrites_a_file ... FAILED
[INFO] [stdout] test reach_counts_every_line_it_prints ... FAILED
[INFO] [stdout] test reach_follows_imports_and_reports_paths_by_default ... FAILED
[INFO] [stdout] test slice_prints_what_a_target_depends_on ... FAILED
[INFO] [stdout] test slice_reports_targets_it_cannot_resolve ... FAILED
[INFO] [stdout] test reach_does_not_call_an_index_dead_for_declaring_nothing ... FAILED
[INFO] [stdout] test reach_marks_a_root_as_a_root ... FAILED
[INFO] [stdout] test slice_with_an_adapter_cites_what_the_build_writes ... FAILED
[INFO] [stdout] test reach_follows_variables_and_property_reads ... FAILED
[INFO] [stdout] test a_library_whose_entry_only_exports_still_builds ... FAILED
[INFO] [stdout] test reach_separates_reachable_from_unreachable ... FAILED
[INFO] [stdout] test slice_with_an_adapter_needs_a_target_the_build_writes ... FAILED
[INFO] [stdout] test slice_with_an_adapter_finds_an_anchor_embedded_upstream ... FAILED
[INFO] [stdout] test rebuilding_produces_identical_bytes ... FAILED
[INFO] [stdout] test slice_writes_every_path_relative_to_where_it_runs ... FAILED
[INFO] [stdout] test the_language_server_accepts_the_stdio_flag ... ok
[INFO] [stdout] test every_template_starts_a_project_that_checks_and_builds ... FAILED
[INFO] [stdout] 
[INFO] [stdout] failures:
[INFO] [stdout] 
[INFO] [stdout] ---- a_relative_file_argument_resolves stdout ----
[INFO] [stdout] 
[INFO] [stdout] thread 'a_relative_file_argument_resolves' (3528) panicked at crates/piton-cli/tests/cli.rs:66:14:
[INFO] [stdout] run piton: Os { code: 2, kind: NotFound, message: "No such file or directory" }
[INFO] [stdout] stack backtrace:
[INFO] [stdout]    0:     0x63367d46da31 - <<std[617be2ca0a6fd877]::sys::backtrace::BacktraceLock>::print::DisplayBacktrace as core[a373ad73a504971]::fmt::Display>::fmt
[INFO] [stdout]    1:     0x63367d481cda - core[a373ad73a504971]::fmt::write
[INFO] [stdout]    2:     0x63367d471f3c - <alloc[2e1b2a31b91974c5]::vec::Vec<u8> as core[a373ad73a504971]::io::write::Write>::write_fmt
[INFO] [stdout]    3:     0x63367d447e46 - std[617be2ca0a6fd877]::panicking::default_hook::{closure#0}
[INFO] [stdout]    4:     0x63367d4654a9 - std[617be2ca0a6fd877]::panicking::default_hook
[INFO] [stdout]    5:     0x63367d3fff90 - test[aada8e7e76ba119b]::test_main_inner::{closure#0}
[INFO] [stdout]    6:     0x63367d465662 - std[617be2ca0a6fd877]::panicking::panic_with_hook
[INFO] [stdout]    7:     0x63367d447ef2 - std[617be2ca0a6fd877]::panicking::panic_handler::{closure#0}
[INFO] [stdout]    8:     0x63367d440959 - std[617be2ca0a6fd877]::sys::backtrace::__rust_end_short_backtrace::<std[617be2ca0a6fd877]::panicking::panic_handler::{closure#0}, !>
[INFO] [stdout]    9:     0x63367d448afd - __rustc[ea4f61d10b84890b]::rust_begin_unwind
[INFO] [stdout]   10:     0x63367d48240c - core[a373ad73a504971]::panicking::panic_fmt
[INFO] [stdout]   11:     0x63367d4821e2 - core[a373ad73a504971]::result::unwrap_failed
[INFO] [stdout]   12:     0x63367d3e0b10 - <cli[a87a755db4a32822]::Fixture>::run_in
[INFO] [stdout]   13:     0x63367d3e39c6 - <cli[a87a755db4a32822]::a_relative_file_argument_resolves::{closure#0} as core[a373ad73a504971]::ops::function::FnOnce<()>>::call_once
[INFO] [stdout]   14:     0x63367d3f33db - test[aada8e7e76ba119b]::__rust_begin_short_backtrace::<core[a373ad73a504971]::result::Result<(), alloc[2e1b2a31b91974c5]::string::String>, fn() -> core[a373ad73a504971]::result::Result<(), alloc[2e1b2a31b91974c5]::string::String>>
[INFO] [stdout]   15:     0x63367d4005b5 - test[aada8e7e76ba119b]::run_test::{closure#0}
[INFO] [stdout]   16:     0x63367d3f9ea4 - std[617be2ca0a6fd877]::sys::backtrace::__rust_begin_short_backtrace::<test[aada8e7e76ba119b]::run_test::{closure#1}, ()>
[INFO] [stdout]   17:     0x63367d403642 - <std[617be2ca0a6fd877]::thread::lifecycle::spawn_unchecked<test[aada8e7e76ba119b]::run_test::{closure#1}, ()>::{closure#1} as core[a373ad73a504971]::ops::function::FnOnce<()>>::call_once::{shim:vtable#0}
[INFO] [stdout]   18:     0x63367d46cd4f - <std[617be2ca0a6fd877]::sys::thread::unix::Thread>::new::thread_start
[INFO] [stdout]   19:     0x7459a291cdfa - <unknown>
[INFO] [stdout]   20:     0x7459a29b03d4 - clone
[INFO] [stdout]   21:                0x0 - <unknown>
[INFO] [stdout] 
[INFO] [stdout] ---- a_markdown_link_an_author_writes_is_passed_through stdout ----
[INFO] [stdout] 
[INFO] [stdout] thread 'a_markdown_link_an_author_writes_is_passed_through' (3527) panicked at crates/piton-cli/tests/cli.rs:66:14:
[INFO] [stdout] run piton: Os { code: 2, kind: NotFound, message: "No such file or directory" }
[INFO] [stdout] stack backtrace:
[INFO] [stdout]    0:     0x63367d46da31 - <<std[617be2ca0a6fd877]::sys::backtrace::BacktraceLock>::print::DisplayBacktrace as core[a373ad73a504971]::fmt::Display>::fmt
[INFO] [stdout]    1:     0x63367d481cda - core[a373ad73a504971]::fmt::write
[INFO] [stdout]    2:     0x63367d471f3c - <alloc[2e1b2a31b91974c5]::vec::Vec<u8> as core[a373ad73a504971]::io::write::Write>::write_fmt
[INFO] [stdout]    3:     0x63367d447e46 - std[617be2ca0a6fd877]::panicking::default_hook::{closure#0}
[INFO] [stdout]    4:     0x63367d4654a9 - std[617be2ca0a6fd877]::panicking::default_hook
[INFO] [stdout]    5:     0x63367d3fff90 - test[aada8e7e76ba119b]::test_main_inner::{closure#0}
[INFO] [stdout]    6:     0x63367d465662 - std[617be2ca0a6fd877]::panicking::panic_with_hook
[INFO] [stdout]    7:     0x63367d447ef2 - std[617be2ca0a6fd877]::panicking::panic_handler::{closure#0}
[INFO] [stdout]    8:     0x63367d440959 - std[617be2ca0a6fd877]::sys::backtrace::__rust_end_short_backtrace::<std[617be2ca0a6fd877]::panicking::panic_handler::{closure#0}, !>
[INFO] [stdout]    9:     0x63367d448afd - __rustc[ea4f61d10b84890b]::rust_begin_unwind
[INFO] [stdout]   10:     0x63367d48240c - core[a373ad73a504971]::panicking::panic_fmt
[INFO] [stdout]   11:     0x63367d4821e2 - core[a373ad73a504971]::result::unwrap_failed
[INFO] [stdout]   12:     0x63367d3e0b10 - <cli[a87a755db4a32822]::Fixture>::run_in
[INFO] [stdout]   13:     0x63367d3eb806 - <cli[a87a755db4a32822]::a_markdown_link_an_author_writes_is_passed_through::{closure#0} as core[a373ad73a504971]::ops::function::FnOnce<()>>::call_once
[INFO] [stdout]   14:     0x63367d3f33db - test[aada8e7e76ba119b]::__rust_begin_short_backtrace::<core[a373ad73a504971]::result::Result<(), alloc[2e1b2a31b91974c5]::string::String>, fn() -> core[a373ad73a504971]::result::Result<(), alloc[2e1b2a31b91974c5]::string::String>>
[INFO] [stdout]   15:     0x63367d4005b5 - test[aada8e7e76ba119b]::run_test::{closure#0}
[INFO] [stdout]   16:     0x63367d3f9ea4 - std[617be2ca0a6fd877]::sys::backtrace::__rust_begin_short_backtrace::<test[aada8e7e76ba119b]::run_test::{closure#1}, ()>
[INFO] [stdout]   17:     0x63367d403642 - <std[617be2ca0a6fd877]::thread::lifecycle::spawn_unchecked<test[aada8e7e76ba119b]::run_test::{closure#1}, ()>::{closure#1} as core[a373ad73a504971]::ops::function::FnOnce<()>>::call_once::{shim:vtable#0}
[INFO] [stdout]   18:     0x63367d46cd4f - <std[617be2ca0a6fd877]::sys::thread::unix::Thread>::new::thread_start
[INFO] [stdout]   19:     0x7459a291cdfa - <unknown>
[INFO] [stdout]   20:     0x7459a29b03d4 - clone
[INFO] [stdout]   21:                0x0 - <unknown>
[INFO] [stdout] 
[INFO] [stdout] ---- a_full_project_builds_every_artifact stdout ----
[INFO] [stdout] 
[INFO] [stdout] thread 'a_full_project_builds_every_artifact' (3524) panicked at crates/piton-cli/tests/cli.rs:66:14:
[INFO] [stdout] run piton: Os { code: 2, kind: NotFound, message: "No such file or directory" }
[INFO] [stdout] stack backtrace:
[INFO] [stdout]    0:     0x63367d46da31 - <<std[617be2ca0a6fd877]::sys::backtrace::BacktraceLock>::print::DisplayBacktrace as core[a373ad73a504971]::fmt::Display>::fmt
[INFO] [stdout]    1:     0x63367d481cda - core[a373ad73a504971]::fmt::write
[INFO] [stdout]    2:     0x63367d471f3c - <alloc[2e1b2a31b91974c5]::vec::Vec<u8> as core[a373ad73a504971]::io::write::Write>::write_fmt
[INFO] [stdout]    3:     0x63367d447e46 - std[617be2ca0a6fd877]::panicking::default_hook::{closure#0}
[INFO] [stdout]    4:     0x63367d4654a9 - std[617be2ca0a6fd877]::panicking::default_hook
[INFO] [stdout]    5:     0x63367d3fff90 - test[aada8e7e76ba119b]::test_main_inner::{closure#0}
[INFO] [stdout]    6:     0x63367d465662 - std[617be2ca0a6fd877]::panicking::panic_with_hook
[INFO] [stdout]    7:     0x63367d447ef2 - std[617be2ca0a6fd877]::panicking::panic_handler::{closure#0}
[INFO] [stdout]    8:     0x63367d440959 - std[617be2ca0a6fd877]::sys::backtrace::__rust_end_short_backtrace::<std[617be2ca0a6fd877]::panicking::panic_handler::{closure#0}, !>
[INFO] [stdout]    9:     0x63367d448afd - __rustc[ea4f61d10b84890b]::rust_begin_unwind
[INFO] [stdout]   10:     0x63367d48240c - core[a373ad73a504971]::panicking::panic_fmt
[INFO] [stdout]   11:     0x63367d4821e2 - core[a373ad73a504971]::result::unwrap_failed
[INFO] [stdout]   12:     0x63367d3e0b10 - <cli[a87a755db4a32822]::Fixture>::run_in
[INFO] [stdout]   13:     0x63367d3e5163 - <cli[a87a755db4a32822]::a_full_project_builds_every_artifact::{closure#0} as core[a373ad73a504971]::ops::function::FnOnce<()>>::call_once
[INFO] [stdout]   14:     0x63367d3f33db - test[aada8e7e76ba119b]::__rust_begin_short_backtrace::<core[a373ad73a504971]::result::Result<(), alloc[2e1b2a31b91974c5]::string::String>, fn() -> core[a373ad73a504971]::result::Result<(), alloc[2e1b2a31b91974c5]::string::String>>
[INFO] [stdout]   15:     0x63367d4005b5 - test[aada8e7e76ba119b]::run_test::{closure#0}
[INFO] [stdout]   16:     0x63367d3f9ea4 - std[617be2ca0a6fd877]::sys::backtrace::__rust_begin_short_backtrace::<test[aada8e7e76ba119b]::run_test::{closure#1}, ()>
[INFO] [stdout]   17:     0x63367d403642 - <std[617be2ca0a6fd877]::thread::lifecycle::spawn_unchecked<test[aada8e7e76ba119b]::run_test::{closure#1}, ()>::{closure#1} as core[a373ad73a504971]::ops::function::FnOnce<()>>::call_once::{shim:vtable#0}
[INFO] [stdout]   18:     0x63367d46cd4f - <std[617be2ca0a6fd877]::sys::thread::unix::Thread>::new::thread_start
[INFO] [stdout]   19:     0x7459a291cdfa - <unknown>
[INFO] [stdout]   20:     0x7459a29b03d4 - clone
[INFO] [stdout]   21:                0x0 - <unknown>
[INFO] [stdout] 
[INFO] [stdout] ---- a_glob_without_write_is_refused stdout ----
[INFO] [stdout] 
[INFO] [stdout] thread 'a_glob_without_write_is_refused' (3525) panicked at crates/piton-cli/tests/cli.rs:66:14:
[INFO] [stdout] run piton: Os { code: 2, kind: NotFound, message: "No such file or directory" }
[INFO] [stdout] stack backtrace:
[INFO] [stdout]    0:     0x63367d46da31 - <<std[617be2ca0a6fd877]::sys::backtrace::BacktraceLock>::print::DisplayBacktrace as core[a373ad73a504971]::fmt::Display>::fmt
[INFO] [stdout]    1:     0x63367d481cda - core[a373ad73a504971]::fmt::write
[INFO] [stdout]    2:     0x63367d471f3c - <alloc[2e1b2a31b91974c5]::vec::Vec<u8> as core[a373ad73a504971]::io::write::Write>::write_fmt
[INFO] [stdout]    3:     0x63367d447e46 - std[617be2ca0a6fd877]::panicking::default_hook::{closure#0}
[INFO] [stdout]    4:     0x63367d4654a9 - std[617be2ca0a6fd877]::panicking::default_hook
[INFO] [stdout]    5:     0x63367d3fff90 - test[aada8e7e76ba119b]::test_main_inner::{closure#0}
[INFO] [stdout]    6:     0x63367d465662 - std[617be2ca0a6fd877]::panicking::panic_with_hook
[INFO] [stdout]    7:     0x63367d447ef2 - std[617be2ca0a6fd877]::panicking::panic_handler::{closure#0}
[INFO] [stdout]    8:     0x63367d440959 - std[617be2ca0a6fd877]::sys::backtrace::__rust_end_short_backtrace::<std[617be2ca0a6fd877]::panicking::panic_handler::{closure#0}, !>
[INFO] [stdout]    9:     0x63367d448afd - __rustc[ea4f61d10b84890b]::rust_begin_unwind
[INFO] [stdout]   10:     0x63367d48240c - core[a373ad73a504971]::panicking::panic_fmt
[INFO] [stdout]   11:     0x63367d4821e2 - core[a373ad73a504971]::result::unwrap_failed
[INFO] [stdout]   12:     0x63367d3e0b10 - <cli[a87a755db4a32822]::Fixture>::run_in
[INFO] [stdout]   13:     0x63367d3e3133 - <cli[a87a755db4a32822]::a_glob_without_write_is_refused::{closure#0} as core[a373ad73a504971]::ops::function::FnOnce<()>>::call_once
[INFO] [stdout]   14:     0x63367d3f33db - test[aada8e7e76ba119b]::__rust_begin_short_backtrace::<core[a373ad73a504971]::result::Result<(), alloc[2e1b2a31b91974c5]::string::String>, fn() -> core[a373ad73a504971]::result::Result<(), alloc[2e1b2a31b91974c5]::string::String>>
[INFO] [stdout]   15:     0x63367d4005b5 - test[aada8e7e76ba119b]::run_test::{closure#0}
[INFO] [stdout]   16:     0x63367d3f9ea4 - std[617be2ca0a6fd877]::sys::backtrace::__rust_begin_short_backtrace::<test[aada8e7e76ba119b]::run_test::{closure#1}, ()>
[INFO] [stdout]   17:     0x63367d403642 - <std[617be2ca0a6fd877]::thread::lifecycle::spawn_unchecked<test[aada8e7e76ba119b]::run_test::{closure#1}, ()>::{closure#1} as core[a373ad73a504971]::ops::function::FnOnce<()>>::call_once::{shim:vtable#0}
[INFO] [stdout]   18:     0x63367d46cd4f - <std[617be2ca0a6fd877]::sys::thread::unix::Thread>::new::thread_start
[INFO] [stdout]   19:     0x7459a291cdfa - <unknown>
[INFO] [stdout]   20:     0x7459a29b03d4 - clone
[INFO] [stdout]   21:                0x0 - <unknown>
[INFO] [stdout] 
[INFO] [stdout] ---- agent_prints_its_fluency_without_building_or_launching stdout ----
[INFO] [stdout] 
[INFO] [stdout] thread 'agent_prints_its_fluency_without_building_or_launching' (3537) panicked at crates/piton-cli/tests/cli.rs:66:14:
[INFO] [stdout] run piton: Os { code: 2, kind: NotFound, message: "No such file or directory" }
[INFO] [stdout] stack backtrace:
[INFO] [stdout]    0:     0x63367d46da31 - <<std[617be2ca0a6fd877]::sys::backtrace::BacktraceLock>::print::DisplayBacktrace as core[a373ad73a504971]::fmt::Display>::fmt
[INFO] [stdout]    1:     0x63367d481cda - core[a373ad73a504971]::fmt::write
[INFO] [stdout]    2:     0x63367d471f3c - <alloc[2e1b2a31b91974c5]::vec::Vec<u8> as core[a373ad73a504971]::io::write::Write>::write_fmt
[INFO] [stdout]    3:     0x63367d447e46 - std[617be2ca0a6fd877]::panicking::default_hook::{closure#0}
[INFO] [stdout]    4:     0x63367d4654a9 - std[617be2ca0a6fd877]::panicking::default_hook
[INFO] [stdout]    5:     0x63367d3fff90 - test[aada8e7e76ba119b]::test_main_inner::{closure#0}
[INFO] [stdout]    6:     0x63367d465662 - std[617be2ca0a6fd877]::panicking::panic_with_hook
[INFO] [stdout]    7:     0x63367d447ef2 - std[617be2ca0a6fd877]::panicking::panic_handler::{closure#0}
[INFO] [stdout]    8:     0x63367d440959 - std[617be2ca0a6fd877]::sys::backtrace::__rust_end_short_backtrace::<std[617be2ca0a6fd877]::panicking::panic_handler::{closure#0}, !>
[INFO] [stdout]    9:     0x63367d448afd - __rustc[ea4f61d10b84890b]::rust_begin_unwind
[INFO] [stdout]   10:     0x63367d48240c - core[a373ad73a504971]::panicking::panic_fmt
[INFO] [stdout]   11:     0x63367d4821e2 - core[a373ad73a504971]::result::unwrap_failed
[INFO] [stdout]   12:     0x63367d3e0b10 - <cli[a87a755db4a32822]::Fixture>::run_in
[INFO] [stdout]   13:     0x63367d3ede15 - <cli[a87a755db4a32822]::agent_prints_its_fluency_without_building_or_launching::{closure#0} as core[a373ad73a504971]::ops::function::FnOnce<()>>::call_once
[INFO] [stdout]   14:     0x63367d3f33db - test[aada8e7e76ba119b]::__rust_begin_short_backtrace::<core[a373ad73a504971]::result::Result<(), alloc[2e1b2a31b91974c5]::string::String>, fn() -> core[a373ad73a504971]::result::Result<(), alloc[2e1b2a31b91974c5]::string::String>>
[INFO] [stdout]   15:     0x63367d4005b5 - test[aada8e7e76ba119b]::run_test::{closure#0}
[INFO] [stdout]   16:     0x63367d3f9ea4 - std[617be2ca0a6fd877]::sys::backtrace::__rust_begin_short_backtrace::<test[aada8e7e76ba119b]::run_test::{closure#1}, ()>
[INFO] [stdout]   17:     0x63367d403642 - <std[617be2ca0a6fd877]::thread::lifecycle::spawn_unchecked<test[aada8e7e76ba119b]::run_test::{closure#1}, ()>::{closure#1} as core[a373ad73a504971]::ops::function::FnOnce<()>>::call_once::{shim:vtable#0}
[INFO] [stdout]   18:     0x63367d46cd4f - <std[617be2ca0a6fd877]::sys::thread::unix::Thread>::new::thread_start
[INFO] [stdout]   19:     0x7459a291cdfa - <unknown>
[INFO] [stdout]   20:     0x7459a29b03d4 - clone
[INFO] [stdout]   21:                0x0 - <unknown>
[INFO] [stdout] 
[INFO] [stdout] ---- an_unknown_adapter_is_rejected stdout ----
[INFO] [stdout] 
[INFO] [stdout] thread 'an_unknown_adapter_is_rejected' (3540) panicked at crates/piton-cli/tests/cli.rs:66:14:
[INFO] [stdout] run piton: Os { code: 2, kind: NotFound, message: "No such file or directory" }
[INFO] [stdout] stack backtrace:
[INFO] [stdout]    0:     0x63367d46da31 - <<std[617be2ca0a6fd877]::sys::backtrace::BacktraceLock>::print::DisplayBacktrace as core[a373ad73a504971]::fmt::Display>::fmt
[INFO] [stdout]    1:     0x63367d481cda - core[a373ad73a504971]::fmt::write
[INFO] [stdout]    2:     0x63367d471f3c - <alloc[2e1b2a31b91974c5]::vec::Vec<u8> as core[a373ad73a504971]::io::write::Write>::write_fmt
[INFO] [stdout]    3:     0x63367d447e46 - std[617be2ca0a6fd877]::panicking::default_hook::{closure#0}
[INFO] [stdout]    4:     0x63367d4654a9 - std[617be2ca0a6fd877]::panicking::default_hook
[INFO] [stdout]    5:     0x63367d3fff90 - test[aada8e7e76ba119b]::test_main_inner::{closure#0}
[INFO] [stdout]    6:     0x63367d465662 - std[617be2ca0a6fd877]::panicking::panic_with_hook
[INFO] [stdout]    7:     0x63367d447ef2 - std[617be2ca0a6fd877]::panicking::panic_handler::{closure#0}
[INFO] [stdout]    8:     0x63367d440959 - std[617be2ca0a6fd877]::sys::backtrace::__rust_end_short_backtrace::<std[617be2ca0a6fd877]::panicking::panic_handler::{closure#0}, !>
[INFO] [stdout]    9:     0x63367d448afd - __rustc[ea4f61d10b84890b]::rust_begin_unwind
[INFO] [stdout]   10:     0x63367d48240c - core[a373ad73a504971]::panicking::panic_fmt
[INFO] [stdout]   11:     0x63367d4821e2 - core[a373ad73a504971]::result::unwrap_failed
[INFO] [stdout]   12:     0x63367d3e0b10 - <cli[a87a755db4a32822]::Fixture>::run_in
[INFO] [stdout]   13:     0x63367d3e2aa0 - <cli[a87a755db4a32822]::an_unknown_adapter_is_rejected::{closure#0} as core[a373ad73a504971]::ops::function::FnOnce<()>>::call_once
[INFO] [stdout]   14:     0x63367d3f33db - test[aada8e7e76ba119b]::__rust_begin_short_backtrace::<core[a373ad73a504971]::result::Result<(), alloc[2e1b2a31b91974c5]::string::String>, fn() -> core[a373ad73a504971]::result::Result<(), alloc[2e1b2a31b91974c5]::string::String>>
[INFO] [stdout]   15:     0x63367d4005b5 - test[aada8e7e76ba119b]::run_test::{closure#0}
[INFO] [stdout]   16:     0x63367d3f9ea4 - std[617be2ca0a6fd877]::sys::backtrace::__rust_begin_short_backtrace::<test[aada8e7e76ba119b]::run_test::{closure#1}, ()>
[INFO] [stdout]   17:     0x63367d403642 - <std[617be2ca0a6fd877]::thread::lifecycle::spawn_unchecked<test[aada8e7e76ba119b]::run_test::{closure#1}, ()>::{closure#1} as core[a373ad73a504971]::ops::function::FnOnce<()>>::call_once::{shim:vtable#0}
[INFO] [stdout]   18:     0x63367d46cd4f - <std[617be2ca0a6fd877]::sys::thread::unix::Thread>::new::thread_start
[INFO] [stdout]   19:     0x7459a291cdfa - <unknown>
[INFO] [stdout]   20:     0x7459a29b03d4 - clone
[INFO] [stdout]   21:                0x0 - <unknown>
[INFO] [stdout] 
[INFO] [stdout] ---- agent_prints_its_fluency_without_a_project stdout ----
[INFO] [stdout] 
[INFO] [stdout] thread 'agent_prints_its_fluency_without_a_project' (3529) panicked at crates/piton-cli/tests/cli.rs:66:14:
[INFO] [stdout] run piton: Os { code: 2, kind: NotFound, message: "No such file or directory" }
[INFO] [stdout] stack backtrace:
[INFO] [stdout]    0:     0x63367d46da31 - <<std[617be2ca0a6fd877]::sys::backtrace::BacktraceLock>::print::DisplayBacktrace as core[a373ad73a504971]::fmt::Display>::fmt
[INFO] [stdout]    1:     0x63367d481cda - core[a373ad73a504971]::fmt::write
[INFO] [stdout]    2:     0x63367d471f3c - <alloc[2e1b2a31b91974c5]::vec::Vec<u8> as core[a373ad73a504971]::io::write::Write>::write_fmt
[INFO] [stdout]    3:     0x63367d447e46 - std[617be2ca0a6fd877]::panicking::default_hook::{closure#0}
[INFO] [stdout]    4:     0x63367d4654a9 - std[617be2ca0a6fd877]::panicking::default_hook
[INFO] [stdout]    5:     0x63367d3fff90 - test[aada8e7e76ba119b]::test_main_inner::{closure#0}
[INFO] [stdout]    6:     0x63367d465662 - std[617be2ca0a6fd877]::panicking::panic_with_hook
[INFO] [stdout]    7:     0x63367d447ef2 - std[617be2ca0a6fd877]::panicking::panic_handler::{closure#0}
[INFO] [stdout]    8:     0x63367d440959 - std[617be2ca0a6fd877]::sys::backtrace::__rust_end_short_backtrace::<std[617be2ca0a6fd877]::panicking::panic_handler::{closure#0}, !>
[INFO] [stdout]    9:     0x63367d448afd - __rustc[ea4f61d10b84890b]::rust_begin_unwind
[INFO] [stdout]   10:     0x63367d48240c - core[a373ad73a504971]::panicking::panic_fmt
[INFO] [stdout]   11:     0x63367d4821e2 - core[a373ad73a504971]::result::unwrap_failed
[INFO] [stdout]   12:     0x63367d3e0b10 - <cli[a87a755db4a32822]::Fixture>::run_in
[INFO] [stdout]   13:     0x63367d3e89a5 - <cli[a87a755db4a32822]::agent_prints_its_fluency_without_a_project::{closure#0} as core[a373ad73a504971]::ops::function::FnOnce<()>>::call_once
[INFO] [stdout]   14:     0x63367d3f33db - test[aada8e7e76ba119b]::__rust_begin_short_backtrace::<core[a373ad73a504971]::result::Result<(), alloc[2e1b2a31b91974c5]::string::String>, fn() -> core[a373ad73a504971]::result::Result<(), alloc[2e1b2a31b91974c5]::string::String>>
[INFO] [stdout]   15:     0x63367d4005b5 - test[aada8e7e76ba119b]::run_test::{closure#0}
[INFO] [stdout]   16:     0x63367d3f9ea4 - std[617be2ca0a6fd877]::sys::backtrace::__rust_begin_short_backtrace::<test[aada8e7e76ba119b]::run_test::{closure#1}, ()>
[INFO] [stdout]   17:     0x63367d403642 - <std[617be2ca0a6fd877]::thread::lifecycle::spawn_unchecked<test[aada8e7e76ba119b]::run_test::{closure#1}, ()>::{closure#1} as core[a373ad73a504971]::ops::function::FnOnce<()>>::call_once::{shim:vtable#0}
[INFO] [stdout]   18:     0x63367d46cd4f - <std[617be2ca0a6fd877]::sys::thread::unix::Thread>::new::thread_start
[INFO] [stdout]   19:     0x7459a291cdfa - <unknown>
[INFO] [stdout]   20:     0x7459a29b03d4 - clone
[INFO] [stdout]   21:                0x0 - <unknown>
[INFO] [stdout] 
[INFO] [stdout] ---- an_unknown_config_key_is_a_warning stdout ----
[INFO] [stdout] 
[INFO] [stdout] thread 'an_unknown_config_key_is_a_warning' (3541) panicked at crates/piton-cli/tests/cli.rs:66:14:
[INFO] [stdout] run piton: Os { code: 2, kind: NotFound, message: "No such file or directory" }
[INFO] [stdout] stack backtrace:
[INFO] [stdout]    0:     0x63367d46da31 - <<std[617be2ca0a6fd877]::sys::backtrace::BacktraceLock>::print::DisplayBacktrace as core[a373ad73a504971]::fmt::Display>::fmt
[INFO] [stdout]    1:     0x63367d481cda - core[a373ad73a504971]::fmt::write
[INFO] [stdout]    2:     0x63367d471f3c - <alloc[2e1b2a31b91974c5]::vec::Vec<u8> as core[a373ad73a504971]::io::write::Write>::write_fmt
[INFO] [stdout]    3:     0x63367d447e46 - std[617be2ca0a6fd877]::panicking::default_hook::{closure#0}
[INFO] [stdout]    4:     0x63367d4654a9 - std[617be2ca0a6fd877]::panicking::default_hook
[INFO] [stdout]    5:     0x63367d3fff90 - test[aada8e7e76ba119b]::test_main_inner::{closure#0}
[INFO] [stdout]    6:     0x63367d465662 - std[617be2ca0a6fd877]::panicking::panic_with_hook
[INFO] [stdout]    7:     0x63367d447ef2 - std[617be2ca0a6fd877]::panicking::panic_handler::{closure#0}
[INFO] [stdout]    8:     0x63367d440959 - std[617be2ca0a6fd877]::sys::backtrace::__rust_end_short_backtrace::<std[617be2ca0a6fd877]::panicking::panic_handler::{closure#0}, !>
[INFO] [stdout]    9:     0x63367d448afd - __rustc[ea4f61d10b84890b]::rust_begin_unwind
[INFO] [stdout]   10:     0x63367d48240c - core[a373ad73a504971]::panicking::panic_fmt
[INFO] [stdout]   11:     0x63367d4821e2 - core[a373ad73a504971]::result::unwrap_failed
[INFO] [stdout]   12:     0x63367d3e0b10 - <cli[a87a755db4a32822]::Fixture>::run_in
[INFO] [stdout]   13:     0x63367d3e4273 - <cli[a87a755db4a32822]::an_unknown_config_key_is_a_warning::{closure#0} as core[a373ad73a504971]::ops::function::FnOnce<()>>::call_once
[INFO] [stdout]   14:     0x63367d3f33db - test[aada8e7e76ba119b]::__rust_begin_short_backtrace::<core[a373ad73a504971]::result::Result<(), alloc[2e1b2a31b91974c5]::string::String>, fn() -> core[a373ad73a504971]::result::Result<(), alloc[2e1b2a31b91974c5]::string::String>>
[INFO] [stdout]   15:     0x63367d4005b5 - test[aada8e7e76ba119b]::run_test::{closure#0}
[INFO] [stdout]   16:     0x63367d3f9ea4 - std[617be2ca0a6fd877]::sys::backtrace::__rust_begin_short_backtrace::<test[aada8e7e76ba119b]::run_test::{closure#1}, ()>
[INFO] [stdout]   17:     0x63367d403642 - <std[617be2ca0a6fd877]::thread::lifecycle::spawn_unchecked<test[aada8e7e76ba119b]::run_test::{closure#1}, ()>::{closure#1} as core[a373ad73a504971]::ops::function::FnOnce<()>>::call_once::{shim:vtable#0}
[INFO] [stdout]   18:     0x63367d46cd4f - <std[617be2ca0a6fd877]::sys::thread::unix::Thread>::new::thread_start
[INFO] [stdout]   19:     0x7459a291cdfa - <unknown>
[INFO] [stdout]   20:     0x7459a29b03d4 - clone
[INFO] [stdout]   21:                0x0 - <unknown>
[INFO] [stdout] 
[INFO] [stdout] ---- an_instruction_falls_back_to_the_nearest_existing_scope stdout ----
[INFO] [stdout] 
[INFO] [stdout] thread 'an_instruction_falls_back_to_the_nearest_existing_scope' (3539) panicked at crates/piton-cli/tests/cli.rs:66:14:
[INFO] [stdout] run piton: Os { code: 2, kind: NotFound, message: "No such file or directory" }
[INFO] [stdout] stack backtrace:
[INFO] [stdout]    0:     0x63367d46da31 - <<std[617be2ca0a6fd877]::sys::backtrace::BacktraceLock>::print::DisplayBacktrace as core[a373ad73a504971]::fmt::Display>::fmt
[INFO] [stdout]    1:     0x63367d481cda - core[a373ad73a504971]::fmt::write
[INFO] [stdout]    2:     0x63367d471f3c - <alloc[2e1b2a31b91974c5]::vec::Vec<u8> as core[a373ad73a504971]::io::write::Write>::write_fmt
[INFO] [stdout]    3:     0x63367d447e46 - std[617be2ca0a6fd877]::panicking::default_hook::{closure#0}
[INFO] [stdout]    4:     0x63367d4654a9 - std[617be2ca0a6fd877]::panicking::default_hook
[INFO] [stdout]    5:     0x63367d3fff90 - test[aada8e7e76ba119b]::test_main_inner::{closure#0}
[INFO] [stdout]    6:     0x63367d465662 - std[617be2ca0a6fd877]::panicking::panic_with_hook
[INFO] [stdout]    7:     0x63367d447ef2 - std[617be2ca0a6fd877]::panicking::panic_handler::{closure#0}
[INFO] [stdout]    8:     0x63367d440959 - std[617be2ca0a6fd877]::sys::backtrace::__rust_end_short_backtrace::<std[617be2ca0a6fd877]::panicking::panic_handler::{closure#0}, !>
[INFO] [stdout]    9:     0x63367d448afd - __rustc[ea4f61d10b84890b]::rust_begin_unwind
[INFO] [stdout]   10:     0x63367d48240c - core[a373ad73a504971]::panicking::panic_fmt
[INFO] [stdout]   11:     0x63367d4821e2 - core[a373ad73a504971]::result::unwrap_failed
[INFO] [stdout]   12:     0x63367d3e0b10 - <cli[a87a755db4a32822]::Fixture>::run_in
[INFO] [stdout]   13:     0x63367d3ef7c2 - <cli[a87a755db4a32822]::an_instruction_falls_back_to_the_nearest_existing_scope::{closure#0} as core[a373ad73a504971]::ops::function::FnOnce<()>>::call_once
[INFO] [stdout]   14:     0x63367d3f33db - test[aada8e7e76ba119b]::__rust_begin_short_backtrace::<core[a373ad73a504971]::result::Result<(), alloc[2e1b2a31b91974c5]::string::String>, fn() -> core[a373ad73a504971]::result::Result<(), alloc[2e1b2a31b91974c5]::string::String>>
[INFO] [stdout]   15:     0x63367d4005b5 - test[aada8e7e76ba119b]::run_test::{closure#0}
[INFO] [stdout]   16:     0x63367d3f9ea4 - std[617be2ca0a6fd877]::sys::backtrace::__rust_begin_short_backtrace::<test[aada8e7e76ba119b]::run_test::{closure#1}, ()>
[INFO] [stdout]   17:     0x63367d403642 - <std[617be2ca0a6fd877]::thread::lifecycle::spawn_unchecked<test[aada8e7e76ba119b]::run_test::{closure#1}, ()>::{closure#1} as core[a373ad73a504971]::ops::function::FnOnce<()>>::call_once::{shim:vtable#0}
[INFO] [stdout]   18:     0x63367d46cd4f - <std[617be2ca0a6fd877]::sys::thread::unix::Thread>::new::thread_start
[INFO] [stdout]   19:     0x7459a291cdfa - <unknown>
[INFO] [stdout]   20:     0x7459a29b03d4 - clone
[INFO] [stdout]   21:                0x0 - <unknown>
[INFO] [stdout] 
[INFO] [stdout] ---- a_dry_run_writes_nothing stdout ----
[INFO] [stdout] 
[INFO] [stdout] thread 'a_dry_run_writes_nothing' (3522) panicked at crates/piton-cli/tests/cli.rs:66:14:
[INFO] [stdout] run piton: Os { code: 2, kind: NotFound, message: "No such file or directory" }
[INFO] [stdout] stack backtrace:
[INFO] [stdout]    0:     0x63367d46da31 - <<std[617be2ca0a6fd877]::sys::backtrace::BacktraceLock>::print::DisplayBacktrace as core[a373ad73a504971]::fmt::Display>::fmt
[INFO] [stdout]    1:     0x63367d481cda - core[a373ad73a504971]::fmt::write
[INFO] [stdout]    2:     0x63367d471f3c - <alloc[2e1b2a31b91974c5]::vec::Vec<u8> as core[a373ad73a504971]::io::write::Write>::write_fmt
[INFO] [stdout]    3:     0x63367d447e46 - std[617be2ca0a6fd877]::panicking::default_hook::{closure#0}
[INFO] [stdout]    4:     0x63367d4654a9 - std[617be2ca0a6fd877]::panicking::default_hook
[INFO] [stdout]    5:     0x63367d3fff90 - test[aada8e7e76ba119b]::test_main_inner::{closure#0}
[INFO] [stdout]    6:     0x63367d465662 - std[617be2ca0a6fd877]::panicking::panic_with_hook
[INFO] [stdout]    7:     0x63367d447ef2 - std[617be2ca0a6fd877]::panicking::panic_handler::{closure#0}
[INFO] [stdout]    8:     0x63367d440959 - std[617be2ca0a6fd877]::sys::backtrace::__rust_end_short_backtrace::<std[617be2ca0a6fd877]::panicking::panic_handler::{closure#0}, !>
[INFO] [stdout]    9:     0x63367d448afd - __rustc[ea4f61d10b84890b]::rust_begin_unwind
[INFO] [stdout]   10:     0x63367d48240c - core[a373ad73a504971]::panicking::panic_fmt
[INFO] [stdout]   11:     0x63367d4821e2 - core[a373ad73a504971]::result::unwrap_failed
[INFO] [stdout]   12:     0x63367d3e0b10 - <cli[a87a755db4a32822]::Fixture>::run_in
[INFO] [stdout]   13:     0x63367d3e1b69 - <cli[a87a755db4a32822]::a_dry_run_writes_nothing::{closure#0} as core[a373ad73a504971]::ops::function::FnOnce<()>>::call_once
[INFO] [stdout]   14:     0x63367d3f33db - test[aada8e7e76ba119b]::__rust_begin_short_backtrace::<core[a373ad73a504971]::result::Result<(), alloc[2e1b2a31b91974c5]::string::String>, fn() -> core[a373ad73a504971]::result::Result<(), alloc[2e1b2a31b91974c5]::string::String>>
[INFO] [stdout]   15:     0x63367d4005b5 - test[aada8e7e76ba119b]::run_test::{closure#0}
[INFO] [stdout]   16:     0x63367d3f9ea4 - std[617be2ca0a6fd877]::sys::backtrace::__rust_begin_short_backtrace::<test[aada8e7e76ba119b]::run_test::{closure#1}, ()>
[INFO] [stdout]   17:     0x63367d403642 - <std[617be2ca0a6fd877]::thread::lifecycle::spawn_unchecked<test[aada8e7e76ba119b]::run_test::{closure#1}, ()>::{closure#1} as core[a373ad73a504971]::ops::function::FnOnce<()>>::call_once::{shim:vtable#0}
[INFO] [stdout]   18:     0x63367d46cd4f - <std[617be2ca0a6fd877]::sys::thread::unix::Thread>::new::thread_start
[INFO] [stdout]   19:     0x7459a291cdfa - <unknown>
[INFO] [stdout]   20:     0x7459a29b03d4 - clone
[INFO] [stdout]   21:                0x0 - <unknown>
[INFO] [stdout] 
[INFO] [stdout] ---- build_cleans_up_only_what_it_generated stdout ----
[INFO] [stdout] 
[INFO] [stdout] thread 'build_cleans_up_only_what_it_generated' (3545) panicked at crates/piton-cli/tests/cli.rs:66:14:
[INFO] [stdout] run piton: Os { code: 2, kind: NotFound, message: "No such file or directory" }
[INFO] [stdout] stack backtrace:
[INFO] [stdout]    0:     0x63367d46da31 - <<std[617be2ca0a6fd877]::sys::backtrace::BacktraceLock>::print::DisplayBacktrace as core[a373ad73a504971]::fmt::Display>::fmt
[INFO] [stdout]    1:     0x63367d481cda - core[a373ad73a504971]::fmt::write
[INFO] [stdout]    2:     0x63367d471f3c - <alloc[2e1b2a31b91974c5]::vec::Vec<u8> as core[a373ad73a504971]::io::write::Write>::write_fmt
[INFO] [stdout]    3:     0x63367d447e46 - std[617be2ca0a6fd877]::panicking::default_hook::{closure#0}
[INFO] [stdout]    4:     0x63367d4654a9 - std[617be2ca0a6fd877]::panicking::default_hook
[INFO] [stdout]    5:     0x63367d3fff90 - test[aada8e7e76ba119b]::test_main_inner::{closure#0}
[INFO] [stdout]    6:     0x63367d465662 - std[617be2ca0a6fd877]::panicking::panic_with_hook
[INFO] [stdout]    7:     0x63367d447ef2 - std[617be2ca0a6fd877]::panicking::panic_handler::{closure#0}
[INFO] [stdout]    8:     0x63367d440959 - std[617be2ca0a6fd877]::sys::backtrace::__rust_end_short_backtrace::<std[617be2ca0a6fd877]::panicking::panic_handler::{closure#0}, !>
[INFO] [stdout]    9:     0x63367d448afd - __rustc[ea4f61d10b84890b]::rust_begin_unwind
[INFO] [stdout]   10:     0x63367d48240c - core[a373ad73a504971]::panicking::panic_fmt
[INFO] [stdout]   11:     0x63367d4821e2 - core[a373ad73a504971]::result::unwrap_failed
[INFO] [stdout]   12:     0x63367d3e0b10 - <cli[a87a755db4a32822]::Fixture>::run_in
[INFO] [stdout]   13:     0x63367d3e69e0 - <cli[a87a755db4a32822]::build_cleans_up_only_what_it_generated::{closure#0} as core[a373ad73a504971]::ops::function::FnOnce<()>>::call_once
[INFO] [stdout]   14:     0x63367d3f33db - test[aada8e7e76ba119b]::__rust_begin_short_backtrace::<core[a373ad73a504971]::result::Result<(), alloc[2e1b2a31b91974c5]::string::String>, fn() -> core[a373ad73a504971]::result::Result<(), alloc[2e1b2a31b91974c5]::string::String>>
[INFO] [stdout]   15:     0x63367d4005b5 - test[aada8e7e76ba119b]::run_test::{closure#0}
[INFO] [stdout]   16:     0x63367d3f9ea4 - std[617be2ca0a6fd877]::sys::backtrace::__rust_begin_short_backtrace::<test[aada8e7e76ba119b]::run_test::{closure#1}, ()>
[INFO] [stdout]   17:     0x63367d403642 - <std[617be2ca0a6fd877]::thread::lifecycle::spawn_unchecked<test[aada8e7e76ba119b]::run_test::{closure#1}, ()>::{closure#1} as core[a373ad73a504971]::ops::function::FnOnce<()>>::call_once::{shim:vtable#0}
[INFO] [stdout]   18:     0x63367d46cd4f - <std[617be2ca0a6fd877]::sys::thread::unix::Thread>::new::thread_start
[INFO] [stdout]   19:     0x7459a291cdfa - <unknown>
[INFO] [stdout]   20:     0x7459a29b03d4 - clone
[INFO] [stdout]   21:                0x0 - <unknown>
[INFO] [stdout] 
[INFO] [stdout] ---- build_uses_the_configured_output_and_renderer stdout ----
[INFO] [stdout] 
[INFO] [stdout] thread 'build_uses_the_configured_output_and_renderer' (3548) panicked at crates/piton-cli/tests/cli.rs:66:14:
[INFO] [stdout] run piton: Os { code: 2, kind: NotFound, message: "No such file or directory" }
[INFO] [stdout] stack backtrace:
[INFO] [stdout]    0:     0x63367d46da31 - <<std[617be2ca0a6fd877]::sys::backtrace::BacktraceLock>::print::DisplayBacktrace as core[a373ad73a504971]::fmt::Display>::fmt
[INFO] [stdout]    1:     0x63367d481cda - core[a373ad73a504971]::fmt::write
[INFO] [stdout]    2:     0x63367d471f3c - <alloc[2e1b2a31b91974c5]::vec::Vec<u8> as core[a373ad73a504971]::io::write::Write>::write_fmt
[INFO] [stdout]    3:     0x63367d447e46 - std[617be2ca0a6fd877]::panicking::default_hook::{closure#0}
[INFO] [stdout]    4:     0x63367d4654a9 - std[617be2ca0a6fd877]::panicking::default_hook
[INFO] [stdout]    5:     0x63367d3fff90 - test[aada8e7e76ba119b]::test_main_inner::{closure#0}
[INFO] [stdout]    6:     0x63367d465662 - std[617be2ca0a6fd877]::panicking::panic_with_hook
[INFO] [stdout]    7:     0x63367d447ef2 - std[617be2ca0a6fd877]::panicking::panic_handler::{closure#0}
[INFO] [stdout]    8:     0x63367d440959 - std[617be2ca0a6fd877]::sys::backtrace::__rust_end_short_backtrace::<std[617be2ca0a6fd877]::panicking::panic_handler::{closure#0}, !>
[INFO] [stdout]    9:     0x63367d448afd - __rustc[ea4f61d10b84890b]::rust_begin_unwind
[INFO] [stdout]   10:     0x63367d48240c - core[a373ad73a504971]::panicking::panic_fmt
[INFO] [stdout]   11:     0x63367d4821e2 - core[a373ad73a504971]::result::unwrap_failed
[INFO] [stdout]   12:     0x63367d3e0b10 - <cli[a87a755db4a32822]::Fixture>::run_in
[INFO] [stdout]   13:     0x63367d3e9ee6 - <cli[a87a755db4a32822]::build_uses_the_configured_output_and_renderer::{closure#0} as core[a373ad73a504971]::ops::function::FnOnce<()>>::call_once
[INFO] [stdout]   14:     0x63367d3f33db - test[aada8e7e76ba119b]::__rust_begin_short_backtrace::<core[a373ad73a504971]::result::Result<(), alloc[2e1b2a31b91974c5]::string::String>, fn() -> core[a373ad73a504971]::result::Result<(), alloc[2e1b2a31b91974c5]::string::String>>
[INFO] [stdout]   15:     0x63367d4005b5 - test[aada8e7e76ba119b]::run_test::{closure#0}
[INFO] [stdout]   16:     0x63367d3f9ea4 - std[617be2ca0a6fd877]::sys::backtrace::__rust_begin_short_backtrace::<test[aada8e7e76ba119b]::run_test::{closure#1}, ()>
[INFO] [stdout]   17:     0x63367d403642 - <std[617be2ca0a6fd877]::thread::lifecycle::spawn_unchecked<test[aada8e7e76ba119b]::run_test::{closure#1}, ()>::{closure#1} as core[a373ad73a504971]::ops::function::FnOnce<()>>::call_once::{shim:vtable#0}
[INFO] [stdout]   18:     0x63367d46cd4f - <std[617be2ca0a6fd877]::sys::thread::unix::Thread>::new::thread_start
[INFO] [stdout]   19:     0x7459a291cdfa - <unknown>
[INFO] [stdout]   20:     0x7459a29b03d4 - clone
[INFO] [stdout]   21:                0x0 - <unknown>
[INFO] [stdout] 
[INFO] [stdout] ---- check_passes_on_a_clean_file stdout ----
[INFO] [stdout] 
[INFO] [stdout] thread 'check_passes_on_a_clean_file' (3553) panicked at crates/piton-cli/tests/cli.rs:66:14:
[INFO] [stdout] run piton: Os { code: 2, kind: NotFound, message: "No such file or directory" }
[INFO] [stdout] stack backtrace:
[INFO] [stdout]    0:     0x63367d46da31 - <<std[617be2ca0a6fd877]::sys::backtrace::BacktraceLock>::print::DisplayBacktrace as core[a373ad73a504971]::fmt::Display>::fmt
[INFO] [stdout]    1:     0x63367d481cda - core[a373ad73a504971]::fmt::write
[INFO] [stdout]    2:     0x63367d471f3c - <alloc[2e1b2a31b91974c5]::vec::Vec<u8> as core[a373ad73a504971]::io::write::Write>::write_fmt
[INFO] [stdout]    3:     0x63367d447e46 - std[617be2ca0a6fd877]::panicking::default_hook::{closure#0}
[INFO] [stdout]    4:     0x63367d4654a9 - std[617be2ca0a6fd877]::panicking::default_hook
[INFO] [stdout]    5:     0x63367d3fff90 - test[aada8e7e76ba119b]::test_main_inner::{closure#0}
[INFO] [stdout]    6:     0x63367d465662 - std[617be2ca0a6fd877]::panicking::panic_with_hook
[INFO] [stdout]    7:     0x63367d447ef2 - std[617be2ca0a6fd877]::panicking::panic_handler::{closure#0}
[INFO] [stdout]    8:     0x63367d440959 - std[617be2ca0a6fd877]::sys::backtrace::__rust_end_short_backtrace::<std[617be2ca0a6fd877]::panicking::panic_handler::{closure#0}, !>
[INFO] [stdout]    9:     0x63367d448afd - __rustc[ea4f61d10b84890b]::rust_begin_unwind
[INFO] [stdout]   10:     0x63367d48240c - core[a373ad73a504971]::panicking::panic_fmt
[INFO] [stdout]   11:     0x63367d4821e2 - core[a373ad73a504971]::result::unwrap_failed
[INFO] [stdout]   12:     0x63367d3e0b10 - <cli[a87a755db4a32822]::Fixture>::run_in
[INFO] [stdout]   13:     0x63367d3e1de0 - <cli[a87a755db4a32822]::check_passes_on_a_clean_file::{closure#0} as core[a373ad73a504971]::ops::function::FnOnce<()>>::call_once
[INFO] [stdout]   14:     0x63367d3f33db - test[aada8e7e76ba119b]::__rust_begin_short_backtrace::<core[a373ad73a504971]::result::Result<(), alloc[2e1b2a31b91974c5]::string::String>, fn() -> core[a373ad73a504971]::result::Result<(), alloc[2e1b2a31b91974c5]::string::String>>
[INFO] [stdout]   15:     0x63367d4005b5 - test[aada8e7e76ba119b]::run_test::{closure#0}
[INFO] [stdout]   16:     0x63367d3f9ea4 - std[617be2ca0a6fd877]::sys::backtrace::__rust_begin_short_backtrace::<test[aada8e7e76ba119b]::run_test::{closure#1}, ()>
[INFO] [stdout]   17:     0x63367d403642 - <std[617be2ca0a6fd877]::thread::lifecycle::spawn_unchecked<test[aada8e7e76ba119b]::run_test::{closure#1}, ()>::{closure#1} as core[a373ad73a504971]::ops::function::FnOnce<()>>::call_once::{shim:vtable#0}
[INFO] [stdout]   18:     0x63367d46cd4f - <std[617be2ca0a6fd877]::sys::thread::unix::Thread>::new::thread_start
[INFO] [stdout]   19:     0x7459a291cdfa - <unknown>
[INFO] [stdout]   20:     0x7459a29b03d4 - clone
[INFO] [stdout]   21:                0x0 - <unknown>
[INFO] [stdout] 
[INFO] [stdout] ---- build_without_a_framework_writes_the_renderer_output stdout ----
[INFO] [stdout] 
[INFO] [stdout] thread 'build_without_a_framework_writes_the_renderer_output' (3552) panicked at crates/piton-cli/tests/cli.rs:66:14:
[INFO] [stdout] run piton: Os { code: 2, kind: NotFound, message: "No such file or directory" }
[INFO] [stdout] stack backtrace:
[INFO] [stdout]    0:     0x63367d46da31 - <<std[617be2ca0a6fd877]::sys::backtrace::BacktraceLock>::print::DisplayBacktrace as core[a373ad73a504971]::fmt::Display>::fmt
[INFO] [stdout]    1:     0x63367d481cda - core[a373ad73a504971]::fmt::write
[INFO] [stdout]    2:     0x63367d471f3c - <alloc[2e1b2a31b91974c5]::vec::Vec<u8> as core[a373ad73a504971]::io::write::Write>::write_fmt
[INFO] [stdout]    3:     0x63367d447e46 - std[617be2ca0a6fd877]::panicking::default_hook::{closure#0}
[INFO] [stdout]    4:     0x63367d4654a9 - std[617be2ca0a6fd877]::panicking::default_hook
[INFO] [stdout]    5:     0x63367d3fff90 - test[aada8e7e76ba119b]::test_main_inner::{closure#0}
[INFO] [stdout]    6:     0x63367d465662 - std[617be2ca0a6fd877]::panicking::panic_with_hook
[INFO] [stdout]    7:     0x63367d447ef2 - std[617be2ca0a6fd877]::panicking::panic_handler::{closure#0}
[INFO] [stdout]    8:     0x63367d440959 - std[617be2ca0a6fd877]::sys::backtrace::__rust_end_short_backtrace::<std[617be2ca0a6fd877]::panicking::panic_handler::{closure#0}, !>
[INFO] [stdout]    9:     0x63367d448afd - __rustc[ea4f61d10b84890b]::rust_begin_unwind
[INFO] [stdout]   10:     0x63367d48240c - core[a373ad73a504971]::panicking::panic_fmt
[INFO] [stdout]   11:     0x63367d4821e2 - core[a373ad73a504971]::result::unwrap_failed
[INFO] [stdout]   12:     0x63367d3e0b10 - <cli[a87a755db4a32822]::Fixture>::run_in
[INFO] [stdout]   13:     0x63367d3ed2e8 - <cli[a87a755db4a32822]::build_without_a_framework_writes_the_renderer_output::{closure#0} as core[a373ad73a504971]::ops::function::FnOnce<()>>::call_once
[INFO] [stdout]   14:     0x63367d3f33db - test[aada8e7e76ba119b]::__rust_begin_short_backtrace::<core[a373ad73a504971]::result::Result<(), alloc[2e1b2a31b91974c5]::string::String>, fn() -> core[a373ad73a504971]::result::Result<(), alloc[2e1b2a31b91974c5]::string::String>>
[INFO] [stdout]   15:     0x63367d4005b5 - test[aada8e7e76ba119b]::run_test::{closure#0}
[INFO] [stdout]   16:     0x63367d3f9ea4 - std[617be2ca0a6fd877]::sys::backtrace::__rust_begin_short_backtrace::<test[aada8e7e76ba119b]::run_test::{closure#1}, ()>
[INFO] [stdout]   17:     0x63367d403642 - <std[617be2ca0a6fd877]::thread::lifecycle::spawn_unchecked<test[aada8e7e76ba119b]::run_test::{closure#1}, ()>::{closure#1} as core[a373ad73a504971]::ops::function::FnOnce<()>>::call_once::{shim:vtable#0}
[INFO] [stdout]   18:     0x63367d46cd4f - <std[617be2ca0a6fd877]::sys::thread::unix::Thread>::new::thread_start
[INFO] [stdout]   19:     0x7459a291cdfa - <unknown>
[INFO] [stdout]   20:     0x7459a29b03d4 - clone
[INFO] [stdout]   21:                0x0 - <unknown>
[INFO] [stdout] 
[INFO] [stdout] ---- check_without_a_config_checks_everything_under_the_working_directory stdout ----
[INFO] [stdout] 
[INFO] [stdout] thread 'check_without_a_config_checks_everything_under_the_working_directory' (3555) panicked at crates/piton-cli/tests/cli.rs:66:14:
[INFO] [stdout] run piton: Os { code: 2, kind: NotFound, message: "No such file or directory" }
[INFO] [stdout] stack backtrace:
[INFO] [stdout]    0:     0x63367d46da31 - <<std[617be2ca0a6fd877]::sys::backtrace::BacktraceLock>::print::DisplayBacktrace as core[a373ad73a504971]::fmt::Display>::fmt
[INFO] [stdout]    1:     0x63367d481cda - core[a373ad73a504971]::fmt::write
[INFO] [stdout]    2:     0x63367d471f3c - <alloc[2e1b2a31b91974c5]::vec::Vec<u8> as core[a373ad73a504971]::io::write::Write>::write_fmt
[INFO] [stdout]    3:     0x63367d447e46 - std[617be2ca0a6fd877]::panicking::default_hook::{closure#0}
[INFO] [stdout]    4:     0x63367d4654a9 - std[617be2ca0a6fd877]::panicking::default_hook
[INFO] [stdout]    5:     0x63367d3fff90 - test[aada8e7e76ba119b]::test_main_inner::{closure#0}
[INFO] [stdout]    6:     0x63367d465662 - std[617be2ca0a6fd877]::panicking::panic_with_hook
[INFO] [stdout]    7:     0x63367d447ef2 - std[617be2ca0a6fd877]::panicking::panic_handler::{closure#0}
[INFO] [stdout]    8:     0x63367d440959 - std[617be2ca0a6fd877]::sys::backtrace::__rust_end_short_backtrace::<std[617be2ca0a6fd877]::panicking::panic_handler::{closure#0}, !>
[INFO] [stdout]    9:     0x63367d448afd - __rustc[ea4f61d10b84890b]::rust_begin_unwind
[INFO] [stdout]   10:     0x63367d48240c - core[a373ad73a504971]::panicking::panic_fmt
[INFO] [stdout]   11:     0x63367d4821e2 - core[a373ad73a504971]::result::unwrap_failed
[INFO] [stdout]   12:     0x63367d3e0b10 - <cli[a87a755db4a32822]::Fixture>::run_in
[INFO] [stdout]   13:     0x63367d3f1693 - <cli[a87a755db4a32822]::check_without_a_config_checks_everything_under_the_working_directory::{closure#0} as core[a373ad73a504971]::ops::function::FnOnce<()>>::call_once
[INFO] [stdout]   14:     0x63367d3f33db - test[aada8e7e76ba119b]::__rust_begin_short_backtrace::<core[a373ad73a504971]::result::Result<(), alloc[2e1b2a31b91974c5]::string::String>, fn() -> core[a373ad73a504971]::result::Result<(), alloc[2e1b2a31b91974c5]::string::String>>
[INFO] [stdout]   15:     0x63367d4005b5 - test[aada8e7e76ba119b]::run_test::{closure#0}
[INFO] [stdout]   16:     0x63367d3f9ea4 - std[617be2ca0a6fd877]::sys::backtrace::__rust_begin_short_backtrace::<test[aada8e7e76ba119b]::run_test::{closure#1}, ()>
[INFO] [stdout]   17:     0x63367d403642 - <std[617be2ca0a6fd877]::thread::lifecycle::spawn_unchecked<test[aada8e7e76ba119b]::run_test::{closure#1}, ()>::{closure#1} as core[a373ad73a504971]::ops::function::FnOnce<()>>::call_once::{shim:vtable#0}
[INFO] [stdout]   18:     0x63367d46cd4f - <std[617be2ca0a6fd877]::sys::thread::unix::Thread>::new::thread_start
[INFO] [stdout]   19:     0x7459a291cdfa - <unknown>
[INFO] [stdout]   20:     0x7459a29b03d4 - clone
[INFO] [stdout]   21:                0x0 - <unknown>
[INFO] [stdout] 
[INFO] [stdout] ---- check_reports_problems_and_exits_non_zero stdout ----
[INFO] [stdout] 
[INFO] [stdout] thread 'check_reports_problems_and_exits_non_zero' (3554) panicked at crates/piton-cli/tests/cli.rs:66:14:
[INFO] [stdout] run piton: Os { code: 2, kind: NotFound, message: "No such file or directory" }
[INFO] [stdout] stack backtrace:
[INFO] [stdout]    0:     0x63367d46da31 - <<std[617be2ca0a6fd877]::sys::backtrace::BacktraceLock>::print::DisplayBacktrace as core[a373ad73a504971]::fmt::Display>::fmt
[INFO] [stdout]    1:     0x63367d481cda - core[a373ad73a504971]::fmt::write
[INFO] [stdout]    2:     0x63367d471f3c - <alloc[2e1b2a31b91974c5]::vec::Vec<u8> as core[a373ad73a504971]::io::write::Write>::write_fmt
[INFO] [stdout]    3:     0x63367d447e46 - std[617be2ca0a6fd877]::panicking::default_hook::{closure#0}
[INFO] [stdout]    4:     0x63367d4654a9 - std[617be2ca0a6fd877]::panicking::default_hook
[INFO] [stdout]    5:     0x63367d3fff90 - test[aada8e7e76ba119b]::test_main_inner::{closure#0}
[INFO] [stdout]    6:     0x63367d465662 - std[617be2ca0a6fd877]::panicking::panic_with_hook
[INFO] [stdout]    7:     0x63367d447ef2 - std[617be2ca0a6fd877]::panicking::panic_handler::{closure#0}
[INFO] [stdout]    8:     0x63367d440959 - std[617be2ca0a6fd877]::sys::backtrace::__rust_end_short_backtrace::<std[617be2ca0a6fd877]::panicking::panic_handler::{closure#0}, !>
[INFO] [stdout]    9:     0x63367d448afd - __rustc[ea4f61d10b84890b]::rust_begin_unwind
[INFO] [stdout]   10:     0x63367d48240c - core[a373ad73a504971]::panicking::panic_fmt
[INFO] [stdout]   11:     0x63367d4821e2 - core[a373ad73a504971]::result::unwrap_failed
[INFO] [stdout]   12:     0x63367d3e0b10 - <cli[a87a755db4a32822]::Fixture>::run_in
[INFO] [stdout]   13:     0x63367d3e80e0 - <cli[a87a755db4a32822]::check_reports_problems_and_exits_non_zero::{closure#0} as core[a373ad73a504971]::ops::function::FnOnce<()>>::call_once
[INFO] [stdout]   14:     0x63367d3f33db - test[aada8e7e76ba119b]::__rust_begin_short_backtrace::<core[a373ad73a504971]::result::Result<(), alloc[2e1b2a31b91974c5]::string::String>, fn() -> core[a373ad73a504971]::result::Result<(), alloc[2e1b2a31b91974c5]::string::String>>
[INFO] [stdout]   15:     0x63367d4005b5 - test[aada8e7e76ba119b]::run_test::{closure#0}
[INFO] [stdout]   16:     0x63367d3f9ea4 - std[617be2ca0a6fd877]::sys::backtrace::__rust_begin_short_backtrace::<test[aada8e7e76ba119b]::run_test::{closure#1}, ()>
[INFO] [stdout]   17:     0x63367d403642 - <std[617be2ca0a6fd877]::thread::lifecycle::spawn_unchecked<test[aada8e7e76ba119b]::run_test::{closure#1}, ()>::{closure#1} as core[a373ad73a504971]::ops::function::FnOnce<()>>::call_once::{shim:vtable#0}
[INFO] [stdout]   18:     0x63367d46cd4f - <std[617be2ca0a6fd877]::sys::thread::unix::Thread>::new::thread_start
[INFO] [stdout]   19:     0x7459a291cdfa - <unknown>
[INFO] [stdout]   20:     0x7459a29b03d4 - clone
[INFO] [stdout]   21:                0x0 - <unknown>
[INFO] [stdout] 
[INFO] [stdout] ---- a_framework_replaces_the_renderer_output stdout ----
[INFO] [stdout] 
[INFO] [stdout] thread 'a_framework_replaces_the_renderer_output' (3523) panicked at crates/piton-cli/tests/cli.rs:66:14:
[INFO] [stdout] run piton: Os { code: 2, kind: NotFound, message: "No such file or directory" }
[INFO] [stdout] stack backtrace:
[INFO] [stdout]    0:     0x63367d46da31 - <<std[617be2ca0a6fd877]::sys::backtrace::BacktraceLock>::print::DisplayBacktrace as core[a373ad73a504971]::fmt::Display>::fmt
[INFO] [stdout]    1:     0x63367d481cda - core[a373ad73a504971]::fmt::write
[INFO] [stdout]    2:     0x63367d471f3c - <alloc[2e1b2a31b91974c5]::vec::Vec<u8> as core[a373ad73a504971]::io::write::Write>::write_fmt
[INFO] [stdout]    3:     0x63367d447e46 - std[617be2ca0a6fd877]::panicking::default_hook::{closure#0}
[INFO] [stdout]    4:     0x63367d4654a9 - std[617be2ca0a6fd877]::panicking::default_hook
[INFO] [stdout]    5:     0x63367d3fff90 - test[aada8e7e76ba119b]::test_main_inner::{closure#0}
[INFO] [stdout]    6:     0x63367d465662 - std[617be2ca0a6fd877]::panicking::panic_with_hook
[INFO] [stdout]    7:     0x63367d447ef2 - std[617be2ca0a6fd877]::panicking::panic_handler::{closure#0}
[INFO] [stdout]    8:     0x63367d440959 - std[617be2ca0a6fd877]::sys::backtrace::__rust_end_short_backtrace::<std[617be2ca0a6fd877]::panicking::panic_handler::{closure#0}, !>
[INFO] [stdout]    9:     0x63367d448afd - __rustc[ea4f61d10b84890b]::rust_begin_unwind
[INFO] [stdout]   10:     0x63367d48240c - core[a373ad73a504971]::panicking::panic_fmt
[INFO] [stdout]   11:     0x63367d4821e2 - core[a373ad73a504971]::result::unwrap_failed
[INFO] [stdout]   12:     0x63367d3e0b10 - <cli[a87a755db4a32822]::Fixture>::run_in
[INFO] [stdout]   13:     0x63367d3e7daf - <cli[a87a755db4a32822]::a_framework_replaces_the_renderer_output::{closure#0} as core[a373ad73a504971]::ops::function::FnOnce<()>>::call_once
[INFO] [stdout]   14:     0x63367d3f33db - test[aada8e7e76ba119b]::__rust_begin_short_backtrace::<core[a373ad73a504971]::result::Result<(), alloc[2e1b2a31b91974c5]::string::String>, fn() -> core[a373ad73a504971]::result::Result<(), alloc[2e1b2a31b91974c5]::string::String>>
[INFO] [stdout]   15:     0x63367d4005b5 - test[aada8e7e76ba119b]::run_test::{closure#0}
[INFO] [stdout]   16:     0x63367d3f9ea4 - std[617be2ca0a6fd877]::sys::backtrace::__rust_begin_short_backtrace::<test[aada8e7e76ba119b]::run_test::{closure#1}, ()>
[INFO] [stdout]   17:     0x63367d403642 - <std[617be2ca0a6fd877]::thread::lifecycle::spawn_unchecked<test[aada8e7e76ba119b]::run_test::{closure#1}, ()>::{closure#1} as core[a373ad73a504971]::ops::function::FnOnce<()>>::call_once::{shim:vtable#0}
[INFO] [stdout]   18:     0x63367d46cd4f - <std[617be2ca0a6fd877]::sys::thread::unix::Thread>::new::thread_start
[INFO] [stdout]   19:     0x7459a291cdfa - <unknown>
[INFO] [stdout]   20:     0x7459a29b03d4 - clone
[INFO] [stdout]   21:                0x0 - <unknown>
[INFO] [stdout] 
[INFO] [stdout] ---- compile_can_report_what_it_read stdout ----
[INFO] [stdout] 
[INFO] [stdout] thread 'compile_can_report_what_it_read' (3558) panicked at crates/piton-cli/tests/cli.rs:66:14:
[INFO] [stdout] run piton: Os { code: 2, kind: NotFound, message: "No such file or directory" }
[INFO] [stdout] stack backtrace:
[INFO] [stdout]    0:     0x63367d46da31 - <<std[617be2ca0a6fd877]::sys::backtrace::BacktraceLock>::print::DisplayBacktrace as core[a373ad73a504971]::fmt::Display>::fmt
[INFO] [stdout]    1:     0x63367d481cda - core[a373ad73a504971]::fmt::write
[INFO] [stdout]    2:     0x63367d471f3c - <alloc[2e1b2a31b91974c5]::vec::Vec<u8> as core[a373ad73a504971]::io::write::Write>::write_fmt
[INFO] [stdout]    3:     0x63367d447e46 - std[617be2ca0a6fd877]::panicking::default_hook::{closure#0}
[INFO] [stdout]    4:     0x63367d4654a9 - std[617be2ca0a6fd877]::panicking::default_hook
[INFO] [stdout]    5:     0x63367d3fff90 - test[aada8e7e76ba119b]::test_main_inner::{closure#0}
[INFO] [stdout]    6:     0x63367d465662 - std[617be2ca0a6fd877]::panicking::panic_with_hook
[INFO] [stdout]    7:     0x63367d447ef2 - std[617be2ca0a6fd877]::panicking::panic_handler::{closure#0}
[INFO] [stdout]    8:     0x63367d440959 - std[617be2ca0a6fd877]::sys::backtrace::__rust_end_short_backtrace::<std[617be2ca0a6fd877]::panicking::panic_handler::{closure#0}, !>
[INFO] [stdout]    9:     0x63367d448afd - __rustc[ea4f61d10b84890b]::rust_begin_unwind
[INFO] [stdout]   10:     0x63367d48240c - core[a373ad73a504971]::panicking::panic_fmt
[INFO] [stdout]   11:     0x63367d4821e2 - core[a373ad73a504971]::result::unwrap_failed
[INFO] [stdout]   12:     0x63367d3e0b10 - <cli[a87a755db4a32822]::Fixture>::run_in
[INFO] [stdout]   13:     0x63367d3e345c - <cli[a87a755db4a32822]::compile_can_report_what_it_read::{closure#0} as core[a373ad73a504971]::ops::function::FnOnce<()>>::call_once
[INFO] [stdout]   14:     0x63367d3f33db - test[aada8e7e76ba119b]::__rust_begin_short_backtrace::<core[a373ad73a504971]::result::Result<(), alloc[2e1b2a31b91974c5]::string::String>, fn() -> core[a373ad73a504971]::result::Result<(), alloc[2e1b2a31b91974c5]::string::String>>
[INFO] [stdout]   15:     0x63367d4005b5 - test[aada8e7e76ba119b]::run_test::{closure#0}
[INFO] [stdout]   16:     0x63367d3f9ea4 - std[617be2ca0a6fd877]::sys::backtrace::__rust_begin_short_backtrace::<test[aada8e7e76ba119b]::run_test::{closure#1}, ()>
[INFO] [stdout]   17:     0x63367d403642 - <std[617be2ca0a6fd877]::thread::lifecycle::spawn_unchecked<test[aada8e7e76ba119b]::run_test::{closure#1}, ()>::{closure#1} as core[a373ad73a504971]::ops::function::FnOnce<()>>::call_once::{shim:vtable#0}
[INFO] [stdout]   18:     0x63367d46cd4f - <std[617be2ca0a6fd877]::sys::thread::unix::Thread>::new::thread_start
[INFO] [stdout]   19:     0x7459a291cdfa - <unknown>
[INFO] [stdout]   20:     0x7459a29b03d4 - clone
[INFO] [stdout]   21:                0x0 - <unknown>
[INFO] [stdout] 
[INFO] [stdout] ---- build_output_references_point_into_the_output_tree stdout ----
[INFO] [stdout] 
[INFO] [stdout] thread 'build_output_references_point_into_the_output_tree' (3547) panicked at crates/piton-cli/tests/cli.rs:66:14:
[INFO] [stdout] run piton: Os { code: 2, kind: NotFound, message: "No such file or directory" }
[INFO] [stdout] stack backtrace:
[INFO] [stdout]    0:     0x63367d46da31 - <<std[617be2ca0a6fd877]::sys::backtrace::BacktraceLock>::print::DisplayBacktrace as core[a373ad73a504971]::fmt::Display>::fmt
[INFO] [stdout]    1:     0x63367d481cda - core[a373ad73a504971]::fmt::write
[INFO] [stdout]    2:     0x63367d471f3c - <alloc[2e1b2a31b91974c5]::vec::Vec<u8> as core[a373ad73a504971]::io::write::Write>::write_fmt
[INFO] [stdout]    3:     0x63367d447e46 - std[617be2ca0a6fd877]::panicking::default_hook::{closure#0}
[INFO] [stdout]    4:     0x63367d4654a9 - std[617be2ca0a6fd877]::panicking::default_hook
[INFO] [stdout]    5:     0x63367d3fff90 - test[aada8e7e76ba119b]::test_main_inner::{closure#0}
[INFO] [stdout]    6:     0x63367d465662 - std[617be2ca0a6fd877]::panicking::panic_with_hook
[INFO] [stdout]    7:     0x63367d447ef2 - std[617be2ca0a6fd877]::panicking::panic_handler::{closure#0}
[INFO] [stdout]    8:     0x63367d440959 - std[617be2ca0a6fd877]::sys::backtrace::__rust_end_short_backtrace::<std[617be2ca0a6fd877]::panicking::panic_handler::{closure#0}, !>
[INFO] [stdout]    9:     0x63367d448afd - __rustc[ea4f61d10b84890b]::rust_begin_unwind
[INFO] [stdout]   10:     0x63367d48240c - core[a373ad73a504971]::panicking::panic_fmt
[INFO] [stdout]   11:     0x63367d4821e2 - core[a373ad73a504971]::result::unwrap_failed
[INFO] [stdout]   12:     0x63367d3e0b10 - <cli[a87a755db4a32822]::Fixture>::run_in
[INFO] [stdout]   13:     0x63367d3ebbfc - <cli[a87a755db4a32822]::build_output_references_point_into_the_output_tree::{closure#0} as core[a373ad73a504971]::ops::function::FnOnce<()>>::call_once
[INFO] [stdout]   14:     0x63367d3f33db - test[aada8e7e76ba119b]::__rust_begin_short_backtrace::<core[a373ad73a504971]::result::Result<(), alloc[2e1b2a31b91974c5]::string::String>, fn() -> core[a373ad73a504971]::result::Result<(), alloc[2e1b2a31b91974c5]::string::String>>
[INFO] [stdout]   15:     0x63367d4005b5 - test[aada8e7e76ba119b]::run_test::{closure#0}
[INFO] [stdout]   16:     0x63367d3f9ea4 - std[617be2ca0a6fd877]::sys::backtrace::__rust_begin_short_backtrace::<test[aada8e7e76ba119b]::run_test::{closure#1}, ()>
[INFO] [stdout]   17:     0x63367d403642 - <std[617be2ca0a6fd877]::thread::lifecycle::spawn_unchecked<test[aada8e7e76ba119b]::run_test::{closure#1}, ()>::{closure#1} as core[a373ad73a504971]::ops::function::FnOnce<()>>::call_once::{shim:vtable#0}
[INFO] [stdout]   18:     0x63367d46cd4f - <std[617be2ca0a6fd877]::sys::thread::unix::Thread>::new::thread_start
[INFO] [stdout]   19:     0x7459a291cdfa - <unknown>
[INFO] [stdout]   20:     0x7459a29b03d4 - clone
[INFO] [stdout]   21:                0x0 - <unknown>
[INFO] [stdout] 
[INFO] [stdout] ---- compile_writes_next_to_the_input_when_asked stdout ----
[INFO] [stdout] 
[INFO] [stdout] thread 'compile_writes_next_to_the_input_when_asked' (3564) panicked at crates/piton-cli/tests/cli.rs:66:14:
[INFO] [stdout] run piton: Os { code: 2, kind: NotFound, message: "No such file or directory" }
[INFO] [stdout] stack backtrace:
[INFO] [stdout]    0:     0x63367d46da31 - <<std[617be2ca0a6fd877]::sys::backtrace::BacktraceLock>::print::DisplayBacktrace as core[a373ad73a504971]::fmt::Display>::fmt
[INFO] [stdout]    1:     0x63367d481cda - core[a373ad73a504971]::fmt::write
[INFO] [stdout]    2:     0x63367d471f3c - <alloc[2e1b2a31b91974c5]::vec::Vec<u8> as core[a373ad73a504971]::io::write::Write>::write_fmt
[INFO] [stdout]    3:     0x63367d447e46 - std[617be2ca0a6fd877]::panicking::default_hook::{closure#0}
[INFO] [stdout]    4:     0x63367d4654a9 - std[617be2ca0a6fd877]::panicking::default_hook
[INFO] [stdout]    5:     0x63367d3fff90 - test[aada8e7e76ba119b]::test_main_inner::{closure#0}
[INFO] [stdout]    6:     0x63367d465662 - std[617be2ca0a6fd877]::panicking::panic_with_hook
[INFO] [stdout]    7:     0x63367d447ef2 - std[617be2ca0a6fd877]::panicking::panic_handler::{closure#0}
[INFO] [stdout]    8:     0x63367d440959 - std[617be2ca0a6fd877]::sys::backtrace::__rust_end_short_backtrace::<std[617be2ca0a6fd877]::panicking::panic_handler::{closure#0}, !>
[INFO] [stdout]    9:     0x63367d448afd - __rustc[ea4f61d10b84890b]::rust_begin_unwind
[INFO] [stdout]   10:     0x63367d48240c - core[a373ad73a504971]::panicking::panic_fmt
[INFO] [stdout]   11:     0x63367d4821e2 - core[a373ad73a504971]::result::unwrap_failed
[INFO] [stdout]   12:     0x63367d3e0b10 - <cli[a87a755db4a32822]::Fixture>::run_in
[INFO] [stdout]   13:     0x63367d3e9c22 - <cli[a87a755db4a32822]::compile_writes_next_to_the_input_when_asked::{closure#0} as core[a373ad73a504971]::ops::function::FnOnce<()>>::call_once
[INFO] [stdout]   14:     0x63367d3f33db - test[aada8e7e76ba119b]::__rust_begin_short_backtrace::<core[a373ad73a504971]::result::Result<(), alloc[2e1b2a31b91974c5]::string::String>, fn() -> core[a373ad73a504971]::result::Result<(), alloc[2e1b2a31b91974c5]::string::String>>
[INFO] [stdout]   15:     0x63367d4005b5 - test[aada8e7e76ba119b]::run_test::{closure#0}
[INFO] [stdout]   16:     0x63367d3f9ea4 - std[617be2ca0a6fd877]::sys::backtrace::__rust_begin_short_backtrace::<test[aada8e7e76ba119b]::run_test::{closure#1}, ()>
[INFO] [stdout]   17:     0x63367d403642 - <std[617be2ca0a6fd877]::thread::lifecycle::spawn_unchecked<test[aada8e7e76ba119b]::run_test::{closure#1}, ()>::{closure#1} as core[a373ad73a504971]::ops::function::FnOnce<()>>::call_once::{shim:vtable#0}
[INFO] [stdout]   18:     0x63367d46cd4f - <std[617be2ca0a6fd877]::sys::thread::unix::Thread>::new::thread_start
[INFO] [stdout]   19:     0x7459a291cdfa - <unknown>
[INFO] [stdout]   20:     0x7459a29b03d4 - clone
[INFO] [stdout]   21:                0x0 - <unknown>
[INFO] [stdout] 
[INFO] [stdout] ---- compile_renders_each_adapter stdout ----
[INFO] [stdout] 
[INFO] [stdout] thread 'compile_renders_each_adapter' (3563) panicked at crates/piton-cli/tests/cli.rs:66:14:
[INFO] [stdout] run piton: Os { code: 2, kind: NotFound, message: "No such file or directory" }
[INFO] [stdout] stack backtrace:
[INFO] [stdout]    0:     0x63367d46da31 - <<std[617be2ca0a6fd877]::sys::backtrace::BacktraceLock>::print::DisplayBacktrace as core[a373ad73a504971]::fmt::Display>::fmt
[INFO] [stdout]    1:     0x63367d481cda - core[a373ad73a504971]::fmt::write
[INFO] [stdout]    2:     0x63367d471f3c - <alloc[2e1b2a31b91974c5]::vec::Vec<u8> as core[a373ad73a504971]::io::write::Write>::write_fmt
[INFO] [stdout]    3:     0x63367d447e46 - std[617be2ca0a6fd877]::panicking::default_hook::{closure#0}
[INFO] [stdout]    4:     0x63367d4654a9 - std[617be2ca0a6fd877]::panicking::default_hook
[INFO] [stdout]    5:     0x63367d3fff90 - test[aada8e7e76ba119b]::test_main_inner::{closure#0}
[INFO] [stdout]    6:     0x63367d465662 - std[617be2ca0a6fd877]::panicking::panic_with_hook
[INFO] [stdout]    7:     0x63367d447ef2 - std[617be2ca0a6fd877]::panicking::panic_handler::{closure#0}
[INFO] [stdout]    8:     0x63367d440959 - std[617be2ca0a6fd877]::sys::backtrace::__rust_end_short_backtrace::<std[617be2ca0a6fd877]::panicking::panic_handler::{closure#0}, !>
[INFO] [stdout]    9:     0x63367d448afd - __rustc[ea4f61d10b84890b]::rust_begin_unwind
[INFO] [stdout]   10:     0x63367d48240c - core[a373ad73a504971]::panicking::panic_fmt
[INFO] [stdout]   11:     0x63367d4821e2 - core[a373ad73a504971]::result::unwrap_failed
[INFO] [stdout]   12:     0x63367d3e0b10 - <cli[a87a755db4a32822]::Fixture>::run_in
[INFO] [stdout]   13:     0x63367d3e1f9f - <cli[a87a755db4a32822]::compile_renders_each_adapter::{closure#0} as core[a373ad73a504971]::ops::function::FnOnce<()>>::call_once
[INFO] [stdout]   14:     0x63367d3f33db - test[aada8e7e76ba119b]::__rust_begin_short_backtrace::<core[a373ad73a504971]::result::Result<(), alloc[2e1b2a31b91974c5]::string::String>, fn() -> core[a373ad73a504971]::result::Result<(), alloc[2e1b2a31b91974c5]::string::String>>
[INFO] [stdout]   15:     0x63367d4005b5 - test[aada8e7e76ba119b]::run_test::{closure#0}
[INFO] [stdout]   16:     0x63367d3f9ea4 - std[617be2ca0a6fd877]::sys::backtrace::__rust_begin_short_backtrace::<test[aada8e7e76ba119b]::run_test::{closure#1}, ()>
[INFO] [stdout]   17:     0x63367d403642 - <std[617be2ca0a6fd877]::thread::lifecycle::spawn_unchecked<test[aada8e7e76ba119b]::run_test::{closure#1}, ()>::{closure#1} as core[a373ad73a504971]::ops::function::FnOnce<()>>::call_once::{shim:vtable#0}
[INFO] [stdout]   18:     0x63367d46cd4f - <std[617be2ca0a6fd877]::sys::thread::unix::Thread>::new::thread_start
[INFO] [stdout]   19:     0x7459a291cdfa - <unknown>
[INFO] [stdout]   20:     0x7459a29b03d4 - clone
[INFO] [stdout]   21:                0x0 - <unknown>
[INFO] [stdout] 
[INFO] [stdout] ---- compile_includes_what_the_file_exports_without_declaring stdout ----
[INFO] [stdout] 
[INFO] [stdout] thread 'compile_includes_what_the_file_exports_without_declaring' (3562) panicked at crates/piton-cli/tests/cli.rs:66:14:
[INFO] [stdout] run piton: Os { code: 2, kind: NotFound, message: "No such file or directory" }
[INFO] [stdout] stack backtrace:
[INFO] [stdout]    0:     0x63367d46da31 - <<std[617be2ca0a6fd877]::sys::backtrace::BacktraceLock>::print::DisplayBacktrace as core[a373ad73a504971]::fmt::Display>::fmt
[INFO] [stdout]    1:     0x63367d481cda - core[a373ad73a504971]::fmt::write
[INFO] [stdout]    2:     0x63367d471f3c - <alloc[2e1b2a31b91974c5]::vec::Vec<u8> as core[a373ad73a504971]::io::write::Write>::write_fmt
[INFO] [stdout]    3:     0x63367d447e46 - std[617be2ca0a6fd877]::panicking::default_hook::{closure#0}
[INFO] [stdout]    4:     0x63367d4654a9 - std[617be2ca0a6fd877]::panicking::default_hook
[INFO] [stdout]    5:     0x63367d3fff90 - test[aada8e7e76ba119b]::test_main_inner::{closure#0}
[INFO] [stdout]    6:     0x63367d465662 - std[617be2ca0a6fd877]::panicking::panic_with_hook
[INFO] [stdout]    7:     0x63367d447ef2 - std[617be2ca0a6fd877]::panicking::panic_handler::{closure#0}
[INFO] [stdout]    8:     0x63367d440959 - std[617be2ca0a6fd877]::sys::backtrace::__rust_end_short_backtrace::<std[617be2ca0a6fd877]::panicking::panic_handler::{closure#0}, !>
[INFO] [stdout]    9:     0x63367d448afd - __rustc[ea4f61d10b84890b]::rust_begin_unwind
[INFO] [stdout]   10:     0x63367d48240c - core[a373ad73a504971]::panicking::panic_fmt
[INFO] [stdout]   11:     0x63367d4821e2 - core[a373ad73a504971]::result::unwrap_failed
[INFO] [stdout]   12:     0x63367d3e0b10 - <cli[a87a755db4a32822]::Fixture>::run_in
[INFO] [stdout]   13:     0x63367d3f072c - <cli[a87a755db4a32822]::compile_includes_what_the_file_exports_without_declaring::{closure#0} as core[a373ad73a504971]::ops::function::FnOnce<()>>::call_once
[INFO] [stdout]   14:     0x63367d3f33db - test[aada8e7e76ba119b]::__rust_begin_short_backtrace::<core[a373ad73a504971]::result::Result<(), alloc[2e1b2a31b91974c5]::string::String>, fn() -> core[a373ad73a504971]::result::Result<(), alloc[2e1b2a31b91974c5]::string::String>>
[INFO] [stdout]   15:     0x63367d4005b5 - test[aada8e7e76ba119b]::run_test::{closure#0}
[INFO] [stdout]   16:     0x63367d3f9ea4 - std[617be2ca0a6fd877]::sys::backtrace::__rust_begin_short_backtrace::<test[aada8e7e76ba119b]::run_test::{closure#1}, ()>
[INFO] [stdout]   17:     0x63367d403642 - <std[617be2ca0a6fd877]::thread::lifecycle::spawn_unchecked<test[aada8e7e76ba119b]::run_test::{closure#1}, ()>::{closure#1} as core[a373ad73a504971]::ops::function::FnOnce<()>>::call_once::{shim:vtable#0}
[INFO] [stdout]   18:     0x63367d46cd4f - <std[617be2ca0a6fd877]::sys::thread::unix::Thread>::new::thread_start
[INFO] [stdout]   19:     0x7459a291cdfa - <unknown>
[INFO] [stdout]   20:     0x7459a29b03d4 - clone
[INFO] [stdout]   21:                0x0 - <unknown>
[INFO] [stdout] 
[INFO] [stdout] ---- every_adapter_emits_its_own_native_form stdout ----
[INFO] [stdout] 
[INFO] [stdout] thread 'every_adapter_emits_its_own_native_form' (3566) panicked at crates/piton-cli/tests/cli.rs:66:14:
[INFO] [stdout] run piton: Os { code: 2, kind: NotFound, message: "No such file or directory" }
[INFO] [stdout] stack backtrace:
[INFO] [stdout]    0:     0x63367d46da31 - <<std[617be2ca0a6fd877]::sys::backtrace::BacktraceLock>::print::DisplayBacktrace as core[a373ad73a504971]::fmt::Display>::fmt
[INFO] [stdout]    1:     0x63367d481cda - core[a373ad73a504971]::fmt::write
[INFO] [stdout]    2:     0x63367d471f3c - <alloc[2e1b2a31b91974c5]::vec::Vec<u8> as core[a373ad73a504971]::io::write::Write>::write_fmt
[INFO] [stdout]    3:     0x63367d447e46 - std[617be2ca0a6fd877]::panicking::default_hook::{closure#0}
[INFO] [stdout]    4:     0x63367d4654a9 - std[617be2ca0a6fd877]::panicking::default_hook
[INFO] [stdout]    5:     0x63367d3fff90 - test[aada8e7e76ba119b]::test_main_inner::{closure#0}
[INFO] [stdout]    6:     0x63367d465662 - std[617be2ca0a6fd877]::panicking::panic_with_hook
[INFO] [stdout]    7:     0x63367d447ef2 - std[617be2ca0a6fd877]::panicking::panic_handler::{closure#0}
[INFO] [stdout]    8:     0x63367d440959 - std[617be2ca0a6fd877]::sys::backtrace::__rust_end_short_backtrace::<std[617be2ca0a6fd877]::panicking::panic_handler::{closure#0}, !>
[INFO] [stdout]    9:     0x63367d448afd - __rustc[ea4f61d10b84890b]::rust_begin_unwind
[INFO] [stdout]   10:     0x63367d48240c - core[a373ad73a504971]::panicking::panic_fmt
[INFO] [stdout]   11:     0x63367d4821e2 - core[a373ad73a504971]::result::unwrap_failed
[INFO] [stdout]   12:     0x63367d3e0b10 - <cli[a87a755db4a32822]::Fixture>::run_in
[INFO] [stdout]   13:     0x63367d3e70a3 - <cli[a87a755db4a32822]::every_adapter_emits_its_own_native_form::{closure#0} as core[a373ad73a504971]::ops::function::FnOnce<()>>::call_once
[INFO] [stdout]   14:     0x63367d3f33db - test[aada8e7e76ba119b]::__rust_begin_short_backtrace::<core[a373ad73a504971]::result::Result<(), alloc[2e1b2a31b91974c5]::string::String>, fn() -> core[a373ad73a504971]::result::Result<(), alloc[2e1b2a31b91974c5]::string::String>>
[INFO] [stdout]   15:     0x63367d4005b5 - test[aada8e7e76ba119b]::run_test::{closure#0}
[INFO] [stdout]   16:     0x63367d3f9ea4 - std[617be2ca0a6fd877]::sys::backtrace::__rust_begin_short_backtrace::<test[aada8e7e76ba119b]::run_test::{closure#1}, ()>
[INFO] [stdout]   17:     0x63367d403642 - <std[617be2ca0a6fd877]::thread::lifecycle::spawn_unchecked<test[aada8e7e76ba119b]::run_test::{closure#1}, ()>::{closure#1} as core[a373ad73a504971]::ops::function::FnOnce<()>>::call_once::{shim:vtable#0}
[INFO] [stdout]   18:     0x63367d46cd4f - <std[617be2ca0a6fd877]::sys::thread::unix::Thread>::new::thread_start
[INFO] [stdout]   19:     0x7459a291cdfa - <unknown>
[INFO] [stdout]   20:     0x7459a29b03d4 - clone
[INFO] [stdout]   21:                0x0 - <unknown>
[INFO] [stdout] 
[INFO] [stdout] ---- help_lists_every_documented_command stdout ----
[INFO] [stdout] 
[INFO] [stdout] thread 'help_lists_every_documented_command' (3573) panicked at crates/piton-cli/tests/cli.rs:880:64:
[INFO] [stdout] help: Os { code: 2, kind: NotFound, message: "No such file or directory" }
[INFO] [stdout] stack backtrace:
[INFO] [stdout]    0:     0x63367d46da31 - <<std[617be2ca0a6fd877]::sys::backtrace::BacktraceLock>::print::DisplayBacktrace as core[a373ad73a504971]::fmt::Display>::fmt
[INFO] [stdout]    1:     0x63367d481cda - core[a373ad73a504971]::fmt::write
[INFO] [stdout]    2:     0x63367d471f3c - <alloc[2e1b2a31b91974c5]::vec::Vec<u8> as core[a373ad73a504971]::io::write::Write>::write_fmt
[INFO] [stdout]    3:     0x63367d447e46 - std[617be2ca0a6fd877]::panicking::default_hook::{closure#0}
[INFO] [stdout]    4:     0x63367d4654a9 - std[617be2ca0a6fd877]::panicking::default_hook
[INFO] [stdout]    5:     0x63367d3fff90 - test[aada8e7e76ba119b]::test_main_inner::{closure#0}
[INFO] [stdout]    6:     0x63367d465662 - std[617be2ca0a6fd877]::panicking::panic_with_hook
[INFO] [stdout]    7:     0x63367d447ef2 - std[617be2ca0a6fd877]::panicking::panic_handler::{closure#0}
[INFO] [stdout]    8:     0x63367d440959 - std[617be2ca0a6fd877]::sys::backtrace::__rust_end_short_backtrace::<std[617be2ca0a6fd877]::panicking::panic_handler::{closure#0}, !>
[INFO] [stdout]    9:     0x63367d448afd - __rustc[ea4f61d10b84890b]::rust_begin_unwind
[INFO] [stdout]   10:     0x63367d48240c - core[a373ad73a504971]::panicking::panic_fmt
[INFO] [stdout]   11:     0x63367d4821e2 - core[a373ad73a504971]::result::unwrap_failed
[INFO] [stdout]   12:     0x63367d3e4ba4 - <cli[a87a755db4a32822]::help_lists_every_documented_command::{closure#0} as core[a373ad73a504971]::ops::function::FnOnce<()>>::call_once
[INFO] [stdout]   13:     0x63367d3f33db - test[aada8e7e76ba119b]::__rust_begin_short_backtrace::<core[a373ad73a504971]::result::Result<(), alloc[2e1b2a31b91974c5]::string::String>, fn() -> core[a373ad73a504971]::result::Result<(), alloc[2e1b2a31b91974c5]::string::String>>
[INFO] [stdout]   14:     0x63367d4005b5 - test[aada8e7e76ba119b]::run_test::{closure#0}
[INFO] [stdout]   15:     0x63367d3f9ea4 - std[617be2ca0a6fd877]::sys::backtrace::__rust_begin_short_backtrace::<test[aada8e7e76ba119b]::run_test::{closure#1}, ()>
[INFO] [stdout]   16:     0x63367d403642 - <std[617be2ca0a6fd877]::thread::lifecycle::spawn_unchecked<test[aada8e7e76ba119b]::run_test::{closure#1}, ()>::{closure#1} as core[a373ad73a504971]::ops::function::FnOnce<()>>::call_once::{shim:vtable#0}
[INFO] [stdout]   17:     0x63367d46cd4f - <std[617be2ca0a6fd877]::sys::thread::unix::Thread>::new::thread_start
[INFO] [stdout]   18:     0x7459a291cdfa - <unknown>
[INFO] [stdout]   19:     0x7459a29b03d4 - clone
[INFO] [stdout]   20:                0x0 - <unknown>
[INFO] [stdout] 
[INFO] [stdout] ---- init_leaves_tethering_to_later_when_asked stdout ----
[INFO] [stdout] 
[INFO] [stdout] thread 'init_leaves_tethering_to_later_when_asked' (3575) panicked at crates/piton-cli/tests/cli.rs:66:14:
[INFO] [stdout] run piton: Os { code: 2, kind: NotFound, message: "No such file or directory" }
[INFO] [stdout] stack backtrace:
[INFO] [stdout]    0:     0x63367d46da31 - <<std[617be2ca0a6fd877]::sys::backtrace::BacktraceLock>::print::DisplayBacktrace as core[a373ad73a504971]::fmt::Display>::fmt
[INFO] [stdout]    1:     0x63367d481cda - core[a373ad73a504971]::fmt::write
[INFO] [stdout]    2:     0x63367d471f3c - <alloc[2e1b2a31b91974c5]::vec::Vec<u8> as core[a373ad73a504971]::io::write::Write>::write_fmt
[INFO] [stdout]    3:     0x63367d447e46 - std[617be2ca0a6fd877]::panicking::default_hook::{closure#0}
[INFO] [stdout]    4:     0x63367d4654a9 - std[617be2ca0a6fd877]::panicking::default_hook
[INFO] [stdout]    5:     0x63367d3fff90 - test[aada8e7e76ba119b]::test_main_inner::{closure#0}
[INFO] [stdout]    6:     0x63367d465662 - std[617be2ca0a6fd877]::panicking::panic_with_hook
[INFO] [stdout]    7:     0x63367d447ef2 - std[617be2ca0a6fd877]::panicking::panic_handler::{closure#0}
[INFO] [stdout]    8:     0x63367d440959 - std[617be2ca0a6fd877]::sys::backtrace::__rust_end_short_backtrace::<std[617be2ca0a6fd877]::panicking::panic_handler::{closure#0}, !>
[INFO] [stdout]    9:     0x63367d448afd - __rustc[ea4f61d10b84890b]::rust_begin_unwind
[INFO] [stdout]   10:     0x63367d48240c - core[a373ad73a504971]::panicking::panic_fmt
[INFO] [stdout]   11:     0x63367d4821e2 - core[a373ad73a504971]::result::unwrap_failed
[INFO] [stdout]   12:     0x63367d3e0b10 - <cli[a87a755db4a32822]::Fixture>::run_in
[INFO] [stdout]   13:     0x63367d3e8299 - <cli[a87a755db4a32822]::init_leaves_tethering_to_later_when_asked::{closure#0} as core[a373ad73a504971]::ops::function::FnOnce<()>>::call_once
[INFO] [stdout]   14:     0x63367d3f33db - test[aada8e7e76ba119b]::__rust_begin_short_backtrace::<core[a373ad73a504971]::result::Result<(), alloc[2e1b2a31b91974c5]::string::String>, fn() -> core[a373ad73a504971]::result::Result<(), alloc[2e1b2a31b91974c5]::string::String>>
[INFO] [stdout]   15:     0x63367d4005b5 - test[aada8e7e76ba119b]::run_test::{closure#0}
[INFO] [stdout]   16:     0x63367d3f9ea4 - std[617be2ca0a6fd877]::sys::backtrace::__rust_begin_short_backtrace::<test[aada8e7e76ba119b]::run_test::{closure#1}, ()>
[INFO] [stdout]   17:     0x63367d403642 - <std[617be2ca0a6fd877]::thread::lifecycle::spawn_unchecked<test[aada8e7e76ba119b]::run_test::{closure#1}, ()>::{closure#1} as core[a373ad73a504971]::ops::function::FnOnce<()>>::call_once::{shim:vtable#0}
[INFO] [stdout]   18:     0x63367d46cd4f - <std[617be2ca0a6fd877]::sys::thread::unix::Thread>::new::thread_start
[INFO] [stdout]   19:     0x7459a291cdfa - <unknown>
[INFO] [stdout]   20:     0x7459a29b03d4 - clone
[INFO] [stdout]   21:                0x0 - <unknown>
[INFO] [stdout] 
[INFO] [stdout] ---- init_builds_a_belay_project_for_the_adapters_chosen stdout ----
[INFO] [stdout] 
[INFO] [stdout] thread 'init_builds_a_belay_project_for_the_adapters_chosen' (3574) panicked at crates/piton-cli/tests/cli.rs:66:14:
[INFO] [stdout] run piton: Os { code: 2, kind: NotFound, message: "No such file or directory" }
[INFO] [stdout] stack backtrace:
[INFO] [stdout]    0:     0x63367d46da31 - <<std[617be2ca0a6fd877]::sys::backtrace::BacktraceLock>::print::DisplayBacktrace as core[a373ad73a504971]::fmt::Display>::fmt
[INFO] [stdout]    1:     0x63367d481cda - core[a373ad73a504971]::fmt::write
[INFO] [stdout]    2:     0x63367d471f3c - <alloc[2e1b2a31b91974c5]::vec::Vec<u8> as core[a373ad73a504971]::io::write::Write>::write_fmt
[INFO] [stdout]    3:     0x63367d447e46 - std[617be2ca0a6fd877]::panicking::default_hook::{closure#0}
[INFO] [stdout]    4:     0x63367d4654a9 - std[617be2ca0a6fd877]::panicking::default_hook
[INFO] [stdout]    5:     0x63367d3fff90 - test[aada8e7e76ba119b]::test_main_inner::{closure#0}
[INFO] [stderr] error: test failed, to rerun pass `-p piton-cli --test cli`
[INFO] [stdout]    6:     0x63367d465662 - std[617be2ca0a6fd877]::panicking::panic_with_hook
[INFO] [stdout]    7:     0x63367d447ef2 - std[617be2ca0a6fd877]::panicking::panic_handler::{closure#0}
[INFO] [stdout]    8:     0x63367d440959 - std[617be2ca0a6fd877]::sys::backtrace::__rust_end_short_backtrace::<std[617be2ca0a6fd877]::panicking::panic_handler::{closure#0}, !>
[INFO] [stdout]    9:     0x63367d448afd - __rustc[ea4f61d10b84890b]::rust_begin_unwind
[INFO] [stdout]   10:     0x63367d48240c - core[a373ad73a504971]::panicking::panic_fmt
[INFO] [stdout]   11:     0x63367d4821e2 - core[a373ad73a504971]::result::unwrap_failed
[INFO] [stdout]   12:     0x63367d3e0b10 - <cli[a87a755db4a32822]::Fixture>::run_in
[INFO] [stdout]   13:     0x63367d3ec5bb - <cli[a87a755db4a32822]::init_builds_a_belay_project_for_the_adapters_chosen::{closure#0} as core[a373ad73a504971]::ops::function::FnOnce<()>>::call_once
[INFO] [stdout]   14:     0x63367d3f33db - test[aada8e7e76ba119b]::__rust_begin_short_backtrace::<core[a373ad73a504971]::result::Result<(), alloc[2e1b2a31b91974c5]::string::String>, fn() -> core[a373ad73a504971]::result::Result<(), alloc[2e1b2a31b91974c5]::string::String>>
[INFO] [stdout]   15:     0x63367d4005b5 - test[aada8e7e76ba119b]::run_test::{closure#0}
[INFO] [stdout]   16:     0x63367d3f9ea4 - std[617be2ca0a6fd877]::sys::backtrace::__rust_begin_short_backtrace::<test[aada8e7e76ba119b]::run_test::{closure#1}, ()>
[INFO] [stdout]   17:     0x63367d403642 - <std[617be2ca0a6fd877]::thread::lifecycle::spawn_unchecked<test[aada8e7e76ba119b]::run_test::{closure#1}, ()>::{closure#1} as core[a373ad73a504971]::ops::function::FnOnce<()>>::call_once::{shim:vtable#0}
[INFO] [stdout]   18:     0x63367d46cd4f - <std[617be2ca0a6fd877]::sys::thread::unix::Thread>::new::thread_start
[INFO] [stdout]   19:     0x7459a291cdfa - <unknown>
[INFO] [stdout]   20:     0x7459a29b03d4 - clone
[INFO] [stdout]   21:                0x0 - <unknown>
[INFO] [stdout] 
[INFO] [stdout] ---- format_reads_stdin_when_given_a_dash stdout ----
[INFO] [stdout] 
[INFO] [stdout] thread 'format_reads_stdin_when_given_a_dash' (3570) panicked at crates/piton-cli/tests/cli.rs:736:10:
[INFO] [stdout] spawn: Os { code: 2, kind: NotFound, message: "No such file or directory" }
[INFO] [stdout] stack backtrace:
[INFO] [stdout]    0:     0x63367d46da31 - <<std[617be2ca0a6fd877]::sys::backtrace::BacktraceLock>::print::DisplayBacktrace as core[a373ad73a504971]::fmt::Display>::fmt
[INFO] [stdout]    1:     0x63367d481cda - core[a373ad73a504971]::fmt::write
[INFO] [stdout]    2:     0x63367d471f3c - <alloc[2e1b2a31b91974c5]::vec::Vec<u8> as core[a373ad73a504971]::io::write::Write>::write_fmt
[INFO] [stdout]    3:     0x63367d447e46 - std[617be2ca0a6fd877]::panicking::default_hook::{closure#0}
[INFO] [stdout]    4:     0x63367d4654a9 - std[617be2ca0a6fd877]::panicking::default_hook
[INFO] [stdout]    5:     0x63367d3fff90 - test[aada8e7e76ba119b]::test_main_inner::{closure#0}
[INFO] [stdout]    6:     0x63367d465662 - std[617be2ca0a6fd877]::panicking::panic_with_hook
[INFO] [stdout]    7:     0x63367d447ef2 - std[617be2ca0a6fd877]::panicking::panic_handler::{closure#0}
[INFO] [stdout]    8:     0x63367d440959 - std[617be2ca0a6fd877]::sys::backtrace::__rust_end_short_backtrace::<std[617be2ca0a6fd877]::panicking::panic_handler::{closure#0}, !>
[INFO] [stdout]    9:     0x63367d448afd - __rustc[ea4f61d10b84890b]::rust_begin_unwind
[INFO] [stdout]   10:     0x63367d48240c - core[a373ad73a504971]::panicking::panic_fmt
[INFO] [stdout]   11:     0x63367d4821e2 - core[a373ad73a504971]::result::unwrap_failed
[INFO] [stdout]   12:     0x63367d3e5fbd - <cli[a87a755db4a32822]::format_reads_stdin_when_given_a_dash::{closure#0} as core[a373ad73a504971]::ops::function::FnOnce<()>>::call_once
[INFO] [stdout]   13:     0x63367d3f33db - test[aada8e7e76ba119b]::__rust_begin_short_backtrace::<core[a373ad73a504971]::result::Result<(), alloc[2e1b2a31b91974c5]::string::String>, fn() -> core[a373ad73a504971]::result::Result<(), alloc[2e1b2a31b91974c5]::string::String>>
[INFO] [stdout]   14:     0x63367d4005b5 - test[aada8e7e76ba119b]::run_test::{closure#0}
[INFO] [stdout]   15:     0x63367d3f9ea4 - std[617be2ca0a6fd877]::sys::backtrace::__rust_begin_short_backtrace::<test[aada8e7e76ba119b]::run_test::{closure#1}, ()>
[INFO] [stdout]   16:     0x63367d403642 - <std[617be2ca0a6fd877]::thread::lifecycle::spawn_unchecked<test[aada8e7e76ba119b]::run_test::{closure#1}, ()>::{closure#1} as core[a373ad73a504971]::ops::function::FnOnce<()>>::call_once::{shim:vtable#0}
[INFO] [stdout]   17:     0x63367d46cd4f - <std[617be2ca0a6fd877]::sys::thread::unix::Thread>::new::thread_start
[INFO] [stdout]   18:     0x7459a291cdfa - <unknown>
[INFO] [stdout]   19:     0x7459a29b03d4 - clone
[INFO] [stdout]   20:                0x0 - <unknown>
[INFO] [stdout] 
[INFO] [stdout] ---- format_normalizes_and_check_reports stdout ----
[INFO] [stdout] 
[INFO] [stdout] thread 'format_normalizes_and_check_reports' (3569) panicked at crates/piton-cli/tests/cli.rs:66:14:
[INFO] [stdout] run piton: Os { code: 2, kind: NotFound, message: "No such file or directory" }
[INFO] [stdout] stack backtrace:
[INFO] [stdout]    0:     0x63367d46da31 - <<std[617be2ca0a6fd877]::sys::backtrace::BacktraceLock>::print::DisplayBacktrace as core[a373ad73a504971]::fmt::Display>::fmt
[INFO] [stdout]    1:     0x63367d481cda - core[a373ad73a504971]::fmt::write
[INFO] [stdout]    2:     0x63367d471f3c - <alloc[2e1b2a31b91974c5]::vec::Vec<u8> as core[a373ad73a504971]::io::write::Write>::write_fmt
[INFO] [stdout]    3:     0x63367d447e46 - std[617be2ca0a6fd877]::panicking::default_hook::{closure#0}
[INFO] [stdout]    4:     0x63367d4654a9 - std[617be2ca0a6fd877]::panicking::default_hook
[INFO] [stdout]    5:     0x63367d3fff90 - test[aada8e7e76ba119b]::test_main_inner::{closure#0}
[INFO] [stdout]    6:     0x63367d465662 - std[617be2ca0a6fd877]::panicking::panic_with_hook
[INFO] [stdout]    7:     0x63367d447ef2 - std[617be2ca0a6fd877]::panicking::panic_handler::{closure#0}
[INFO] [stdout]    8:     0x63367d440959 - std[617be2ca0a6fd877]::sys::backtrace::__rust_end_short_backtrace::<std[617be2ca0a6fd877]::panicking::panic_handler::{closure#0}, !>
[INFO] [stdout]    9:     0x63367d448afd - __rustc[ea4f61d10b84890b]::rust_begin_unwind
[INFO] [stdout]   10:     0x63367d48240c - core[a373ad73a504971]::panicking::panic_fmt
[INFO] [stdout]   11:     0x63367d4821e2 - core[a373ad73a504971]::result::unwrap_failed
[INFO] [stdout]   12:     0x63367d3e0b10 - <cli[a87a755db4a32822]::Fixture>::run_in
[INFO] [stdout]   13:     0x63367d3e4466 - <cli[a87a755db4a32822]::format_normalizes_and_check_reports::{closure#0} as core[a373ad73a504971]::ops::function::FnOnce<()>>::call_once
[INFO] [stdout]   14:     0x63367d3f33db - test[aada8e7e76ba119b]::__rust_begin_short_backtrace::<core[a373ad73a504971]::result::Result<(), alloc[2e1b2a31b91974c5]::string::String>, fn() -> core[a373ad73a504971]::result::Result<(), alloc[2e1b2a31b91974c5]::string::String>>
[INFO] [stdout]   15:     0x63367d4005b5 - test[aada8e7e76ba119b]::run_test::{closure#0}
[INFO] [stdout]   16:     0x63367d3f9ea4 - std[617be2ca0a6fd877]::sys::backtrace::__rust_begin_short_backtrace::<test[aada8e7e76ba119b]::run_test::{closure#1}, ()>
[INFO] [stdout]   17:     0x63367d403642 - <std[617be2ca0a6fd877]::thread::lifecycle::spawn_unchecked<test[aada8e7e76ba119b]::run_test::{closure#1}, ()>::{closure#1} as core[a373ad73a504971]::ops::function::FnOnce<()>>::call_once::{shim:vtable#0}
[INFO] [stdout]   18:     0x63367d46cd4f - <std[617be2ca0a6fd877]::sys::thread::unix::Thread>::new::thread_start
[INFO] [stdout]   19:     0x7459a291cdfa - <unknown>
[INFO] [stdout]   20:     0x7459a29b03d4 - clone
[INFO] [stdout]   21:                0x0 - <unknown>
[INFO] [stdout] 
[INFO] [stdout] ---- init_needs_a_template_it_knows stdout ----
[INFO] [stdout] 
[INFO] [stdout] thread 'init_needs_a_template_it_knows' (3581) panicked at crates/piton-cli/tests/cli.rs:66:14:
[INFO] [stdout] run piton: Os { code: 2, kind: NotFound, message: "No such file or directory" }
[INFO] [stdout] stack backtrace:
[INFO] [stdout]    0:     0x63367d46da31 - <<std[617be2ca0a6fd877]::sys::backtrace::BacktraceLock>::print::DisplayBacktrace as core[a373ad73a504971]::fmt::Display>::fmt
[INFO] [stdout]    1:     0x63367d481cda - core[a373ad73a504971]::fmt::write
[INFO] [stdout]    2:     0x63367d471f3c - <alloc[2e1b2a31b91974c5]::vec::Vec<u8> as core[a373ad73a504971]::io::write::Write>::write_fmt
[INFO] [stdout]    3:     0x63367d447e46 - std[617be2ca0a6fd877]::panicking::default_hook::{closure#0}
[INFO] [stdout]    4:     0x63367d4654a9 - std[617be2ca0a6fd877]::panicking::default_hook
[INFO] [stdout]    5:     0x63367d3fff90 - test[aada8e7e76ba119b]::test_main_inner::{closure#0}
[INFO] [stdout]    6:     0x63367d465662 - std[617be2ca0a6fd877]::panicking::panic_with_hook
[INFO] [stdout]    7:     0x63367d447ef2 - std[617be2ca0a6fd877]::panicking::panic_handler::{closure#0}
[INFO] [stdout]    8:     0x63367d440959 - std[617be2ca0a6fd877]::sys::backtrace::__rust_end_short_backtrace::<std[617be2ca0a6fd877]::panicking::panic_handler::{closure#0}, !>
[INFO] [stdout]    9:     0x63367d448afd - __rustc[ea4f61d10b84890b]::rust_begin_unwind
[INFO] [stdout]   10:     0x63367d48240c - core[a373ad73a504971]::panicking::panic_fmt
[INFO] [stdout]   11:     0x63367d4821e2 - core[a373ad73a504971]::result::unwrap_failed
[INFO] [stdout]   12:     0x63367d3e0b10 - <cli[a87a755db4a32822]::Fixture>::run_in
[INFO] [stdout]   13:     0x63367d3e2c16 - <cli[a87a755db4a32822]::init_needs_a_template_it_knows::{closure#0} as core[a373ad73a504971]::ops::function::FnOnce<()>>::call_once
[INFO] [stdout]   14:     0x63367d3f33db - test[aada8e7e76ba119b]::__rust_begin_short_backtrace::<core[a373ad73a504971]::result::Result<(), alloc[2e1b2a31b91974c5]::string::String>, fn() -> core[a373ad73a504971]::result::Result<(), alloc[2e1b2a31b91974c5]::string::String>>
[INFO] [stdout]   15:     0x63367d4005b5 - test[aada8e7e76ba119b]::run_test::{closure#0}
[INFO] [stdout]   16:     0x63367d3f9ea4 - std[617be2ca0a6fd877]::sys::backtrace::__rust_begin_short_backtrace::<test[aada8e7e76ba119b]::run_test::{closure#1}, ()>
[INFO] [stdout]   17:     0x63367d403642 - <std[617be2ca0a6fd877]::thread::lifecycle::spawn_unchecked<test[aada8e7e76ba119b]::run_test::{closure#1}, ()>::{closure#1} as core[a373ad73a504971]::ops::function::FnOnce<()>>::call_once::{shim:vtable#0}
[INFO] [stdout]   18:     0x63367d46cd4f - <std[617be2ca0a6fd877]::sys::thread::unix::Thread>::new::thread_start
[INFO] [stdout]   19:     0x7459a291cdfa - <unknown>
[INFO] [stdout]   20:     0x7459a29b03d4 - clone
[INFO] [stdout]   21:                0x0 - <unknown>
[INFO] [stdout] 
[INFO] [stdout] ---- loc_counts_by_category stdout ----
[INFO] [stdout] 
[INFO] [stdout] thread 'loc_counts_by_category' (3584) panicked at crates/piton-cli/tests/cli.rs:66:14:
[INFO] [stdout] run piton: Os { code: 2, kind: NotFound, message: "No such file or directory" }
[INFO] [stdout] stack backtrace:
[INFO] [stdout]    0:     0x63367d46da31 - <<std[617be2ca0a6fd877]::sys::backtrace::BacktraceLock>::print::DisplayBacktrace as core[a373ad73a504971]::fmt::Display>::fmt
[INFO] [stdout]    1:     0x63367d481cda - core[a373ad73a504971]::fmt::write
[INFO] [stdout]    2:     0x63367d471f3c - <alloc[2e1b2a31b91974c5]::vec::Vec<u8> as core[a373ad73a504971]::io::write::Write>::write_fmt
[INFO] [stdout]    3:     0x63367d447e46 - std[617be2ca0a6fd877]::panicking::default_hook::{closure#0}
[INFO] [stdout]    4:     0x63367d4654a9 - std[617be2ca0a6fd877]::panicking::default_hook
[INFO] [stdout]    5:     0x63367d3fff90 - test[aada8e7e76ba119b]::test_main_inner::{closure#0}
[INFO] [stdout]    6:     0x63367d465662 - std[617be2ca0a6fd877]::panicking::panic_with_hook
[INFO] [stdout]    7:     0x63367d447ef2 - std[617be2ca0a6fd877]::panicking::panic_handler::{closure#0}
[INFO] [stdout]    8:     0x63367d440959 - std[617be2ca0a6fd877]::sys::backtrace::__rust_end_short_backtrace::<std[617be2ca0a6fd877]::panicking::panic_handler::{closure#0}, !>
[INFO] [stdout]    9:     0x63367d448afd - __rustc[ea4f61d10b84890b]::rust_begin_unwind
[INFO] [stdout]   10:     0x63367d48240c - core[a373ad73a504971]::panicking::panic_fmt
[INFO] [stdout]   11:     0x63367d4821e2 - core[a373ad73a504971]::result::unwrap_failed
[INFO] [stdout]   12:     0x63367d3e0b10 - <cli[a87a755db4a32822]::Fixture>::run_in
[INFO] [stdout]   13:     0x63367d3e1937 - <cli[a87a755db4a32822]::loc_counts_by_category::{closure#0} as core[a373ad73a504971]::ops::function::FnOnce<()>>::call_once
[INFO] [stdout]   14:     0x63367d3f33db - test[aada8e7e76ba119b]::__rust_begin_short_backtrace::<core[a373ad73a504971]::result::Result<(), alloc[2e1b2a31b91974c5]::string::String>, fn() -> core[a373ad73a504971]::result::Result<(), alloc[2e1b2a31b91974c5]::string::String>>
[INFO] [stdout]   15:     0x63367d4005b5 - test[aada8e7e76ba119b]::run_test::{closure#0}
[INFO] [stdout]   16:     0x63367d3f9ea4 - std[617be2ca0a6fd877]::sys::backtrace::__rust_begin_short_backtrace::<test[aada8e7e76ba119b]::run_test::{closure#1}, ()>
[INFO] [stdout]   17:     0x63367d403642 - <std[617be2ca0a6fd877]::thread::lifecycle::spawn_unchecked<test[aada8e7e76ba119b]::run_test::{closure#1}, ()>::{closure#1} as core[a373ad73a504971]::ops::function::FnOnce<()>>::call_once::{shim:vtable#0}
[INFO] [stdout]   18:     0x63367d46cd4f - <std[617be2ca0a6fd877]::sys::thread::unix::Thread>::new::thread_start
[INFO] [stdout]   19:     0x7459a291cdfa - <unknown>
[INFO] [stdout]   20:     0x7459a29b03d4 - clone
[INFO] [stdout]   21:                0x0 - <unknown>
[INFO] [stdout] 
[INFO] [stdout] ---- reach_accepts_a_glob stdout ----
[INFO] [stdout] 
[INFO] [stdout] thread 'reach_accepts_a_glob' (3586) panicked at crates/piton-cli/tests/cli.rs:66:14:
[INFO] [stdout] run piton: Os { code: 2, kind: NotFound, message: "No such file or directory" }
[INFO] [stdout] stack backtrace:
[INFO] [stdout]    0:     0x63367d46da31 - <<std[617be2ca0a6fd877]::sys::backtrace::BacktraceLock>::print::DisplayBacktrace as core[a373ad73a504971]::fmt::Display>::fmt
[INFO] [stdout]    1:     0x63367d481cda - core[a373ad73a504971]::fmt::write
[INFO] [stdout]    2:     0x63367d471f3c - <alloc[2e1b2a31b91974c5]::vec::Vec<u8> as core[a373ad73a504971]::io::write::Write>::write_fmt
[INFO] [stdout]    3:     0x63367d447e46 - std[617be2ca0a6fd877]::panicking::default_hook::{closure#0}
[INFO] [stdout]    4:     0x63367d4654a9 - std[617be2ca0a6fd877]::panicking::default_hook
[INFO] [stdout]    5:     0x63367d3fff90 - test[aada8e7e76ba119b]::test_main_inner::{closure#0}
[INFO] [stdout]    6:     0x63367d465662 - std[617be2ca0a6fd877]::panicking::panic_with_hook
[INFO] [stdout]    7:     0x63367d447ef2 - std[617be2ca0a6fd877]::panicking::panic_handler::{closure#0}
[INFO] [stdout]    8:     0x63367d440959 - std[617be2ca0a6fd877]::sys::backtrace::__rust_end_short_backtrace::<std[617be2ca0a6fd877]::panicking::panic_handler::{closure#0}, !>
[INFO] [stdout]    9:     0x63367d448afd - __rustc[ea4f61d10b84890b]::rust_begin_unwind
[INFO] [stdout]   10:     0x63367d48240c - core[a373ad73a504971]::panicking::panic_fmt
[INFO] [stdout]   11:     0x63367d4821e2 - core[a373ad73a504971]::result::unwrap_failed
[INFO] [stdout]   12:     0x63367d3e0b10 - <cli[a87a755db4a32822]::Fixture>::run_in
[INFO] [stdout]   13:     0x63367d3e173c - <cli[a87a755db4a32822]::reach_accepts_a_glob::{closure#0} as core[a373ad73a504971]::ops::function::FnOnce<()>>::call_once
[INFO] [stdout]   14:     0x63367d3f33db - test[aada8e7e76ba119b]::__rust_begin_short_backtrace::<core[a373ad73a504971]::result::Result<(), alloc[2e1b2a31b91974c5]::string::String>, fn() -> core[a373ad73a504971]::result::Result<(), alloc[2e1b2a31b91974c5]::string::String>>
[INFO] [stdout]   15:     0x63367d4005b5 - test[aada8e7e76ba119b]::run_test::{closure#0}
[INFO] [stdout]   16:     0x63367d3f9ea4 - std[617be2ca0a6fd877]::sys::backtrace::__rust_begin_short_backtrace::<test[aada8e7e76ba119b]::run_test::{closure#1}, ()>
[INFO] [stdout]   17:     0x63367d403642 - <std[617be2ca0a6fd877]::thread::lifecycle::spawn_unchecked<test[aada8e7e76ba119b]::run_test::{closure#1}, ()>::{closure#1} as core[a373ad73a504971]::ops::function::FnOnce<()>>::call_once::{shim:vtable#0}
[INFO] [stdout]   18:     0x63367d46cd4f - <std[617be2ca0a6fd877]::sys::thread::unix::Thread>::new::thread_start
[INFO] [stdout]   19:     0x7459a291cdfa - <unknown>
[INFO] [stdout]   20:     0x7459a29b03d4 - clone
[INFO] [stdout]   21:                0x0 - <unknown>
[INFO] [stdout] 
[INFO] [stdout] ---- naming_the_renderer_output_writes_it_alongside_a_framework stdout ----
[INFO] [stdout] 
[INFO] [stdout] thread 'naming_the_renderer_output_writes_it_alongside_a_framework' (3585) panicked at crates/piton-cli/tests/cli.rs:66:14:
[INFO] [stdout] run piton: Os { code: 2, kind: NotFound, message: "No such file or directory" }
[INFO] [stdout] stack backtrace:
[INFO] [stdout]    0:     0x63367d46da31 - <<std[617be2ca0a6fd877]::sys::backtrace::BacktraceLock>::print::DisplayBacktrace as core[a373ad73a504971]::fmt::Display>::fmt
[INFO] [stdout]    1:     0x63367d481cda - core[a373ad73a504971]::fmt::write
[INFO] [stdout]    2:     0x63367d471f3c - <alloc[2e1b2a31b91974c5]::vec::Vec<u8> as core[a373ad73a504971]::io::write::Write>::write_fmt
[INFO] [stdout]    3:     0x63367d447e46 - std[617be2ca0a6fd877]::panicking::default_hook::{closure#0}
[INFO] [stdout]    4:     0x63367d4654a9 - std[617be2ca0a6fd877]::panicking::default_hook
[INFO] [stdout]    5:     0x63367d3fff90 - test[aada8e7e76ba119b]::test_main_inner::{closure#0}
[INFO] [stdout]    6:     0x63367d465662 - std[617be2ca0a6fd877]::panicking::panic_with_hook
[INFO] [stdout]    7:     0x63367d447ef2 - std[617be2ca0a6fd877]::panicking::panic_handler::{closure#0}
[INFO] [stdout]    8:     0x63367d440959 - std[617be2ca0a6fd877]::sys::backtrace::__rust_end_short_backtrace::<std[617be2ca0a6fd877]::panicking::panic_handler::{closure#0}, !>
[INFO] [stdout]    9:     0x63367d448afd - __rustc[ea4f61d10b84890b]::rust_begin_unwind
[INFO] [stdout]   10:     0x63367d48240c - core[a373ad73a504971]::panicking::panic_fmt
[INFO] [stdout]   11:     0x63367d4821e2 - core[a373ad73a504971]::result::unwrap_failed
[INFO] [stdout]   12:     0x63367d3e0b10 - <cli[a87a755db4a32822]::Fixture>::run_in
[INFO] [stdout]   13:     0x63367d3f0b6f - <cli[a87a755db4a32822]::naming_the_renderer_output_writes_it_alongside_a_framework::{closure#0} as core[a373ad73a504971]::ops::function::FnOnce<()>>::call_once
[INFO] [stdout]   14:     0x63367d3f33db - test[aada8e7e76ba119b]::__rust_begin_short_backtrace::<core[a373ad73a504971]::result::Result<(), alloc[2e1b2a31b91974c5]::string::String>, fn() -> core[a373ad73a504971]::result::Result<(), alloc[2e1b2a31b91974c5]::string::String>>
[INFO] [stdout]   15:     0x63367d4005b5 - test[aada8e7e76ba119b]::run_test::{closure#0}
[INFO] [stdout]   16:     0x63367d3f9ea4 - std[617be2ca0a6fd877]::sys::backtrace::__rust_begin_short_backtrace::<test[aada8e7e76ba119b]::run_test::{closure#1}, ()>
[INFO] [stdout]   17:     0x63367d403642 - <std[617be2ca0a6fd877]::thread::lifecycle::spawn_unchecked<test[aada8e7e76ba119b]::run_test::{closure#1}, ()>::{closure#1} as core[a373ad73a504971]::ops::function::FnOnce<()>>::call_once::{shim:vtable#0}
[INFO] [stdout]   18:     0x63367d46cd4f - <std[617be2ca0a6fd877]::sys::thread::unix::Thread>::new::thread_start
[INFO] [stdout]   19:     0x7459a291cdfa - <unknown>
[INFO] [stdout]   20:     0x7459a29b03d4 - clone
[INFO] [stdout]   21:                0x0 - <unknown>
[INFO] [stdout] 
[INFO] [stdout] ---- init_never_overwrites_a_file stdout ----
[INFO] [stdout] 
[INFO] [stdout] thread 'init_never_overwrites_a_file' (3582) panicked at crates/piton-cli/tests/cli.rs:66:14:
[INFO] [stdout] run piton: Os { code: 2, kind: NotFound, message: "No such file or directory" }
[INFO] [stdout] stack backtrace:
[INFO] [stdout]    0:     0x63367d46da31 - <<std[617be2ca0a6fd877]::sys::backtrace::BacktraceLock>::print::DisplayBacktrace as core[a373ad73a504971]::fmt::Display>::fmt
[INFO] [stdout]    1:     0x63367d481cda - core[a373ad73a504971]::fmt::write
[INFO] [stdout]    2:     0x63367d471f3c - <alloc[2e1b2a31b91974c5]::vec::Vec<u8> as core[a373ad73a504971]::io::write::Write>::write_fmt
[INFO] [stdout]    3:     0x63367d447e46 - std[617be2ca0a6fd877]::panicking::default_hook::{closure#0}
[INFO] [stdout]    4:     0x63367d4654a9 - std[617be2ca0a6fd877]::panicking::default_hook
[INFO] [stdout]    5:     0x63367d3fff90 - test[aada8e7e76ba119b]::test_main_inner::{closure#0}
[INFO] [stdout]    6:     0x63367d465662 - std[617be2ca0a6fd877]::panicking::panic_with_hook
[INFO] [stdout]    7:     0x63367d447ef2 - std[617be2ca0a6fd877]::panicking::panic_handler::{closure#0}
[INFO] [stdout]    8:     0x63367d440959 - std[617be2ca0a6fd877]::sys::backtrace::__rust_end_short_backtrace::<std[617be2ca0a6fd877]::panicking::panic_handler::{closure#0}, !>
[INFO] [stdout]    9:     0x63367d448afd - __rustc[ea4f61d10b84890b]::rust_begin_unwind
[INFO] [stdout]   10:     0x63367d48240c - core[a373ad73a504971]::panicking::panic_fmt
[INFO] [stdout]   11:     0x63367d4821e2 - core[a373ad73a504971]::result::unwrap_failed
[INFO] [stdout]   12:     0x63367d3e0b10 - <cli[a87a755db4a32822]::Fixture>::run_in
[INFO] [stdout]   13:     0x63367d3e24fd - <cli[a87a755db4a32822]::init_never_overwrites_a_file::{closure#0} as core[a373ad73a504971]::ops::function::FnOnce<()>>::call_once
[INFO] [stdout]   14:     0x63367d3f33db - test[aada8e7e76ba119b]::__rust_begin_short_backtrace::<core[a373ad73a504971]::result::Result<(), alloc[2e1b2a31b91974c5]::string::String>, fn() -> core[a373ad73a504971]::result::Result<(), alloc[2e1b2a31b91974c5]::string::String>>
[INFO] [stdout]   15:     0x63367d4005b5 - test[aada8e7e76ba119b]::run_test::{closure#0}
[INFO] [stdout]   16:     0x63367d3f9ea4 - std[617be2ca0a6fd877]::sys::backtrace::__rust_begin_short_backtrace::<test[aada8e7e76ba119b]::run_test::{closure#1}, ()>
[INFO] [stdout]   17:     0x63367d403642 - <std[617be2ca0a6fd877]::thread::lifecycle::spawn_unchecked<test[aada8e7e76ba119b]::run_test::{closure#1}, ()>::{closure#1} as core[a373ad73a504971]::ops::function::FnOnce<()>>::call_once::{shim:vtable#0}
[INFO] [stdout]   18:     0x63367d46cd4f - <std[617be2ca0a6fd877]::sys::thread::unix::Thread>::new::thread_start
[INFO] [stdout]   19:     0x7459a291cdfa - <unknown>
[INFO] [stdout]   20:     0x7459a29b03d4 - clone
[INFO] [stdout]   21:                0x0 - <unknown>
[INFO] [stdout] 
[INFO] [stdout] ---- reach_counts_every_line_it_prints stdout ----
[INFO] [stdout] 
[INFO] [stdout] thread 'reach_counts_every_line_it_prints' (3588) panicked at crates/piton-cli/tests/cli.rs:66:14:
[INFO] [stdout] run piton: Os { code: 2, kind: NotFound, message: "No such file or directory" }
[INFO] [stdout] stack backtrace:
[INFO] [stdout]    0:     0x63367d46da31 - <<std[617be2ca0a6fd877]::sys::backtrace::BacktraceLock>::print::DisplayBacktrace as core[a373ad73a504971]::fmt::Display>::fmt
[INFO] [stdout]    1:     0x63367d481cda - core[a373ad73a504971]::fmt::write
[INFO] [stdout]    2:     0x63367d471f3c - <alloc[2e1b2a31b91974c5]::vec::Vec<u8> as core[a373ad73a504971]::io::write::Write>::write_fmt
[INFO] [stdout]    3:     0x63367d447e46 - std[617be2ca0a6fd877]::panicking::default_hook::{closure#0}
[INFO] [stdout]    4:     0x63367d4654a9 - std[617be2ca0a6fd877]::panicking::default_hook
[INFO] [stdout]    5:     0x63367d3fff90 - test[aada8e7e76ba119b]::test_main_inner::{closure#0}
[INFO] [stdout]    6:     0x63367d465662 - std[617be2ca0a6fd877]::panicking::panic_with_hook
[INFO] [stdout]    7:     0x63367d447ef2 - std[617be2ca0a6fd877]::panicking::panic_handler::{closure#0}
[INFO] [stdout]    8:     0x63367d440959 - std[617be2ca0a6fd877]::sys::backtrace::__rust_end_short_backtrace::<std[617be2ca0a6fd877]::panicking::panic_handler::{closure#0}, !>
[INFO] [stdout]    9:     0x63367d448afd - __rustc[ea4f61d10b84890b]::rust_begin_unwind
[INFO] [stdout]   10:     0x63367d48240c - core[a373ad73a504971]::panicking::panic_fmt
[INFO] [stdout]   11:     0x63367d4821e2 - core[a373ad73a504971]::result::unwrap_failed
[INFO] [stdout]   12:     0x63367d3e0b10 - <cli[a87a755db4a32822]::Fixture>::run_in
[INFO] [stdout]   13:     0x63367d3e3d44 - <cli[a87a755db4a32822]::reach_counts_every_line_it_prints::{closure#0} as core[a373ad73a504971]::ops::function::FnOnce<()>>::call_once
[INFO] [stdout]   14:     0x63367d3f33db - test[aada8e7e76ba119b]::__rust_begin_short_backtrace::<core[a373ad73a504971]::result::Result<(), alloc[2e1b2a31b91974c5]::string::String>, fn() -> core[a373ad73a504971]::result::Result<(), alloc[2e1b2a31b91974c5]::string::String>>
[INFO] [stdout]   15:     0x63367d4005b5 - test[aada8e7e76ba119b]::run_test::{closure#0}
[INFO] [stdout]   16:     0x63367d3f9ea4 - std[617be2ca0a6fd877]::sys::backtrace::__rust_begin_short_backtrace::<test[aada8e7e76ba119b]::run_test::{closure#1}, ()>
[INFO] [stdout]   17:     0x63367d403642 - <std[617be2ca0a6fd877]::thread::lifecycle::spawn_unchecked<test[aada8e7e76ba119b]::run_test::{closure#1}, ()>::{closure#1} as core[a373ad73a504971]::ops::function::FnOnce<()>>::call_once::{shim:vtable#0}
[INFO] [stdout]   18:     0x63367d46cd4f - <std[617be2ca0a6fd877]::sys::thread::unix::Thread>::new::thread_start
[INFO] [stdout]   19:     0x7459a291cdfa - <unknown>
[INFO] [stdout]   20:     0x7459a29b03d4 - clone
[INFO] [stdout]   21:                0x0 - <unknown>
[INFO] [stdout] 
[INFO] [stdout] ---- reach_follows_imports_and_reports_paths_by_default stdout ----
[INFO] [stdout] 
[INFO] [stdout] thread 'reach_follows_imports_and_reports_paths_by_default' (3594) panicked at crates/piton-cli/tests/cli.rs:66:14:
[INFO] [stdout] run piton: Os { code: 2, kind: NotFound, message: "No such file or directory" }
[INFO] [stdout] stack backtrace:
[INFO] [stdout]    0:     0x63367d46da31 - <<std[617be2ca0a6fd877]::sys::backtrace::BacktraceLock>::print::DisplayBacktrace as core[a373ad73a504971]::fmt::Display>::fmt
[INFO] [stdout]    1:     0x63367d481cda - core[a373ad73a504971]::fmt::write
[INFO] [stdout]    2:     0x63367d471f3c - <alloc[2e1b2a31b91974c5]::vec::Vec<u8> as core[a373ad73a504971]::io::write::Write>::write_fmt
[INFO] [stdout]    3:     0x63367d447e46 - std[617be2ca0a6fd877]::panicking::default_hook::{closure#0}
[INFO] [stdout]    4:     0x63367d4654a9 - std[617be2ca0a6fd877]::panicking::default_hook
[INFO] [stdout]    5:     0x63367d3fff90 - test[aada8e7e76ba119b]::test_main_inner::{closure#0}
[INFO] [stdout]    6:     0x63367d465662 - std[617be2ca0a6fd877]::panicking::panic_with_hook
[INFO] [stdout]    7:     0x63367d447ef2 - std[617be2ca0a6fd877]::panicking::panic_handler::{closure#0}
[INFO] [stdout]    8:     0x63367d440959 - std[617be2ca0a6fd877]::sys::backtrace::__rust_end_short_backtrace::<std[617be2ca0a6fd877]::panicking::panic_handler::{closure#0}, !>
[INFO] [stdout]    9:     0x63367d448afd - __rustc[ea4f61d10b84890b]::rust_begin_unwind
[INFO] [stdout]   10:     0x63367d48240c - core[a373ad73a504971]::panicking::panic_fmt
[INFO] [stdout]   11:     0x63367d4821e2 - core[a373ad73a504971]::result::unwrap_failed
[INFO] [stdout]   12:     0x63367d3e0b10 - <cli[a87a755db4a32822]::Fixture>::run_in
[INFO] [stdout]   13:     0x63367d3ec03c - <cli[a87a755db4a32822]::reach_follows_imports_and_reports_paths_by_default::{closure#0} as core[a373ad73a504971]::ops::function::FnOnce<()>>::call_once
[INFO] [stdout]   14:     0x63367d3f33db - test[aada8e7e76ba119b]::__rust_begin_short_backtrace::<core[a373ad73a504971]::result::Result<(), alloc[2e1b2a31b91974c5]::string::String>, fn() -> core[a373ad73a504971]::result::Result<(), alloc[2e1b2a31b91974c5]::string::String>>
[INFO] [stdout]   15:     0x63367d4005b5 - test[aada8e7e76ba119b]::run_test::{closure#0}
[INFO] [stdout]   16:     0x63367d3f9ea4 - std[617be2ca0a6fd877]::sys::backtrace::__rust_begin_short_backtrace::<test[aada8e7e76ba119b]::run_test::{closure#1}, ()>
[INFO] [stdout]   17:     0x63367d403642 - <std[617be2ca0a6fd877]::thread::lifecycle::spawn_unchecked<test[aada8e7e76ba119b]::run_test::{closure#1}, ()>::{closure#1} as core[a373ad73a504971]::ops::function::FnOnce<()>>::call_once::{shim:vtable#0}
[INFO] [stdout]   18:     0x63367d46cd4f - <std[617be2ca0a6fd877]::sys::thread::unix::Thread>::new::thread_start
[INFO] [stdout]   19:     0x7459a291cdfa - <unknown>
[INFO] [stdout]   20:     0x7459a29b03d4 - clone
[INFO] [stdout]   21:                0x0 - <unknown>
[INFO] [stdout] 
[INFO] [stdout] ---- slice_prints_what_a_target_depends_on stdout ----
[INFO] [stdout] 
[INFO] [stdout] thread 'slice_prints_what_a_target_depends_on' (3603) panicked at crates/piton-cli/tests/cli.rs:66:14:
[INFO] [stdout] run piton: Os { code: 2, kind: NotFound, message: "No such file or directory" }
[INFO] [stdout] stack backtrace:
[INFO] [stdout]    0:     0x63367d46da31 - <<std[617be2ca0a6fd877]::sys::backtrace::BacktraceLock>::print::DisplayBacktrace as core[a373ad73a504971]::fmt::Display>::fmt
[INFO] [stdout]    1:     0x63367d481cda - core[a373ad73a504971]::fmt::write
[INFO] [stdout]    2:     0x63367d471f3c - <alloc[2e1b2a31b91974c5]::vec::Vec<u8> as core[a373ad73a504971]::io::write::Write>::write_fmt
[INFO] [stdout]    3:     0x63367d447e46 - std[617be2ca0a6fd877]::panicking::default_hook::{closure#0}
[INFO] [stdout]    4:     0x63367d4654a9 - std[617be2ca0a6fd877]::panicking::default_hook
[INFO] [stdout]    5:     0x63367d3fff90 - test[aada8e7e76ba119b]::test_main_inner::{closure#0}
[INFO] [stdout]    6:     0x63367d465662 - std[617be2ca0a6fd877]::panicking::panic_with_hook
[INFO] [stdout]    7:     0x63367d447ef2 - std[617be2ca0a6fd877]::panicking::panic_handler::{closure#0}
[INFO] [stdout]    8:     0x63367d440959 - std[617be2ca0a6fd877]::sys::backtrace::__rust_end_short_backtrace::<std[617be2ca0a6fd877]::panicking::panic_handler::{closure#0}, !>
[INFO] [stdout]    9:     0x63367d448afd - __rustc[ea4f61d10b84890b]::rust_begin_unwind
[INFO] [stdout]   10:     0x63367d48240c - core[a373ad73a504971]::panicking::panic_fmt
[INFO] [stdout]   11:     0x63367d4821e2 - core[a373ad73a504971]::result::unwrap_failed
[INFO] [stdout]   12:     0x63367d3e0b10 - <cli[a87a755db4a32822]::Fixture>::run_in
[INFO] [stdout]   13:     0x63367d3e6418 - <cli[a87a755db4a32822]::slice_prints_what_a_target_depends_on::{closure#0} as core[a373ad73a504971]::ops::function::FnOnce<()>>::call_once
[INFO] [stdout]   14:     0x63367d3f33db - test[aada8e7e76ba119b]::__rust_begin_short_backtrace::<core[a373ad73a504971]::result::Result<(), alloc[2e1b2a31b91974c5]::string::String>, fn() -> core[a373ad73a504971]::result::Result<(), alloc[2e1b2a31b91974c5]::string::String>>
[INFO] [stdout]   15:     0x63367d4005b5 - test[aada8e7e76ba119b]::run_test::{closure#0}
[INFO] [stdout]   16:     0x63367d3f9ea4 - std[617be2ca0a6fd877]::sys::backtrace::__rust_begin_short_backtrace::<test[aada8e7e76ba119b]::run_test::{closure#1}, ()>
[INFO] [stdout]   17:     0x63367d403642 - <std[617be2ca0a6fd877]::thread::lifecycle::spawn_unchecked<test[aada8e7e76ba119b]::run_test::{closure#1}, ()>::{closure#1} as core[a373ad73a504971]::ops::function::FnOnce<()>>::call_once::{shim:vtable#0}
[INFO] [stdout]   18:     0x63367d46cd4f - <std[617be2ca0a6fd877]::sys::thread::unix::Thread>::new::thread_start
[INFO] [stdout]   19:     0x7459a291cdfa - <unknown>
[INFO] [stdout]   20:     0x7459a29b03d4 - clone
[INFO] [stdout]   21:                0x0 - <unknown>
[INFO] [stdout] 
[INFO] [stdout] ---- slice_reports_targets_it_cannot_resolve stdout ----
[INFO] [stdout] 
[INFO] [stdout] thread 'slice_reports_targets_it_cannot_resolve' (3606) panicked at crates/piton-cli/tests/cli.rs:66:14:
[INFO] [stdout] run piton: Os { code: 2, kind: NotFound, message: "No such file or directory" }
[INFO] [stdout] stack backtrace:
[INFO] [stdout]    0:     0x63367d46da31 - <<std[617be2ca0a6fd877]::sys::backtrace::BacktraceLock>::print::DisplayBacktrace as core[a373ad73a504971]::fmt::Display>::fmt
[INFO] [stdout]    1:     0x63367d481cda - core[a373ad73a504971]::fmt::write
[INFO] [stdout]    2:     0x63367d471f3c - <alloc[2e1b2a31b91974c5]::vec::Vec<u8> as core[a373ad73a504971]::io::write::Write>::write_fmt
[INFO] [stdout]    3:     0x63367d447e46 - std[617be2ca0a6fd877]::panicking::default_hook::{closure#0}
[INFO] [stdout]    4:     0x63367d4654a9 - std[617be2ca0a6fd877]::panicking::default_hook
[INFO] [stdout]    5:     0x63367d3fff90 - test[aada8e7e76ba119b]::test_main_inner::{closure#0}
[INFO] [stdout]    6:     0x63367d465662 - std[617be2ca0a6fd877]::panicking::panic_with_hook
[INFO] [stdout]    7:     0x63367d447ef2 - std[617be2ca0a6fd877]::panicking::panic_handler::{closure#0}
[INFO] [stdout]    8:     0x63367d440959 - std[617be2ca0a6fd877]::sys::backtrace::__rust_end_short_backtrace::<std[617be2ca0a6fd877]::panicking::panic_handler::{closure#0}, !>
[INFO] [stdout]    9:     0x63367d448afd - __rustc[ea4f61d10b84890b]::rust_begin_unwind
[INFO] [stdout]   10:     0x63367d48240c - core[a373ad73a504971]::panicking::panic_fmt
[INFO] [stdout]   11:     0x63367d4821e2 - core[a373ad73a504971]::result::unwrap_failed
[INFO] [stdout]   12:     0x63367d3e0b10 - <cli[a87a755db4a32822]::Fixture>::run_in
[INFO] [stdout]   13:     0x63367d3e7b6d - <cli[a87a755db4a32822]::slice_reports_targets_it_cannot_resolve::{closure#0} as core[a373ad73a504971]::ops::function::FnOnce<()>>::call_once
[INFO] [stdout]   14:     0x63367d3f33db - test[aada8e7e76ba119b]::__rust_begin_short_backtrace::<core[a373ad73a504971]::result::Result<(), alloc[2e1b2a31b91974c5]::string::String>, fn() -> core[a373ad73a504971]::result::Result<(), alloc[2e1b2a31b91974c5]::string::String>>
[INFO] [stdout]   15:     0x63367d4005b5 - test[aada8e7e76ba119b]::run_test::{closure#0}
[INFO] [stdout]   16:     0x63367d3f9ea4 - std[617be2ca0a6fd877]::sys::backtrace::__rust_begin_short_backtrace::<test[aada8e7e76ba119b]::run_test::{closure#1}, ()>
[INFO] [stdout]   17:     0x63367d403642 - <std[617be2ca0a6fd877]::thread::lifecycle::spawn_unchecked<test[aada8e7e76ba119b]::run_test::{closure#1}, ()>::{closure#1} as core[a373ad73a504971]::ops::function::FnOnce<()>>::call_once::{shim:vtable#0}
[INFO] [stdout]   18:     0x63367d46cd4f - <std[617be2ca0a6fd877]::sys::thread::unix::Thread>::new::thread_start
[INFO] [stdout]   19:     0x7459a291cdfa - <unknown>
[INFO] [stdout]   20:     0x7459a29b03d4 - clone
[INFO] [stdout]   21:                0x0 - <unknown>
[INFO] [stdout] 
[INFO] [stdout] ---- reach_does_not_call_an_index_dead_for_declaring_nothing stdout ----
[INFO] [stdout] 
[INFO] [stdout] thread 'reach_does_not_call_an_index_dead_for_declaring_nothing' (3589) panicked at crates/piton-cli/tests/cli.rs:66:14:
[INFO] [stdout] run piton: Os { code: 2, kind: NotFound, message: "No such file or directory" }
[INFO] [stdout] stack backtrace:
[INFO] [stdout]    0:     0x63367d46da31 - <<std[617be2ca0a6fd877]::sys::backtrace::BacktraceLock>::print::DisplayBacktrace as core[a373ad73a504971]::fmt::Display>::fmt
[INFO] [stdout]    1:     0x63367d481cda - core[a373ad73a504971]::fmt::write
[INFO] [stdout]    2:     0x63367d471f3c - <alloc[2e1b2a31b91974c5]::vec::Vec<u8> as core[a373ad73a504971]::io::write::Write>::write_fmt
[INFO] [stdout]    3:     0x63367d447e46 - std[617be2ca0a6fd877]::panicking::default_hook::{closure#0}
[INFO] [stdout]    4:     0x63367d4654a9 - std[617be2ca0a6fd877]::panicking::default_hook
[INFO] [stdout]    5:     0x63367d3fff90 - test[aada8e7e76ba119b]::test_main_inner::{closure#0}
[INFO] [stdout]    6:     0x63367d465662 - std[617be2ca0a6fd877]::panicking::panic_with_hook
[INFO] [stdout]    7:     0x63367d447ef2 - std[617be2ca0a6fd877]::panicking::panic_handler::{closure#0}
[INFO] [stdout]    8:     0x63367d440959 - std[617be2ca0a6fd877]::sys::backtrace::__rust_end_short_backtrace::<std[617be2ca0a6fd877]::panicking::panic_handler::{closure#0}, !>
[INFO] [stdout]    9:     0x63367d448afd - __rustc[ea4f61d10b84890b]::rust_begin_unwind
[INFO] [stdout]   10:     0x63367d48240c - core[a373ad73a504971]::panicking::panic_fmt
[INFO] [stdout]   11:     0x63367d4821e2 - core[a373ad73a504971]::result::unwrap_failed
[INFO] [stdout]   12:     0x63367d3e0b10 - <cli[a87a755db4a32822]::Fixture>::run_in
[INFO] [stdout]   13:     0x63367d3efb45 - <cli[a87a755db4a32822]::reach_does_not_call_an_index_dead_for_declaring_nothing::{closure#0} as core[a373ad73a504971]::ops::function::FnOnce<()>>::call_once
[INFO] [stdout]   14:     0x63367d3f33db - test[aada8e7e76ba119b]::__rust_begin_short_backtrace::<core[a373ad73a504971]::result::Result<(), alloc[2e1b2a31b91974c5]::string::String>, fn() -> core[a373ad73a504971]::result::Result<(), alloc[2e1b2a31b91974c5]::string::String>>
[INFO] [stdout]   15:     0x63367d4005b5 - test[aada8e7e76ba119b]::run_test::{closure#0}
[INFO] [stdout]   16:     0x63367d3f9ea4 - std[617be2ca0a6fd877]::sys::backtrace::__rust_begin_short_backtrace::<test[aada8e7e76ba119b]::run_test::{closure#1}, ()>
[INFO] [stdout]   17:     0x63367d403642 - <std[617be2ca0a6fd877]::thread::lifecycle::spawn_unchecked<test[aada8e7e76ba119b]::run_test::{closure#1}, ()>::{closure#1} as core[a373ad73a504971]::ops::function::FnOnce<()>>::call_once::{shim:vtable#0}
[INFO] [stdout]   18:     0x63367d46cd4f - <std[617be2ca0a6fd877]::sys::thread::unix::Thread>::new::thread_start
[INFO] [stdout]   19:     0x7459a291cdfa - <unknown>
[INFO] [stdout]   20:     0x7459a29b03d4 - clone
[INFO] [stdout]   21:                0x0 - <unknown>
[INFO] [stdout] 
[INFO] [stdout] ---- reach_marks_a_root_as_a_root stdout ----
[INFO] [stdout] 
[INFO] [stdout] thread 'reach_marks_a_root_as_a_root' (3596) panicked at crates/piton-cli/tests/cli.rs:66:14:
[INFO] [stdout] run piton: Os { code: 2, kind: NotFound, message: "No such file or directory" }
[INFO] [stdout] stack backtrace:
[INFO] [stdout]    0:     0x63367d46da31 - <<std[617be2ca0a6fd877]::sys::backtrace::BacktraceLock>::print::DisplayBacktrace as core[a373ad73a504971]::fmt::Display>::fmt
[INFO] [stdout]    1:     0x63367d481cda - core[a373ad73a504971]::fmt::write
[INFO] [stdout]    2:     0x63367d471f3c - <alloc[2e1b2a31b91974c5]::vec::Vec<u8> as core[a373ad73a504971]::io::write::Write>::write_fmt
[INFO] [stdout]    3:     0x63367d447e46 - std[617be2ca0a6fd877]::panicking::default_hook::{closure#0}
[INFO] [stdout]    4:     0x63367d4654a9 - std[617be2ca0a6fd877]::panicking::default_hook
[INFO] [stdout]    5:     0x63367d3fff90 - test[aada8e7e76ba119b]::test_main_inner::{closure#0}
[INFO] [stdout]    6:     0x63367d465662 - std[617be2ca0a6fd877]::panicking::panic_with_hook
[INFO] [stdout]    7:     0x63367d447ef2 - std[617be2ca0a6fd877]::panicking::panic_handler::{closure#0}
[INFO] [stdout]    8:     0x63367d440959 - std[617be2ca0a6fd877]::sys::backtrace::__rust_end_short_backtrace::<std[617be2ca0a6fd877]::panicking::panic_handler::{closure#0}, !>
[INFO] [stdout]    9:     0x63367d448afd - __rustc[ea4f61d10b84890b]::rust_begin_unwind
[INFO] [stdout]   10:     0x63367d48240c - core[a373ad73a504971]::panicking::panic_fmt
[INFO] [stdout]   11:     0x63367d4821e2 - core[a373ad73a504971]::result::unwrap_failed
[INFO] [stdout]   12:     0x63367d3e0b10 - <cli[a87a755db4a32822]::Fixture>::run_in
[INFO] [stdout]   13:     0x63367d3e2883 - <cli[a87a755db4a32822]::reach_marks_a_root_as_a_root::{closure#0} as core[a373ad73a504971]::ops::function::FnOnce<()>>::call_once
[INFO] [stdout]   14:     0x63367d3f33db - test[aada8e7e76ba119b]::__rust_begin_short_backtrace::<core[a373ad73a504971]::result::Result<(), alloc[2e1b2a31b91974c5]::string::String>, fn() -> core[a373ad73a504971]::result::Result<(), alloc[2e1b2a31b91974c5]::string::String>>
[INFO] [stdout]   15:     0x63367d4005b5 - test[aada8e7e76ba119b]::run_test::{closure#0}
[INFO] [stdout]   16:     0x63367d3f9ea4 - std[617be2ca0a6fd877]::sys::backtrace::__rust_begin_short_backtrace::<test[aada8e7e76ba119b]::run_test::{closure#1}, ()>
[INFO] [stdout]   17:     0x63367d403642 - <std[617be2ca0a6fd877]::thread::lifecycle::spawn_unchecked<test[aada8e7e76ba119b]::run_test::{closure#1}, ()>::{closure#1} as core[a373ad73a504971]::ops::function::FnOnce<()>>::call_once::{shim:vtable#0}
[INFO] [stdout]   18:     0x63367d46cd4f - <std[617be2ca0a6fd877]::sys::thread::unix::Thread>::new::thread_start
[INFO] [stdout]   19:     0x7459a291cdfa - <unknown>
[INFO] [stdout]   20:     0x7459a29b03d4 - clone
[INFO] [stdout]   21:                0x0 - <unknown>
[INFO] [stdout] 
[INFO] [stdout] ---- slice_with_an_adapter_cites_what_the_build_writes stdout ----
[INFO] [stdout] 
[INFO] [stdout] thread 'slice_with_an_adapter_cites_what_the_build_writes' (3608) panicked at crates/piton-cli/tests/cli.rs:66:14:
[INFO] [stdout] run piton: Os { code: 2, kind: NotFound, message: "No such file or directory" }
[INFO] [stdout] stack backtrace:
[INFO] [stdout]    0:     0x63367d46da31 - <<std[617be2ca0a6fd877]::sys::backtrace::BacktraceLock>::print::DisplayBacktrace as core[a373ad73a504971]::fmt::Display>::fmt
[INFO] [stdout]    1:     0x63367d481cda - core[a373ad73a504971]::fmt::write
[INFO] [stdout]    2:     0x63367d471f3c - <alloc[2e1b2a31b91974c5]::vec::Vec<u8> as core[a373ad73a504971]::io::write::Write>::write_fmt
[INFO] [stdout]    3:     0x63367d447e46 - std[617be2ca0a6fd877]::panicking::default_hook::{closure#0}
[INFO] [stdout]    4:     0x63367d4654a9 - std[617be2ca0a6fd877]::panicking::default_hook
[INFO] [stdout]    5:     0x63367d3fff90 - test[aada8e7e76ba119b]::test_main_inner::{closure#0}
[INFO] [stdout]    6:     0x63367d465662 - std[617be2ca0a6fd877]::panicking::panic_with_hook
[INFO] [stdout]    7:     0x63367d447ef2 - std[617be2ca0a6fd877]::panicking::panic_handler::{closure#0}
[INFO] [stdout]    8:     0x63367d440959 - std[617be2ca0a6fd877]::sys::backtrace::__rust_end_short_backtrace::<std[617be2ca0a6fd877]::panicking::panic_handler::{closure#0}, !>
[INFO] [stdout]    9:     0x63367d448afd - __rustc[ea4f61d10b84890b]::rust_begin_unwind
[INFO] [stdout]   10:     0x63367d48240c - core[a373ad73a504971]::panicking::panic_fmt
[INFO] [stdout]   11:     0x63367d4821e2 - core[a373ad73a504971]::result::unwrap_failed
[INFO] [stdout]   12:     0x63367d3e0b10 - <cli[a87a755db4a32822]::Fixture>::run_in
[INFO] [stdout]   13:     0x63367d3ea649 - <cli[a87a755db4a32822]::slice_with_an_adapter_cites_what_the_build_writes::{closure#0} as core[a373ad73a504971]::ops::function::FnOnce<()>>::call_once
[INFO] [stdout]   14:     0x63367d3f33db - test[aada8e7e76ba119b]::__rust_begin_short_backtrace::<core[a373ad73a504971]::result::Result<(), alloc[2e1b2a31b91974c5]::string::String>, fn() -> core[a373ad73a504971]::result::Result<(), alloc[2e1b2a31b91974c5]::string::String>>
[INFO] [stdout]   15:     0x63367d4005b5 - test[aada8e7e76ba119b]::run_test::{closure#0}
[INFO] [stdout]   16:     0x63367d3f9ea4 - std[617be2ca0a6fd877]::sys::backtrace::__rust_begin_short_backtrace::<test[aada8e7e76ba119b]::run_test::{closure#1}, ()>
[INFO] [stdout]   17:     0x63367d403642 - <std[617be2ca0a6fd877]::thread::lifecycle::spawn_unchecked<test[aada8e7e76ba119b]::run_test::{closure#1}, ()>::{closure#1} as core[a373ad73a504971]::ops::function::FnOnce<()>>::call_once::{shim:vtable#0}
[INFO] [stdout]   18:     0x63367d46cd4f - <std[617be2ca0a6fd877]::sys::thread::unix::Thread>::new::thread_start
[INFO] [stdout]   19:     0x7459a291cdfa - <unknown>
[INFO] [stdout]   20:     0x7459a29b03d4 - clone
[INFO] [stdout]   21:                0x0 - <unknown>
[INFO] [stdout] 
[INFO] [stdout] ---- reach_follows_variables_and_property_reads stdout ----
[INFO] [stdout] 
[INFO] [stdout] thread 'reach_follows_variables_and_property_reads' (3595) panicked at crates/piton-cli/tests/cli.rs:66:14:
[INFO] [stdout] run piton: Os { code: 2, kind: NotFound, message: "No such file or directory" }
[INFO] [stdout] stack backtrace:
[INFO] [stdout]    0:     0x63367d46da31 - <<std[617be2ca0a6fd877]::sys::backtrace::BacktraceLock>::print::DisplayBacktrace as core[a373ad73a504971]::fmt::Display>::fmt
[INFO] [stdout]    1:     0x63367d481cda - core[a373ad73a504971]::fmt::write
[INFO] [stdout]    2:     0x63367d471f3c - <alloc[2e1b2a31b91974c5]::vec::Vec<u8> as core[a373ad73a504971]::io::write::Write>::write_fmt
[INFO] [stdout]    3:     0x63367d447e46 - std[617be2ca0a6fd877]::panicking::default_hook::{closure#0}
[INFO] [stdout]    4:     0x63367d4654a9 - std[617be2ca0a6fd877]::panicking::default_hook
[INFO] [stdout]    5:     0x63367d3fff90 - test[aada8e7e76ba119b]::test_main_inner::{closure#0}
[INFO] [stdout]    6:     0x63367d465662 - std[617be2ca0a6fd877]::panicking::panic_with_hook
[INFO] [stdout]    7:     0x63367d447ef2 - std[617be2ca0a6fd877]::panicking::panic_handler::{closure#0}
[INFO] [stdout]    8:     0x63367d440959 - std[617be2ca0a6fd877]::sys::backtrace::__rust_end_short_backtrace::<std[617be2ca0a6fd877]::panicking::panic_handler::{closure#0}, !>
[INFO] [stdout]    9:     0x63367d448afd - __rustc[ea4f61d10b84890b]::rust_begin_unwind
[INFO] [stdout]   10:     0x63367d48240c - core[a373ad73a504971]::panicking::panic_fmt
[INFO] [stdout]   11:     0x63367d4821e2 - core[a373ad73a504971]::result::unwrap_failed
[INFO] [stdout]   12:     0x63367d3e0b10 - <cli[a87a755db4a32822]::Fixture>::run_in
[INFO] [stdout]   13:     0x63367d3e8e11 - <cli[a87a755db4a32822]::reach_follows_variables_and_property_reads::{closure#0} as core[a373ad73a504971]::ops::function::FnOnce<()>>::call_once
[INFO] [stdout]   14:     0x63367d3f33db - test[aada8e7e76ba119b]::__rust_begin_short_backtrace::<core[a373ad73a504971]::result::Result<(), alloc[2e1b2a31b91974c5]::string::String>, fn() -> core[a373ad73a504971]::result::Result<(), alloc[2e1b2a31b91974c5]::string::String>>
[INFO] [stdout]   15:     0x63367d4005b5 - test[aada8e7e76ba119b]::run_test::{closure#0}
[INFO] [stdout]   16:     0x63367d3f9ea4 - std[617be2ca0a6fd877]::sys::backtrace::__rust_begin_short_backtrace::<test[aada8e7e76ba119b]::run_test::{closure#1}, ()>
[INFO] [stdout]   17:     0x63367d403642 - <std[617be2ca0a6fd877]::thread::lifecycle::spawn_unchecked<test[aada8e7e76ba119b]::run_test::{closure#1}, ()>::{closure#1} as core[a373ad73a504971]::ops::function::FnOnce<()>>::call_once::{shim:vtable#0}
[INFO] [stdout]   18:     0x63367d46cd4f - <std[617be2ca0a6fd877]::sys::thread::unix::Thread>::new::thread_start
[INFO] [stdout]   19:     0x7459a291cdfa - <unknown>
[INFO] [stdout]   20:     0x7459a29b03d4 - clone
[INFO] [stdout]   21:                0x0 - <unknown>
[INFO] [stdout] 
[INFO] [stdout] ---- a_library_whose_entry_only_exports_still_builds stdout ----
[INFO] [stdout] 
[INFO] [stdout] thread 'a_library_whose_entry_only_exports_still_builds' (3526) panicked at crates/piton-cli/tests/cli.rs:66:14:
[INFO] [stdout] run piton: Os { code: 2, kind: NotFound, message: "No such file or directory" }
[INFO] [stdout] stack backtrace:
[INFO] [stdout]    0:     0x63367d46da31 - <<std[617be2ca0a6fd877]::sys::backtrace::BacktraceLock>::print::DisplayBacktrace as core[a373ad73a504971]::fmt::Display>::fmt
[INFO] [stdout]    1:     0x63367d481cda - core[a373ad73a504971]::fmt::write
[INFO] [stdout]    2:     0x63367d471f3c - <alloc[2e1b2a31b91974c5]::vec::Vec<u8> as core[a373ad73a504971]::io::write::Write>::write_fmt
[INFO] [stdout]    3:     0x63367d447e46 - std[617be2ca0a6fd877]::panicking::default_hook::{closure#0}
[INFO] [stdout]    4:     0x63367d4654a9 - std[617be2ca0a6fd877]::panicking::default_hook
[INFO] [stdout]    5:     0x63367d3fff90 - test[aada8e7e76ba119b]::test_main_inner::{closure#0}
[INFO] [stdout]    6:     0x63367d465662 - std[617be2ca0a6fd877]::panicking::panic_with_hook
[INFO] [stdout]    7:     0x63367d447ef2 - std[617be2ca0a6fd877]::panicking::panic_handler::{closure#0}
[INFO] [stdout]    8:     0x63367d440959 - std[617be2ca0a6fd877]::sys::backtrace::__rust_end_short_backtrace::<std[617be2ca0a6fd877]::panicking::panic_handler::{closure#0}, !>
[INFO] [stdout]    9:     0x63367d448afd - __rustc[ea4f61d10b84890b]::rust_begin_unwind
[INFO] [stdout]   10:     0x63367d48240c - core[a373ad73a504971]::panicking::panic_fmt
[INFO] [stdout]   11:     0x63367d4821e2 - core[a373ad73a504971]::result::unwrap_failed
[INFO] [stdout]   12:     0x63367d3e0b10 - <cli[a87a755db4a32822]::Fixture>::run_in
[INFO] [stdout]   13:     0x63367d3ea294 - <cli[a87a755db4a32822]::a_library_whose_entry_only_exports_still_builds::{closure#0} as core[a373ad73a504971]::ops::function::FnOnce<()>>::call_once
[INFO] [stdout]   14:     0x63367d3f33db - test[aada8e7e76ba119b]::__rust_begin_short_backtrace::<core[a373ad73a504971]::result::Result<(), alloc[2e1b2a31b91974c5]::string::String>, fn() -> core[a373ad73a504971]::result::Result<(), alloc[2e1b2a31b91974c5]::string::String>>
[INFO] [stdout]   15:     0x63367d4005b5 - test[aada8e7e76ba119b]::run_test::{closure#0}
[INFO] [stdout]   16:     0x63367d3f9ea4 - std[617be2ca0a6fd877]::sys::backtrace::__rust_begin_short_backtrace::<test[aada8e7e76ba119b]::run_test::{closure#1}, ()>
[INFO] [stdout]   17:     0x63367d403642 - <std[617be2ca0a6fd877]::thread::lifecycle::spawn_unchecked<test[aada8e7e76ba119b]::run_test::{closure#1}, ()>::{closure#1} as core[a373ad73a504971]::ops::function::FnOnce<()>>::call_once::{shim:vtable#0}
[INFO] [stdout]   18:     0x63367d46cd4f - <std[617be2ca0a6fd877]::sys::thread::unix::Thread>::new::thread_start
[INFO] [stdout]   19:     0x7459a291cdfa - <unknown>
[INFO] [stdout]   20:     0x7459a29b03d4 - clone
[INFO] [stdout]   21:                0x0 - <unknown>
[INFO] [stdout] 
[INFO] [stdout] ---- reach_separates_reachable_from_unreachable stdout ----
[INFO] [stdout] 
[INFO] [stdout] thread 'reach_separates_reachable_from_unreachable' (3600) panicked at crates/piton-cli/tests/cli.rs:66:14:
[INFO] [stdout] run piton: Os { code: 2, kind: NotFound, message: "No such file or directory" }
[INFO] [stdout] stack backtrace:
[INFO] [stdout]    0:     0x63367d46da31 - <<std[617be2ca0a6fd877]::sys::backtrace::BacktraceLock>::print::DisplayBacktrace as core[a373ad73a504971]::fmt::Display>::fmt
[INFO] [stdout]    1:     0x63367d481cda - core[a373ad73a504971]::fmt::write
[INFO] [stdout]    2:     0x63367d471f3c - <alloc[2e1b2a31b91974c5]::vec::Vec<u8> as core[a373ad73a504971]::io::write::Write>::write_fmt
[INFO] [stdout]    3:     0x63367d447e46 - std[617be2ca0a6fd877]::panicking::default_hook::{closure#0}
[INFO] [stdout]    4:     0x63367d4654a9 - std[617be2ca0a6fd877]::panicking::default_hook
[INFO] [stdout]    5:     0x63367d3fff90 - test[aada8e7e76ba119b]::test_main_inner::{closure#0}
[INFO] [stdout]    6:     0x63367d465662 - std[617be2ca0a6fd877]::panicking::panic_with_hook
[INFO] [stdout]    7:     0x63367d447ef2 - std[617be2ca0a6fd877]::panicking::panic_handler::{closure#0}
[INFO] [stdout]    8:     0x63367d440959 - std[617be2ca0a6fd877]::sys::backtrace::__rust_end_short_backtrace::<std[617be2ca0a6fd877]::panicking::panic_handler::{closure#0}, !>
[INFO] [stdout]    9:     0x63367d448afd - __rustc[ea4f61d10b84890b]::rust_begin_unwind
[INFO] [stdout]   10:     0x63367d48240c - core[a373ad73a504971]::panicking::panic_fmt
[INFO] [stdout]   11:     0x63367d4821e2 - core[a373ad73a504971]::result::unwrap_failed
[INFO] [stdout]   12:     0x63367d3e0b10 - <cli[a87a755db4a32822]::Fixture>::run_in
[INFO] [stdout]   13:     0x63367d3e90f3 - <cli[a87a755db4a32822]::reach_separates_reachable_from_unreachable::{closure#0} as core[a373ad73a504971]::ops::function::FnOnce<()>>::call_once
[INFO] [stdout]   14:     0x63367d3f33db - test[aada8e7e76ba119b]::__rust_begin_short_backtrace::<core[a373ad73a504971]::result::Result<(), alloc[2e1b2a31b91974c5]::string::String>, fn() -> core[a373ad73a504971]::result::Result<(), alloc[2e1b2a31b91974c5]::string::String>>
[INFO] [stdout]   15:     0x63367d4005b5 - test[aada8e7e76ba119b]::run_test::{closure#0}
[INFO] [stdout]   16:     0x63367d3f9ea4 - std[617be2ca0a6fd877]::sys::backtrace::__rust_begin_short_backtrace::<test[aada8e7e76ba119b]::run_test::{closure#1}, ()>
[INFO] [stdout]   17:     0x63367d403642 - <std[617be2ca0a6fd877]::thread::lifecycle::spawn_unchecked<test[aada8e7e76ba119b]::run_test::{closure#1}, ()>::{closure#1} as core[a373ad73a504971]::ops::function::FnOnce<()>>::call_once::{shim:vtable#0}
[INFO] [stdout]   18:     0x63367d46cd4f - <std[617be2ca0a6fd877]::sys::thread::unix::Thread>::new::thread_start
[INFO] [stdout]   19:     0x7459a291cdfa - <unknown>
[INFO] [stdout]   20:     0x7459a29b03d4 - clone
[INFO] [stdout]   21:                0x0 - <unknown>
[INFO] [stdout] 
[INFO] [stdout] ---- slice_with_an_adapter_needs_a_target_the_build_writes stdout ----
[INFO] [stdout] 
[INFO] [stdout] thread 'slice_with_an_adapter_needs_a_target_the_build_writes' (3611) panicked at crates/piton-cli/tests/cli.rs:66:14:
[INFO] [stdout] run piton: Os { code: 2, kind: NotFound, message: "No such file or directory" }
[INFO] [stdout] stack backtrace:
[INFO] [stdout]    0:     0x63367d46da31 - <<std[617be2ca0a6fd877]::sys::backtrace::BacktraceLock>::print::DisplayBacktrace as core[a373ad73a504971]::fmt::Display>::fmt
[INFO] [stdout]    1:     0x63367d481cda - core[a373ad73a504971]::fmt::write
[INFO] [stdout]    2:     0x63367d471f3c - <alloc[2e1b2a31b91974c5]::vec::Vec<u8> as core[a373ad73a504971]::io::write::Write>::write_fmt
[INFO] [stdout]    3:     0x63367d447e46 - std[617be2ca0a6fd877]::panicking::default_hook::{closure#0}
[INFO] [stdout]    4:     0x63367d4654a9 - std[617be2ca0a6fd877]::panicking::default_hook
[INFO] [stdout]    5:     0x63367d3fff90 - test[aada8e7e76ba119b]::test_main_inner::{closure#0}
[INFO] [stdout]    6:     0x63367d465662 - std[617be2ca0a6fd877]::panicking::panic_with_hook
[INFO] [stdout]    7:     0x63367d447ef2 - std[617be2ca0a6fd877]::panicking::panic_handler::{closure#0}
[INFO] [stdout]    8:     0x63367d440959 - std[617be2ca0a6fd877]::sys::backtrace::__rust_end_short_backtrace::<std[617be2ca0a6fd877]::panicking::panic_handler::{closure#0}, !>
[INFO] [stdout]    9:     0x63367d448afd - __rustc[ea4f61d10b84890b]::rust_begin_unwind
[INFO] [stdout]   10:     0x63367d48240c - core[a373ad73a504971]::panicking::panic_fmt
[INFO] [stdout]   11:     0x63367d4821e2 - core[a373ad73a504971]::result::unwrap_failed
[INFO] [stdout]   12:     0x63367d3e0b10 - <cli[a87a755db4a32822]::Fixture>::run_in
[INFO] [stdout]   13:     0x63367d3ed90a - <cli[a87a755db4a32822]::slice_with_an_adapter_needs_a_target_the_build_writes::{closure#0} as core[a373ad73a504971]::ops::function::FnOnce<()>>::call_once
[INFO] [stdout]   14:     0x63367d3f33db - test[aada8e7e76ba119b]::__rust_begin_short_backtrace::<core[a373ad73a504971]::result::Result<(), alloc[2e1b2a31b91974c5]::string::String>, fn() -> core[a373ad73a504971]::result::Result<(), alloc[2e1b2a31b91974c5]::string::String>>
[INFO] [stdout]   15:     0x63367d4005b5 - test[aada8e7e76ba119b]::run_test::{closure#0}
[INFO] [stdout]   16:     0x63367d3f9ea4 - std[617be2ca0a6fd877]::sys::backtrace::__rust_begin_short_backtrace::<test[aada8e7e76ba119b]::run_test::{closure#1}, ()>
[INFO] [stdout]   17:     0x63367d403642 - <std[617be2ca0a6fd877]::thread::lifecycle::spawn_unchecked<test[aada8e7e76ba119b]::run_test::{closure#1}, ()>::{closure#1} as core[a373ad73a504971]::ops::function::FnOnce<()>>::call_once::{shim:vtable#0}
[INFO] [stdout]   18:     0x63367d46cd4f - <std[617be2ca0a6fd877]::sys::thread::unix::Thread>::new::thread_start
[INFO] [stdout]   19:     0x7459a291cdfa - <unknown>
[INFO] [stdout]   20:     0x7459a29b03d4 - clone
[INFO] [stdout]   21:                0x0 - <unknown>
[INFO] [stdout] 
[INFO] [stdout] ---- slice_with_an_adapter_finds_an_anchor_embedded_upstream stdout ----
[INFO] [stdout] 
[INFO] [stdout] thread 'slice_with_an_adapter_finds_an_anchor_embedded_upstream' (3610) panicked at crates/piton-cli/tests/cli.rs:66:14:
[INFO] [stdout] run piton: Os { code: 2, kind: NotFound, message: "No such file or directory" }
[INFO] [stdout] stack backtrace:
[INFO] [stdout]    0:     0x63367d46da31 - <<std[617be2ca0a6fd877]::sys::backtrace::BacktraceLock>::print::DisplayBacktrace as core[a373ad73a504971]::fmt::Display>::fmt
[INFO] [stdout]    1:     0x63367d481cda - core[a373ad73a504971]::fmt::write
[INFO] [stdout]    2:     0x63367d471f3c - <alloc[2e1b2a31b91974c5]::vec::Vec<u8> as core[a373ad73a504971]::io::write::Write>::write_fmt
[INFO] [stdout]    3:     0x63367d447e46 - std[617be2ca0a6fd877]::panicking::default_hook::{closure#0}
[INFO] [stdout]    4:     0x63367d4654a9 - std[617be2ca0a6fd877]::panicking::default_hook
[INFO] [stdout]    5:     0x63367d3fff90 - test[aada8e7e76ba119b]::test_main_inner::{closure#0}
[INFO] [stdout]    6:     0x63367d465662 - std[617be2ca0a6fd877]::panicking::panic_with_hook
[INFO] [stdout]    7:     0x63367d447ef2 - std[617be2ca0a6fd877]::panicking::panic_handler::{closure#0}
[INFO] [stdout]    8:     0x63367d440959 - std[617be2ca0a6fd877]::sys::backtrace::__rust_end_short_backtrace::<std[617be2ca0a6fd877]::panicking::panic_handler::{closure#0}, !>
[INFO] [stdout]    9:     0x63367d448afd - __rustc[ea4f61d10b84890b]::rust_begin_unwind
[INFO] [stdout]   10:     0x63367d48240c - core[a373ad73a504971]::panicking::panic_fmt
[INFO] [stdout]   11:     0x63367d4821e2 - core[a373ad73a504971]::result::unwrap_failed
[INFO] [stdout]   12:     0x63367d3e0b10 - <cli[a87a755db4a32822]::Fixture>::run_in
[INFO] [stdout]   13:     0x63367d3eff42 - <cli[a87a755db4a32822]::slice_with_an_adapter_finds_an_anchor_embedded_upstream::{closure#0} as core[a373ad73a504971]::ops::function::FnOnce<()>>::call_once
[INFO] [stdout]   14:     0x63367d3f33db - test[aada8e7e76ba119b]::__rust_begin_short_backtrace::<core[a373ad73a504971]::result::Result<(), alloc[2e1b2a31b91974c5]::string::String>, fn() -> core[a373ad73a504971]::result::Result<(), alloc[2e1b2a31b91974c5]::string::String>>
[INFO] [stdout]   15:     0x63367d4005b5 - test[aada8e7e76ba119b]::run_test::{closure#0}
[INFO] [stdout]   16:     0x63367d3f9ea4 - std[617be2ca0a6fd877]::sys::backtrace::__rust_begin_short_backtrace::<test[aada8e7e76ba119b]::run_test::{closure#1}, ()>
[INFO] [stdout]   17:     0x63367d403642 - <std[617be2ca0a6fd877]::thread::lifecycle::spawn_unchecked<test[aada8e7e76ba119b]::run_test::{closure#1}, ()>::{closure#1} as core[a373ad73a504971]::ops::function::FnOnce<()>>::call_once::{shim:vtable#0}
[INFO] [stdout]   18:     0x63367d46cd4f - <std[617be2ca0a6fd877]::sys::thread::unix::Thread>::new::thread_start
[INFO] [stdout]   19:     0x7459a291cdfa - <unknown>
[INFO] [stdout]   20:     0x7459a29b03d4 - clone
[INFO] [stdout]   21:                0x0 - <unknown>
[INFO] [stdout] 
[INFO] [stdout] ---- rebuilding_produces_identical_bytes stdout ----
[INFO] [stdout] 
[INFO] [stdout] thread 'rebuilding_produces_identical_bytes' (3601) panicked at crates/piton-cli/tests/cli.rs:66:14:
[INFO] [stdout] run piton: Os { code: 2, kind: NotFound, message: "No such file or directory" }
[INFO] [stdout] stack backtrace:
[INFO] [stdout]    0:     0x63367d46da31 - <<std[617be2ca0a6fd877]::sys::backtrace::BacktraceLock>::print::DisplayBacktrace as core[a373ad73a504971]::fmt::Display>::fmt
[INFO] [stdout]    1:     0x63367d481cda - core[a373ad73a504971]::fmt::write
[INFO] [stdout]    2:     0x63367d471f3c - <alloc[2e1b2a31b91974c5]::vec::Vec<u8> as core[a373ad73a504971]::io::write::Write>::write_fmt
[INFO] [stdout]    3:     0x63367d447e46 - std[617be2ca0a6fd877]::panicking::default_hook::{closure#0}
[INFO] [stdout]    4:     0x63367d4654a9 - std[617be2ca0a6fd877]::panicking::default_hook
[INFO] [stdout]    5:     0x63367d3fff90 - test[aada8e7e76ba119b]::test_main_inner::{closure#0}
[INFO] [stdout]    6:     0x63367d465662 - std[617be2ca0a6fd877]::panicking::panic_with_hook
[INFO] [stdout]    7:     0x63367d447ef2 - std[617be2ca0a6fd877]::panicking::panic_handler::{closure#0}
[INFO] [stdout]    8:     0x63367d440959 - std[617be2ca0a6fd877]::sys::backtrace::__rust_end_short_backtrace::<std[617be2ca0a6fd877]::panicking::panic_handler::{closure#0}, !>
[INFO] [stdout]    9:     0x63367d448afd - __rustc[ea4f61d10b84890b]::rust_begin_unwind
[INFO] [stdout]   10:     0x63367d48240c - core[a373ad73a504971]::panicking::panic_fmt
[INFO] [stdout]   11:     0x63367d4821e2 - core[a373ad73a504971]::result::unwrap_failed
[INFO] [stdout]   12:     0x63367d3e0b10 - <cli[a87a755db4a32822]::Fixture>::run_in
[INFO] [stdout]   13:     0x63367d3e4ca9 - <cli[a87a755db4a32822]::rebuilding_produces_identical_bytes::{closure#0} as core[a373ad73a504971]::ops::function::FnOnce<()>>::call_once
[INFO] [stdout]   14:     0x63367d3f33db - test[aada8e7e76ba119b]::__rust_begin_short_backtrace::<core[a373ad73a504971]::result::Result<(), alloc[2e1b2a31b91974c5]::string::String>, fn() -> core[a373ad73a504971]::result::Result<(), alloc[2e1b2a31b91974c5]::string::String>>
[INFO] [stdout]   15:     0x63367d4005b5 - test[aada8e7e76ba119b]::run_test::{closure#0}
[INFO] [stdout]   16:     0x63367d3f9ea4 - std[617be2ca0a6fd877]::sys::backtrace::__rust_begin_short_backtrace::<test[aada8e7e76ba119b]::run_test::{closure#1}, ()>
[INFO] [stdout]   17:     0x63367d403642 - <std[617be2ca0a6fd877]::thread::lifecycle::spawn_unchecked<test[aada8e7e76ba119b]::run_test::{closure#1}, ()>::{closure#1} as core[a373ad73a504971]::ops::function::FnOnce<()>>::call_once::{shim:vtable#0}
[INFO] [stdout]   18:     0x63367d46cd4f - <std[617be2ca0a6fd877]::sys::thread::unix::Thread>::new::thread_start
[INFO] [stdout]   19:     0x7459a291cdfa - <unknown>
[INFO] [stdout]   20:     0x7459a29b03d4 - clone
[INFO] [stdout]   21:                0x0 - <unknown>
[INFO] [stdout] 
[INFO] [stdout] ---- slice_writes_every_path_relative_to_where_it_runs stdout ----
[INFO] [stdout] 
[INFO] [stdout] thread 'slice_writes_every_path_relative_to_where_it_runs' (3612) panicked at crates/piton-cli/tests/cli.rs:66:14:
[INFO] [stdout] run piton: Os { code: 2, kind: NotFound, message: "No such file or directory" }
[INFO] [stdout] stack backtrace:
[INFO] [stdout]    0:     0x63367d46da31 - <<std[617be2ca0a6fd877]::sys::backtrace::BacktraceLock>::print::DisplayBacktrace as core[a373ad73a504971]::fmt::Display>::fmt
[INFO] [stdout]    1:     0x63367d481cda - core[a373ad73a504971]::fmt::write
[INFO] [stdout]    2:     0x63367d471f3c - <alloc[2e1b2a31b91974c5]::vec::Vec<u8> as core[a373ad73a504971]::io::write::Write>::write_fmt
[INFO] [stdout]    3:     0x63367d447e46 - std[617be2ca0a6fd877]::panicking::default_hook::{closure#0}
[INFO] [stdout]    4:     0x63367d4654a9 - std[617be2ca0a6fd877]::panicking::default_hook
[INFO] [stdout]    5:     0x63367d3fff90 - test[aada8e7e76ba119b]::test_main_inner::{closure#0}
[INFO] [stdout]    6:     0x63367d465662 - std[617be2ca0a6fd877]::panicking::panic_with_hook
[INFO] [stdout]    7:     0x63367d447ef2 - std[617be2ca0a6fd877]::panicking::panic_handler::{closure#0}
[INFO] [stdout]    8:     0x63367d440959 - std[617be2ca0a6fd877]::sys::backtrace::__rust_end_short_backtrace::<std[617be2ca0a6fd877]::panicking::panic_handler::{closure#0}, !>
[INFO] [stdout]    9:     0x63367d448afd - __rustc[ea4f61d10b84890b]::rust_begin_unwind
[INFO] [stdout]   10:     0x63367d48240c - core[a373ad73a504971]::panicking::panic_fmt
[INFO] [stdout]   11:     0x63367d4821e2 - core[a373ad73a504971]::result::unwrap_failed
[INFO] [stdout]   12:     0x63367d3e0b10 - <cli[a87a755db4a32822]::Fixture>::run_in
[INFO] [stdout]   13:     0x63367d3eb0b8 - <cli[a87a755db4a32822]::slice_writes_every_path_relative_to_where_it_runs::{closure#0} as core[a373ad73a504971]::ops::function::FnOnce<()>>::call_once
[INFO] [stdout]   14:     0x63367d3f33db - test[aada8e7e76ba119b]::__rust_begin_short_backtrace::<core[a373ad73a504971]::result::Result<(), alloc[2e1b2a31b91974c5]::string::String>, fn() -> core[a373ad73a504971]::result::Result<(), alloc[2e1b2a31b91974c5]::string::String>>
[INFO] [stdout]   15:     0x63367d4005b5 - test[aada8e7e76ba119b]::run_test::{closure#0}
[INFO] [stdout]   16:     0x63367d3f9ea4 - std[617be2ca0a6fd877]::sys::backtrace::__rust_begin_short_backtrace::<test[aada8e7e76ba119b]::run_test::{closure#1}, ()>
[INFO] [stdout]   17:     0x63367d403642 - <std[617be2ca0a6fd877]::thread::lifecycle::spawn_unchecked<test[aada8e7e76ba119b]::run_test::{closure#1}, ()>::{closure#1} as core[a373ad73a504971]::ops::function::FnOnce<()>>::call_once::{shim:vtable#0}
[INFO] [stdout]   18:     0x63367d46cd4f - <std[617be2ca0a6fd877]::sys::thread::unix::Thread>::new::thread_start
[INFO] [stdout]   19:     0x7459a291cdfa - <unknown>
[INFO] [stdout]   20:     0x7459a29b03d4 - clone
[INFO] [stdout]   21:                0x0 - <unknown>
[INFO] [stdout] 
[INFO] [stdout] ---- every_template_starts_a_project_that_checks_and_builds stdout ----
[INFO] [stdout] 
[INFO] [stdout] thread 'every_template_starts_a_project_that_checks_and_builds' (3567) panicked at crates/piton-cli/tests/cli.rs:66:14:
[INFO] [stdout] run piton: Os { code: 2, kind: NotFound, message: "No such file or directory" }
[INFO] [stdout] stack backtrace:
[INFO] [stdout]    0:     0x63367d46da31 - <<std[617be2ca0a6fd877]::sys::backtrace::BacktraceLock>::print::DisplayBacktrace as core[a373ad73a504971]::fmt::Display>::fmt
[INFO] [stdout]    1:     0x63367d481cda - core[a373ad73a504971]::fmt::write
[INFO] [stdout]    2:     0x63367d471f3c - <alloc[2e1b2a31b91974c5]::vec::Vec<u8> as core[a373ad73a504971]::io::write::Write>::write_fmt
[INFO] [stdout]    3:     0x63367d447e46 - std[617be2ca0a6fd877]::panicking::default_hook::{closure#0}
[INFO] [stdout]    4:     0x63367d4654a9 - std[617be2ca0a6fd877]::panicking::default_hook
[INFO] [stdout]    5:     0x63367d3fff90 - test[aada8e7e76ba119b]::test_main_inner::{closure#0}
[INFO] [stdout]    6:     0x63367d465662 - std[617be2ca0a6fd877]::panicking::panic_with_hook
[INFO] [stdout]    7:     0x63367d447ef2 - std[617be2ca0a6fd877]::panicking::panic_handler::{closure#0}
[INFO] [stdout]    8:     0x63367d440959 - std[617be2ca0a6fd877]::sys::backtrace::__rust_end_short_backtrace::<std[617be2ca0a6fd877]::panicking::panic_handler::{closure#0}, !>
[INFO] [stdout]    9:     0x63367d448afd - __rustc[ea4f61d10b84890b]::rust_begin_unwind
[INFO] [stdout]   10:     0x63367d48240c - core[a373ad73a504971]::panicking::panic_fmt
[INFO] [stdout]   11:     0x63367d4821e2 - core[a373ad73a504971]::result::unwrap_failed
[INFO] [stdout]   12:     0x63367d3e0b10 - <cli[a87a755db4a32822]::Fixture>::run_in
[INFO] [stdout]   13:     0x63367d3ee19b - <cli[a87a755db4a32822]::every_template_starts_a_project_that_checks_and_builds::{closure#0} as core[a373ad73a504971]::ops::function::FnOnce<()>>::call_once
[INFO] [stdout]   14:     0x63367d3f33db - test[aada8e7e76ba119b]::__rust_begin_short_backtrace::<core[a373ad73a504971]::result::Result<(), alloc[2e1b2a31b91974c5]::string::String>, fn() -> core[a373ad73a504971]::result::Result<(), alloc[2e1b2a31b91974c5]::string::String>>
[INFO] [stdout]   15:     0x63367d4005b5 - test[aada8e7e76ba119b]::run_test::{closure#0}
[INFO] [stdout]   16:     0x63367d3f9ea4 - std[617be2ca0a6fd877]::sys::backtrace::__rust_begin_short_backtrace::<test[aada8e7e76ba119b]::run_test::{closure#1}, ()>
[INFO] [stdout]   17:     0x63367d403642 - <std[617be2ca0a6fd877]::thread::lifecycle::spawn_unchecked<test[aada8e7e76ba119b]::run_test::{closure#1}, ()>::{closure#1} as core[a373ad73a504971]::ops::function::FnOnce<()>>::call_once::{shim:vtable#0}
[INFO] [stdout]   18:     0x63367d46cd4f - <std[617be2ca0a6fd877]::sys::thread::unix::Thread>::new::thread_start
[INFO] [stdout]   19:     0x7459a291cdfa - <unknown>
[INFO] [stdout]   20:     0x7459a29b03d4 - clone
[INFO] [stdout]   21:                0x0 - <unknown>
[INFO] [stdout] 
[INFO] [stdout] 
[INFO] [stdout] failures:
[INFO] [stdout]     a_dry_run_writes_nothing
[INFO] [stdout]     a_framework_replaces_the_renderer_output
[INFO] [stdout]     a_full_project_builds_every_artifact
[INFO] [stdout]     a_glob_without_write_is_refused
[INFO] [stdout]     a_library_whose_entry_only_exports_still_builds
[INFO] [stdout]     a_markdown_link_an_author_writes_is_passed_through
[INFO] [stdout]     a_relative_file_argument_resolves
[INFO] [stdout]     agent_prints_its_fluency_without_a_project
[INFO] [stdout]     agent_prints_its_fluency_without_building_or_launching
[INFO] [stdout]     an_instruction_falls_back_to_the_nearest_existing_scope
[INFO] [stdout]     an_unknown_adapter_is_rejected
[INFO] [stdout]     an_unknown_config_key_is_a_warning
[INFO] [stdout]     build_cleans_up_only_what_it_generated
[INFO] [stdout]     build_output_references_point_into_the_output_tree
[INFO] [stdout]     build_uses_the_configured_output_and_renderer
[INFO] [stdout]     build_without_a_framework_writes_the_renderer_output
[INFO] [stdout]     check_passes_on_a_clean_file
[INFO] [stdout]     check_reports_problems_and_exits_non_zero
[INFO] [stdout]     check_without_a_config_checks_everything_under_the_working_directory
[INFO] [stdout]     compile_can_report_what_it_read
[INFO] [stdout]     compile_includes_what_the_file_exports_without_declaring
[INFO] [stdout]     compile_renders_each_adapter
[INFO] [stdout]     compile_writes_next_to_the_input_when_asked
[INFO] [stdout]     every_adapter_emits_its_own_native_form
[INFO] [stdout]     every_template_starts_a_project_that_checks_and_builds
[INFO] [stdout]     format_normalizes_and_check_reports
[INFO] [stdout]     format_reads_stdin_when_given_a_dash
[INFO] [stdout]     help_lists_every_documented_command
[INFO] [stdout]     init_builds_a_belay_project_for_the_adapters_chosen
[INFO] [stdout]     init_leaves_tethering_to_later_when_asked
[INFO] [stdout]     init_needs_a_template_it_knows
[INFO] [stdout]     init_never_overwrites_a_file
[INFO] [stdout]     loc_counts_by_category
[INFO] [stdout]     naming_the_renderer_output_writes_it_alongside_a_framework
[INFO] [stdout]     reach_accepts_a_glob
[INFO] [stdout]     reach_counts_every_line_it_prints
[INFO] [stdout]     reach_does_not_call_an_index_dead_for_declaring_nothing
[INFO] [stdout]     reach_follows_imports_and_reports_paths_by_default
[INFO] [stdout]     reach_follows_variables_and_property_reads
[INFO] [stdout]     reach_marks_a_root_as_a_root
[INFO] [stdout]     reach_separates_reachable_from_unreachable
[INFO] [stdout]     rebuilding_produces_identical_bytes
[INFO] [stdout]     slice_prints_what_a_target_depends_on
[INFO] [stdout]     slice_reports_targets_it_cannot_resolve
[INFO] [stdout]     slice_with_an_adapter_cites_what_the_build_writes
[INFO] [stdout]     slice_with_an_adapter_finds_an_anchor_embedded_upstream
[INFO] [stdout]     slice_with_an_adapter_needs_a_target_the_build_writes
[INFO] [stdout]     slice_writes_every_path_relative_to_where_it_runs
[INFO] [stdout] 
[INFO] [stdout] test result: FAILED. 1 passed; 48 failed; 0 ignored; 0 measured; 0 filtered out; finished in 0.07s
[INFO] [stdout] 
[INFO] running `Command { std: "docker" "inspect" "bd3f180b0f0da43d1e9292ed47a111dc0d4c39ee66e725680389159822b59138", kill_on_drop: false }`
[INFO] running `Command { std: "docker" "rm" "-f" "bd3f180b0f0da43d1e9292ed47a111dc0d4c39ee66e725680389159822b59138", kill_on_drop: false }`
[INFO] [stdout] bd3f180b0f0da43d1e9292ed47a111dc0d4c39ee66e725680389159822b59138
