[INFO] cloning repository https://github.com/philippkeller/rexpect
[INFO] running `Command { std: "git" "-c" "credential.helper=" "-c" "credential.helper=/workspace/cargo-home/bin/git-credential-null" "clone" "--bare" "https://github.com/philippkeller/rexpect" "/workspace/cache/git-repos/https%3A%2F%2Fgithub.com%2Fphilippkeller%2Frexpect", kill_on_drop: false }`
[INFO] [stderr] Cloning into bare repository '/workspace/cache/git-repos/https%3A%2F%2Fgithub.com%2Fphilippkeller%2Frexpect'...
[INFO] running `Command { std: "git" "rev-parse" "HEAD", kill_on_drop: false }`
[INFO] [stdout] 41ce6bf323c6d4756a96a0407490bb47d5a200f3
[INFO] testing philippkeller/rexpect against 1.100.0-beta.1+cargoflags=--release for beta-release-1.100-2
[INFO] running `Command { std: "git" "clone" "/workspace/cache/git-repos/https%3A%2F%2Fgithub.com%2Fphilippkeller%2Frexpect" "/workspace/builds/worker-1-tc2/source", kill_on_drop: false }`
[INFO] [stderr] Cloning into '/workspace/builds/worker-1-tc2/source'...
[INFO] [stderr] done.
[INFO] removed /workspace/builds/worker-1-tc2/source/.cargo/config.toml
[INFO] started tweaking git repo https://github.com/philippkeller/rexpect
[INFO] finished tweaking git repo https://github.com/philippkeller/rexpect
[INFO] tweaked toml for git repo https://github.com/philippkeller/rexpect written to /workspace/builds/worker-1-tc2/source/Cargo.toml
[INFO] validating manifest of git repo https://github.com/philippkeller/rexpect on toolchain 1.100.0-beta.1
[INFO] running `Command { std: CARGO_HOME="/workspace/cargo-home" RUSTUP_HOME="/workspace/rustup-home" "/workspace/cargo-home/bin/cargo" "+1.100.0-beta.1" "metadata" "--manifest-path" "Cargo.toml" "--no-deps", kill_on_drop: false }`
[INFO] crate git repo https://github.com/philippkeller/rexpect already has a lockfile, it will not be regenerated
[INFO] running `Command { std: CARGO_HOME="/workspace/cargo-home" RUSTUP_HOME="/workspace/rustup-home" "/workspace/cargo-home/bin/cargo" "+1.100.0-beta.1" "fetch" "--manifest-path" "Cargo.toml", kill_on_drop: false }`
[INFO] running `Command { std: "docker" "create" "-v" "/var/lib/crater-agent-workspace/builds/worker-1-tc2/source:/opt/rustwide/workdir:ro,Z" "-v" "/var/lib/crater-agent-workspace/builds/worker-1-tc2/target:/opt/rustwide/target:rw,Z" "-v" "/var/lib/crater-agent-workspace/cargo-home:/opt/rustwide/cargo-home:ro,Z" "-v" "/var/lib/crater-agent-workspace/rustup-home:/opt/rustwide/rustup-home:ro,Z" "-m" "1610612736" "--network" "none" "ghcr.io/rust-lang/crates-build-env/linux@sha256:77db811e55d90add9212f6832c23229e3de5f1c1f9905e8cb07319ea15df73ac" "sleep" "infinity", kill_on_drop: false }`
[INFO] [stdout] f2afbbfaf303ace5220ae5f984f6cc5a45c284bda7b412bad29257e40b61cea4
[INFO] running `Command { std: "docker" "start" "f2afbbfaf303ace5220ae5f984f6cc5a45c284bda7b412bad29257e40b61cea4", kill_on_drop: false }`
[INFO] running `Command { std: "docker" "inspect" "f2afbbfaf303ace5220ae5f984f6cc5a45c284bda7b412bad29257e40b61cea4", kill_on_drop: false }`
[INFO] running `Command { std: "docker" "exec" "-e" "SOURCE_DIR=/opt/rustwide/workdir" "-e" "CARGO_HOME=/opt/rustwide/cargo-home" "-e" "RUSTUP_HOME=/opt/rustwide/rustup-home" "-e" "CARGO_TARGET_DIR=/opt/rustwide/target" "-w" "/opt/rustwide/workdir" "--user" "0:0" "f2afbbfaf303ace5220ae5f984f6cc5a45c284bda7b412bad29257e40b61cea4" "/opt/rustwide/cargo-home/bin/cargo" "+1.100.0-beta.1" "metadata" "--no-deps" "--format-version=1", kill_on_drop: false }`
[INFO] running `Command { std: "docker" "inspect" "f2afbbfaf303ace5220ae5f984f6cc5a45c284bda7b412bad29257e40b61cea4", kill_on_drop: false }`
[INFO] running `Command { std: "docker" "exec" "-e" "SOURCE_DIR=/opt/rustwide/workdir" "-e" "CARGO_HOME=/opt/rustwide/cargo-home" "-e" "RUSTUP_HOME=/opt/rustwide/rustup-home" "-e" "CARGO_TARGET_DIR=/opt/rustwide/target" "-e" "CARGO_INCREMENTAL=0" "-e" "RUST_BACKTRACE=full" "-e" "RUSTFLAGS=--cap-lints=warn" "-e" "RUSTDOCFLAGS=--cap-lints=warn" "-w" "/opt/rustwide/workdir" "--user" "0:0" "f2afbbfaf303ace5220ae5f984f6cc5a45c284bda7b412bad29257e40b61cea4" "/opt/rustwide/cargo-home/bin/cargo" "+1.100.0-beta.1" "build" "--frozen" "--message-format=json" "--release", kill_on_drop: false }`
[INFO] [stderr]    Compiling libc v0.2.180
[INFO] [stderr]    Compiling proc-macro2 v1.0.92
[INFO] [stderr]    Compiling unicode-ident v1.0.13
[INFO] [stderr]    Compiling io-lifetimes v1.0.11
[INFO] [stderr]    Compiling cfg_aliases v0.2.1
[INFO] [stderr]    Compiling memchr v2.6.2
[INFO] [stderr]    Compiling autocfg v1.4.0
[INFO] [stderr]    Compiling rustix v0.37.27
[INFO] [stderr]    Compiling cfg-if v1.0.0
[INFO] [stderr]    Compiling bitflags v1.3.2
[INFO] [stderr]    Compiling linux-raw-sys v0.3.8
[INFO] [stderr]    Compiling thiserror v2.0.3
[INFO] [stderr]    Compiling regex-syntax v0.7.5
[INFO] [stderr]    Compiling bitflags v2.6.0
[INFO] [stderr]    Compiling fastrand v1.9.0
[INFO] [stderr]    Compiling comma v1.0.0
[INFO] [stderr]    Compiling nix v0.31.1
[INFO] [stderr]    Compiling aho-corasick v1.1.3
[INFO] [stderr]    Compiling tempfile v3.6.0
[INFO] [stderr]    Compiling quote v1.0.37
[INFO] [stderr]    Compiling syn v2.0.90
[INFO] [stderr]    Compiling regex-automata v0.3.9
[INFO] [stderr]    Compiling thiserror-impl v2.0.3
[INFO] [stderr]    Compiling regex v1.9.6
[INFO] [stderr]    Compiling rexpect v0.7.1 (/opt/rustwide/workdir)
[INFO] [stderr]     Finished `release` profile [optimized] target(s) in 17.89s
[INFO] [stderr] warning: the following packages contain code that will be rejected by a future version of Rust: nix v0.31.1
[INFO] [stderr] note: to see what the problems were, use the option `--future-incompat-report`, or run `cargo report future-incompatibilities --id 5`
[INFO] running `Command { std: "docker" "inspect" "f2afbbfaf303ace5220ae5f984f6cc5a45c284bda7b412bad29257e40b61cea4", kill_on_drop: false }`
[INFO] running `Command { std: "docker" "exec" "-e" "SOURCE_DIR=/opt/rustwide/workdir" "-e" "CARGO_HOME=/opt/rustwide/cargo-home" "-e" "RUSTUP_HOME=/opt/rustwide/rustup-home" "-e" "CARGO_TARGET_DIR=/opt/rustwide/target" "-e" "CARGO_INCREMENTAL=0" "-e" "RUST_BACKTRACE=full" "-e" "RUSTFLAGS=--cap-lints=warn" "-e" "RUSTDOCFLAGS=--cap-lints=warn" "-w" "/opt/rustwide/workdir" "--user" "0:0" "f2afbbfaf303ace5220ae5f984f6cc5a45c284bda7b412bad29257e40b61cea4" "/opt/rustwide/cargo-home/bin/cargo" "+1.100.0-beta.1" "test" "--frozen" "--no-run" "--message-format=json" "--release", kill_on_drop: false }`
[INFO] [stderr]    Compiling libc v0.2.180
[INFO] [stderr]    Compiling memchr v2.6.2
[INFO] [stderr]    Compiling regex-syntax v0.7.5
[INFO] [stderr]    Compiling bitflags v1.3.2
[INFO] [stderr]    Compiling linux-raw-sys v0.3.8
[INFO] [stderr]    Compiling cfg-if v1.0.0
[INFO] [stderr]    Compiling fastrand v1.9.0
[INFO] [stderr]    Compiling bitflags v2.6.0
[INFO] [stderr]    Compiling comma v1.0.0
[INFO] [stderr]    Compiling thiserror v2.0.3
[INFO] [stderr]    Compiling aho-corasick v1.1.3
[INFO] [stderr]    Compiling io-lifetimes v1.0.11
[INFO] [stderr]    Compiling nix v0.31.1
[INFO] [stderr]    Compiling rustix v0.37.27
[INFO] [stderr]    Compiling regex-automata v0.3.9
[INFO] [stderr]    Compiling tempfile v3.6.0
[INFO] [stderr]    Compiling regex v1.9.6
[INFO] [stderr]    Compiling rexpect v0.7.1 (/opt/rustwide/workdir)
[INFO] [stderr]     Finished `release` profile [optimized] target(s) in 1m 01s
[INFO] [stderr] warning: the following packages contain code that will be rejected by a future version of Rust: nix v0.31.1
[INFO] [stderr] note: to see what the problems were, use the option `--future-incompat-report`, or run `cargo report future-incompatibilities --id 5`
[INFO] running `Command { std: "docker" "inspect" "f2afbbfaf303ace5220ae5f984f6cc5a45c284bda7b412bad29257e40b61cea4", kill_on_drop: false }`
[INFO] running `Command { std: "docker" "exec" "-e" "SOURCE_DIR=/opt/rustwide/workdir" "-e" "CARGO_HOME=/opt/rustwide/cargo-home" "-e" "RUSTUP_HOME=/opt/rustwide/rustup-home" "-e" "CARGO_TARGET_DIR=/opt/rustwide/target" "-e" "CARGO_INCREMENTAL=0" "-e" "RUST_BACKTRACE=full" "-e" "RUSTFLAGS=--cap-lints=warn" "-e" "RUSTDOCFLAGS=--cap-lints=warn" "-w" "/opt/rustwide/workdir" "--user" "0:0" "f2afbbfaf303ace5220ae5f984f6cc5a45c284bda7b412bad29257e40b61cea4" "/opt/rustwide/cargo-home/bin/cargo" "+1.100.0-beta.1" "test" "--frozen" "--release", kill_on_drop: false }`
[INFO] [stderr]     Finished `release` profile [optimized] target(s) in 0.09s
[INFO] [stderr] warning: the following packages contain code that will be rejected by a future version of Rust: nix v0.31.1
[INFO] [stderr] note: to see what the problems were, use the option `--future-incompat-report`, or run `cargo report future-incompatibilities --id 5`
[INFO] [stderr]      Running unittests src/lib.rs (/opt/rustwide/target/release/build/rexpect/91cf50fb770745fd/out/rexpect-91cf50fb770745fd)
[INFO] [stdout] 
[INFO] [stdout] running 23 tests
[INFO] [stdout] test reader::tests::test_try_read_multibyte ... ok
[INFO] [stdout] test session::tests::test_expect_empty_command_error ... ok
[INFO] [stdout] test reader::tests::test_regex2 ... ok
[INFO] [stdout] test reader::tests::test_regex ... ok
[INFO] [stdout] test reader::tests::test_expect_melon ... ok
[INFO] [stdout] test reader::tests::test_try_read ... ok
[INFO] [stdout] test reader::tests::test_eof ... ok
[INFO] [stdout] test reader::tests::test_skip_partial_ansi_code ... ok
[INFO] [stdout] test session::tests::test_tokenize_command ... ok
[INFO] [stdout] test reader::tests::test_skip_ansi_codes ... ok
[INFO] [stdout] test reader::tests::test_any_with_multiple_possible_matches ... ok
[INFO] [stdout] test reader::tests::test_nbytes ... ok
[INFO] [stdout] test process::tests::test_cat ... ok
[INFO] [stdout] test reader::tests::test_any_with_same_start_different_length ... ok
[INFO] [stdout] test session::tests::test_expect_any ... ok
[INFO] [stdout] test session::tests::test_read_line ... ok
[INFO] [stdout] test session::tests::test_expect_string ... ok
[INFO] [stdout] test session::tests::test_read_string_before ... ok
[INFO] [stdout] test session::tests::test_expect_eof_timeout2 ... ok
[INFO] [stdout] test session::tests::test_expect_eof_timeout ... ok
[INFO] [stdout] test session::tests::test_bash ... ok
[INFO] [stdout] test session::tests::test_kill_timeout ... ok
[INFO] [stdout] test session::tests::test_bash_control_chars ... ok
[INFO] [stdout] 
[INFO] [stdout] test result: ok. 23 passed; 0 failed; 0 ignored; 0 measured; 0 filtered out; finished in 1.82s
[INFO] [stdout] 
[INFO] [stderr]    Doc-tests rexpect
[INFO] [stdout] 
[INFO] [stdout] running 14 tests
[INFO] [stdout] test src/../README.md - ReadmeDoctests (line 28) - compile ... ok
[INFO] [stdout] test src/../README.md - test (line 55) - compile ... ok
[INFO] [stdout] test src/lib.rs - (line 48) - compile ... ok
[INFO] [stdout] test src/process.rs - process::PtyProcess::status (line 164) - compile ... ok
[INFO] [stdout] test src/../README.md - ReadmeDoctests (line 55) - compile ... ok
[INFO] [stdout] test src/lib.rs - (line 17) - compile ... ok
[INFO] [stdout] test src/../README.md - test (line 28) - compile ... ok
[INFO] [stdout] test src/../README.md - test (line 105) - compile ... ok
[INFO] [stdout] test src/../README.md - ReadmeDoctests (line 105) - compile ... ok
[INFO] [stdout] test src/reader.rs - reader::NBReader::read_until (line 139) ... ok
[INFO] [stdout] test src/process.rs - process::PtyProcess (line 34) ... ok
[INFO] [stdout] test src/session.rs - session::StreamSession<W>::exp_any (line 142) ... ok
[INFO] [stdout] test src/session.rs - session::PtySession::new (line 192) ... FAILED
[INFO] [stdout] test src/session.rs - session::PtyReplSession::execute (line 337) ... ok
[INFO] [stdout] 
[INFO] [stdout] failures:
[INFO] [stdout] 
[INFO] [stdout] ---- src/session.rs - session::PtySession::new (line 192) stdout ----
[INFO] [stdout] Test executable failed (exit status: 101).
[INFO] [stdout] 
[INFO] [stdout] stderr:
[INFO] [stdout] 
[INFO] [stdout] thread 'main' (1010) panicked at /tmp/rustdoctest3jmgnh/doctest_bundle_2024.rs:337:1:
[INFO] [stdout] assertion `left == right` failed
[INFO] [stdout]   left: "hello, polly!"
[INFO] [stdout]  right: "hello, polly!hello, polly!"
[INFO] [stdout] stack backtrace:
[INFO] [stdout]    0:     0x5da7c8b30c62 - std[617be2ca0a6fd877]::backtrace_rs::backtrace::libunwind::trace
[INFO] [stdout]                                at /rustc/e3feeb59cd1bdd011a2bfcc0747b55125d9b8527/library/std/src/../../backtrace/src/backtrace/libunwind.rs:117:9
[INFO] [stdout]    1:     0x5da7c8b30c62 - std[617be2ca0a6fd877]::backtrace_rs::backtrace::trace_unsynchronized::<std[617be2ca0a6fd877]::sys::backtrace::_print_fmt::{closure#1}>
[INFO] [stdout]                                at /rustc/e3feeb59cd1bdd011a2bfcc0747b55125d9b8527/library/std/src/../../backtrace/src/backtrace/mod.rs:66:14
[INFO] [stdout]    2:     0x5da7c8b30c62 - std[617be2ca0a6fd877]::sys::backtrace::_print_fmt
[INFO] [stdout]                                at /rustc/e3feeb59cd1bdd011a2bfcc0747b55125d9b8527/library/std/src/sys/backtrace.rs:74:9
[INFO] [stdout]    3:     0x5da7c8b30c62 - <<std[617be2ca0a6fd877]::sys::backtrace::BacktraceLock>::print::DisplayBacktrace as core[a373ad73a504971]::fmt::Display>::fmt
[INFO] [stdout]                                at /rustc/e3feeb59cd1bdd011a2bfcc0747b55125d9b8527/library/std/src/sys/backtrace.rs:44:26
[INFO] [stdout]    4:     0x5da7c89cad4c - <core[a373ad73a504971]::fmt::rt::Argument>::fmt
[INFO] [stdout]                                at /rustc/e3feeb59cd1bdd011a2bfcc0747b55125d9b8527/library/core/src/fmt/rt.rs:152:76
[INFO] [stdout]    5:     0x5da7c89cad4c - core[a373ad73a504971]::fmt::write
[INFO] [stdout]                                at /rustc/e3feeb59cd1bdd011a2bfcc0747b55125d9b8527/library/core/src/fmt/mod.rs:1687:22
[INFO] [stdout]    6:     0x5da7c8b2ea97 - core[a373ad73a504971]::io::write::default_write_fmt::<std[617be2ca0a6fd877]::sys::stdio::unix::Stderr>
[INFO] [stdout]                                at /rustc/e3feeb59cd1bdd011a2bfcc0747b55125d9b8527/library/core/src/io/write.rs:402:11
[INFO] [stdout]    7:     0x5da7c8b2ea97 - <std[617be2ca0a6fd877]::sys::stdio::unix::Stderr as core[a373ad73a504971]::io::write::Write>::write_fmt
[INFO] [stdout]                                at /rustc/e3feeb59cd1bdd011a2bfcc0747b55125d9b8527/library/core/src/io/write.rs:335:13
[INFO] [stdout]    8:     0x5da7c8b2f4cc - <std[617be2ca0a6fd877]::sys::backtrace::BacktraceLock>::print
[INFO] [stdout]                                at /rustc/e3feeb59cd1bdd011a2bfcc0747b55125d9b8527/library/std/src/sys/backtrace.rs:47:9
[INFO] [stdout]    9:     0x5da7c8b2f4cc - std[617be2ca0a6fd877]::panicking::default_hook::{closure#0}
[INFO] [stdout]                                at /rustc/e3feeb59cd1bdd011a2bfcc0747b55125d9b8527/library/std/src/panicking.rs:289:27
[INFO] [stdout]   10:     0x5da7c8b2ece6 - std[617be2ca0a6fd877]::panicking::default_hook
[INFO] [stdout]                                at /rustc/e3feeb59cd1bdd011a2bfcc0747b55125d9b8527/library/std/src/panicking.rs:316:9
[INFO] [stdout]   11:     0x5da7c8b2e5e2 - std[617be2ca0a6fd877]::panicking::panic_with_hook
[INFO] [stdout]                                at /rustc/e3feeb59cd1bdd011a2bfcc0747b55125d9b8527/library/std/src/panicking.rs:811:13
[INFO] [stdout]   12:     0x5da7c8b910ba - std[617be2ca0a6fd877]::panicking::panic_handler::{closure#0}
[INFO] [stdout]                                at /rustc/e3feeb59cd1bdd011a2bfcc0747b55125d9b8527/library/std/src/panicking.rs:685:13
[INFO] [stdout]   13:     0x5da7c8b91019 - std[617be2ca0a6fd877]::sys::backtrace::__rust_end_short_backtrace::<std[617be2ca0a6fd877]::panicking::panic_handler::{closure#0}, !>
[INFO] [stdout]                                at /rustc/e3feeb59cd1bdd011a2bfcc0747b55125d9b8527/library/std/src/sys/backtrace.rs:182:18
[INFO] [stdout]   14:     0x5da7c8b91a04 - __rustc[ea4f61d10b84890b]::rust_begin_unwind
[INFO] [stdout]                                at /rustc/e3feeb59cd1bdd011a2bfcc0747b55125d9b8527/library/std/src/panicking.rs:676:5
[INFO] [stdout]   15:     0x5da7c89cab0d - core[a373ad73a504971]::panicking::panic_fmt
[INFO] [stdout]                                at /rustc/e3feeb59cd1bdd011a2bfcc0747b55125d9b8527/library/core/src/panicking.rs:80:14
[INFO] [stdout]   16:     0x5da7c89caa86 - core[a373ad73a504971]::panicking::assert_failed_inner
[INFO] [stdout]                                at /rustc/e3feeb59cd1bdd011a2bfcc0747b55125d9b8527/library/core/src/panicking.rs:452:17
[INFO] [stdout]   17:     0x5da7c89f1890 - core[a373ad73a504971]::panicking::assert_failed::<&str, alloc[2e1b2a31b91974c5]::string::String>
[INFO] [stdout]   18:     0x5da7c89f631d - doctest_bundle_2024[8cc95805e96201d2]::__doctest_12::main::{closure#0}
[INFO] [stdout]   19:     0x5da7c89f5e31 - doctest_bundle_2024[8cc95805e96201d2]::__doctest_12::main
[INFO] [stdout]   20:     0x5da7c89f5e16 - doctest_bundle_2024[8cc95805e96201d2]::__doctest_12::__main_fn
[INFO] [stdout]   21:     0x5da7c896e260 - doctest_runner_2024[a5234fb354d81c5]::__doctest_12::TEST::{closure#0}
[INFO] [stdout]   22:     0x5da7c8971ae6 - <doctest_runner_2024[a5234fb354d81c5]::__doctest_12::TEST::{closure#0} as core[a373ad73a504971]::ops::function::FnOnce<()>>::call_once
[INFO] [stdout]   23:     0x5da7c896e781 - doctest_runner_2024[a5234fb354d81c5]::main
[INFO] [stdout]   24:     0x5da7c89718f3 - <fn() -> std[617be2ca0a6fd877]::process::ExitCode as core[a373ad73a504971]::ops::function::FnOnce<()>>::call_once
[INFO] [stdout]   25:     0x5da7c896d84e - std[617be2ca0a6fd877]::sys::backtrace::__rust_begin_short_backtrace::<fn() -> std[617be2ca0a6fd877]::process::ExitCode, std[617be2ca0a6fd877]::process::ExitCode>
[INFO] [stdout]   26:     0x5da7c896dd49 - std[617be2ca0a6fd877]::rt::lang_start::<std[617be2ca0a6fd877]::process::ExitCode>::{closure#0}
[INFO] [stdout]   27:     0x5da7c8baaf3b - <&dyn core[a373ad73a504971]::ops::function::Fn<(), Output = i32> + core[a373ad73a504971]::marker::Sync + core[a373ad73a504971]::panic::unwind_safe::RefUnwindSafe as core[a373ad73a504971]::ops::function::FnOnce<()>>::call_once
[INFO] [stdout]                                at /rustc/e3feeb59cd1bdd011a2bfcc0747b55125d9b8527/library/core/src/ops/function.rs:287:21
[INFO] [stdout]   28:     0x5da7c8baaf3b - std[617be2ca0a6fd877]::panicking::catch_unwind::do_call::<&dyn core[a373ad73a504971]::ops::function::Fn<(), Output = i32> + core[a373ad73a504971]::marker::Sync + core[a373ad73a504971]::panic::unwind_safe::RefUnwindSafe, i32>
[INFO] [stdout]                                at /rustc/e3feeb59cd1bdd011a2bfcc0747b55125d9b8527/library/std/src/panicking.rs:573:43
[INFO] [stdout]   29:     0x5da7c8baaf3b - std[617be2ca0a6fd877]::panicking::catch_unwind::<i32, &dyn core[a373ad73a504971]::ops::function::Fn<(), Output = i32> + core[a373ad73a504971]::marker::Sync + core[a373ad73a504971]::panic::unwind_safe::RefUnwindSafe>
[INFO] [stdout]                                at /rustc/e3feeb59cd1bdd011a2bfcc0747b55125d9b8527/library/std/src/panicking.rs:541:19
[INFO] [stdout]   30:     0x5da7c8baaf3b - std[617be2ca0a6fd877]::panic::catch_unwind::<&dyn core[a373ad73a504971]::ops::function::Fn<(), Output = i32> + core[a373ad73a504971]::marker::Sync + core[a373ad73a504971]::panic::unwind_safe::RefUnwindSafe, i32>
[INFO] [stdout]                                at /rustc/e3feeb59cd1bdd011a2bfcc0747b55125d9b8527/library/std/src/panic.rs:359:14
[INFO] [stdout]   31:     0x5da7c8baaf3b - std[617be2ca0a6fd877]::rt::lang_start_internal::{closure#0}
[INFO] [stdout]                                at /rustc/e3feeb59cd1bdd011a2bfcc0747b55125d9b8527/library/std/src/rt.rs:175:24
[INFO] [stdout]   32:     0x5da7c8baaf3b - std[617be2ca0a6fd877]::panicking::catch_unwind::do_call::<std[617be2ca0a6fd877]::rt::lang_start_internal::{closure#0}, isize>
[INFO] [stdout]                                at /rustc/e3feeb59cd1bdd011a2bfcc0747b55125d9b8527/library/std/src/panicking.rs:573:43
[INFO] [stdout]   33:     0x5da7c8baaf3b - std[617be2ca0a6fd877]::panicking::catch_unwind::<isize, std[617be2ca0a6fd877]::rt::lang_start_internal::{closure#0}>
[INFO] [stdout]                                at /rustc/e3feeb59cd1bdd011a2bfcc0747b55125d9b8527/library/std/src/panicking.rs:541:19
[INFO] [stdout]   34:     0x5da7c8baaf3b - std[617be2ca0a6fd877]::panic::catch_unwind::<std[617be2ca0a6fd877]::rt::lang_start_internal::{closure#0}, isize>
[INFO] [stdout]                                at /rustc/e3feeb59cd1bdd011a2bfcc0747b55125d9b8527/library/std/src/panic.rs:359:14
[INFO] [stdout]   35:     0x5da7c8baaf3b - std[617be2ca0a6fd877]::rt::lang_start_internal
[INFO] [stdout]                                at /rustc/e3feeb59cd1bdd011a2bfcc0747b55125d9b8527/library/std/src/rt.rs:171:5
[INFO] [stdout]   36:     0x5da7c896ced0 - std[617be2ca0a6fd877]::rt::lang_start::<std[617be2ca0a6fd877]::process::ExitCode>
[INFO] [stdout]   37:     0x5da7c8971c15 - main
[INFO] [stdout]   38:     0x76ad9e004601 - <unknown>
[INFO] [stdout]   39:     0x76ad9e004718 - __libc_start_main
[INFO] [stdout]   40:     0x5da7c896bfd5 - _start
[INFO] [stdout]   41:                0x0 - <unknown>
[INFO] [stdout] 
[INFO] [stdout] 
[INFO] [stdout] 
[INFO] [stdout] failures:
[INFO] [stdout]     src/session.rs - session::PtySession::new (line 192)
[INFO] [stdout] 
[INFO] [stdout] test result: FAILED. 13 passed; 1 failed; 0 ignored; 0 measured; 0 filtered out; finished in 1.43s
[INFO] [stdout] 
[INFO] [stdout] all doctests ran in 6.85s; merged doctests compilation took 5.41s
[INFO] [stderr] error: doctest failed, to rerun pass `--doc`
[INFO] running `Command { std: "docker" "inspect" "f2afbbfaf303ace5220ae5f984f6cc5a45c284bda7b412bad29257e40b61cea4", kill_on_drop: false }`
[INFO] running `Command { std: "docker" "rm" "-f" "f2afbbfaf303ace5220ae5f984f6cc5a45c284bda7b412bad29257e40b61cea4", kill_on_drop: false }`
[INFO] [stdout] f2afbbfaf303ace5220ae5f984f6cc5a45c284bda7b412bad29257e40b61cea4
