[INFO] cloning repository https://github.com/parthik19/kvs
[INFO] running `Command { std: "git" "-c" "credential.helper=" "-c" "credential.helper=/workspace/cargo-home/bin/git-credential-null" "clone" "--bare" "https://github.com/parthik19/kvs" "/workspace/cache/git-repos/https%3A%2F%2Fgithub.com%2Fparthik19%2Fkvs", kill_on_drop: false }`
[INFO] [stderr] Cloning into bare repository '/workspace/cache/git-repos/https%3A%2F%2Fgithub.com%2Fparthik19%2Fkvs'...
[INFO] running `Command { std: "git" "rev-parse" "HEAD", kill_on_drop: false }`
[INFO] [stdout] 057dca0ac567875c9d733691960734482a670a32
[INFO] testing parthik19/kvs against 1.100.0-beta.1+cargoflags=--release for beta-release-1.100-2
[INFO] running `Command { std: "git" "clone" "/workspace/cache/git-repos/https%3A%2F%2Fgithub.com%2Fparthik19%2Fkvs" "/workspace/builds/worker-3-tc2/source", kill_on_drop: false }`
[INFO] [stderr] Cloning into '/workspace/builds/worker-3-tc2/source'...
[INFO] [stderr] done.
[INFO] started tweaking git repo https://github.com/parthik19/kvs
[INFO] finished tweaking git repo https://github.com/parthik19/kvs
[INFO] tweaked toml for git repo https://github.com/parthik19/kvs written to /workspace/builds/worker-3-tc2/source/Cargo.toml
[INFO] validating manifest of git repo https://github.com/parthik19/kvs on toolchain 1.100.0-beta.1
[INFO] running `Command { std: CARGO_HOME="/workspace/cargo-home" RUSTUP_HOME="/workspace/rustup-home" "/workspace/cargo-home/bin/cargo" "+1.100.0-beta.1" "metadata" "--manifest-path" "Cargo.toml" "--no-deps", kill_on_drop: false }`
[INFO] crate git repo https://github.com/parthik19/kvs already has a lockfile, it will not be regenerated
[INFO] running `Command { std: CARGO_HOME="/workspace/cargo-home" RUSTUP_HOME="/workspace/rustup-home" "/workspace/cargo-home/bin/cargo" "+1.100.0-beta.1" "fetch" "--manifest-path" "Cargo.toml", kill_on_drop: false }`
[INFO] running `Command { std: "docker" "create" "-v" "/var/lib/crater-agent-workspace/builds/worker-3-tc2/source:/opt/rustwide/workdir:ro,Z" "-v" "/var/lib/crater-agent-workspace/builds/worker-3-tc2/target:/opt/rustwide/target:rw,Z" "-v" "/var/lib/crater-agent-workspace/cargo-home:/opt/rustwide/cargo-home:ro,Z" "-v" "/var/lib/crater-agent-workspace/rustup-home:/opt/rustwide/rustup-home:ro,Z" "-m" "1610612736" "--network" "none" "ghcr.io/rust-lang/crates-build-env/linux@sha256:77db811e55d90add9212f6832c23229e3de5f1c1f9905e8cb07319ea15df73ac" "sleep" "infinity", kill_on_drop: false }`
[INFO] [stdout] 232bf864e9c05d1c9abef6a5c46bf1db896e9e301df4e4e6072696071e58f3c3
[INFO] running `Command { std: "docker" "start" "232bf864e9c05d1c9abef6a5c46bf1db896e9e301df4e4e6072696071e58f3c3", kill_on_drop: false }`
[INFO] running `Command { std: "docker" "inspect" "232bf864e9c05d1c9abef6a5c46bf1db896e9e301df4e4e6072696071e58f3c3", kill_on_drop: false }`
[INFO] running `Command { std: "docker" "exec" "-e" "SOURCE_DIR=/opt/rustwide/workdir" "-e" "CARGO_HOME=/opt/rustwide/cargo-home" "-e" "RUSTUP_HOME=/opt/rustwide/rustup-home" "-e" "CARGO_TARGET_DIR=/opt/rustwide/target" "-w" "/opt/rustwide/workdir" "--user" "0:0" "232bf864e9c05d1c9abef6a5c46bf1db896e9e301df4e4e6072696071e58f3c3" "/opt/rustwide/cargo-home/bin/cargo" "+1.100.0-beta.1" "metadata" "--no-deps" "--format-version=1", kill_on_drop: false }`
[INFO] running `Command { std: "docker" "inspect" "232bf864e9c05d1c9abef6a5c46bf1db896e9e301df4e4e6072696071e58f3c3", kill_on_drop: false }`
[INFO] running `Command { std: "docker" "exec" "-e" "SOURCE_DIR=/opt/rustwide/workdir" "-e" "CARGO_HOME=/opt/rustwide/cargo-home" "-e" "RUSTUP_HOME=/opt/rustwide/rustup-home" "-e" "CARGO_TARGET_DIR=/opt/rustwide/target" "-e" "CARGO_INCREMENTAL=0" "-e" "RUST_BACKTRACE=full" "-e" "RUSTFLAGS=--cap-lints=warn" "-e" "RUSTDOCFLAGS=--cap-lints=warn" "-w" "/opt/rustwide/workdir" "--user" "0:0" "232bf864e9c05d1c9abef6a5c46bf1db896e9e301df4e4e6072696071e58f3c3" "/opt/rustwide/cargo-home/bin/cargo" "+1.100.0-beta.1" "build" "--frozen" "--message-format=json" "--release", kill_on_drop: false }`
[INFO] [stderr]    Compiling autocfg v1.0.1
[INFO] [stderr]    Compiling proc-macro2 v1.0.24
[INFO] [stderr]    Compiling libc v0.2.86
[INFO] [stderr]    Compiling unicode-xid v0.2.1
[INFO] [stderr]    Compiling syn v1.0.60
[INFO] [stderr]    Compiling version_check v0.9.2
[INFO] [stderr]    Compiling serde_derive v1.0.123
[INFO] [stderr]    Compiling bitflags v1.2.1
[INFO] [stderr]    Compiling scopeguard v1.1.0
[INFO] [stderr]    Compiling log v0.4.14
[INFO] [stderr]    Compiling unicode-width v0.1.8
[INFO] [stderr]    Compiling failure_derive v0.1.8
[INFO] [stderr]    Compiling adler v0.2.3
[INFO] [stderr]    Compiling gimli v0.23.0
[INFO] [stderr]    Compiling instant v0.1.9
[INFO] [stderr]    Compiling ryu v1.0.5
[INFO] [stderr]    Compiling unicode-segmentation v1.7.1
[INFO] [stderr]    Compiling serde v1.0.123
[INFO] [stderr]    Compiling crc32fast v1.2.1
[INFO] [stderr]    Compiling smallvec v1.6.1
[INFO] [stderr]    Compiling heck v0.3.2
[INFO] [stderr]    Compiling lock_api v0.4.2
[INFO] [stderr]    Compiling num-traits v0.2.14
[INFO] [stderr]    Compiling memoffset v0.6.1
[INFO] [stderr]    Compiling num-integer v0.1.44
[INFO] [stderr]    Compiling miniz_oxide v0.4.3
[INFO] [stderr]    Compiling crossbeam-utils v0.8.2
[INFO] [stderr]    Compiling textwrap v0.11.0
[INFO] [stderr]    Compiling rustc-demangle v0.1.18
[INFO] [stderr]    Compiling object v0.23.0
[INFO] [stderr]    Compiling serde_json v1.0.62
[INFO] [stderr]    Compiling ansi_term v0.11.0
[INFO] [stderr]    Compiling byteorder v1.4.2
[INFO] [stderr]    Compiling itoa v0.4.7
[INFO] [stderr]    Compiling proc-macro-error-attr v1.0.4
[INFO] [stderr]    Compiling proc-macro-error v1.0.4
[INFO] [stderr]    Compiling termcolor v1.1.2
[INFO] [stderr]    Compiling parking_lot_core v0.8.3
[INFO] [stderr]    Compiling time v0.1.43
[INFO] [stderr]    Compiling atty v0.2.14
[INFO] [stderr]    Compiling clap v2.33.3
[INFO] [stderr]    Compiling fs2 v0.4.3
[INFO] [stderr]    Compiling crossbeam-epoch v0.9.2
[INFO] [stderr]    Compiling fxhash v0.2.1
[INFO] [stderr]    Compiling parking_lot v0.11.1
[INFO] [stderr]    Compiling quote v1.0.9
[INFO] [stderr]    Compiling sled v0.34.6
[INFO] [stderr]    Compiling chrono v0.4.19
[INFO] [stderr]    Compiling simplelog v0.9.0
[INFO] [stderr]    Compiling addr2line v0.14.1
[INFO] [stderr]    Compiling backtrace v0.3.56
[INFO] [stderr]    Compiling synstructure v0.12.4
[INFO] [stderr]    Compiling structopt-derive v0.4.14
[INFO] [stderr]    Compiling failure v0.1.8
[INFO] [stderr]    Compiling structopt v0.3.21
[INFO] [stderr]    Compiling kvs v0.1.0 (/opt/rustwide/workdir)
[INFO] [stdout] warning: use of deprecated module `std::u64`: all constants in this module replaced by associated constants on the type
[INFO] [stdout]   --> src/lib.rs:13:5
[INFO] [stdout]    |
[INFO] [stdout] 13 |     u64,
[INFO] [stdout]    |     ^^^
[INFO] [stdout]    |
[INFO] [stdout]    = note: `#[warn(deprecated)]` on by default
[INFO] [stdout] 
[INFO] [stdout] 
[INFO] [stderr]     Finished `release` profile [optimized] target(s) in 43.20s
[INFO] running `Command { std: "docker" "inspect" "232bf864e9c05d1c9abef6a5c46bf1db896e9e301df4e4e6072696071e58f3c3", kill_on_drop: false }`
[INFO] running `Command { std: "docker" "exec" "-e" "SOURCE_DIR=/opt/rustwide/workdir" "-e" "CARGO_HOME=/opt/rustwide/cargo-home" "-e" "RUSTUP_HOME=/opt/rustwide/rustup-home" "-e" "CARGO_TARGET_DIR=/opt/rustwide/target" "-e" "CARGO_INCREMENTAL=0" "-e" "RUST_BACKTRACE=full" "-e" "RUSTFLAGS=--cap-lints=warn" "-e" "RUSTDOCFLAGS=--cap-lints=warn" "-w" "/opt/rustwide/workdir" "--user" "0:0" "232bf864e9c05d1c9abef6a5c46bf1db896e9e301df4e4e6072696071e58f3c3" "/opt/rustwide/cargo-home/bin/cargo" "+1.100.0-beta.1" "test" "--frozen" "--no-run" "--message-format=json" "--release", kill_on_drop: false }`
[INFO] [stderr]    Compiling memchr v2.3.4
[INFO] [stderr]    Compiling autocfg v0.1.7
[INFO] [stderr]    Compiling rand_core v0.4.2
[INFO] [stderr]    Compiling semver-parser v0.7.0
[INFO] [stderr]    Compiling getrandom v0.2.2
[INFO] [stderr]    Compiling once_cell v1.5.2
[INFO] [stderr]    Compiling either v1.6.1
[INFO] [stderr]    Compiling rayon-core v1.9.0
[INFO] [stderr]    Compiling regex-syntax v0.6.22
[INFO] [stderr]    Compiling crossbeam-deque v0.8.0
[INFO] [stderr]    Compiling crossbeam-channel v0.5.0
[INFO] [stderr]    Compiling regex-automata v0.1.9
[INFO] [stderr]    Compiling num_cpus v1.13.0
[INFO] [stderr]    Compiling rayon v1.5.0
[INFO] [stderr]    Compiling ppv-lite86 v0.2.10
[INFO] [stderr]    Compiling predicates-core v1.0.2
[INFO] [stderr]    Compiling plotters-backend v0.3.0
[INFO] [stderr]    Compiling escargot v0.4.0
[INFO] [stderr]    Compiling itertools v0.9.0
[INFO] [stderr]    Compiling rand_chacha v0.1.1
[INFO] [stderr]    Compiling rand_pcg v0.1.2
[INFO] [stderr]    Compiling plotters-svg v0.3.0
[INFO] [stderr]    Compiling rand v0.6.5
[INFO] [stderr]    Compiling thread_local v1.1.3
[INFO] [stderr]    Compiling float-cmp v0.8.0
[INFO] [stderr]    Compiling treeline v0.1.0
[INFO] [stderr]    Compiling difference v2.0.0
[INFO] [stderr]    Compiling semver v0.9.0
[INFO] [stderr]    Compiling rand_core v0.6.2
[INFO] [stderr]    Compiling rand_core v0.3.1
[INFO] [stderr]    Compiling normalize-line-endings v0.3.0
[INFO] [stderr]    Compiling aho-corasick v0.7.15
[INFO] [stderr]    Compiling csv-core v0.1.10
[INFO] [stderr]    Compiling rustc_version v0.2.3
[INFO] [stderr]    Compiling bstr v0.2.15
[INFO] [stderr]    Compiling half v1.7.1
[INFO] [stderr]    Compiling rand_chacha v0.3.0
[INFO] [stderr]    Compiling rand_isaac v0.1.1
[INFO] [stderr]    Compiling rand_xorshift v0.1.1
[INFO] [stderr]    Compiling rand_hc v0.1.0
[INFO] [stderr]    Compiling cast v0.2.3
[INFO] [stderr]    Compiling predicates-tree v1.0.2
[INFO] [stderr]    Compiling serde_cbor v0.11.1
[INFO] [stderr]    Compiling rand_os v0.1.3
[INFO] [stderr]    Compiling rand v0.8.3
[INFO] [stderr]    Compiling rand_jitter v0.1.4
[INFO] [stderr]    Compiling walkdir v2.3.1
[INFO] [stderr]    Compiling plotters v0.3.0
[INFO] [stderr]    Compiling itertools v0.10.0
[INFO] [stdout] warning: use of deprecated module `std::u64`: all constants in this module replaced by associated constants on the type
[INFO] [stdout]   --> src/lib.rs:13:5
[INFO] [stdout]    |
[INFO] [stdout] 13 |     u64,
[INFO] [stdout]    |     ^^^
[INFO] [stdout]    |
[INFO] [stdout]    = note: `#[warn(deprecated)]` on by default
[INFO] [stdout] 
[INFO] [stdout] 
[INFO] [stderr]    Compiling tinytemplate v1.2.0
[INFO] [stderr]    Compiling oorandom v11.1.3
[INFO] [stderr]    Compiling remove_dir_all v0.5.3
[INFO] [stderr]    Compiling csv v1.1.5
[INFO] [stderr]    Compiling criterion-plot v0.4.3
[INFO] [stderr]    Compiling tempfile v3.2.0
[INFO] [stderr]    Compiling regex v1.4.3
[INFO] [stderr]    Compiling predicates v1.0.7
[INFO] [stderr]    Compiling assert_cmd v0.11.1
[INFO] [stderr]    Compiling criterion v0.3.4
[INFO] [stderr]    Compiling kvs v0.1.0 (/opt/rustwide/workdir)
[INFO] [stdout] warning: use of deprecated module `std::u64`: all constants in this module replaced by associated constants on the type
[INFO] [stdout]   --> src/lib.rs:13:5
[INFO] [stdout]    |
[INFO] [stdout] 13 |     u64,
[INFO] [stdout]    |     ^^^
[INFO] [stdout]    |
[INFO] [stdout]    = note: `#[warn(deprecated)]` on by default
[INFO] [stdout] 
[INFO] [stdout] 
[INFO] [stderr]     Finished `release` profile [optimized] target(s) in 43.79s
[INFO] [stderr] warning: the following packages contain code that will be rejected by a future version of Rust: criterion v0.3.4
[INFO] [stderr] note: to see what the problems were, use the option `--future-incompat-report`, or run `cargo report future-incompatibilities --id 3`
[INFO] running `Command { std: "docker" "inspect" "232bf864e9c05d1c9abef6a5c46bf1db896e9e301df4e4e6072696071e58f3c3", kill_on_drop: false }`
[INFO] running `Command { std: "docker" "exec" "-e" "SOURCE_DIR=/opt/rustwide/workdir" "-e" "CARGO_HOME=/opt/rustwide/cargo-home" "-e" "RUSTUP_HOME=/opt/rustwide/rustup-home" "-e" "CARGO_TARGET_DIR=/opt/rustwide/target" "-e" "CARGO_INCREMENTAL=0" "-e" "RUST_BACKTRACE=full" "-e" "RUSTFLAGS=--cap-lints=warn" "-e" "RUSTDOCFLAGS=--cap-lints=warn" "-w" "/opt/rustwide/workdir" "--user" "0:0" "232bf864e9c05d1c9abef6a5c46bf1db896e9e301df4e4e6072696071e58f3c3" "/opt/rustwide/cargo-home/bin/cargo" "+1.100.0-beta.1" "test" "--frozen" "--release", kill_on_drop: false }`
[INFO] [stderr] warning: use of deprecated module `std::u64`: all constants in this module replaced by associated constants on the type
[INFO] [stderr]   --> src/lib.rs:13:5
[INFO] [stderr]    |
[INFO] [stderr] 13 |     u64,
[INFO] [stderr]    |     ^^^
[INFO] [stderr]    |
[INFO] [stderr]    = note: `#[warn(deprecated)]` on by default
[INFO] [stderr] 
[INFO] [stderr] warning: `kvs` (lib) generated 1 warning
[INFO] [stderr] warning: `kvs` (lib test) generated 1 warning (1 duplicate)
[INFO] [stderr]     Finished `release` profile [optimized] target(s) in 0.20s
[INFO] [stderr] warning: the following packages contain code that will be rejected by a future version of Rust: criterion v0.3.4
[INFO] [stderr] note: to see what the problems were, use the option `--future-incompat-report`, or run `cargo report future-incompatibilities --id 3`
[INFO] [stderr]      Running unittests src/lib.rs (/opt/rustwide/target/release/build/kvs/e25aec16ef21530e/out/kvs-e25aec16ef21530e)
[INFO] [stdout] 
[INFO] [stdout] running 0 tests
[INFO] [stdout] 
[INFO] [stdout] test result: ok. 0 passed; 0 failed; 0 ignored; 0 measured; 0 filtered out; finished in 0.00s
[INFO] [stdout] 
[INFO] [stderr]      Running unittests src/bin/kvs-client.rs (/opt/rustwide/target/release/build/kvs/df105309b717decb/out/kvs_client-df105309b717decb)
[INFO] [stderr]      Running unittests src/bin/kvs-server.rs (/opt/rustwide/target/release/build/kvs/83194a61f5978e89/out/kvs_server-83194a61f5978e89)
[INFO] [stdout] 
[INFO] [stdout] running 0 tests
[INFO] [stdout] 
[INFO] [stdout] test result: ok. 0 passed; 0 failed; 0 ignored; 0 measured; 0 filtered out; finished in 0.00s
[INFO] [stdout] 
[INFO] [stdout] 
[INFO] [stdout] running 0 tests
[INFO] [stdout] 
[INFO] [stdout] test result: ok. 0 passed; 0 failed; 0 ignored; 0 measured; 0 filtered out; finished in 0.00s
[INFO] [stdout] 
[INFO] [stderr]      Running tests/cli.rs (/opt/rustwide/target/release/build/kvs/720f71241947eb29/out/cli-720f71241947eb29)
[INFO] [stdout] 
[INFO] [stdout] running 11 tests
[INFO] [stdout] test cli_wrong_engine ... FAILED
[INFO] [stdout] test client_cli_invalid_get ... FAILED
[INFO] [stdout] test cli_access_server_sled_engine ... FAILED
[INFO] [stdout] test client_cli_no_args ... FAILED
[INFO] [stdout] test cli_log_configuration ... FAILED
[INFO] [stdout] test client_cli_invalid_subcommand ... FAILED
[INFO] [stdout] test client_cli_version ... FAILED
[INFO] [stdout] test client_cli_invalid_rm ... FAILED
[INFO] [stdout] test server_cli_version ... FAILED
[INFO] [stdout] test cli_access_server_kvs_engine ... FAILED
[INFO] [stdout] test client_cli_invalid_set ... FAILED
[INFO] [stdout] 
[INFO] [stdout] failures:
[INFO] [stdout] 
[INFO] [stdout] ---- cli_wrong_engine stdout ----
[INFO] [stdout] 
[INFO] [stdout] thread 'cli_wrong_engine' (2693) panicked at tests/cli.rs:179:56:
[INFO] [stdout] called `Result::unwrap()` on an `Err` value: CargoError { cause: Some(NotFoundError { path: "/opt/rustwide/target/release/build/kvs/720f71241947eb29/out/kvs-server" }) }
[INFO] [stdout] stack backtrace:
[INFO] [stdout]    0:     0x6419e70f6841 - <<std[617be2ca0a6fd877]::sys::backtrace::BacktraceLock>::print::DisplayBacktrace as core[a373ad73a504971]::fmt::Display>::fmt
[INFO] [stdout]    1:     0x6419e710c77a - core[a373ad73a504971]::fmt::write
[INFO] [stdout]    2:     0x6419e70fbf6c - <alloc[2e1b2a31b91974c5]::vec::Vec<u8> as core[a373ad73a504971]::io::write::Write>::write_fmt
[INFO] [stdout]    3:     0x6419e70d1076 - std[617be2ca0a6fd877]::panicking::default_hook::{closure#0}
[INFO] [stdout]    4:     0x6419e70ee359 - std[617be2ca0a6fd877]::panicking::default_hook
[INFO] [stdout]    5:     0x6419e707d070 - test[aada8e7e76ba119b]::test_main_inner::{closure#0}
[INFO] [stdout]    6:     0x6419e70ee512 - std[617be2ca0a6fd877]::panicking::panic_with_hook
[INFO] [stdout]    7:     0x6419e70d1122 - std[617be2ca0a6fd877]::panicking::panic_handler::{closure#0}
[INFO] [stdout]    8:     0x6419e70c9b89 - std[617be2ca0a6fd877]::sys::backtrace::__rust_end_short_backtrace::<std[617be2ca0a6fd877]::panicking::panic_handler::{closure#0}, !>
[INFO] [stdout]    9:     0x6419e70d1d2d - __rustc[ea4f61d10b84890b]::rust_begin_unwind
[INFO] [stdout]   10:     0x6419e710ceac - core[a373ad73a504971]::panicking::panic_fmt
[INFO] [stdout]   11:     0x6419e710cc82 - core[a373ad73a504971]::result::unwrap_failed
[INFO] [stdout]   12:     0x6419e706444e - <cli[7ab4d5e035601511]::cli_wrong_engine::{closure#0} as core[a373ad73a504971]::ops::function::FnOnce<()>>::call_once
[INFO] [stdout]   13:     0x6419e70704bb - test[aada8e7e76ba119b]::__rust_begin_short_backtrace::<core[a373ad73a504971]::result::Result<(), alloc[2e1b2a31b91974c5]::string::String>, fn() -> core[a373ad73a504971]::result::Result<(), alloc[2e1b2a31b91974c5]::string::String>>
[INFO] [stdout]   14:     0x6419e707d695 - test[aada8e7e76ba119b]::run_test::{closure#0}
[INFO] [stdout]   15:     0x6419e7076f84 - std[617be2ca0a6fd877]::sys::backtrace::__rust_begin_short_backtrace::<test[aada8e7e76ba119b]::run_test::{closure#1}, ()>
[INFO] [stdout]   16:     0x6419e7080722 - <std[617be2ca0a6fd877]::thread::lifecycle::spawn_unchecked<test[aada8e7e76ba119b]::run_test::{closure#1}, ()>::{closure#1} as core[a373ad73a504971]::ops::function::FnOnce<()>>::call_once::{shim:vtable#0}
[INFO] [stdout]   17:     0x6419e70f5cbf - <std[617be2ca0a6fd877]::sys::thread::unix::Thread>::new::thread_start
[INFO] [stdout]   18:     0x746e98e8edfa - <unknown>
[INFO] [stdout]   19:     0x746e98f223d4 - clone
[INFO] [stdout]   20:                0x0 - <unknown>
[INFO] [stdout] 
[INFO] [stdout] ---- client_cli_invalid_get stdout ----
[INFO] [stdout] 
[INFO] [stdout] thread 'client_cli_invalid_get' (2694) panicked at tests/cli.rs:22:10:
[INFO] [stdout] called `Result::unwrap()` on an `Err` value: CargoError { cause: Some(NotFoundError { path: "/opt/rustwide/target/release/build/kvs/720f71241947eb29/out/kvs-client" }) }
[INFO] [stdout] stack backtrace:
[INFO] [stdout]    0:     0x6419e70f6841 - <<std[617be2ca0a6fd877]::sys::backtrace::BacktraceLock>::print::DisplayBacktrace as core[a373ad73a504971]::fmt::Display>::fmt
[INFO] [stdout]    1:     0x6419e710c77a - core[a373ad73a504971]::fmt::write
[INFO] [stdout]    2:     0x6419e70fbf6c - <alloc[2e1b2a31b91974c5]::vec::Vec<u8> as core[a373ad73a504971]::io::write::Write>::write_fmt
[INFO] [stdout]    3:     0x6419e70d1076 - std[617be2ca0a6fd877]::panicking::default_hook::{closure#0}
[INFO] [stdout]    4:     0x6419e70ee359 - std[617be2ca0a6fd877]::panicking::default_hook
[INFO] [stdout]    5:     0x6419e707d070 - test[aada8e7e76ba119b]::test_main_inner::{closure#0}
[INFO] [stdout]    6:     0x6419e70ee512 - std[617be2ca0a6fd877]::panicking::panic_with_hook
[INFO] [stdout]    7:     0x6419e70d1122 - std[617be2ca0a6fd877]::panicking::panic_handler::{closure#0}
[INFO] [stdout]    8:     0x6419e70c9b89 - std[617be2ca0a6fd877]::sys::backtrace::__rust_end_short_backtrace::<std[617be2ca0a6fd877]::panicking::panic_handler::{closure#0}, !>
[INFO] [stdout]    9:     0x6419e70d1d2d - __rustc[ea4f61d10b84890b]::rust_begin_unwind
[INFO] [stdout]   10:     0x6419e710ceac - core[a373ad73a504971]::panicking::panic_fmt
[INFO] [stdout]   11:     0x6419e710cc82 - core[a373ad73a504971]::result::unwrap_failed
[INFO] [stdout]   12:     0x6419e7065fd6 - <cli[7ab4d5e035601511]::client_cli_invalid_get::{closure#0} as core[a373ad73a504971]::ops::function::FnOnce<()>>::call_once
[INFO] [stdout]   13:     0x6419e70704bb - test[aada8e7e76ba119b]::__rust_begin_short_backtrace::<core[a373ad73a504971]::result::Result<(), alloc[2e1b2a31b91974c5]::string::String>, fn() -> core[a373ad73a504971]::result::Result<(), alloc[2e1b2a31b91974c5]::string::String>>
[INFO] [stdout]   14:     0x6419e707d695 - test[aada8e7e76ba119b]::run_test::{closure#0}
[INFO] [stdout]   15:     0x6419e7076f84 - std[617be2ca0a6fd877]::sys::backtrace::__rust_begin_short_backtrace::<test[aada8e7e76ba119b]::run_test::{closure#1}, ()>
[INFO] [stdout]   16:     0x6419e7080722 - <std[617be2ca0a6fd877]::thread::lifecycle::spawn_unchecked<test[aada8e7e76ba119b]::run_test::{closure#1}, ()>::{closure#1} as core[a373ad73a504971]::ops::function::FnOnce<()>>::call_once::{shim:vtable#0}
[INFO] [stdout]   17:     0x6419e70f5cbf - <std[617be2ca0a6fd877]::sys::thread::unix::Thread>::new::thread_start
[INFO] [stdout]   18:     0x746e98e8edfa - <unknown>
[INFO] [stdout]   19:     0x746e98f223d4 - clone
[INFO] [stdout]   20:                0x0 - <unknown>
[INFO] [stdout] 
[INFO] [stdout] ---- cli_access_server_sled_engine stdout ----
[INFO] [stdout] 
[INFO] [stdout] thread 'cli_access_server_sled_engine' (2691) panicked at tests/cli.rs:218:55:
[INFO] [stdout] called `Result::unwrap()` on an `Err` value: CargoError { cause: Some(NotFoundError { path: "/opt/rustwide/target/release/build/kvs/720f71241947eb29/out/kvs-server" }) }
[INFO] [stdout] stack backtrace:
[INFO] [stdout]    0:     0x6419e70f6841 - <<std[617be2ca0a6fd877]::sys::backtrace::BacktraceLock>::print::DisplayBacktrace as core[a373ad73a504971]::fmt::Display>::fmt
[INFO] [stdout]    1:     0x6419e710c77a - core[a373ad73a504971]::fmt::write
[INFO] [stdout]    2:     0x6419e70fbf6c - <alloc[2e1b2a31b91974c5]::vec::Vec<u8> as core[a373ad73a504971]::io::write::Write>::write_fmt
[INFO] [stdout]    3:     0x6419e70d1076 - std[617be2ca0a6fd877]::panicking::default_hook::{closure#0}
[INFO] [stdout]    4:     0x6419e70ee359 - std[617be2ca0a6fd877]::panicking::default_hook
[INFO] [stdout]    5:     0x6419e707d070 - test[aada8e7e76ba119b]::test_main_inner::{closure#0}
[INFO] [stdout]    6:     0x6419e70ee512 - std[617be2ca0a6fd877]::panicking::panic_with_hook
[INFO] [stdout]    7:     0x6419e70d1122 - std[617be2ca0a6fd877]::panicking::panic_handler::{closure#0}
[INFO] [stdout]    8:     0x6419e70c9b89 - std[617be2ca0a6fd877]::sys::backtrace::__rust_end_short_backtrace::<std[617be2ca0a6fd877]::panicking::panic_handler::{closure#0}, !>
[INFO] [stdout]    9:     0x6419e70d1d2d - __rustc[ea4f61d10b84890b]::rust_begin_unwind
[INFO] [stdout]   10:     0x6419e710ceac - core[a373ad73a504971]::panicking::panic_fmt
[INFO] [stdout]   11:     0x6419e710cc82 - core[a373ad73a504971]::result::unwrap_failed
[INFO] [stdout]   12:     0x6419e7062bcb - cli[7ab4d5e035601511]::cli_access_server
[INFO] [stdout]   13:     0x6419e70668dc - <cli[7ab4d5e035601511]::cli_access_server_sled_engine::{closure#0} as core[a373ad73a504971]::ops::function::FnOnce<()>>::call_once
[INFO] [stdout]   14:     0x6419e70704bb - test[aada8e7e76ba119b]::__rust_begin_short_backtrace::<core[a373ad73a504971]::result::Result<(), alloc[2e1b2a31b91974c5]::string::String>, fn() -> core[a373ad73a504971]::result::Result<(), alloc[2e1b2a31b91974c5]::string::String>>
[INFO] [stdout]   15:     0x6419e707d695 - test[aada8e7e76ba119b]::run_test::{closure#0}
[INFO] [stdout]   16:     0x6419e7076f84 - std[617be2ca0a6fd877]::sys::backtrace::__rust_begin_short_backtrace::<test[aada8e7e76ba119b]::run_test::{closure#1}, ()>
[INFO] [stdout]   17:     0x6419e7080722 - <std[617be2ca0a6fd877]::thread::lifecycle::spawn_unchecked<test[aada8e7e76ba119b]::run_test::{closure#1}, ()>::{closure#1} as core[a373ad73a504971]::ops::function::FnOnce<()>>::call_once::{shim:vtable#0}
[INFO] [stdout]   18:     0x6419e70f5cbf - <std[617be2ca0a6fd877]::sys::thread::unix::Thread>::new::thread_start
[INFO] [stdout]   19:     0x746e98e8edfa - <unknown>
[INFO] [stdout]   20:     0x746e98f223d4 - clone
[INFO] [stdout]   21:                0x0 - <unknown>
[INFO] [stdout] 
[INFO] [stdout] ---- client_cli_no_args stdout ----
[INFO] [stdout] 
[INFO] [stdout] thread 'client_cli_no_args' (2698) panicked at tests/cli.rs:14:52:
[INFO] [stdout] called `Result::unwrap()` on an `Err` value: CargoError { cause: Some(NotFoundError { path: "/opt/rustwide/target/release/build/kvs/720f71241947eb29/out/kvs-client" }) }
[INFO] [stdout] stack backtrace:
[INFO] [stdout]    0:     0x6419e70f6841 - <<std[617be2ca0a6fd877]::sys::backtrace::BacktraceLock>::print::DisplayBacktrace as core[a373ad73a504971]::fmt::Display>::fmt
[INFO] [stdout]    1:     0x6419e710c77a - core[a373ad73a504971]::fmt::write
[INFO] [stdout]    2:     0x6419e70fbf6c - <alloc[2e1b2a31b91974c5]::vec::Vec<u8> as core[a373ad73a504971]::io::write::Write>::write_fmt
[INFO] [stdout]    3:     0x6419e70d1076 - std[617be2ca0a6fd877]::panicking::default_hook::{closure#0}
[INFO] [stdout]    4:     0x6419e70ee359 - std[617be2ca0a6fd877]::panicking::default_hook
[INFO] [stdout]    5:     0x6419e707d070 - test[aada8e7e76ba119b]::test_main_inner::{closure#0}
[INFO] [stdout]    6:     0x6419e70ee512 - std[617be2ca0a6fd877]::panicking::panic_with_hook
[INFO] [stdout]    7:     0x6419e70d1122 - std[617be2ca0a6fd877]::panicking::panic_handler::{closure#0}
[INFO] [stdout]    8:     0x6419e70c9b89 - std[617be2ca0a6fd877]::sys::backtrace::__rust_end_short_backtrace::<std[617be2ca0a6fd877]::panicking::panic_handler::{closure#0}, !>
[INFO] [stdout]    9:     0x6419e70d1d2d - __rustc[ea4f61d10b84890b]::rust_begin_unwind
[INFO] [stdout]   10:     0x6419e710ceac - core[a373ad73a504971]::panicking::panic_fmt
[INFO] [stdout]   11:     0x6419e710cc82 - core[a373ad73a504971]::result::unwrap_failed
[INFO] [stdout]   12:     0x6419e7064939 - <cli[7ab4d5e035601511]::client_cli_no_args::{closure#0} as core[a373ad73a504971]::ops::function::FnOnce<()>>::call_once
[INFO] [stdout]   13:     0x6419e70704bb - test[aada8e7e76ba119b]::__rust_begin_short_backtrace::<core[a373ad73a504971]::result::Result<(), alloc[2e1b2a31b91974c5]::string::String>, fn() -> core[a373ad73a504971]::result::Result<(), alloc[2e1b2a31b91974c5]::string::String>>
[INFO] [stdout]   14:     0x6419e707d695 - test[aada8e7e76ba119b]::run_test::{closure#0}
[INFO] [stdout]   15:     0x6419e7076f84 - std[617be2ca0a6fd877]::sys::backtrace::__rust_begin_short_backtrace::<test[aada8e7e76ba119b]::run_test::{closure#1}, ()>
[INFO] [stdout]   16:     0x6419e7080722 - <std[617be2ca0a6fd877]::thread::lifecycle::spawn_unchecked<test[aada8e7e76ba119b]::run_test::{closure#1}, ()>::{closure#1} as core[a373ad73a504971]::ops::function::FnOnce<()>>::call_once::{shim:vtable#0}
[INFO] [stdout]   17:     0x6419e70f5cbf - <std[617be2ca0a6fd877]::sys::thread::unix::Thread>::new::thread_start
[INFO] [stdout]   18:     0x746e98e8edfa - <unknown>
[INFO] [stdout]   19:     0x746e98f223d4 - clone
[INFO] [stdout]   20:                0x0 - <unknown>
[INFO] [stdout] 
[INFO] [stdout] ---- cli_log_configuration stdout ----
[INFO] [stdout] 
[INFO] [stdout] thread 'cli_log_configuration' (2692) panicked at tests/cli.rs:158:52:
[INFO] [stdout] called `Result::unwrap()` on an `Err` value: CargoError { cause: Some(NotFoundError { path: "/opt/rustwide/target/release/build/kvs/720f71241947eb29/out/kvs-server" }) }
[INFO] [stdout] stack backtrace:
[INFO] [stdout]    0:     0x6419e70f6841 - <<std[617be2ca0a6fd877]::sys::backtrace::BacktraceLock>::print::DisplayBacktrace as core[a373ad73a504971]::fmt::Display>::fmt
[INFO] [stdout]    1:     0x6419e710c77a - core[a373ad73a504971]::fmt::write
[INFO] [stdout]    2:     0x6419e70fbf6c - <alloc[2e1b2a31b91974c5]::vec::Vec<u8> as core[a373ad73a504971]::io::write::Write>::write_fmt
[INFO] [stdout]    3:     0x6419e70d1076 - std[617be2ca0a6fd877]::panicking::default_hook::{closure#0}
[INFO] [stdout]    4:     0x6419e70ee359 - std[617be2ca0a6fd877]::panicking::default_hook
[INFO] [stdout]    5:     0x6419e707d070 - test[aada8e7e76ba119b]::test_main_inner::{closure#0}
[INFO] [stdout]    6:     0x6419e70ee512 - std[617be2ca0a6fd877]::panicking::panic_with_hook
[INFO] [stdout]    7:     0x6419e70d1122 - std[617be2ca0a6fd877]::panicking::panic_handler::{closure#0}
[INFO] [stdout]    8:     0x6419e70c9b89 - std[617be2ca0a6fd877]::sys::backtrace::__rust_end_short_backtrace::<std[617be2ca0a6fd877]::panicking::panic_handler::{closure#0}, !>
[INFO] [stdout]    9:     0x6419e70d1d2d - __rustc[ea4f61d10b84890b]::rust_begin_unwind
[INFO] [stdout]   10:     0x6419e710ceac - core[a373ad73a504971]::panicking::panic_fmt
[INFO] [stdout]   11:     0x6419e710cc82 - core[a373ad73a504971]::result::unwrap_failed
[INFO] [stdout]   12:     0x6419e7065380 - <cli[7ab4d5e035601511]::cli_log_configuration::{closure#0} as core[a373ad73a504971]::ops::function::FnOnce<()>>::call_once
[INFO] [stdout]   13:     0x6419e70704bb - test[aada8e7e76ba119b]::__rust_begin_short_backtrace::<core[a373ad73a504971]::result::Result<(), alloc[2e1b2a31b91974c5]::string::String>, fn() -> core[a373ad73a504971]::result::Result<(), alloc[2e1b2a31b91974c5]::string::String>>
[INFO] [stdout]   14:     0x6419e707d695 - test[aada8e7e76ba119b]::run_test::{closure#0}
[INFO] [stdout]   15:     0x6419e7076f84 - std[617be2ca0a6fd877]::sys::backtrace::__rust_begin_short_backtrace::<test[aada8e7e76ba119b]::run_test::{closure#1}, ()>
[INFO] [stdout]   16:     0x6419e7080722 - <std[617be2ca0a6fd877]::thread::lifecycle::spawn_unchecked<test[aada8e7e76ba119b]::run_test::{closure#1}, ()>::{closure#1} as core[a373ad73a504971]::ops::function::FnOnce<()>>::call_once::{shim:vtable#0}
[INFO] [stdout]   17:     0x6419e70f5cbf - <std[617be2ca0a6fd877]::sys::thread::unix::Thread>::new::thread_start
[INFO] [stdout]   18:     0x746e98e8edfa - <unknown>
[INFO] [stdout]   19:     0x746e98f223d4 - clone
[INFO] [stdout]   20:                0x0 - <unknown>
[INFO] [stdout] 
[INFO] [stdout] ---- client_cli_invalid_subcommand stdout ----
[INFO] [stdout] 
[INFO] [stdout] thread 'client_cli_invalid_subcommand' (2697) panicked at tests/cli.rs:125:10:
[INFO] [stdout] called `Result::unwrap()` on an `Err` value: CargoError { cause: Some(NotFoundError { path: "/opt/rustwide/target/release/build/kvs/720f71241947eb29/out/kvs-client" }) }
[INFO] [stdout] stack backtrace:
[INFO] [stdout]    0:     0x6419e70f6841 - <<std[617be2ca0a6fd877]::sys::backtrace::BacktraceLock>::print::DisplayBacktrace as core[a373ad73a504971]::fmt::Display>::fmt
[INFO] [stdout]    1:     0x6419e710c77a - core[a373ad73a504971]::fmt::write
[INFO] [stdout]    2:     0x6419e70fbf6c - <alloc[2e1b2a31b91974c5]::vec::Vec<u8> as core[a373ad73a504971]::io::write::Write>::write_fmt
[INFO] [stdout]    3:     0x6419e70d1076 - std[617be2ca0a6fd877]::panicking::default_hook::{closure#0}
[INFO] [stdout]    4:     0x6419e70ee359 - std[617be2ca0a6fd877]::panicking::default_hook
[INFO] [stdout]    5:     0x6419e707d070 - test[aada8e7e76ba119b]::test_main_inner::{closure#0}
[INFO] [stdout]    6:     0x6419e70ee512 - std[617be2ca0a6fd877]::panicking::panic_with_hook
[INFO] [stdout]    7:     0x6419e70d1122 - std[617be2ca0a6fd877]::panicking::panic_handler::{closure#0}
[INFO] [stdout]    8:     0x6419e70c9b89 - std[617be2ca0a6fd877]::sys::backtrace::__rust_end_short_backtrace::<std[617be2ca0a6fd877]::panicking::panic_handler::{closure#0}, !>
[INFO] [stdout]    9:     0x6419e70d1d2d - __rustc[ea4f61d10b84890b]::rust_begin_unwind
[INFO] [stdout]   10:     0x6419e710ceac - core[a373ad73a504971]::panicking::panic_fmt
[INFO] [stdout]   11:     0x6419e710cc82 - core[a373ad73a504971]::result::unwrap_failed
[INFO] [stdout]   12:     0x6419e7066a85 - <cli[7ab4d5e035601511]::client_cli_invalid_subcommand::{closure#0} as core[a373ad73a504971]::ops::function::FnOnce<()>>::call_once
[INFO] [stdout]   13:     0x6419e70704bb - test[aada8e7e76ba119b]::__rust_begin_short_backtrace::<core[a373ad73a504971]::result::Result<(), alloc[2e1b2a31b91974c5]::string::String>, fn() -> core[a373ad73a504971]::result::Result<(), alloc[2e1b2a31b91974c5]::string::String>>
[INFO] [stdout]   14:     0x6419e707d695 - test[aada8e7e76ba119b]::run_test::{closure#0}
[INFO] [stdout]   15:     0x6419e7076f84 - std[617be2ca0a6fd877]::sys::backtrace::__rust_begin_short_backtrace::<test[aada8e7e76ba119b]::run_test::{closure#1}, ()>
[INFO] [stdout]   16:     0x6419e7080722 - <std[617be2ca0a6fd877]::thread::lifecycle::spawn_unchecked<test[aada8e7e76ba119b]::run_test::{closure#1}, ()>::{closure#1} as core[a373ad73a504971]::ops::function::FnOnce<()>>::call_once::{shim:vtable#0}
[INFO] [stdout]   17:     0x6419e70f5cbf - <std[617be2ca0a6fd877]::sys::thread::unix::Thread>::new::thread_start
[INFO] [stdout]   18:     0x746e98e8edfa - <unknown>
[INFO] [stdout]   19:     0x746e98f223d4 - clone
[INFO] [stdout]   20:                0x0 - <unknown>
[INFO] [stdout] 
[INFO] [stdout] ---- client_cli_version stdout ----
[INFO] [stdout] 
[INFO] [stdout] thread 'client_cli_version' (2699) panicked at tests/cli.rs:136:52:
[INFO] [stdout] called `Result::unwrap()` on an `Err` value: CargoError { cause: Some(NotFoundError { path: "/opt/rustwide/target/release/build/kvs/720f71241947eb29/out/kvs-client" }) }
[INFO] [stdout] stack backtrace:
[INFO] [stdout]    0:     0x6419e70f6841 - <<std[617be2ca0a6fd877]::sys::backtrace::BacktraceLock>::print::DisplayBacktrace as core[a373ad73a504971]::fmt::Display>::fmt
[INFO] [stdout]    1:     0x6419e710c77a - core[a373ad73a504971]::fmt::write
[INFO] [stdout]    2:     0x6419e70fbf6c - <alloc[2e1b2a31b91974c5]::vec::Vec<u8> as core[a373ad73a504971]::io::write::Write>::write_fmt
[INFO] [stdout]    3:     0x6419e70d1076 - std[617be2ca0a6fd877]::panicking::default_hook::{closure#0}
[INFO] [stdout]    4:     0x6419e70ee359 - std[617be2ca0a6fd877]::panicking::default_hook
[INFO] [stdout]    5:     0x6419e707d070 - test[aada8e7e76ba119b]::test_main_inner::{closure#0}
[INFO] [stdout]    6:     0x6419e70ee512 - std[617be2ca0a6fd877]::panicking::panic_with_hook
[INFO] [stdout]    7:     0x6419e70d1122 - std[617be2ca0a6fd877]::panicking::panic_handler::{closure#0}
[INFO] [stdout]    8:     0x6419e70c9b89 - std[617be2ca0a6fd877]::sys::backtrace::__rust_end_short_backtrace::<std[617be2ca0a6fd877]::panicking::panic_handler::{closure#0}, !>
[INFO] [stdout]    9:     0x6419e70d1d2d - __rustc[ea4f61d10b84890b]::rust_begin_unwind
[INFO] [stdout]   10:     0x6419e710ceac - core[a373ad73a504971]::panicking::panic_fmt
[INFO] [stdout]   11:     0x6419e710cc82 - core[a373ad73a504971]::result::unwrap_failed
[INFO] [stdout]   12:     0x6419e7064c11 - <cli[7ab4d5e035601511]::client_cli_version::{closure#0} as core[a373ad73a504971]::ops::function::FnOnce<()>>::call_once
[INFO] [stdout]   13:     0x6419e70704bb - test[aada8e7e76ba119b]::__rust_begin_short_backtrace::<core[a373ad73a504971]::result::Result<(), alloc[2e1b2a31b91974c5]::string::String>, fn() -> core[a373ad73a504971]::result::Result<(), alloc[2e1b2a31b91974c5]::string::String>>
[INFO] [stdout]   14:     0x6419e707d695 - test[aada8e7e76ba119b]::run_test::{closure#0}
[INFO] [stdout]   15:     0x6419e7076f84 - std[617be2ca0a6fd877]::sys::backtrace::__rust_begin_short_backtrace::<test[aada8e7e76ba119b]::run_test::{closure#1}, ()>
[INFO] [stdout]   16:     0x6419e7080722 - <std[617be2ca0a6fd877]::thread::lifecycle::spawn_unchecked<test[aada8e7e76ba119b]::run_test::{closure#1}, ()>::{closure#1} as core[a373ad73a504971]::ops::function::FnOnce<()>>::call_once::{shim:vtable#0}
[INFO] [stdout]   17:     0x6419e70f5cbf - <std[617be2ca0a6fd877]::sys::thread::unix::Thread>::new::thread_start
[INFO] [stdout]   18:     0x746e98e8edfa - <unknown>
[INFO] [stdout]   19:     0x746e98f223d4 - clone
[INFO] [stdout]   20:                0x0 - <unknown>
[INFO] [stdout] 
[INFO] [stdout] ---- client_cli_invalid_rm stdout ----
[INFO] [stdout] 
[INFO] [stdout] thread 'client_cli_invalid_rm' (2695) panicked at tests/cli.rs:93:10:
[INFO] [stdout] called `Result::unwrap()` on an `Err` value: CargoError { cause: Some(NotFoundError { path: "/opt/rustwide/target/release/build/kvs/720f71241947eb29/out/kvs-client" }) }
[INFO] [stdout] stack backtrace:
[INFO] [stdout]    0:     0x6419e70f6841 - <<std[617be2ca0a6fd877]::sys::backtrace::BacktraceLock>::print::DisplayBacktrace as core[a373ad73a504971]::fmt::Display>::fmt
[INFO] [stdout]    1:     0x6419e710c77a - core[a373ad73a504971]::fmt::write
[INFO] [stdout]    2:     0x6419e70fbf6c - <alloc[2e1b2a31b91974c5]::vec::Vec<u8> as core[a373ad73a504971]::io::write::Write>::write_fmt
[INFO] [stdout]    3:     0x6419e70d1076 - std[617be2ca0a6fd877]::panicking::default_hook::{closure#0}
[INFO] [stdout]    4:     0x6419e70ee359 - std[617be2ca0a6fd877]::panicking::default_hook
[INFO] [stdout]    5:     0x6419e707d070 - test[aada8e7e76ba119b]::test_main_inner::{closure#0}
[INFO] [stdout]    6:     0x6419e70ee512 - std[617be2ca0a6fd877]::panicking::panic_with_hook
[INFO] [stdout]    7:     0x6419e70d1122 - std[617be2ca0a6fd877]::panicking::panic_handler::{closure#0}
[INFO] [stdout]    8:     0x6419e70c9b89 - std[617be2ca0a6fd877]::sys::backtrace::__rust_end_short_backtrace::<std[617be2ca0a6fd877]::panicking::panic_handler::{closure#0}, !>
[INFO] [stdout]    9:     0x6419e70d1d2d - __rustc[ea4f61d10b84890b]::rust_begin_unwind
[INFO] [stdout]   10:     0x6419e710ceac - core[a373ad73a504971]::panicking::panic_fmt
[INFO] [stdout]   11:     0x6419e710cc82 - core[a373ad73a504971]::result::unwrap_failed
[INFO] [stdout]   12:     0x6419e7065a06 - <cli[7ab4d5e035601511]::client_cli_invalid_rm::{closure#0} as core[a373ad73a504971]::ops::function::FnOnce<()>>::call_once
[INFO] [stdout]   13:     0x6419e70704bb - test[aada8e7e76ba119b]::__rust_begin_short_backtrace::<core[a373ad73a504971]::result::Result<(), alloc[2e1b2a31b91974c5]::string::String>, fn() -> core[a373ad73a504971]::result::Result<(), alloc[2e1b2a31b91974c5]::string::String>>
[INFO] [stdout]   14:     0x6419e707d695 - test[aada8e7e76ba119b]::run_test::{closure#0}
[INFO] [stdout]   15:     0x6419e7076f84 - std[617be2ca0a6fd877]::sys::backtrace::__rust_begin_short_backtrace::<test[aada8e7e76ba119b]::run_test::{closure#1}, ()>
[INFO] [stdout]   16:     0x6419e7080722 - <std[617be2ca0a6fd877]::thread::lifecycle::spawn_unchecked<test[aada8e7e76ba119b]::run_test::{closure#1}, ()>::{closure#1} as core[a373ad73a504971]::ops::function::FnOnce<()>>::call_once::{shim:vtable#0}
[INFO] [stdout]   17:     0x6419e70f5cbf - <std[617be2ca0a6fd877]::sys::thread::unix::Thread>::new::thread_start
[INFO] [stdout]   18:     0x746e98e8edfa - <unknown>
[INFO] [stdout]   19:     0x746e98f223d4 - clone
[INFO] [stdout]   20:                0x0 - <unknown>
[INFO] [stdout] 
[INFO] [stdout] ---- server_cli_version stdout ----
[INFO] [stdout] 
[INFO] [stdout] thread 'server_cli_version' (2700) panicked at tests/cli.rs:147:52:
[INFO] [stdout] called `Result::unwrap()` on an `Err` value: CargoError { cause: Some(NotFoundError { path: "/opt/rustwide/target/release/build/kvs/720f71241947eb29/out/kvs-server" }) }
[INFO] [stdout] stack backtrace:
[INFO] [stdout]    0:     0x6419e70f6841 - <<std[617be2ca0a6fd877]::sys::backtrace::BacktraceLock>::print::DisplayBacktrace as core[a373ad73a504971]::fmt::Display>::fmt
[INFO] [stdout]    1:     0x6419e710c77a - core[a373ad73a504971]::fmt::write
[INFO] [stdout]    2:     0x6419e70fbf6c - <alloc[2e1b2a31b91974c5]::vec::Vec<u8> as core[a373ad73a504971]::io::write::Write>::write_fmt
[INFO] [stdout]    3:     0x6419e70d1076 - std[617be2ca0a6fd877]::panicking::default_hook::{closure#0}
[INFO] [stdout]    4:     0x6419e70ee359 - std[617be2ca0a6fd877]::panicking::default_hook
[INFO] [stdout]    5:     0x6419e707d070 - test[aada8e7e76ba119b]::test_main_inner::{closure#0}
[INFO] [stdout]    6:     0x6419e70ee512 - std[617be2ca0a6fd877]::panicking::panic_with_hook
[INFO] [stdout]    7:     0x6419e70d1122 - std[617be2ca0a6fd877]::panicking::panic_handler::{closure#0}
[INFO] [stdout]    8:     0x6419e70c9b89 - std[617be2ca0a6fd877]::sys::backtrace::__rust_end_short_backtrace::<std[617be2ca0a6fd877]::panicking::panic_handler::{closure#0}, !>
[INFO] [stdout]    9:     0x6419e70d1d2d - __rustc[ea4f61d10b84890b]::rust_begin_unwind
[INFO] [stdout]   10:     0x6419e710ceac - core[a373ad73a504971]::panicking::panic_fmt
[INFO] [stdout]   11:     0x6419e710cc82 - core[a373ad73a504971]::result::unwrap_failed
[INFO] [stdout]   12:     0x6419e7064f31 - <cli[7ab4d5e035601511]::server_cli_version::{closure#0} as core[a373ad73a504971]::ops::function::FnOnce<()>>::call_once
[INFO] [stdout]   13:     0x6419e70704bb - test[aada8e7e76ba119b]::__rust_begin_short_backtrace::<core[a373ad73a504971]::result::Result<(), alloc[2e1b2a31b91974c5]::string::String>, fn() -> core[a373ad73a504971]::result::Result<(), alloc[2e1b2a31b91974c5]::string::String>>
[INFO] [stdout]   14:     0x6419e707d695 - test[aada8e7e76ba119b]::run_test::{closure#0}
[INFO] [stdout]   15:     0x6419e7076f84 - std[617be2ca0a6fd877]::sys::backtrace::__rust_begin_short_backtrace::<test[aada8e7e76ba119b]::run_test::{closure#1}, ()>
[INFO] [stdout]   16:     0x6419e7080722 - <std[617be2ca0a6fd877]::thread::lifecycle::spawn_unchecked<test[aada8e7e76ba119b]::run_test::{closure#1}, ()>::{closure#1} as core[a373ad73a504971]::ops::function::FnOnce<()>>::call_once::{shim:vtable#0}
[INFO] [stdout]   17:     0x6419e70f5cbf - <std[617be2ca0a6fd877]::sys::thread::unix::Thread>::new::thread_start
[INFO] [stdout]   18:     0x746e98e8edfa - <unknown>
[INFO] [stdout]   19:     0x746e98f223d4 - clone
[INFO] [stdout]   20:                0x0 - <unknown>
[INFO] [stdout] 
[INFO] [stdout] ---- cli_access_server_kvs_engine stdout ----
[INFO] [stdout] 
[INFO] [stdout] thread 'cli_access_server_kvs_engine' (2690) panicked at tests/cli.rs:218:55:
[INFO] [stdout] called `Result::unwrap()` on an `Err` value: CargoError { cause: Some(NotFoundError { path: "/opt/rustwide/target/release/build/kvs/720f71241947eb29/out/kvs-server" }) }
[INFO] [stdout] stack backtrace:
[INFO] [stdout]    0:     0x6419e70f6841 - <<std[617be2ca0a6fd877]::sys::backtrace::BacktraceLock>::print::DisplayBacktrace as core[a373ad73a504971]::fmt::Display>::fmt
[INFO] [stdout]    1:     0x6419e710c77a - core[a373ad73a504971]::fmt::write
[INFO] [stdout]    2:     0x6419e70fbf6c - <alloc[2e1b2a31b91974c5]::vec::Vec<u8> as core[a373ad73a504971]::io::write::Write>::write_fmt
[INFO] [stdout]    3:     0x6419e70d1076 - std[617be2ca0a6fd877]::panicking::default_hook::{closure#0}
[INFO] [stdout]    4:     0x6419e70ee359 - std[617be2ca0a6fd877]::panicking::default_hook
[INFO] [stdout]    5:     0x6419e707d070 - test[aada8e7e76ba119b]::test_main_inner::{closure#0}
[INFO] [stdout]    6:     0x6419e70ee512 - std[617be2ca0a6fd877]::panicking::panic_with_hook
[INFO] [stdout]    7:     0x6419e70d1122 - std[617be2ca0a6fd877]::panicking::panic_handler::{closure#0}
[INFO] [stdout]    8:     0x6419e70c9b89 - std[617be2ca0a6fd877]::sys::backtrace::__rust_end_short_backtrace::<std[617be2ca0a6fd877]::panicking::panic_handler::{closure#0}, !>
[INFO] [stdout]    9:     0x6419e70d1d2d - __rustc[ea4f61d10b84890b]::rust_begin_unwind
[INFO] [stdout]   10:     0x6419e710ceac - core[a373ad73a504971]::panicking::panic_fmt
[INFO] [stdout]   11:     0x6419e710cc82 - core[a373ad73a504971]::result::unwrap_failed
[INFO] [stdout]   12:     0x6419e7062bcb - cli[7ab4d5e035601511]::cli_access_server
[INFO] [stdout]   13:     0x6419e70668ac - <cli[7ab4d5e035601511]::cli_access_server_kvs_engine::{closure#0} as core[a373ad73a504971]::ops::function::FnOnce<()>>::call_once
[INFO] [stdout]   14:     0x6419e70704bb - test[aada8e7e76ba119b]::__rust_begin_short_backtrace::<core[a373ad73a504971]::result::Result<(), alloc[2e1b2a31b91974c5]::string::String>, fn() -> core[a373ad73a504971]::result::Result<(), alloc[2e1b2a31b91974c5]::string::String>>
[INFO] [stdout]   15:     0x6419e707d695 - test[aada8e7e76ba119b]::run_test::{closure#0}
[INFO] [stdout]   16:     0x6419e7076f84 - std[617be2ca0a6fd877]::sys::backtrace::__rust_begin_short_backtrace::<test[aada8e7e76ba119b]::run_test::{closure#1}, ()>
[INFO] [stdout]   17:     0x6419e7080722 - <std[617be2ca0a6fd877]::thread::lifecycle::spawn_unchecked<test[aada8e7e76ba119b]::run_test::{closure#1}, ()>::{closure#1} as core[a373ad73a504971]::ops::function::FnOnce<()>>::call_once::{shim:vtable#0}
[INFO] [stdout]   18:     0x6419e70f5cbf - <std[617be2ca0a6fd877]::sys::thread::unix::Thread>::new::thread_start
[INFO] [stdout]   19:     0x746e98e8edfa - <unknown>
[INFO] [stdout]   20:     0x746e98f223d4 - clone
[INFO] [stdout]   21:                0x0 - <unknown>
[INFO] [stdout] 
[INFO] [stdout] ---- client_cli_invalid_set stdout ----
[INFO] [stdout] 
[INFO] [stdout] thread 'client_cli_invalid_set' (2696) panicked at tests/cli.rs:54:10:
[INFO] [stdout] called `Result::unwrap()` on an `Err` value: CargoError { cause: Some(NotFoundError { path: "/opt/rustwide/target/release/build/kvs/720f71241947eb29/out/kvs-client" }) }
[INFO] [stdout] stack backtrace:
[INFO] [stdout]    0:     0x6419e70f6841 - <<std[617be2ca0a6fd877]::sys::backtrace::BacktraceLock>::print::DisplayBacktrace as core[a373ad73a504971]::fmt::Display>::fmt
[INFO] [stdout]    1:     0x6419e710c77a - core[a373ad73a504971]::fmt::write
[INFO] [stdout]    2:     0x6419e70fbf6c - <alloc[2e1b2a31b91974c5]::vec::Vec<u8> as core[a373ad73a504971]::io::write::Write>::write_fmt
[INFO] [stdout]    3:     0x6419e70d1076 - std[617be2ca0a6fd877]::panicking::default_hook::{closure#0}
[INFO] [stdout]    4:     0x6419e70ee359 - std[617be2ca0a6fd877]::panicking::default_hook
[INFO] [stdout]    5:     0x6419e707d070 - test[aada8e7e76ba119b]::test_main_inner::{closure#0}
[INFO] [stdout]    6:     0x6419e70ee512 - std[617be2ca0a6fd877]::panicking::panic_with_hook
[INFO] [stdout]    7:     0x6419e70d1122 - std[617be2ca0a6fd877]::panicking::panic_handler::{closure#0}
[INFO] [stdout]    8:     0x6419e70c9b89 - std[617be2ca0a6fd877]::sys::backtrace::__rust_end_short_backtrace::<std[617be2ca0a6fd877]::panicking::panic_handler::{closure#0}, !>
[INFO] [stdout]    9:     0x6419e70d1d2d - __rustc[ea4f61d10b84890b]::rust_begin_unwind
[INFO] [stdout]   10:     0x6419e710ceac - core[a373ad73a504971]::panicking::panic_fmt
[INFO] [stdout]   11:     0x6419e710cc82 - core[a373ad73a504971]::result::unwrap_failed
[INFO] [stdout]   12:     0x6419e706669a - <cli[7ab4d5e035601511]::client_cli_invalid_set::{closure#0} as core[a373ad73a504971]::ops::function::FnOnce<()>>::call_once
[INFO] [stdout]   13:     0x6419e70704bb - test[aada8e7e76ba119b]::__rust_begin_short_backtrace::<core[a373ad73a504971]::result::Result<(), alloc[2e1b2a31b91974c5]::string::String>, fn() -> core[a373ad73a504971]::result::Result<(), alloc[2e1b2a31b91974c5]::string::String>>
[INFO] [stdout]   14:     0x6419e707d695 - test[aada8e7e76ba119b]::run_test::{closure#0}
[INFO] [stdout]   15:     0x6419e7076f84 - std[617be2ca0a6fd877]::sys::backtrace::__rust_begin_short_backtrace::<test[aada8e7e76ba119b]::run_test::{closure#1}, ()>
[INFO] [stdout]   16:     0x6419e7080722 - <std[617be2ca0a6fd877]::thread::lifecycle::spawn_unchecked<test[aada8e7e76ba119b]::run_test::{closure#1}, ()>::{closure#1} as core[a373ad73a504971]::ops::function::FnOnce<()>>::call_once::{shim:vtable#0}
[INFO] [stdout]   17:     0x6419e70f5cbf - <std[617be2ca0a6fd877]::sys::thread::unix::Thread>::new::thread_start
[INFO] [stdout]   18:     0x746e98e8edfa - <unknown>
[INFO] [stdout]   19:     0x746e98f223d4 - clone
[INFO] [stdout]   20:                0x0 - <unknown>
[INFO] [stdout] 
[INFO] [stdout] 
[INFO] [stdout] failures:
[INFO] [stdout]     cli_access_server_kvs_engine
[INFO] [stdout]     cli_access_server_sled_engine
[INFO] [stdout]     cli_log_configuration
[INFO] [stdout]     cli_wrong_engine
[INFO] [stdout]     client_cli_invalid_get
[INFO] [stdout]     client_cli_invalid_rm
[INFO] [stdout]     client_cli_invalid_set
[INFO] [stdout]     client_cli_invalid_subcommand
[INFO] [stdout]     client_cli_no_args
[INFO] [stdout]     client_cli_version
[INFO] [stdout]     server_cli_version
[INFO] [stdout] 
[INFO] [stdout] test result: FAILED. 0 passed; 11 failed; 0 ignored; 0 measured; 0 filtered out; finished in 0.01s
[INFO] [stdout] 
[INFO] [stderr] error: test failed, to rerun pass `--test cli`
[INFO] running `Command { std: "docker" "inspect" "232bf864e9c05d1c9abef6a5c46bf1db896e9e301df4e4e6072696071e58f3c3", kill_on_drop: false }`
[INFO] running `Command { std: "docker" "rm" "-f" "232bf864e9c05d1c9abef6a5c46bf1db896e9e301df4e4e6072696071e58f3c3", kill_on_drop: false }`
[INFO] [stdout] 232bf864e9c05d1c9abef6a5c46bf1db896e9e301df4e4e6072696071e58f3c3
