[INFO] cloning repository https://github.com/omprakashsridharan/task-scheduler-rs
[INFO] running `Command { std: "git" "-c" "credential.helper=" "-c" "credential.helper=/workspace/cargo-home/bin/git-credential-null" "clone" "--bare" "https://github.com/omprakashsridharan/task-scheduler-rs" "/workspace/cache/git-repos/https%3A%2F%2Fgithub.com%2Fomprakashsridharan%2Ftask-scheduler-rs", kill_on_drop: false }`
[INFO] [stderr] Cloning into bare repository '/workspace/cache/git-repos/https%3A%2F%2Fgithub.com%2Fomprakashsridharan%2Ftask-scheduler-rs'...
[INFO] running `Command { std: "git" "rev-parse" "HEAD", kill_on_drop: false }`
[INFO] [stdout] cd3c0f3515d3996e7774d81fb15bd276d7d9242a
[INFO] testing omprakashsridharan/task-scheduler-rs against 1.99.0-beta.8+cargoflags=--release for beta-release-1.100-2
[INFO] running `Command { std: "git" "clone" "/workspace/cache/git-repos/https%3A%2F%2Fgithub.com%2Fomprakashsridharan%2Ftask-scheduler-rs" "/workspace/builds/worker-6-tc1/source", kill_on_drop: false }`
[INFO] [stderr] Cloning into '/workspace/builds/worker-6-tc1/source'...
[INFO] [stderr] done.
[INFO] started tweaking git repo https://github.com/omprakashsridharan/task-scheduler-rs
[INFO] finished tweaking git repo https://github.com/omprakashsridharan/task-scheduler-rs
[INFO] tweaked toml for git repo https://github.com/omprakashsridharan/task-scheduler-rs written to /workspace/builds/worker-6-tc1/source/Cargo.toml
[INFO] validating manifest of git repo https://github.com/omprakashsridharan/task-scheduler-rs on toolchain 1.99.0-beta.8
[INFO] running `Command { std: CARGO_HOME="/workspace/cargo-home" RUSTUP_HOME="/workspace/rustup-home" "/workspace/cargo-home/bin/cargo" "+1.99.0-beta.8" "metadata" "--manifest-path" "Cargo.toml" "--no-deps", kill_on_drop: false }`
[INFO] crate git repo https://github.com/omprakashsridharan/task-scheduler-rs already has a lockfile, it will not be regenerated
[INFO] running `Command { std: CARGO_HOME="/workspace/cargo-home" RUSTUP_HOME="/workspace/rustup-home" "/workspace/cargo-home/bin/cargo" "+1.99.0-beta.8" "fetch" "--manifest-path" "Cargo.toml", kill_on_drop: false }`
[INFO] [stderr]     Updating crates.io index
[INFO] [stderr]     Updating git repository `https://github.com/bobmcwhirter/testcontainers-rs/`
[INFO] [stderr]  Downloading crates ...
[INFO] [stderr]   Downloaded warp v0.3.3
[INFO] [stderr]   Downloaded digest v0.10.5
[INFO] [stderr]   Downloaded futures-macro v0.3.25
[INFO] [stderr]   Downloaded serde_json v1.0.87
[INFO] [stderr]   Downloaded hyper v0.14.22
[INFO] [stderr]   Downloaded uuid v1.2.1
[INFO] [stderr]   Downloaded tokio-reactor-trait v1.1.0
[INFO] [stderr]   Downloaded async-trait v0.1.58
[INFO] [stderr]   Downloaded tokio-test v0.4.2
[INFO] [stderr]   Downloaded bollard-stubs v1.42.0-rc.3
[INFO] [stderr]   Downloaded futures v0.3.25
[INFO] [stderr]   Downloaded futures-executor v0.3.25
[INFO] [stderr]   Downloaded bollard v0.13.0
[INFO] [stderr]   Downloaded redis v0.22.1
[INFO] [stderr]   Downloaded async-io v1.10.0
[INFO] [stderr]   Downloaded polling v2.4.0
[INFO] [stderr]   Downloaded cc v1.0.74
[INFO] [stderr]   Downloaded concurrent-queue v1.2.4
[INFO] [stderr]   Downloaded blocking v1.2.0
[INFO] [stderr]   Downloaded async-channel v1.7.1
[INFO] [stderr]   Downloaded rustls-pemfile v1.0.1
[INFO] [stderr]   Downloaded yasna v0.5.0
[INFO] [stderr]   Downloaded rustls v0.20.7
[INFO] [stderr]   Downloaded config v0.13.2
[INFO] [stderr]   Downloaded pest_generator v2.4.1
[INFO] [stderr]   Downloaded pest_derive v2.4.1
[INFO] [stderr]   Downloaded pest v2.4.1
[INFO] [stderr]   Downloaded ucd-trie v0.1.5
[INFO] [stderr]   Downloaded pest_meta v2.4.1
[INFO] running `Command { std: "docker" "create" "-v" "/var/lib/crater-agent-workspace/builds/worker-6-tc1/source:/opt/rustwide/workdir:ro,Z" "-v" "/var/lib/crater-agent-workspace/builds/worker-6-tc1/target:/opt/rustwide/target:rw,Z" "-v" "/var/lib/crater-agent-workspace/cargo-home:/opt/rustwide/cargo-home:ro,Z" "-v" "/var/lib/crater-agent-workspace/rustup-home:/opt/rustwide/rustup-home:ro,Z" "-m" "1610612736" "--network" "none" "ghcr.io/rust-lang/crates-build-env/linux@sha256:77db811e55d90add9212f6832c23229e3de5f1c1f9905e8cb07319ea15df73ac" "sleep" "infinity", kill_on_drop: false }`
[INFO] [stdout] 32ec9ce9b59505336940e2d4dc888e54bde949284dc641714af6c411ace6584b
[INFO] running `Command { std: "docker" "start" "32ec9ce9b59505336940e2d4dc888e54bde949284dc641714af6c411ace6584b", kill_on_drop: false }`
[INFO] running `Command { std: "docker" "inspect" "32ec9ce9b59505336940e2d4dc888e54bde949284dc641714af6c411ace6584b", kill_on_drop: false }`
[INFO] running `Command { std: "docker" "exec" "-e" "SOURCE_DIR=/opt/rustwide/workdir" "-e" "CARGO_HOME=/opt/rustwide/cargo-home" "-e" "RUSTUP_HOME=/opt/rustwide/rustup-home" "-e" "CARGO_TARGET_DIR=/opt/rustwide/target" "-w" "/opt/rustwide/workdir" "--user" "0:0" "32ec9ce9b59505336940e2d4dc888e54bde949284dc641714af6c411ace6584b" "/opt/rustwide/cargo-home/bin/cargo" "+1.99.0-beta.8" "metadata" "--no-deps" "--format-version=1", kill_on_drop: false }`
[INFO] running `Command { std: "docker" "inspect" "32ec9ce9b59505336940e2d4dc888e54bde949284dc641714af6c411ace6584b", kill_on_drop: false }`
[INFO] running `Command { std: "docker" "exec" "-e" "SOURCE_DIR=/opt/rustwide/workdir" "-e" "CARGO_HOME=/opt/rustwide/cargo-home" "-e" "RUSTUP_HOME=/opt/rustwide/rustup-home" "-e" "CARGO_TARGET_DIR=/opt/rustwide/target" "-e" "CARGO_INCREMENTAL=0" "-e" "RUST_BACKTRACE=full" "-e" "RUSTFLAGS=--cap-lints=warn" "-e" "RUSTDOCFLAGS=--cap-lints=warn" "-w" "/opt/rustwide/workdir" "--user" "0:0" "32ec9ce9b59505336940e2d4dc888e54bde949284dc641714af6c411ace6584b" "/opt/rustwide/cargo-home/bin/cargo" "+1.99.0-beta.8" "build" "--frozen" "--message-format=json" "--release", kill_on_drop: false }`
[INFO] [stderr]    Compiling proc-macro2 v1.0.47
[INFO] [stderr]    Compiling unicode-ident v1.0.5
[INFO] [stderr]    Compiling quote v1.0.21
[INFO] [stderr]    Compiling syn v1.0.103
[INFO] [stderr]    Compiling libc v0.2.137
[INFO] [stderr]    Compiling once_cell v1.16.0
[INFO] [stderr]    Compiling futures-core v0.3.25
[INFO] [stderr]    Compiling itoa v1.0.4
[INFO] [stderr]    Compiling generic-array v0.14.6
[INFO] [stderr]    Compiling parking_lot_core v0.9.4
[INFO] [stderr]    Compiling bytes v1.2.1
[INFO] [stderr]    Compiling serde_derive v1.0.147
[INFO] [stderr]    Compiling serde v1.0.147
[INFO] [stderr]    Compiling base64 v0.13.1
[INFO] [stderr]    Compiling thiserror v1.0.37
[INFO] [stderr]    Compiling tokio v1.21.2
[INFO] [stderr]    Compiling ahash v0.7.6
[INFO] [stderr]    Compiling futures-sink v0.3.25
[INFO] [stderr]    Compiling fastrand v1.8.0
[INFO] [stderr]    Compiling cc v1.0.74
[INFO] [stderr]    Compiling tracing-core v0.1.30
[INFO] [stderr]    Compiling cpufeatures v0.2.5
[INFO] [stderr]    Compiling async-trait v0.1.58
[INFO] [stderr]    Compiling futures-io v0.3.25
[INFO] [stderr]    Compiling unicode-normalization v0.1.22
[INFO] [stderr]    Compiling ryu v1.0.11
[INFO] [stderr]    Compiling serde_json v1.0.87
[INFO] [stderr]    Compiling waker-fn v1.1.0
[INFO] [stderr]    Compiling parking v2.0.0
[INFO] [stderr]    Compiling cache-padded v1.2.0
[INFO] [stderr]    Compiling futures-task v0.3.25
[INFO] [stderr]    Compiling concurrent-queue v1.2.4
[INFO] [stderr]    Compiling polling v2.4.0
[INFO] [stderr]    Compiling rustls v0.20.7
[INFO] [stderr]    Compiling futures-util v0.3.25
[INFO] [stderr]    Compiling rustls-pemfile v1.0.1
[INFO] [stderr]    Compiling async-io v1.10.0
[INFO] [stderr]    Compiling ucd-trie v0.1.5
[INFO] [stderr]    Compiling futures-lite v1.12.0
[INFO] [stderr]    Compiling rustls-native-certs v0.6.2
[INFO] [stderr]    Compiling yasna v0.5.0
[INFO] [stderr]    Compiling async-task v4.3.0
[INFO] [stderr]    Compiling cookie-factory v0.3.2
[INFO] [stderr]    Compiling idna v0.3.0
[INFO] [stderr]    Compiling http v0.2.8
[INFO] [stderr]    Compiling async-channel v1.7.1
[INFO] [stderr]    Compiling doc-comment v0.3.3
[INFO] [stderr]    Compiling getrandom v0.2.8
[INFO] [stderr]    Compiling socket2 v0.4.7
[INFO] [stderr]    Compiling num_cpus v1.14.0
[INFO] [stderr]    Compiling signal-hook-registry v1.4.0
[INFO] [stderr]    Compiling mio v0.8.5
[INFO] [stderr]    Compiling url v2.3.1
[INFO] [stderr]    Compiling rand_core v0.6.4
[INFO] [stderr]    Compiling crypto-common v0.1.6
[INFO] [stderr]    Compiling parking_lot v0.12.1
[INFO] [stderr]    Compiling block-buffer v0.10.3
[INFO] [stderr]    Compiling ring v0.16.20
[INFO] [stderr]    Compiling block-padding v0.3.2
[INFO] [stderr]    Compiling digest v0.10.5
[INFO] [stderr]    Compiling inout v0.1.3
[INFO] [stderr]    Compiling hashbrown v0.12.3
[INFO] [stderr]    Compiling cipher v0.4.3
[INFO] [stderr]    Compiling rand_chacha v0.3.1
[INFO] [stderr]    Compiling sha1 v0.10.5
[INFO] [stderr]    Compiling rand v0.8.5
[INFO] [stderr]    Compiling hmac v0.12.1
[INFO] [stderr]    Compiling des v0.8.1
[INFO] [stderr]    Compiling cbc v0.1.2
[INFO] [stderr]    Compiling rc2 v0.8.1
[INFO] [stderr]    Compiling async-lock v2.6.0
[INFO] [stderr]    Compiling p12 v0.6.3
[INFO] [stderr]    Compiling atomic-waker v1.0.0
[INFO] [stderr]    Compiling futures-channel v0.3.25
[INFO] [stderr]    Compiling blocking v1.2.0
[INFO] [stderr]    Compiling sha-1 v0.10.0
[INFO] [stderr]    Compiling async-executor v1.4.1
[INFO] [stderr]    Compiling indexmap v1.9.1
[INFO] [stderr]    Compiling spin v0.9.4
[INFO] [stderr]    Compiling amq-protocol v7.0.1
[INFO] [stderr]    Compiling dlv-list v0.3.0
[INFO] [stderr]    Compiling tempfile v3.3.0
[INFO] [stderr]    Compiling ordered-multimap v0.4.3
[INFO] [stderr]    Compiling http-body v0.4.5
[INFO] [stderr]    Compiling async-global-executor v2.3.1
[INFO] [stderr]    Compiling headers-core v0.2.0
[INFO] [stderr]    Compiling lapin v2.1.1
[INFO] [stderr]    Compiling linked-hash-map v0.5.6
[INFO] [stderr]    Compiling multipart v0.18.0
[INFO] [stderr]    Compiling headers v0.3.8
[INFO] [stderr]    Compiling yaml-rust v0.4.5
[INFO] [stderr]    Compiling hashbrown v0.11.2
[INFO] [stderr]    Compiling tracing-log v0.1.3
[INFO] [stderr]    Compiling rust-ini v0.18.0
[INFO] [stderr]    Compiling sharded-slab v0.1.4
[INFO] [stderr]    Compiling thread_local v1.1.4
[INFO] [stderr]    Compiling rustls-pemfile v0.2.1
[INFO] [stderr]    Compiling pathdiff v0.2.1
[INFO] [stderr]    Compiling sha1_smol v1.0.0
[INFO] [stderr]    Compiling uuid v1.2.1
[INFO] [stderr]    Compiling dotenv v0.15.0
[INFO] [stderr]    Compiling toml v0.5.9
[INFO] [stderr]    Compiling tracing-subscriber v0.3.16
[INFO] [stderr]    Compiling proc-macro-crate v0.1.5
[INFO] [stderr]    Compiling borsh-derive-internal v0.9.3
[INFO] [stderr]    Compiling borsh-schema-derive-internal v0.9.3
[INFO] [stderr]    Compiling thiserror-impl v1.0.37
[INFO] [stderr]    Compiling tokio-macros v1.8.0
[INFO] [stderr]    Compiling tracing-attributes v0.1.23
[INFO] [stderr]    Compiling pin-project-internal v1.0.12
[INFO] [stderr]    Compiling async-stream-impl v0.3.3
[INFO] [stderr]    Compiling borsh-derive v0.9.3
[INFO] [stderr]    Compiling borsh v0.9.3
[INFO] [stderr]    Compiling async-stream v0.3.3
[INFO] [stderr]    Compiling executor-trait v2.1.0
[INFO] [stderr]    Compiling reactor-trait v1.1.0
[INFO] [stderr]    Compiling async-global-executor-trait v2.1.0
[INFO] [stderr]    Compiling async-reactor-trait v1.1.0
[INFO] [stderr]    Compiling pin-project v1.0.12
[INFO] [stderr]    Compiling tracing v0.1.37
[INFO] [stderr]    Compiling flume v0.10.14
[INFO] [stderr]    Compiling pest v2.4.1
[INFO] [stderr]    Compiling tungstenite v0.17.3
[INFO] [stderr]    Compiling webpki v0.22.0
[INFO] [stderr]    Compiling sct v0.7.0
[INFO] [stderr]    Compiling pinky-swear v6.1.0
[INFO] [stderr]    Compiling pest_meta v2.4.1
[INFO] [stderr]    Compiling pest_generator v2.4.1
[INFO] [stderr]    Compiling pest_derive v2.4.1
[INFO] [stderr]    Compiling rustls-connector v0.16.1
[INFO] [stderr]    Compiling tcp-stream v0.24.4
[INFO] [stderr]    Compiling tokio-util v0.7.4
[INFO] [stderr]    Compiling tokio-stream v0.1.11
[INFO] [stderr]    Compiling tokio-tungstenite v0.17.2
[INFO] [stderr]    Compiling tokio-executor-trait v2.1.0
[INFO] [stderr]    Compiling tokio-test v0.4.2
[INFO] [stderr]    Compiling tokio-reactor-trait v1.1.0
[INFO] [stderr]    Compiling h2 v0.3.15
[INFO] [stderr]    Compiling combine v4.6.6
[INFO] [stderr]    Compiling json5 v0.4.1
[INFO] [stderr]    Compiling ron v0.7.1
[INFO] [stderr]    Compiling serde_urlencoded v0.7.1
[INFO] [stderr]    Compiling amq-protocol-types v7.0.1
[INFO] [stderr]    Compiling config v0.13.2
[INFO] [stderr]    Compiling amq-protocol-uri v7.0.1
[INFO] [stderr]    Compiling amq-protocol-tcp v7.0.1
[INFO] [stderr]    Compiling redis v0.22.1
[INFO] [stderr]    Compiling hyper v0.14.22
[INFO] [stderr]    Compiling warp v0.3.3
[INFO] [stderr]    Compiling task-scheduler-rs v0.1.0 (/opt/rustwide/workdir)
[INFO] [stdout] warning: this function depends on never type fallback being `()`
[INFO] [stdout]   --> src/redis_helper.rs:14:5
[INFO] [stdout]    |
[INFO] [stdout] 14 | /     pub async fn set(
[INFO] [stdout] 15 | |         &self,
[INFO] [stdout] 16 | |         key: String,
[INFO] [stdout] 17 | |         value: String,
[INFO] [stdout] 18 | |         ttl_in_seconds: Option<usize>,
[INFO] [stdout] 19 | |     ) -> Result<(), RedisError> {
[INFO] [stdout]    | |_______________________________^
[INFO] [stdout]    |
[INFO] [stdout]    = help: specify the types explicitly
[INFO] [stdout] note: in edition 2024, the requirement `!: FromRedisValue` will fail
[INFO] [stdout]   --> src/redis_helper.rs:22:24
[INFO] [stdout]    |
[INFO] [stdout] 22 |             connection.set_ex(key, value, ttl).await?;
[INFO] [stdout]    |                        ^^^^^^
[INFO] [stdout]    = warning: this was previously accepted by the compiler but is being phased out; it will become a hard error in Rust 2024 and in a future release in all editions!
[INFO] [stdout]    = note: for more information, see <https://doc.rust-lang.org/edition-guide/rust-2024/never-type-fallback.html>
[INFO] [stdout]    = note: `#[warn(dependency_on_unit_never_type_fallback)]` (part of `#[warn(rust_2024_compatibility)]`) on by default
[INFO] [stdout] help: use `()` annotations to avoid fallback changes
[INFO] [stdout]    |
[INFO] [stdout] 22 ~             connection.set_ex::<_, _, ()>(key, value, ttl).await?;
[INFO] [stdout] 23 |         } else {
[INFO] [stdout] 24 ~             connection.set::<_, _, ()>(key, value).await?;
[INFO] [stdout]    |
[INFO] [stdout] 
[INFO] [stdout] 
[INFO] [stdout] warning: this function depends on never type fallback being `()`
[INFO] [stdout]   --> src/redis_helper.rs:35:5
[INFO] [stdout]    |
[INFO] [stdout] 35 |     pub async fn delete(&self, key: String) -> Result<(), RedisError> {
[INFO] [stdout]    |     ^^^^^^^^^^^^^^^^^^^^^^^^^^^^^^^^^^^^^^^^^^^^^^^^^^^^^^^^^^^^^^^^^
[INFO] [stdout]    |
[INFO] [stdout]    = help: specify the types explicitly
[INFO] [stdout] note: in edition 2024, the requirement `!: FromRedisValue` will fail
[INFO] [stdout]   --> src/redis_helper.rs:37:20
[INFO] [stdout]    |
[INFO] [stdout] 37 |         connection.del(key).await?;
[INFO] [stdout]    |                    ^^^
[INFO] [stdout]    = warning: this was previously accepted by the compiler but is being phased out; it will become a hard error in Rust 2024 and in a future release in all editions!
[INFO] [stdout]    = note: for more information, see <https://doc.rust-lang.org/edition-guide/rust-2024/never-type-fallback.html>
[INFO] [stdout] help: use `()` annotations to avoid fallback changes
[INFO] [stdout]    |
[INFO] [stdout] 37 |         connection.del::<_, ()>(key).await?;
[INFO] [stdout]    |                       +++++++++
[INFO] [stdout] 
[INFO] [stdout] 
[INFO] [stdout] warning: field `app_name` is never read
[INFO] [stdout]   --> src/settings.rs:10:9
[INFO] [stdout]    |
[INFO] [stdout]  6 | pub struct Settings {
[INFO] [stdout]    |            -------- field in this struct
[INFO] [stdout] ...
[INFO] [stdout] 10 |     pub app_name: String,
[INFO] [stdout]    |         ^^^^^^^^
[INFO] [stdout]    |
[INFO] [stdout]    = note: `Settings` has derived impls for the traits `Clone` and `Debug`, but these are intentionally ignored during dead code analysis
[INFO] [stdout]    = note: `#[warn(dead_code)]` (part of `#[warn(unused)]`) on by default
[INFO] [stdout] 
[INFO] [stdout] 
[INFO] [stderr]     Finished `release` profile [optimized] target(s) in 2m 19s
[INFO] [stderr] warning: the following packages contain code that will be rejected by a future version of Rust: buf_redux v0.8.4, multipart v0.18.0, redis v0.22.1, task-scheduler-rs v0.1.0 (/opt/rustwide/workdir)
[INFO] [stderr] note: to see what the problems were, use the option `--future-incompat-report`, or run `cargo report future-incompatibilities --id 4`
[INFO] running `Command { std: "docker" "inspect" "32ec9ce9b59505336940e2d4dc888e54bde949284dc641714af6c411ace6584b", kill_on_drop: false }`
[INFO] running `Command { std: "docker" "exec" "-e" "SOURCE_DIR=/opt/rustwide/workdir" "-e" "CARGO_HOME=/opt/rustwide/cargo-home" "-e" "RUSTUP_HOME=/opt/rustwide/rustup-home" "-e" "CARGO_TARGET_DIR=/opt/rustwide/target" "-e" "CARGO_INCREMENTAL=0" "-e" "RUST_BACKTRACE=full" "-e" "RUSTFLAGS=--cap-lints=warn" "-e" "RUSTDOCFLAGS=--cap-lints=warn" "-w" "/opt/rustwide/workdir" "--user" "0:0" "32ec9ce9b59505336940e2d4dc888e54bde949284dc641714af6c411ace6584b" "/opt/rustwide/cargo-home/bin/cargo" "+1.99.0-beta.8" "test" "--frozen" "--no-run" "--message-format=json" "--release", kill_on_drop: false }`
[INFO] [stderr]    Compiling futures-util v0.3.25
[INFO] [stderr]    Compiling futures-macro v0.3.25
[INFO] [stderr]    Compiling strsim v0.10.0
[INFO] [stderr]    Compiling sha2 v0.10.6
[INFO] [stderr]    Compiling darling_core v0.13.4
[INFO] [stderr]    Compiling darling_macro v0.13.4
[INFO] [stderr]    Compiling darling v0.13.4
[INFO] [stderr]    Compiling serde_with_macros v1.5.2
[INFO] [stderr]    Compiling serde_with v1.14.0
[INFO] [stderr]    Compiling bollard-stubs v1.42.0-rc.3
[INFO] [stderr]    Compiling h2 v0.3.15
[INFO] [stderr]    Compiling futures-executor v0.3.25
[INFO] [stderr]    Compiling tokio-tungstenite v0.17.2
[INFO] [stderr]    Compiling redis v0.22.1
[INFO] [stderr]    Compiling futures v0.3.25
[INFO] [stderr]    Compiling hyper v0.14.22
[INFO] [stderr]    Compiling hyperlocal v0.8.0
[INFO] [stderr]    Compiling warp v0.3.3
[INFO] [stderr]    Compiling bollard v0.13.0
[INFO] [stderr]    Compiling testcontainers v0.14.0 (https://github.com/bobmcwhirter/testcontainers-rs/?branch=expose_bollard_ctor#3e521c79)
[INFO] [stderr]    Compiling task-scheduler-rs v0.1.0 (/opt/rustwide/workdir)
[INFO] [stdout] warning: this function depends on never type fallback being `()`
[INFO] [stdout]   --> src/redis_helper.rs:14:5
[INFO] [stdout]    |
[INFO] [stdout] 14 | /     pub async fn set(
[INFO] [stdout] 15 | |         &self,
[INFO] [stdout] 16 | |         key: String,
[INFO] [stdout] 17 | |         value: String,
[INFO] [stdout] 18 | |         ttl_in_seconds: Option<usize>,
[INFO] [stdout] 19 | |     ) -> Result<(), RedisError> {
[INFO] [stdout]    | |_______________________________^
[INFO] [stdout]    |
[INFO] [stdout]    = help: specify the types explicitly
[INFO] [stdout] note: in edition 2024, the requirement `!: FromRedisValue` will fail
[INFO] [stdout]   --> src/redis_helper.rs:22:24
[INFO] [stdout]    |
[INFO] [stdout] 22 |             connection.set_ex(key, value, ttl).await?;
[INFO] [stdout]    |                        ^^^^^^
[INFO] [stdout]    = warning: this was previously accepted by the compiler but is being phased out; it will become a hard error in Rust 2024 and in a future release in all editions!
[INFO] [stdout]    = note: for more information, see <https://doc.rust-lang.org/edition-guide/rust-2024/never-type-fallback.html>
[INFO] [stdout]    = note: `#[warn(dependency_on_unit_never_type_fallback)]` (part of `#[warn(rust_2024_compatibility)]`) on by default
[INFO] [stdout] help: use `()` annotations to avoid fallback changes
[INFO] [stdout]    |
[INFO] [stdout] 22 ~             connection.set_ex::<_, _, ()>(key, value, ttl).await?;
[INFO] [stdout] 23 |         } else {
[INFO] [stdout] 24 ~             connection.set::<_, _, ()>(key, value).await?;
[INFO] [stdout]    |
[INFO] [stdout] 
[INFO] [stdout] 
[INFO] [stdout] warning: this function depends on never type fallback being `()`
[INFO] [stdout]   --> src/redis_helper.rs:35:5
[INFO] [stdout]    |
[INFO] [stdout] 35 |     pub async fn delete(&self, key: String) -> Result<(), RedisError> {
[INFO] [stdout]    |     ^^^^^^^^^^^^^^^^^^^^^^^^^^^^^^^^^^^^^^^^^^^^^^^^^^^^^^^^^^^^^^^^^
[INFO] [stdout]    |
[INFO] [stdout]    = help: specify the types explicitly
[INFO] [stdout] note: in edition 2024, the requirement `!: FromRedisValue` will fail
[INFO] [stdout]   --> src/redis_helper.rs:37:20
[INFO] [stdout]    |
[INFO] [stdout] 37 |         connection.del(key).await?;
[INFO] [stdout]    |                    ^^^
[INFO] [stdout]    = warning: this was previously accepted by the compiler but is being phased out; it will become a hard error in Rust 2024 and in a future release in all editions!
[INFO] [stdout]    = note: for more information, see <https://doc.rust-lang.org/edition-guide/rust-2024/never-type-fallback.html>
[INFO] [stdout] help: use `()` annotations to avoid fallback changes
[INFO] [stdout]    |
[INFO] [stdout] 37 |         connection.del::<_, ()>(key).await?;
[INFO] [stdout]    |                       +++++++++
[INFO] [stdout] 
[INFO] [stdout] 
[INFO] [stdout] warning: field `app_name` is never read
[INFO] [stdout]   --> src/settings.rs:10:9
[INFO] [stdout]    |
[INFO] [stdout]  6 | pub struct Settings {
[INFO] [stdout]    |            -------- field in this struct
[INFO] [stdout] ...
[INFO] [stdout] 10 |     pub app_name: String,
[INFO] [stdout]    |         ^^^^^^^^
[INFO] [stdout]    |
[INFO] [stdout]    = note: `Settings` has derived impls for the traits `Clone` and `Debug`, but these are intentionally ignored during dead code analysis
[INFO] [stdout]    = note: `#[warn(dead_code)]` (part of `#[warn(unused)]`) on by default
[INFO] [stdout] 
[INFO] [stdout] 
[INFO] [stderr]     Finished `release` profile [optimized] target(s) in 1m 12s
[INFO] [stderr] warning: the following packages contain code that will be rejected by a future version of Rust: buf_redux v0.8.4, multipart v0.18.0, redis v0.22.1, task-scheduler-rs v0.1.0 (/opt/rustwide/workdir)
[INFO] [stderr] note: to see what the problems were, use the option `--future-incompat-report`, or run `cargo report future-incompatibilities --id 4`
[INFO] running `Command { std: "docker" "inspect" "32ec9ce9b59505336940e2d4dc888e54bde949284dc641714af6c411ace6584b", kill_on_drop: false }`
[INFO] running `Command { std: "docker" "exec" "-e" "SOURCE_DIR=/opt/rustwide/workdir" "-e" "CARGO_HOME=/opt/rustwide/cargo-home" "-e" "RUSTUP_HOME=/opt/rustwide/rustup-home" "-e" "CARGO_TARGET_DIR=/opt/rustwide/target" "-e" "CARGO_INCREMENTAL=0" "-e" "RUST_BACKTRACE=full" "-e" "RUSTFLAGS=--cap-lints=warn" "-e" "RUSTDOCFLAGS=--cap-lints=warn" "-w" "/opt/rustwide/workdir" "--user" "0:0" "32ec9ce9b59505336940e2d4dc888e54bde949284dc641714af6c411ace6584b" "/opt/rustwide/cargo-home/bin/cargo" "+1.99.0-beta.8" "test" "--frozen" "--release", kill_on_drop: false }`
[INFO] [stderr] warning: this function depends on never type fallback being `()`
[INFO] [stderr]   --> src/redis_helper.rs:14:5
[INFO] [stderr]    |
[INFO] [stderr] 14 | /     pub async fn set(
[INFO] [stderr] 15 | |         &self,
[INFO] [stderr] 16 | |         key: String,
[INFO] [stderr] 17 | |         value: String,
[INFO] [stderr] 18 | |         ttl_in_seconds: Option<usize>,
[INFO] [stderr] 19 | |     ) -> Result<(), RedisError> {
[INFO] [stderr]    | |_______________________________^
[INFO] [stderr]    |
[INFO] [stderr]    = help: specify the types explicitly
[INFO] [stderr] note: in edition 2024, the requirement `!: FromRedisValue` will fail
[INFO] [stderr]   --> src/redis_helper.rs:22:24
[INFO] [stderr]    |
[INFO] [stderr] 22 |             connection.set_ex(key, value, ttl).await?;
[INFO] [stderr]    |                        ^^^^^^
[INFO] [stderr]    = warning: this was previously accepted by the compiler but is being phased out; it will become a hard error in Rust 2024 and in a future release in all editions!
[INFO] [stderr]    = note: for more information, see <https://doc.rust-lang.org/edition-guide/rust-2024/never-type-fallback.html>
[INFO] [stderr]    = note: `#[warn(dependency_on_unit_never_type_fallback)]` (part of `#[warn(rust_2024_compatibility)]`) on by default
[INFO] [stderr] help: use `()` annotations to avoid fallback changes
[INFO] [stderr]    |
[INFO] [stderr] 22 ~             connection.set_ex::<_, _, ()>(key, value, ttl).await?;
[INFO] [stderr] 23 |         } else {
[INFO] [stderr] 24 ~             connection.set::<_, _, ()>(key, value).await?;
[INFO] [stderr]    |
[INFO] [stderr] 
[INFO] [stderr] warning: this function depends on never type fallback being `()`
[INFO] [stderr]   --> src/redis_helper.rs:35:5
[INFO] [stderr]    |
[INFO] [stderr] 35 |     pub async fn delete(&self, key: String) -> Result<(), RedisError> {
[INFO] [stderr]    |     ^^^^^^^^^^^^^^^^^^^^^^^^^^^^^^^^^^^^^^^^^^^^^^^^^^^^^^^^^^^^^^^^^
[INFO] [stderr]    |
[INFO] [stderr]    = help: specify the types explicitly
[INFO] [stderr] note: in edition 2024, the requirement `!: FromRedisValue` will fail
[INFO] [stderr]   --> src/redis_helper.rs:37:20
[INFO] [stderr]    |
[INFO] [stderr] 37 |         connection.del(key).await?;
[INFO] [stderr]    |                    ^^^
[INFO] [stderr]    = warning: this was previously accepted by the compiler but is being phased out; it will become a hard error in Rust 2024 and in a future release in all editions!
[INFO] [stderr]    = note: for more information, see <https://doc.rust-lang.org/edition-guide/rust-2024/never-type-fallback.html>
[INFO] [stderr] help: use `()` annotations to avoid fallback changes
[INFO] [stderr]    |
[INFO] [stderr] 37 |         connection.del::<_, ()>(key).await?;
[INFO] [stderr]    |                       +++++++++
[INFO] [stderr] 
[INFO] [stderr] warning: field `app_name` is never read
[INFO] [stderr]   --> src/settings.rs:10:9
[INFO] [stderr]    |
[INFO] [stderr]  6 | pub struct Settings {
[INFO] [stderr]    |            -------- field in this struct
[INFO] [stderr] ...
[INFO] [stderr] 10 |     pub app_name: String,
[INFO] [stderr]    |         ^^^^^^^^
[INFO] [stderr]    |
[INFO] [stderr]    = note: `Settings` has derived impls for the traits `Clone` and `Debug`, but these are intentionally ignored during dead code analysis
[INFO] [stderr]    = note: `#[warn(dead_code)]` (part of `#[warn(unused)]`) on by default
[INFO] [stderr] 
[INFO] [stderr] warning: `task-scheduler-rs` (bin "task-scheduler-rs" test) generated 3 warnings (run `cargo fix --bin "task-scheduler-rs" -p task-scheduler-rs --tests` to apply 2 suggestions)
[INFO] [stderr]     Finished `release` profile [optimized] target(s) in 0.34s
[INFO] [stderr] warning: the following packages contain code that will be rejected by a future version of Rust: buf_redux v0.8.4, multipart v0.18.0, redis v0.22.1, task-scheduler-rs v0.1.0 (/opt/rustwide/workdir)
[INFO] [stderr] note: to see what the problems were, use the option `--future-incompat-report`, or run `cargo report future-incompatibilities --id 4`
[INFO] [stderr]      Running unittests src/main.rs (/opt/rustwide/target/release/deps/task_scheduler_rs-e6f34b10e0f71894)
[INFO] [stdout] 
[INFO] [stdout] running 15 tests
[INFO] [stdout] test amqp::base::tests::results_in_error_for_invalid_rabbit_mq_error ... ok
[INFO] [stdout] test redis_helper::tests::returns_error_result_for_invalid_redis_connection_url ... ok
[INFO] [stdout] test amqp::base::tests::creates_channel_successfully ... FAILED
[INFO] [stdout] test task::repository::tests::deletes_task_immediately ... FAILED
[INFO] [stdout] test redis_helper::tests::set_get_key_works ... FAILED
[INFO] [stdout] test task::scheduler::tests::test_schedule_task ... FAILED
[INFO] [stdout] test task::consumer::tests::consuming_task ... FAILED
[INFO] [stdout] test amqp::base::tests::results_in_ok_for_valid_rabbit_mq_error ... FAILED
[INFO] [stdout] test redis_helper::tests::returns_valid_redis_connection_for_valid_url ... FAILED
[INFO] [stdout] test redis_helper::tests::returns_true_for_non_existing_key ... FAILED
[INFO] [stdout] test redis_helper::tests::delete_key_works ... FAILED
[INFO] [stdout] test redis_helper::tests::returns_true_for_existing_key ... FAILED
[INFO] [stdout] test task::repository::tests::creates_task_and_removes_after_expiry ... FAILED
[INFO] [stdout] test redis_helper::tests::key_expires_after_specified_seconds ... FAILED
[INFO] [stdout] test amqp::producer::tests::test_send_message_delay ... FAILED
[INFO] [stdout] 
[INFO] [stdout] failures:
[INFO] [stdout] 
[INFO] [stdout] ---- amqp::base::tests::creates_channel_successfully stdout ----
[INFO] [stdout] 
[INFO] [stdout] thread 'amqp::base::tests::creates_channel_successfully' (3651) panicked at /opt/rustwide/cargo-home/git/checkouts/testcontainers-rs-9cbd8b423379b051/3e521c7/testcontainers/src/clients/cli.rs:48:9:
[INFO] [stdout] failed to start container
[INFO] [stdout] stack backtrace:
[INFO] [stdout]    0:     0x62b880ef1331 - <<std[70759c8f55707aa4]::sys::backtrace::BacktraceLock>::print::DisplayBacktrace as core[df12db4294e9bfd3]::fmt::Display>::fmt
[INFO] [stdout]    1:     0x62b880f0b8fa - core[df12db4294e9bfd3]::fmt::write
[INFO] [stdout]    2:     0x62b880ef766c - <alloc[2182bb758b4b3781]::vec::Vec<u8> as core[df12db4294e9bfd3]::io::write::Write>::write_fmt
[INFO] [stdout]    3:     0x62b880ecb956 - std[70759c8f55707aa4]::panicking::default_hook::{closure#0}
[INFO] [stdout]    4:     0x62b880ee8f29 - std[70759c8f55707aa4]::panicking::default_hook
[INFO] [stdout]    5:     0x62b880c28ad0 - test[9d35eded1c95d3be]::test_main_inner::<test[9d35eded1c95d3be]::test_main_static::{closure#0}>::{closure#0}
[INFO] [stdout]    6:     0x62b880ee9252 - std[70759c8f55707aa4]::panicking::panic_with_hook
[INFO] [stdout]    7:     0x62b880ecba34 - std[70759c8f55707aa4]::panicking::panic_handler::{closure#0}
[INFO] [stdout]    8:     0x62b880ec46a9 - std[70759c8f55707aa4]::sys::backtrace::__rust_end_short_backtrace::<std[70759c8f55707aa4]::panicking::panic_handler::{closure#0}, !>
[INFO] [stdout]    9:     0x62b880ecc7ed - __rustc[8fa7c3cbc660c2b3]::rust_begin_unwind
[INFO] [stdout]   10:     0x62b880f0c05c - core[df12db4294e9bfd3]::panicking::panic_fmt
[INFO] [stdout]   11:     0x62b880c0ec52 - <testcontainers[26db5b9b98b2270a]::clients::cli::Cli>::run::<testcontainers[26db5b9b98b2270a]::images::rabbitmq::RabbitMq, testcontainers[26db5b9b98b2270a]::images::rabbitmq::RabbitMq>
[INFO] [stdout]   12:     0x62b880ba02f3 - <core[df12db4294e9bfd3]::pin::Pin<&mut task_scheduler_rs[4907ae59d2897279]::amqp::base::tests::creates_channel_successfully::{closure#0}> as core[df12db4294e9bfd3]::future::future::Future>::poll
[INFO] [stdout]   13:     0x62b880bcc180 - <tokio[572a92de843f14a5]::runtime::scheduler::current_thread::Context>::enter::<core[df12db4294e9bfd3]::task::poll::Poll<()>, <tokio[572a92de843f14a5]::runtime::scheduler::current_thread::CoreGuard>::block_on<core[df12db4294e9bfd3]::pin::Pin<&mut task_scheduler_rs[4907ae59d2897279]::amqp::base::tests::creates_channel_successfully::{closure#0}>>::{closure#0}::{closure#0}>
[INFO] [stdout]   14:     0x62b880c06c48 - <tokio[572a92de843f14a5]::macros::scoped_tls::ScopedKey<tokio[572a92de843f14a5]::runtime::scheduler::current_thread::Context>>::set::<<tokio[572a92de843f14a5]::runtime::scheduler::current_thread::CoreGuard>::enter<<tokio[572a92de843f14a5]::runtime::scheduler::current_thread::CoreGuard>::block_on<core[df12db4294e9bfd3]::pin::Pin<&mut task_scheduler_rs[4907ae59d2897279]::amqp::base::tests::creates_channel_successfully::{closure#0}>>::{closure#0}, core[df12db4294e9bfd3]::option::Option<()>>::{closure#0}, (alloc[2182bb758b4b3781]::boxed::Box<tokio[572a92de843f14a5]::runtime::scheduler::current_thread::Core>, core[df12db4294e9bfd3]::option::Option<()>)>
[INFO] [stdout]   15:     0x62b880bca473 - <tokio[572a92de843f14a5]::runtime::scheduler::current_thread::CurrentThread>::block_on::<task_scheduler_rs[4907ae59d2897279]::amqp::base::tests::creates_channel_successfully::{closure#0}>
[INFO] [stdout]   16:     0x62b880bfa9c4 - <tokio[572a92de843f14a5]::runtime::Runtime>::block_on::<task_scheduler_rs[4907ae59d2897279]::amqp::base::tests::creates_channel_successfully::{closure#0}>
[INFO] [stdout]   17:     0x62b880c13ca7 - task_scheduler_rs[4907ae59d2897279]::amqp::base::tests::creates_channel_successfully
[INFO] [stdout]   18:     0x62b880bfa369 - <task_scheduler_rs[4907ae59d2897279]::amqp::base::tests::creates_channel_successfully::{closure#0} as core[df12db4294e9bfd3]::ops::function::FnOnce<()>>::call_once
[INFO] [stdout]   19:     0x62b880c1bdbb - test[9d35eded1c95d3be]::__rust_begin_short_backtrace::<core[df12db4294e9bfd3]::result::Result<(), alloc[2182bb758b4b3781]::string::String>, fn() -> core[df12db4294e9bfd3]::result::Result<(), alloc[2182bb758b4b3781]::string::String>>
[INFO] [stdout]   20:     0x62b880c29425 - test[9d35eded1c95d3be]::run_test::{closure#0}
[INFO] [stdout]   21:     0x62b880c22ce4 - std[70759c8f55707aa4]::sys::backtrace::__rust_begin_short_backtrace::<test[9d35eded1c95d3be]::run_test::{closure#1}, ()>
[INFO] [stdout]   22:     0x62b880c2c582 - <std[70759c8f55707aa4]::thread::lifecycle::spawn_unchecked<test[9d35eded1c95d3be]::run_test::{closure#1}, ()>::{closure#1} as core[df12db4294e9bfd3]::ops::function::FnOnce<()>>::call_once::{shim:vtable#0}
[INFO] [stdout]   23:     0x62b880ef0629 - <std[70759c8f55707aa4]::sys::thread::unix::Thread>::new::thread_start
[INFO] [stdout]   24:     0x7febe0b47dfa - <unknown>
[INFO] [stdout]   25:     0x7febe0bdb3d4 - clone
[INFO] [stdout]   26:                0x0 - <unknown>
[INFO] [stdout] 
[INFO] [stdout] ---- task::repository::tests::deletes_task_immediately stdout ----
[INFO] [stdout] 
[INFO] [stdout] thread 'task::repository::tests::deletes_task_immediately' (3664) panicked at /opt/rustwide/cargo-home/git/checkouts/testcontainers-rs-9cbd8b423379b051/3e521c7/testcontainers/src/clients/cli.rs:48:9:
[INFO] [stdout] failed to start container
[INFO] [stdout] stack backtrace:
[INFO] [stdout]    0:     0x62b880ef1331 - <<std[70759c8f55707aa4]::sys::backtrace::BacktraceLock>::print::DisplayBacktrace as core[df12db4294e9bfd3]::fmt::Display>::fmt
[INFO] [stdout]    1:     0x62b880f0b8fa - core[df12db4294e9bfd3]::fmt::write
[INFO] [stdout]    2:     0x62b880ef766c - <alloc[2182bb758b4b3781]::vec::Vec<u8> as core[df12db4294e9bfd3]::io::write::Write>::write_fmt
[INFO] [stdout]    3:     0x62b880ecb956 - std[70759c8f55707aa4]::panicking::default_hook::{closure#0}
[INFO] [stdout]    4:     0x62b880ee8f29 - std[70759c8f55707aa4]::panicking::default_hook
[INFO] [stdout]    5:     0x62b880c28ad0 - test[9d35eded1c95d3be]::test_main_inner::<test[9d35eded1c95d3be]::test_main_static::{closure#0}>::{closure#0}
[INFO] [stdout]    6:     0x62b880ee9252 - std[70759c8f55707aa4]::panicking::panic_with_hook
[INFO] [stdout]    7:     0x62b880ecba34 - std[70759c8f55707aa4]::panicking::panic_handler::{closure#0}
[INFO] [stdout]    8:     0x62b880ec46a9 - std[70759c8f55707aa4]::sys::backtrace::__rust_end_short_backtrace::<std[70759c8f55707aa4]::panicking::panic_handler::{closure#0}, !>
[INFO] [stdout]    9:     0x62b880ecc7ed - __rustc[8fa7c3cbc660c2b3]::rust_begin_unwind
[INFO] [stdout]   10:     0x62b880f0c05c - core[df12db4294e9bfd3]::panicking::panic_fmt
[INFO] [stdout]   11:     0x62b880c0dc12 - <testcontainers[26db5b9b98b2270a]::clients::cli::Cli>::run::<testcontainers[26db5b9b98b2270a]::images::redis::Redis, testcontainers[26db5b9b98b2270a]::images::redis::Redis>
[INFO] [stdout]   12:     0x62b880ba0b83 - <core[df12db4294e9bfd3]::pin::Pin<&mut task_scheduler_rs[4907ae59d2897279]::task::repository::tests::deletes_task_immediately::{closure#0}> as core[df12db4294e9bfd3]::future::future::Future>::poll
[INFO] [stdout]   13:     0x62b880bcc650 - <tokio[572a92de843f14a5]::runtime::scheduler::current_thread::Context>::enter::<core[df12db4294e9bfd3]::task::poll::Poll<()>, <tokio[572a92de843f14a5]::runtime::scheduler::current_thread::CoreGuard>::block_on<core[df12db4294e9bfd3]::pin::Pin<&mut task_scheduler_rs[4907ae59d2897279]::task::repository::tests::deletes_task_immediately::{closure#0}>>::{closure#0}::{closure#0}>
[INFO] [stdout]   14:     0x62b880c07888 - <tokio[572a92de843f14a5]::macros::scoped_tls::ScopedKey<tokio[572a92de843f14a5]::runtime::scheduler::current_thread::Context>>::set::<<tokio[572a92de843f14a5]::runtime::scheduler::current_thread::CoreGuard>::enter<<tokio[572a92de843f14a5]::runtime::scheduler::current_thread::CoreGuard>::block_on<core[df12db4294e9bfd3]::pin::Pin<&mut task_scheduler_rs[4907ae59d2897279]::task::repository::tests::deletes_task_immediately::{closure#0}>>::{closure#0}, core[df12db4294e9bfd3]::option::Option<()>>::{closure#0}, (alloc[2182bb758b4b3781]::boxed::Box<tokio[572a92de843f14a5]::runtime::scheduler::current_thread::Core>, core[df12db4294e9bfd3]::option::Option<()>)>
[INFO] [stdout]   15:     0x62b880bcb093 - <tokio[572a92de843f14a5]::runtime::scheduler::current_thread::CurrentThread>::block_on::<task_scheduler_rs[4907ae59d2897279]::task::repository::tests::deletes_task_immediately::{closure#0}>
[INFO] [stdout]   16:     0x62b880bfadb5 - <tokio[572a92de843f14a5]::runtime::Runtime>::block_on::<task_scheduler_rs[4907ae59d2897279]::task::repository::tests::deletes_task_immediately::{closure#0}>
[INFO] [stdout]   17:     0x62b880c14247 - task_scheduler_rs[4907ae59d2897279]::task::repository::tests::deletes_task_immediately
[INFO] [stdout]   18:     0x62b880bfa3e9 - <task_scheduler_rs[4907ae59d2897279]::task::repository::tests::deletes_task_immediately::{closure#0} as core[df12db4294e9bfd3]::ops::function::FnOnce<()>>::call_once
[INFO] [stdout]   19:     0x62b880c1bdbb - test[9d35eded1c95d3be]::__rust_begin_short_backtrace::<core[df12db4294e9bfd3]::result::Result<(), alloc[2182bb758b4b3781]::string::String>, fn() -> core[df12db4294e9bfd3]::result::Result<(), alloc[2182bb758b4b3781]::string::String>>
[INFO] [stdout]   20:     0x62b880c29425 - test[9d35eded1c95d3be]::run_test::{closure#0}
[INFO] [stdout]   21:     0x62b880c22ce4 - std[70759c8f55707aa4]::sys::backtrace::__rust_begin_short_backtrace::<test[9d35eded1c95d3be]::run_test::{closure#1}, ()>
[INFO] [stdout]   22:     0x62b880c2c582 - <std[70759c8f55707aa4]::thread::lifecycle::spawn_unchecked<test[9d35eded1c95d3be]::run_test::{closure#1}, ()>::{closure#1} as core[df12db4294e9bfd3]::ops::function::FnOnce<()>>::call_once::{shim:vtable#0}
[INFO] [stdout]   23:     0x62b880ef0629 - <std[70759c8f55707aa4]::sys::thread::unix::Thread>::new::thread_start
[INFO] [stdout]   24:     0x7febe0b47dfa - <unknown>
[INFO] [stdout]   25:     0x7febe0bdb3d4 - clone
[INFO] [stdout]   26:                0x0 - <unknown>
[INFO] [stdout] 
[INFO] [stdout] ---- redis_helper::tests::set_get_key_works stdout ----
[INFO] [stdout] 
[INFO] [stdout] thread 'redis_helper::tests::set_get_key_works' (3661) panicked at /opt/rustwide/cargo-home/git/checkouts/testcontainers-rs-9cbd8b423379b051/3e521c7/testcontainers/src/clients/cli.rs:48:9:
[INFO] [stdout] failed to start container
[INFO] [stdout] stack backtrace:
[INFO] [stdout]    0:     0x62b880ef1331 - <<std[70759c8f55707aa4]::sys::backtrace::BacktraceLock>::print::DisplayBacktrace as core[df12db4294e9bfd3]::fmt::Display>::fmt
[INFO] [stdout]    1:     0x62b880f0b8fa - core[df12db4294e9bfd3]::fmt::write
[INFO] [stdout]    2:     0x62b880ef766c - <alloc[2182bb758b4b3781]::vec::Vec<u8> as core[df12db4294e9bfd3]::io::write::Write>::write_fmt
[INFO] [stdout]    3:     0x62b880ecb956 - std[70759c8f55707aa4]::panicking::default_hook::{closure#0}
[INFO] [stdout]    4:     0x62b880ee8f29 - std[70759c8f55707aa4]::panicking::default_hook
[INFO] [stdout]    5:     0x62b880c28ad0 - test[9d35eded1c95d3be]::test_main_inner::<test[9d35eded1c95d3be]::test_main_static::{closure#0}>::{closure#0}
[INFO] [stdout]    6:     0x62b880ee9252 - std[70759c8f55707aa4]::panicking::panic_with_hook
[INFO] [stdout]    7:     0x62b880ecba34 - std[70759c8f55707aa4]::panicking::panic_handler::{closure#0}
[INFO] [stdout]    8:     0x62b880ec46a9 - std[70759c8f55707aa4]::sys::backtrace::__rust_end_short_backtrace::<std[70759c8f55707aa4]::panicking::panic_handler::{closure#0}, !>
[INFO] [stdout]    9:     0x62b880ecc7ed - __rustc[8fa7c3cbc660c2b3]::rust_begin_unwind
[INFO] [stdout]   10:     0x62b880f0c05c - core[df12db4294e9bfd3]::panicking::panic_fmt
[INFO] [stdout]   11:     0x62b880c0dc12 - <testcontainers[26db5b9b98b2270a]::clients::cli::Cli>::run::<testcontainers[26db5b9b98b2270a]::images::redis::Redis, testcontainers[26db5b9b98b2270a]::images::redis::Redis>
[INFO] [stdout]   12:     0x62b880b9e2da - <core[df12db4294e9bfd3]::pin::Pin<&mut task_scheduler_rs[4907ae59d2897279]::redis_helper::tests::set_get_key_works::{closure#0}> as core[df12db4294e9bfd3]::future::future::Future>::poll
[INFO] [stdout]   13:     0x62b880bcbcc0 - <tokio[572a92de843f14a5]::runtime::scheduler::current_thread::Context>::enter::<core[df12db4294e9bfd3]::task::poll::Poll<()>, <tokio[572a92de843f14a5]::runtime::scheduler::current_thread::CoreGuard>::block_on<core[df12db4294e9bfd3]::pin::Pin<&mut task_scheduler_rs[4907ae59d2897279]::redis_helper::tests::set_get_key_works::{closure#0}>>::{closure#0}::{closure#0}>
[INFO] [stdout]   14:     0x62b880c06008 - <tokio[572a92de843f14a5]::macros::scoped_tls::ScopedKey<tokio[572a92de843f14a5]::runtime::scheduler::current_thread::Context>>::set::<<tokio[572a92de843f14a5]::runtime::scheduler::current_thread::CoreGuard>::enter<<tokio[572a92de843f14a5]::runtime::scheduler::current_thread::CoreGuard>::block_on<core[df12db4294e9bfd3]::pin::Pin<&mut task_scheduler_rs[4907ae59d2897279]::redis_helper::tests::set_get_key_works::{closure#0}>>::{closure#0}, core[df12db4294e9bfd3]::option::Option<()>>::{closure#0}, (alloc[2182bb758b4b3781]::boxed::Box<tokio[572a92de843f14a5]::runtime::scheduler::current_thread::Core>, core[df12db4294e9bfd3]::option::Option<()>)>
[INFO] [stdout]   15:     0x62b880bc9863 - <tokio[572a92de843f14a5]::runtime::scheduler::current_thread::CurrentThread>::block_on::<task_scheduler_rs[4907ae59d2897279]::redis_helper::tests::set_get_key_works::{closure#0}>
[INFO] [stdout]   16:     0x62b880bfa5e4 - <tokio[572a92de843f14a5]::runtime::Runtime>::block_on::<task_scheduler_rs[4907ae59d2897279]::redis_helper::tests::set_get_key_works::{closure#0}>
[INFO] [stdout]   17:     0x62b880c0b5a7 - task_scheduler_rs[4907ae59d2897279]::redis_helper::tests::set_get_key_works
[INFO] [stdout]   18:     0x62b880bfa2a9 - <task_scheduler_rs[4907ae59d2897279]::redis_helper::tests::set_get_key_works::{closure#0} as core[df12db4294e9bfd3]::ops::function::FnOnce<()>>::call_once
[INFO] [stdout]   19:     0x62b880c1bdbb - test[9d35eded1c95d3be]::__rust_begin_short_backtrace::<core[df12db4294e9bfd3]::result::Result<(), alloc[2182bb758b4b3781]::string::String>, fn() -> core[df12db4294e9bfd3]::result::Result<(), alloc[2182bb758b4b3781]::string::String>>
[INFO] [stdout]   20:     0x62b880c29425 - test[9d35eded1c95d3be]::run_test::{closure#0}
[INFO] [stdout]   21:     0x62b880c22ce4 - std[70759c8f55707aa4]::sys::backtrace::__rust_begin_short_backtrace::<test[9d35eded1c95d3be]::run_test::{closure#1}, ()>
[INFO] [stdout]   22:     0x62b880c2c582 - <std[70759c8f55707aa4]::thread::lifecycle::spawn_unchecked<test[9d35eded1c95d3be]::run_test::{closure#1}, ()>::{closure#1} as core[df12db4294e9bfd3]::ops::function::FnOnce<()>>::call_once::{shim:vtable#0}
[INFO] [stdout]   23:     0x62b880ef0629 - <std[70759c8f55707aa4]::sys::thread::unix::Thread>::new::thread_start
[INFO] [stdout]   24:     0x7febe0b47dfa - <unknown>
[INFO] [stdout]   25:     0x7febe0bdb3d4 - clone
[INFO] [stdout]   26:                0x0 - <unknown>
[INFO] [stdout] 
[INFO] [stdout] ---- task::scheduler::tests::test_schedule_task stdout ----
[INFO] [stdout] 
[INFO] [stdout] thread 'task::scheduler::tests::test_schedule_task' (3665) panicked at /opt/rustwide/cargo-home/git/checkouts/testcontainers-rs-9cbd8b423379b051/3e521c7/testcontainers/src/clients/cli.rs:48:9:
[INFO] [stdout] failed to start container
[INFO] [stdout] stack backtrace:
[INFO] [stdout]    0:     0x62b880ef1331 - <<std[70759c8f55707aa4]::sys::backtrace::BacktraceLock>::print::DisplayBacktrace as core[df12db4294e9bfd3]::fmt::Display>::fmt
[INFO] [stdout]    1:     0x62b880f0b8fa - core[df12db4294e9bfd3]::fmt::write
[INFO] [stdout]    2:     0x62b880ef766c - <alloc[2182bb758b4b3781]::vec::Vec<u8> as core[df12db4294e9bfd3]::io::write::Write>::write_fmt
[INFO] [stdout]    3:     0x62b880ecb956 - std[70759c8f55707aa4]::panicking::default_hook::{closure#0}
[INFO] [stdout]    4:     0x62b880ee8f29 - std[70759c8f55707aa4]::panicking::default_hook
[INFO] [stdout]    5:     0x62b880c28ad0 - test[9d35eded1c95d3be]::test_main_inner::<test[9d35eded1c95d3be]::test_main_static::{closure#0}>::{closure#0}
[INFO] [stdout]    6:     0x62b880ee9252 - std[70759c8f55707aa4]::panicking::panic_with_hook
[INFO] [stdout]    7:     0x62b880ecba34 - std[70759c8f55707aa4]::panicking::panic_handler::{closure#0}
[INFO] [stdout]    8:     0x62b880ec46a9 - std[70759c8f55707aa4]::sys::backtrace::__rust_end_short_backtrace::<std[70759c8f55707aa4]::panicking::panic_handler::{closure#0}, !>
[INFO] [stdout]    9:     0x62b880ecc7ed - __rustc[8fa7c3cbc660c2b3]::rust_begin_unwind
[INFO] [stdout]   10:     0x62b880f0c05c - core[df12db4294e9bfd3]::panicking::panic_fmt
[INFO] [stdout]   11:     0x62b880c0ec52 - <testcontainers[26db5b9b98b2270a]::clients::cli::Cli>::run::<testcontainers[26db5b9b98b2270a]::images::rabbitmq::RabbitMq, testcontainers[26db5b9b98b2270a]::images::rabbitmq::RabbitMq>
[INFO] [stdout]   12:     0x62b880ba2d3e - <core[df12db4294e9bfd3]::pin::Pin<&mut task_scheduler_rs[4907ae59d2897279]::task::scheduler::tests::test_schedule_task::{closure#0}> as core[df12db4294e9bfd3]::future::future::Future>::poll
[INFO] [stdout]   13:     0x62b880bcc9e0 - <tokio[572a92de843f14a5]::runtime::scheduler::current_thread::Context>::enter::<core[df12db4294e9bfd3]::task::poll::Poll<()>, <tokio[572a92de843f14a5]::runtime::scheduler::current_thread::CoreGuard>::block_on<core[df12db4294e9bfd3]::pin::Pin<&mut task_scheduler_rs[4907ae59d2897279]::task::scheduler::tests::test_schedule_task::{closure#0}>>::{closure#0}::{closure#0}>
[INFO] [stdout]   14:     0x62b880c081b8 - <tokio[572a92de843f14a5]::macros::scoped_tls::ScopedKey<tokio[572a92de843f14a5]::runtime::scheduler::current_thread::Context>>::set::<<tokio[572a92de843f14a5]::runtime::scheduler::current_thread::CoreGuard>::enter<<tokio[572a92de843f14a5]::runtime::scheduler::current_thread::CoreGuard>::block_on<core[df12db4294e9bfd3]::pin::Pin<&mut task_scheduler_rs[4907ae59d2897279]::task::scheduler::tests::test_schedule_task::{closure#0}>>::{closure#0}, core[df12db4294e9bfd3]::option::Option<()>>::{closure#0}, (alloc[2182bb758b4b3781]::boxed::Box<tokio[572a92de843f14a5]::runtime::scheduler::current_thread::Core>, core[df12db4294e9bfd3]::option::Option<()>)>
[INFO] [stdout]   15:     0x62b880bcb9b3 - <tokio[572a92de843f14a5]::runtime::scheduler::current_thread::CurrentThread>::block_on::<task_scheduler_rs[4907ae59d2897279]::task::scheduler::tests::test_schedule_task::{closure#0}>
[INFO] [stdout]   16:     0x62b880bfb0b4 - <tokio[572a92de843f14a5]::runtime::Runtime>::block_on::<task_scheduler_rs[4907ae59d2897279]::task::scheduler::tests::test_schedule_task::{closure#0}>
[INFO] [stdout]   17:     0x62b880be0f76 - task_scheduler_rs[4907ae59d2897279]::task::scheduler::tests::test_schedule_task
[INFO] [stdout]   18:     0x62b880bfa449 - <task_scheduler_rs[4907ae59d2897279]::task::scheduler::tests::test_schedule_task::{closure#0} as core[df12db4294e9bfd3]::ops::function::FnOnce<()>>::call_once
[INFO] [stdout]   19:     0x62b880c1bdbb - test[9d35eded1c95d3be]::__rust_begin_short_backtrace::<core[df12db4294e9bfd3]::result::Result<(), alloc[2182bb758b4b3781]::string::String>, fn() -> core[df12db4294e9bfd3]::result::Result<(), alloc[2182bb758b4b3781]::string::String>>
[INFO] [stdout]   20:     0x62b880c29425 - test[9d35eded1c95d3be]::run_test::{closure#0}
[INFO] [stdout]   21:     0x62b880c22ce4 - std[70759c8f55707aa4]::sys::backtrace::__rust_begin_short_backtrace::<test[9d35eded1c95d3be]::run_test::{closure#1}, ()>
[INFO] [stdout]   22:     0x62b880c2c582 - <std[70759c8f55707aa4]::thread::lifecycle::spawn_unchecked<test[9d35eded1c95d3be]::run_test::{closure#1}, ()>::{closure#1} as core[df12db4294e9bfd3]::ops::function::FnOnce<()>>::call_once::{shim:vtable#0}
[INFO] [stdout]   23:     0x62b880ef0629 - <std[70759c8f55707aa4]::sys::thread::unix::Thread>::new::thread_start
[INFO] [stdout]   24:     0x7febe0b47dfa - <unknown>
[INFO] [stdout]   25:     0x7febe0bdb3d4 - clone
[INFO] [stdout]   26:                0x0 - <unknown>
[INFO] [stdout] 
[INFO] [stdout] ---- task::consumer::tests::consuming_task stdout ----
[INFO] [stdout] 
[INFO] [stdout] thread 'task::consumer::tests::consuming_task' (3662) panicked at /opt/rustwide/cargo-home/git/checkouts/testcontainers-rs-9cbd8b423379b051/3e521c7/testcontainers/src/clients/cli.rs:48:9:
[INFO] [stdout] failed to start container
[INFO] [stdout] stack backtrace:
[INFO] [stdout]    0:     0x62b880ef1331 - <<std[70759c8f55707aa4]::sys::backtrace::BacktraceLock>::print::DisplayBacktrace as core[df12db4294e9bfd3]::fmt::Display>::fmt
[INFO] [stdout]    1:     0x62b880f0b8fa - core[df12db4294e9bfd3]::fmt::write
[INFO] [stdout]    2:     0x62b880ef766c - <alloc[2182bb758b4b3781]::vec::Vec<u8> as core[df12db4294e9bfd3]::io::write::Write>::write_fmt
[INFO] [stdout]    3:     0x62b880ecb956 - std[70759c8f55707aa4]::panicking::default_hook::{closure#0}
[INFO] [stdout]    4:     0x62b880ee8f29 - std[70759c8f55707aa4]::panicking::default_hook
[INFO] [stdout]    5:     0x62b880c28ad0 - test[9d35eded1c95d3be]::test_main_inner::<test[9d35eded1c95d3be]::test_main_static::{closure#0}>::{closure#0}
[INFO] [stdout]    6:     0x62b880ee9252 - std[70759c8f55707aa4]::panicking::panic_with_hook
[INFO] [stdout]    7:     0x62b880ecba34 - std[70759c8f55707aa4]::panicking::panic_handler::{closure#0}
[INFO] [stdout]    8:     0x62b880ec46a9 - std[70759c8f55707aa4]::sys::backtrace::__rust_end_short_backtrace::<std[70759c8f55707aa4]::panicking::panic_handler::{closure#0}, !>
[INFO] [stdout]    9:     0x62b880ecc7ed - __rustc[8fa7c3cbc660c2b3]::rust_begin_unwind
[INFO] [stdout]   10:     0x62b880f0c05c - core[df12db4294e9bfd3]::panicking::panic_fmt
[INFO] [stdout]   11:     0x62b880c0ec52 - <testcontainers[26db5b9b98b2270a]::clients::cli::Cli>::run::<testcontainers[26db5b9b98b2270a]::images::rabbitmq::RabbitMq, testcontainers[26db5b9b98b2270a]::images::rabbitmq::RabbitMq>
[INFO] [stdout]   12:     0x62b880ba2275 - <core[df12db4294e9bfd3]::pin::Pin<&mut task_scheduler_rs[4907ae59d2897279]::task::consumer::tests::consuming_task::{closure#0}> as core[df12db4294e9bfd3]::future::future::Future>::poll
[INFO] [stdout]   13:     0x62b880bcc8b0 - <tokio[572a92de843f14a5]::runtime::scheduler::current_thread::Context>::enter::<core[df12db4294e9bfd3]::task::poll::Poll<()>, <tokio[572a92de843f14a5]::runtime::scheduler::current_thread::CoreGuard>::block_on<core[df12db4294e9bfd3]::pin::Pin<&mut task_scheduler_rs[4907ae59d2897279]::task::consumer::tests::consuming_task::{closure#0}>>::{closure#0}::{closure#0}>
[INFO] [stdout]   14:     0x62b880c07ea8 - <tokio[572a92de843f14a5]::macros::scoped_tls::ScopedKey<tokio[572a92de843f14a5]::runtime::scheduler::current_thread::Context>>::set::<<tokio[572a92de843f14a5]::runtime::scheduler::current_thread::CoreGuard>::enter<<tokio[572a92de843f14a5]::runtime::scheduler::current_thread::CoreGuard>::block_on<core[df12db4294e9bfd3]::pin::Pin<&mut task_scheduler_rs[4907ae59d2897279]::task::consumer::tests::consuming_task::{closure#0}>>::{closure#0}, core[df12db4294e9bfd3]::option::Option<()>>::{closure#0}, (alloc[2182bb758b4b3781]::boxed::Box<tokio[572a92de843f14a5]::runtime::scheduler::current_thread::Core>, core[df12db4294e9bfd3]::option::Option<()>)>
[INFO] [stdout]   15:     0x62b880bcb6c3 - <tokio[572a92de843f14a5]::runtime::scheduler::current_thread::CurrentThread>::block_on::<task_scheduler_rs[4907ae59d2897279]::task::consumer::tests::consuming_task::{closure#0}>
[INFO] [stdout]   16:     0x62b880bfafb5 - <tokio[572a92de843f14a5]::runtime::Runtime>::block_on::<task_scheduler_rs[4907ae59d2897279]::task::consumer::tests::consuming_task::{closure#0}>
[INFO] [stdout]   17:     0x62b880c14537 - task_scheduler_rs[4907ae59d2897279]::task::consumer::tests::consuming_task
[INFO] [stdout]   18:     0x62b880bfa429 - <task_scheduler_rs[4907ae59d2897279]::task::consumer::tests::consuming_task::{closure#0} as core[df12db4294e9bfd3]::ops::function::FnOnce<()>>::call_once
[INFO] [stdout]   19:     0x62b880c1bdbb - test[9d35eded1c95d3be]::__rust_begin_short_backtrace::<core[df12db4294e9bfd3]::result::Result<(), alloc[2182bb758b4b3781]::string::String>, fn() -> core[df12db4294e9bfd3]::result::Result<(), alloc[2182bb758b4b3781]::string::String>>
[INFO] [stdout]   20:     0x62b880c29425 - test[9d35eded1c95d3be]::run_test::{closure#0}
[INFO] [stdout]   21:     0x62b880c22ce4 - std[70759c8f55707aa4]::sys::backtrace::__rust_begin_short_backtrace::<test[9d35eded1c95d3be]::run_test::{closure#1}, ()>
[INFO] [stdout]   22:     0x62b880c2c582 - <std[70759c8f55707aa4]::thread::lifecycle::spawn_unchecked<test[9d35eded1c95d3be]::run_test::{closure#1}, ()>::{closure#1} as core[df12db4294e9bfd3]::ops::function::FnOnce<()>>::call_once::{shim:vtable#0}
[INFO] [stdout]   23:     0x62b880ef0629 - <std[70759c8f55707aa4]::sys::thread::unix::Thread>::new::thread_start
[INFO] [stdout]   24:     0x7febe0b47dfa - <unknown>
[INFO] [stdout]   25:     0x7febe0bdb3d4 - clone
[INFO] [stdout]   26:                0x0 - <unknown>
[INFO] [stdout] 
[INFO] [stdout] ---- amqp::base::tests::results_in_ok_for_valid_rabbit_mq_error stdout ----
[INFO] [stdout] 
[INFO] [stdout] thread 'amqp::base::tests::results_in_ok_for_valid_rabbit_mq_error' (3653) panicked at /opt/rustwide/cargo-home/git/checkouts/testcontainers-rs-9cbd8b423379b051/3e521c7/testcontainers/src/clients/cli.rs:48:9:
[INFO] [stdout] failed to start container
[INFO] [stdout] stack backtrace:
[INFO] [stdout]    0:     0x62b880ef1331 - <<std[70759c8f55707aa4]::sys::backtrace::BacktraceLock>::print::DisplayBacktrace as core[df12db4294e9bfd3]::fmt::Display>::fmt
[INFO] [stdout]    1:     0x62b880f0b8fa - core[df12db4294e9bfd3]::fmt::write
[INFO] [stdout]    2:     0x62b880ef766c - <alloc[2182bb758b4b3781]::vec::Vec<u8> as core[df12db4294e9bfd3]::io::write::Write>::write_fmt
[INFO] [stdout]    3:     0x62b880ecb956 - std[70759c8f55707aa4]::panicking::default_hook::{closure#0}
[INFO] [stdout]    4:     0x62b880ee8f29 - std[70759c8f55707aa4]::panicking::default_hook
[INFO] [stdout]    5:     0x62b880c28ad0 - test[9d35eded1c95d3be]::test_main_inner::<test[9d35eded1c95d3be]::test_main_static::{closure#0}>::{closure#0}
[INFO] [stdout]    6:     0x62b880ee9252 - std[70759c8f55707aa4]::panicking::panic_with_hook
[INFO] [stdout]    7:     0x62b880ecba34 - std[70759c8f55707aa4]::panicking::panic_handler::{closure#0}
[INFO] [stdout]    8:     0x62b880ec46a9 - std[70759c8f55707aa4]::sys::backtrace::__rust_end_short_backtrace::<std[70759c8f55707aa4]::panicking::panic_handler::{closure#0}, !>
[INFO] [stdout]    9:     0x62b880ecc7ed - __rustc[8fa7c3cbc660c2b3]::rust_begin_unwind
[INFO] [stdout]   10:     0x62b880f0c05c - core[df12db4294e9bfd3]::panicking::panic_fmt
[INFO] [stdout]   11:     0x62b880c0ec52 - <testcontainers[26db5b9b98b2270a]::clients::cli::Cli>::run::<testcontainers[26db5b9b98b2270a]::images::rabbitmq::RabbitMq, testcontainers[26db5b9b98b2270a]::images::rabbitmq::RabbitMq>
[INFO] [stdout]   12:     0x62b880ba077f - <core[df12db4294e9bfd3]::pin::Pin<&mut task_scheduler_rs[4907ae59d2897279]::amqp::base::tests::results_in_ok_for_valid_rabbit_mq_error::{closure#0}> as core[df12db4294e9bfd3]::future::future::Future>::poll
[INFO] [stdout]   13:     0x62b880bcc2b0 - <tokio[572a92de843f14a5]::runtime::scheduler::current_thread::Context>::enter::<core[df12db4294e9bfd3]::task::poll::Poll<()>, <tokio[572a92de843f14a5]::runtime::scheduler::current_thread::CoreGuard>::block_on<core[df12db4294e9bfd3]::pin::Pin<&mut task_scheduler_rs[4907ae59d2897279]::amqp::base::tests::results_in_ok_for_valid_rabbit_mq_error::{closure#0}>>::{closure#0}::{closure#0}>
[INFO] [stdout]   14:     0x62b880c06f58 - <tokio[572a92de843f14a5]::macros::scoped_tls::ScopedKey<tokio[572a92de843f14a5]::runtime::scheduler::current_thread::Context>>::set::<<tokio[572a92de843f14a5]::runtime::scheduler::current_thread::CoreGuard>::enter<<tokio[572a92de843f14a5]::runtime::scheduler::current_thread::CoreGuard>::block_on<core[df12db4294e9bfd3]::pin::Pin<&mut task_scheduler_rs[4907ae59d2897279]::amqp::base::tests::results_in_ok_for_valid_rabbit_mq_error::{closure#0}>>::{closure#0}, core[df12db4294e9bfd3]::option::Option<()>>::{closure#0}, (alloc[2182bb758b4b3781]::boxed::Box<tokio[572a92de843f14a5]::runtime::scheduler::current_thread::Core>, core[df12db4294e9bfd3]::option::Option<()>)>
[INFO] [stdout]   15:     0x62b880bca763 - <tokio[572a92de843f14a5]::runtime::scheduler::current_thread::CurrentThread>::block_on::<task_scheduler_rs[4907ae59d2897279]::amqp::base::tests::results_in_ok_for_valid_rabbit_mq_error::{closure#0}>
[INFO] [stdout]   16:     0x62b880bfaab5 - <tokio[572a92de843f14a5]::runtime::Runtime>::block_on::<task_scheduler_rs[4907ae59d2897279]::amqp::base::tests::results_in_ok_for_valid_rabbit_mq_error::{closure#0}>
[INFO] [stdout]   17:     0x62b880c13e17 - task_scheduler_rs[4907ae59d2897279]::amqp::base::tests::results_in_ok_for_valid_rabbit_mq_error
[INFO] [stdout]   18:     0x62b880bfa389 - <task_scheduler_rs[4907ae59d2897279]::amqp::base::tests::results_in_ok_for_valid_rabbit_mq_error::{closure#0} as core[df12db4294e9bfd3]::ops::function::FnOnce<()>>::call_once
[INFO] [stdout]   19:     0x62b880c1bdbb - test[9d35eded1c95d3be]::__rust_begin_short_backtrace::<core[df12db4294e9bfd3]::result::Result<(), alloc[2182bb758b4b3781]::string::String>, fn() -> core[df12db4294e9bfd3]::result::Result<(), alloc[2182bb758b4b3781]::string::String>>
[INFO] [stdout]   20:     0x62b880c29425 - test[9d35eded1c95d3be]::run_test::{closure#0}
[INFO] [stdout]   21:     0x62b880c22ce4 - std[70759c8f55707aa4]::sys::backtrace::__rust_begin_short_backtrace::<test[9d35eded1c95d3be]::run_test::{closure#1}, ()>
[INFO] [stdout]   22:     0x62b880c2c582 - <std[70759c8f55707aa4]::thread::lifecycle::spawn_unchecked<test[9d35eded1c95d3be]::run_test::{closure#1}, ()>::{closure#1} as core[df12db4294e9bfd3]::ops::function::FnOnce<()>>::call_once::{shim:vtable#0}
[INFO] [stdout]   23:     0x62b880ef0629 - <std[70759c8f55707aa4]::sys::thread::unix::Thread>::new::thread_start
[INFO] [stdout]   24:     0x7febe0b47dfa - <unknown>
[INFO] [stdout]   25:     0x7febe0bdb3d4 - clone
[INFO] [stdout]   26:                0x0 - <unknown>
[INFO] [stdout] 
[INFO] [stdout] ---- redis_helper::tests::returns_valid_redis_connection_for_valid_url stdout ----
[INFO] [stdout] 
[INFO] [stdout] thread 'redis_helper::tests::returns_valid_redis_connection_for_valid_url' (3660) panicked at /opt/rustwide/cargo-home/git/checkouts/testcontainers-rs-9cbd8b423379b051/3e521c7/testcontainers/src/clients/cli.rs:48:9:
[INFO] [stdout] failed to start container
[INFO] [stdout] stack backtrace:
[INFO] [stdout]    0:     0x62b880ef1331 - <<std[70759c8f55707aa4]::sys::backtrace::BacktraceLock>::print::DisplayBacktrace as core[df12db4294e9bfd3]::fmt::Display>::fmt
[INFO] [stdout]    1:     0x62b880f0b8fa - core[df12db4294e9bfd3]::fmt::write
[INFO] [stdout]    2:     0x62b880ef766c - <alloc[2182bb758b4b3781]::vec::Vec<u8> as core[df12db4294e9bfd3]::io::write::Write>::write_fmt
[INFO] [stdout]    3:     0x62b880ecb956 - std[70759c8f55707aa4]::panicking::default_hook::{closure#0}
[INFO] [stdout]    4:     0x62b880ee8f29 - std[70759c8f55707aa4]::panicking::default_hook
[INFO] [stdout]    5:     0x62b880c28ad0 - test[9d35eded1c95d3be]::test_main_inner::<test[9d35eded1c95d3be]::test_main_static::{closure#0}>::{closure#0}
[INFO] [stdout]    6:     0x62b880ee9252 - std[70759c8f55707aa4]::panicking::panic_with_hook
[INFO] [stdout]    7:     0x62b880ecba34 - std[70759c8f55707aa4]::panicking::panic_handler::{closure#0}
[INFO] [stdout]    8:     0x62b880ec46a9 - std[70759c8f55707aa4]::sys::backtrace::__rust_end_short_backtrace::<std[70759c8f55707aa4]::panicking::panic_handler::{closure#0}, !>
[INFO] [stdout]    9:     0x62b880ecc7ed - __rustc[8fa7c3cbc660c2b3]::rust_begin_unwind
[INFO] [stdout]   10:     0x62b880f0c05c - core[df12db4294e9bfd3]::panicking::panic_fmt
[INFO] [stdout]   11:     0x62b880c0dc12 - <testcontainers[26db5b9b98b2270a]::clients::cli::Cli>::run::<testcontainers[26db5b9b98b2270a]::images::redis::Redis, testcontainers[26db5b9b98b2270a]::images::redis::Redis>
[INFO] [stdout]   12:     0x62b880c0bad5 - task_scheduler_rs[4907ae59d2897279]::redis_helper::tests::returns_valid_redis_connection_for_valid_url
[INFO] [stdout]   13:     0x62b880bfa329 - <task_scheduler_rs[4907ae59d2897279]::redis_helper::tests::returns_valid_redis_connection_for_valid_url::{closure#0} as core[df12db4294e9bfd3]::ops::function::FnOnce<()>>::call_once
[INFO] [stdout]   14:     0x62b880c1bdbb - test[9d35eded1c95d3be]::__rust_begin_short_backtrace::<core[df12db4294e9bfd3]::result::Result<(), alloc[2182bb758b4b3781]::string::String>, fn() -> core[df12db4294e9bfd3]::result::Result<(), alloc[2182bb758b4b3781]::string::String>>
[INFO] [stdout]   15:     0x62b880c29425 - test[9d35eded1c95d3be]::run_test::{closure#0}
[INFO] [stdout]   16:     0x62b880c22ce4 - std[70759c8f55707aa4]::sys::backtrace::__rust_begin_short_backtrace::<test[9d35eded1c95d3be]::run_test::{closure#1}, ()>
[INFO] [stdout]   17:     0x62b880c2c582 - <std[70759c8f55707aa4]::thread::lifecycle::spawn_unchecked<test[9d35eded1c95d3be]::run_test::{closure#1}, ()>::{closure#1} as core[df12db4294e9bfd3]::ops::function::FnOnce<()>>::call_once::{shim:vtable#0}
[INFO] [stdout]   18:     0x62b880ef0629 - <std[70759c8f55707aa4]::sys::thread::unix::Thread>::new::thread_start
[INFO] [stdout]   19:     0x7febe0b47dfa - <unknown>
[INFO] [stdout]   20:     0x7febe0bdb3d4 - clone
[INFO] [stdout]   21:                0x0 - <unknown>
[INFO] [stdout] 
[INFO] [stdout] ---- redis_helper::tests::returns_true_for_non_existing_key stdout ----
[INFO] [stdout] 
[INFO] [stdout] thread 'redis_helper::tests::returns_true_for_non_existing_key' (3659) panicked at /opt/rustwide/cargo-home/git/checkouts/testcontainers-rs-9cbd8b423379b051/3e521c7/testcontainers/src/clients/cli.rs:48:9:
[INFO] [stdout] failed to start container
[INFO] [stdout] stack backtrace:
[INFO] [stdout]    0:     0x62b880ef1331 - <<std[70759c8f55707aa4]::sys::backtrace::BacktraceLock>::print::DisplayBacktrace as core[df12db4294e9bfd3]::fmt::Display>::fmt
[INFO] [stdout]    1:     0x62b880f0b8fa - core[df12db4294e9bfd3]::fmt::write
[INFO] [stdout]    2:     0x62b880ef766c - <alloc[2182bb758b4b3781]::vec::Vec<u8> as core[df12db4294e9bfd3]::io::write::Write>::write_fmt
[INFO] [stdout]    3:     0x62b880ecb956 - std[70759c8f55707aa4]::panicking::default_hook::{closure#0}
[INFO] [stdout]    4:     0x62b880ee8f29 - std[70759c8f55707aa4]::panicking::default_hook
[INFO] [stdout]    5:     0x62b880c28ad0 - test[9d35eded1c95d3be]::test_main_inner::<test[9d35eded1c95d3be]::test_main_static::{closure#0}>::{closure#0}
[INFO] [stdout]    6:     0x62b880ee9252 - std[70759c8f55707aa4]::panicking::panic_with_hook
[INFO] [stdout]    7:     0x62b880ecba34 - std[70759c8f55707aa4]::panicking::panic_handler::{closure#0}
[INFO] [stdout]    8:     0x62b880ec46a9 - std[70759c8f55707aa4]::sys::backtrace::__rust_end_short_backtrace::<std[70759c8f55707aa4]::panicking::panic_handler::{closure#0}, !>
[INFO] [stdout]    9:     0x62b880ecc7ed - __rustc[8fa7c3cbc660c2b3]::rust_begin_unwind
[INFO] [stdout]   10:     0x62b880f0c05c - core[df12db4294e9bfd3]::panicking::panic_fmt
[INFO] [stdout]   11:     0x62b880c0dc12 - <testcontainers[26db5b9b98b2270a]::clients::cli::Cli>::run::<testcontainers[26db5b9b98b2270a]::images::redis::Redis, testcontainers[26db5b9b98b2270a]::images::redis::Redis>
[INFO] [stdout]   12:     0x62b880b9f661 - <core[df12db4294e9bfd3]::pin::Pin<&mut task_scheduler_rs[4907ae59d2897279]::redis_helper::tests::returns_true_for_non_existing_key::{closure#0}> as core[df12db4294e9bfd3]::future::future::Future>::poll
[INFO] [stderr] error: test failed, to rerun pass `--bin task-scheduler-rs`
[INFO] [stdout]   13:     0x62b880bcbf20 - <tokio[572a92de843f14a5]::runtime::scheduler::current_thread::Context>::enter::<core[df12db4294e9bfd3]::task::poll::Poll<()>, <tokio[572a92de843f14a5]::runtime::scheduler::current_thread::CoreGuard>::block_on<core[df12db4294e9bfd3]::pin::Pin<&mut task_scheduler_rs[4907ae59d2897279]::redis_helper::tests::returns_true_for_non_existing_key::{closure#0}>>::{closure#0}::{closure#0}>
[INFO] [stdout]   14:     0x62b880c06628 - <tokio[572a92de843f14a5]::macros::scoped_tls::ScopedKey<tokio[572a92de843f14a5]::runtime::scheduler::current_thread::Context>>::set::<<tokio[572a92de843f14a5]::runtime::scheduler::current_thread::CoreGuard>::enter<<tokio[572a92de843f14a5]::runtime::scheduler::current_thread::CoreGuard>::block_on<core[df12db4294e9bfd3]::pin::Pin<&mut task_scheduler_rs[4907ae59d2897279]::redis_helper::tests::returns_true_for_non_existing_key::{closure#0}>>::{closure#0}, core[df12db4294e9bfd3]::option::Option<()>>::{closure#0}, (alloc[2182bb758b4b3781]::boxed::Box<tokio[572a92de843f14a5]::runtime::scheduler::current_thread::Core>, core[df12db4294e9bfd3]::option::Option<()>)>
[INFO] [stdout]   15:     0x62b880bc9e43 - <tokio[572a92de843f14a5]::runtime::scheduler::current_thread::CurrentThread>::block_on::<task_scheduler_rs[4907ae59d2897279]::redis_helper::tests::returns_true_for_non_existing_key::{closure#0}>
[INFO] [stdout]   16:     0x62b880bfa7c5 - <tokio[572a92de843f14a5]::runtime::Runtime>::block_on::<task_scheduler_rs[4907ae59d2897279]::redis_helper::tests::returns_true_for_non_existing_key::{closure#0}>
[INFO] [stdout]   17:     0x62b880c0b887 - task_scheduler_rs[4907ae59d2897279]::redis_helper::tests::returns_true_for_non_existing_key
[INFO] [stdout]   18:     0x62b880bfa2e9 - <task_scheduler_rs[4907ae59d2897279]::redis_helper::tests::returns_true_for_non_existing_key::{closure#0} as core[df12db4294e9bfd3]::ops::function::FnOnce<()>>::call_once
[INFO] [stdout]   19:     0x62b880c1bdbb - test[9d35eded1c95d3be]::__rust_begin_short_backtrace::<core[df12db4294e9bfd3]::result::Result<(), alloc[2182bb758b4b3781]::string::String>, fn() -> core[df12db4294e9bfd3]::result::Result<(), alloc[2182bb758b4b3781]::string::String>>
[INFO] [stdout]   20:     0x62b880c29425 - test[9d35eded1c95d3be]::run_test::{closure#0}
[INFO] [stdout]   21:     0x62b880c22ce4 - std[70759c8f55707aa4]::sys::backtrace::__rust_begin_short_backtrace::<test[9d35eded1c95d3be]::run_test::{closure#1}, ()>
[INFO] [stdout]   22:     0x62b880c2c582 - <std[70759c8f55707aa4]::thread::lifecycle::spawn_unchecked<test[9d35eded1c95d3be]::run_test::{closure#1}, ()>::{closure#1} as core[df12db4294e9bfd3]::ops::function::FnOnce<()>>::call_once::{shim:vtable#0}
[INFO] [stdout]   23:     0x62b880ef0629 - <std[70759c8f55707aa4]::sys::thread::unix::Thread>::new::thread_start
[INFO] [stdout]   24:     0x7febe0b47dfa - <unknown>
[INFO] [stdout]   25:     0x7febe0bdb3d4 - clone
[INFO] [stdout]   26:                0x0 - <unknown>
[INFO] [stdout] 
[INFO] [stdout] ---- redis_helper::tests::delete_key_works stdout ----
[INFO] [stdout] 
[INFO] [stdout] thread 'redis_helper::tests::delete_key_works' (3655) panicked at /opt/rustwide/cargo-home/git/checkouts/testcontainers-rs-9cbd8b423379b051/3e521c7/testcontainers/src/clients/cli.rs:48:9:
[INFO] [stdout] failed to start container
[INFO] [stdout] stack backtrace:
[INFO] [stdout]    0:     0x62b880ef1331 - <<std[70759c8f55707aa4]::sys::backtrace::BacktraceLock>::print::DisplayBacktrace as core[df12db4294e9bfd3]::fmt::Display>::fmt
[INFO] [stdout]    1:     0x62b880f0b8fa - core[df12db4294e9bfd3]::fmt::write
[INFO] [stdout]    2:     0x62b880ef766c - <alloc[2182bb758b4b3781]::vec::Vec<u8> as core[df12db4294e9bfd3]::io::write::Write>::write_fmt
[INFO] [stdout]    3:     0x62b880ecb956 - std[70759c8f55707aa4]::panicking::default_hook::{closure#0}
[INFO] [stdout]    4:     0x62b880ee8f29 - std[70759c8f55707aa4]::panicking::default_hook
[INFO] [stdout]    5:     0x62b880c28ad0 - test[9d35eded1c95d3be]::test_main_inner::<test[9d35eded1c95d3be]::test_main_static::{closure#0}>::{closure#0}
[INFO] [stdout]    6:     0x62b880ee9252 - std[70759c8f55707aa4]::panicking::panic_with_hook
[INFO] [stdout]    7:     0x62b880ecba34 - std[70759c8f55707aa4]::panicking::panic_handler::{closure#0}
[INFO] [stdout]    8:     0x62b880ec46a9 - std[70759c8f55707aa4]::sys::backtrace::__rust_end_short_backtrace::<std[70759c8f55707aa4]::panicking::panic_handler::{closure#0}, !>
[INFO] [stdout]    9:     0x62b880ecc7ed - __rustc[8fa7c3cbc660c2b3]::rust_begin_unwind
[INFO] [stdout]   10:     0x62b880f0c05c - core[df12db4294e9bfd3]::panicking::panic_fmt
[INFO] [stdout]   11:     0x62b880c0dc12 - <testcontainers[26db5b9b98b2270a]::clients::cli::Cli>::run::<testcontainers[26db5b9b98b2270a]::images::redis::Redis, testcontainers[26db5b9b98b2270a]::images::redis::Redis>
[INFO] [stdout]   12:     0x62b880b9d6fa - <core[df12db4294e9bfd3]::pin::Pin<&mut task_scheduler_rs[4907ae59d2897279]::redis_helper::tests::delete_key_works::{closure#0}> as core[df12db4294e9bfd3]::future::future::Future>::poll
[INFO] [stdout]   13:     0x62b880bcbb90 - <tokio[572a92de843f14a5]::runtime::scheduler::current_thread::Context>::enter::<core[df12db4294e9bfd3]::task::poll::Poll<()>, <tokio[572a92de843f14a5]::runtime::scheduler::current_thread::CoreGuard>::block_on<core[df12db4294e9bfd3]::pin::Pin<&mut task_scheduler_rs[4907ae59d2897279]::redis_helper::tests::delete_key_works::{closure#0}>>::{closure#0}::{closure#0}>
[INFO] [stdout]   14:     0x62b880c05cf8 - <tokio[572a92de843f14a5]::macros::scoped_tls::ScopedKey<tokio[572a92de843f14a5]::runtime::scheduler::current_thread::Context>>::set::<<tokio[572a92de843f14a5]::runtime::scheduler::current_thread::CoreGuard>::enter<<tokio[572a92de843f14a5]::runtime::scheduler::current_thread::CoreGuard>::block_on<core[df12db4294e9bfd3]::pin::Pin<&mut task_scheduler_rs[4907ae59d2897279]::redis_helper::tests::delete_key_works::{closure#0}>>::{closure#0}, core[df12db4294e9bfd3]::option::Option<()>>::{closure#0}, (alloc[2182bb758b4b3781]::boxed::Box<tokio[572a92de843f14a5]::runtime::scheduler::current_thread::Core>, core[df12db4294e9bfd3]::option::Option<()>)>
[INFO] [stdout]   15:     0x62b880bc9573 - <tokio[572a92de843f14a5]::runtime::scheduler::current_thread::CurrentThread>::block_on::<task_scheduler_rs[4907ae59d2897279]::redis_helper::tests::delete_key_works::{closure#0}>
[INFO] [stdout]   16:     0x62b880bfa4f4 - <tokio[572a92de843f14a5]::runtime::Runtime>::block_on::<task_scheduler_rs[4907ae59d2897279]::redis_helper::tests::delete_key_works::{closure#0}>
[INFO] [stdout]   17:     0x62b880c0b437 - task_scheduler_rs[4907ae59d2897279]::redis_helper::tests::delete_key_works
[INFO] [stdout]   18:     0x62b880bfa289 - <task_scheduler_rs[4907ae59d2897279]::redis_helper::tests::delete_key_works::{closure#0} as core[df12db4294e9bfd3]::ops::function::FnOnce<()>>::call_once
[INFO] [stdout]   19:     0x62b880c1bdbb - test[9d35eded1c95d3be]::__rust_begin_short_backtrace::<core[df12db4294e9bfd3]::result::Result<(), alloc[2182bb758b4b3781]::string::String>, fn() -> core[df12db4294e9bfd3]::result::Result<(), alloc[2182bb758b4b3781]::string::String>>
[INFO] [stdout]   20:     0x62b880c29425 - test[9d35eded1c95d3be]::run_test::{closure#0}
[INFO] [stdout]   21:     0x62b880c22ce4 - std[70759c8f55707aa4]::sys::backtrace::__rust_begin_short_backtrace::<test[9d35eded1c95d3be]::run_test::{closure#1}, ()>
[INFO] [stdout]   22:     0x62b880c2c582 - <std[70759c8f55707aa4]::thread::lifecycle::spawn_unchecked<test[9d35eded1c95d3be]::run_test::{closure#1}, ()>::{closure#1} as core[df12db4294e9bfd3]::ops::function::FnOnce<()>>::call_once::{shim:vtable#0}
[INFO] [stdout]   23:     0x62b880ef0629 - <std[70759c8f55707aa4]::sys::thread::unix::Thread>::new::thread_start
[INFO] [stdout]   24:     0x7febe0b47dfa - <unknown>
[INFO] [stdout]   25:     0x7febe0bdb3d4 - clone
[INFO] [stdout]   26:                0x0 - <unknown>
[INFO] [stdout] 
[INFO] [stdout] ---- redis_helper::tests::returns_true_for_existing_key stdout ----
[INFO] [stdout] 
[INFO] [stdout] thread 'redis_helper::tests::returns_true_for_existing_key' (3658) panicked at /opt/rustwide/cargo-home/git/checkouts/testcontainers-rs-9cbd8b423379b051/3e521c7/testcontainers/src/clients/cli.rs:48:9:
[INFO] [stdout] failed to start container
[INFO] [stdout] stack backtrace:
[INFO] [stdout]    0:     0x62b880ef1331 - <<std[70759c8f55707aa4]::sys::backtrace::BacktraceLock>::print::DisplayBacktrace as core[df12db4294e9bfd3]::fmt::Display>::fmt
[INFO] [stdout]    1:     0x62b880f0b8fa - core[df12db4294e9bfd3]::fmt::write
[INFO] [stdout]    2:     0x62b880ef766c - <alloc[2182bb758b4b3781]::vec::Vec<u8> as core[df12db4294e9bfd3]::io::write::Write>::write_fmt
[INFO] [stdout]    3:     0x62b880ecb956 - std[70759c8f55707aa4]::panicking::default_hook::{closure#0}
[INFO] [stdout]    4:     0x62b880ee8f29 - std[70759c8f55707aa4]::panicking::default_hook
[INFO] [stdout]    5:     0x62b880c28ad0 - test[9d35eded1c95d3be]::test_main_inner::<test[9d35eded1c95d3be]::test_main_static::{closure#0}>::{closure#0}
[INFO] [stdout]    6:     0x62b880ee9252 - std[70759c8f55707aa4]::panicking::panic_with_hook
[INFO] [stdout]    7:     0x62b880ecba34 - std[70759c8f55707aa4]::panicking::panic_handler::{closure#0}
[INFO] [stdout]    8:     0x62b880ec46a9 - std[70759c8f55707aa4]::sys::backtrace::__rust_end_short_backtrace::<std[70759c8f55707aa4]::panicking::panic_handler::{closure#0}, !>
[INFO] [stdout]    9:     0x62b880ecc7ed - __rustc[8fa7c3cbc660c2b3]::rust_begin_unwind
[INFO] [stdout]   10:     0x62b880f0c05c - core[df12db4294e9bfd3]::panicking::panic_fmt
[INFO] [stdout]   11:     0x62b880c0dc12 - <testcontainers[26db5b9b98b2270a]::clients::cli::Cli>::run::<testcontainers[26db5b9b98b2270a]::images::redis::Redis, testcontainers[26db5b9b98b2270a]::images::redis::Redis>
[INFO] [stdout]   12:     0x62b880b9efa6 - <core[df12db4294e9bfd3]::pin::Pin<&mut task_scheduler_rs[4907ae59d2897279]::redis_helper::tests::returns_true_for_existing_key::{closure#0}> as core[df12db4294e9bfd3]::future::future::Future>::poll
[INFO] [stdout]   13:     0x62b880bcbdf0 - <tokio[572a92de843f14a5]::runtime::scheduler::current_thread::Context>::enter::<core[df12db4294e9bfd3]::task::poll::Poll<()>, <tokio[572a92de843f14a5]::runtime::scheduler::current_thread::CoreGuard>::block_on<core[df12db4294e9bfd3]::pin::Pin<&mut task_scheduler_rs[4907ae59d2897279]::redis_helper::tests::returns_true_for_existing_key::{closure#0}>>::{closure#0}::{closure#0}>
[INFO] [stdout]   14:     0x62b880c06318 - <tokio[572a92de843f14a5]::macros::scoped_tls::ScopedKey<tokio[572a92de843f14a5]::runtime::scheduler::current_thread::Context>>::set::<<tokio[572a92de843f14a5]::runtime::scheduler::current_thread::CoreGuard>::enter<<tokio[572a92de843f14a5]::runtime::scheduler::current_thread::CoreGuard>::block_on<core[df12db4294e9bfd3]::pin::Pin<&mut task_scheduler_rs[4907ae59d2897279]::redis_helper::tests::returns_true_for_existing_key::{closure#0}>>::{closure#0}, core[df12db4294e9bfd3]::option::Option<()>>::{closure#0}, (alloc[2182bb758b4b3781]::boxed::Box<tokio[572a92de843f14a5]::runtime::scheduler::current_thread::Core>, core[df12db4294e9bfd3]::option::Option<()>)>
[INFO] [stdout]   15:     0x62b880bc9b53 - <tokio[572a92de843f14a5]::runtime::scheduler::current_thread::CurrentThread>::block_on::<task_scheduler_rs[4907ae59d2897279]::redis_helper::tests::returns_true_for_existing_key::{closure#0}>
[INFO] [stdout]   16:     0x62b880bfa6d4 - <tokio[572a92de843f14a5]::runtime::Runtime>::block_on::<task_scheduler_rs[4907ae59d2897279]::redis_helper::tests::returns_true_for_existing_key::{closure#0}>
[INFO] [stdout]   17:     0x62b880c0b717 - task_scheduler_rs[4907ae59d2897279]::redis_helper::tests::returns_true_for_existing_key
[INFO] [stdout]   18:     0x62b880bfa2c9 - <task_scheduler_rs[4907ae59d2897279]::redis_helper::tests::returns_true_for_existing_key::{closure#0} as core[df12db4294e9bfd3]::ops::function::FnOnce<()>>::call_once
[INFO] [stdout]   19:     0x62b880c1bdbb - test[9d35eded1c95d3be]::__rust_begin_short_backtrace::<core[df12db4294e9bfd3]::result::Result<(), alloc[2182bb758b4b3781]::string::String>, fn() -> core[df12db4294e9bfd3]::result::Result<(), alloc[2182bb758b4b3781]::string::String>>
[INFO] [stdout]   20:     0x62b880c29425 - test[9d35eded1c95d3be]::run_test::{closure#0}
[INFO] [stdout]   21:     0x62b880c22ce4 - std[70759c8f55707aa4]::sys::backtrace::__rust_begin_short_backtrace::<test[9d35eded1c95d3be]::run_test::{closure#1}, ()>
[INFO] [stdout]   22:     0x62b880c2c582 - <std[70759c8f55707aa4]::thread::lifecycle::spawn_unchecked<test[9d35eded1c95d3be]::run_test::{closure#1}, ()>::{closure#1} as core[df12db4294e9bfd3]::ops::function::FnOnce<()>>::call_once::{shim:vtable#0}
[INFO] [stdout]   23:     0x62b880ef0629 - <std[70759c8f55707aa4]::sys::thread::unix::Thread>::new::thread_start
[INFO] [stdout]   24:     0x7febe0b47dfa - <unknown>
[INFO] [stdout]   25:     0x7febe0bdb3d4 - clone
[INFO] [stdout]   26:                0x0 - <unknown>
[INFO] [stdout] 
[INFO] [stdout] ---- task::repository::tests::creates_task_and_removes_after_expiry stdout ----
[INFO] [stdout] 
[INFO] [stdout] thread 'task::repository::tests::creates_task_and_removes_after_expiry' (3663) panicked at /opt/rustwide/cargo-home/git/checkouts/testcontainers-rs-9cbd8b423379b051/3e521c7/testcontainers/src/clients/cli.rs:48:9:
[INFO] [stdout] failed to start container
[INFO] [stdout] stack backtrace:
[INFO] [stdout]    0:     0x62b880ef1331 - <<std[70759c8f55707aa4]::sys::backtrace::BacktraceLock>::print::DisplayBacktrace as core[df12db4294e9bfd3]::fmt::Display>::fmt
[INFO] [stdout]    1:     0x62b880f0b8fa - core[df12db4294e9bfd3]::fmt::write
[INFO] [stdout]    2:     0x62b880ef766c - <alloc[2182bb758b4b3781]::vec::Vec<u8> as core[df12db4294e9bfd3]::io::write::Write>::write_fmt
[INFO] [stdout]    3:     0x62b880ecb956 - std[70759c8f55707aa4]::panicking::default_hook::{closure#0}
[INFO] [stdout]    4:     0x62b880ee8f29 - std[70759c8f55707aa4]::panicking::default_hook
[INFO] [stdout]    5:     0x62b880c28ad0 - test[9d35eded1c95d3be]::test_main_inner::<test[9d35eded1c95d3be]::test_main_static::{closure#0}>::{closure#0}
[INFO] [stdout]    6:     0x62b880ee9252 - std[70759c8f55707aa4]::panicking::panic_with_hook
[INFO] [stdout]    7:     0x62b880ecba34 - std[70759c8f55707aa4]::panicking::panic_handler::{closure#0}
[INFO] [stdout]    8:     0x62b880ec46a9 - std[70759c8f55707aa4]::sys::backtrace::__rust_end_short_backtrace::<std[70759c8f55707aa4]::panicking::panic_handler::{closure#0}, !>
[INFO] [stdout]    9:     0x62b880ecc7ed - __rustc[8fa7c3cbc660c2b3]::rust_begin_unwind
[INFO] [stdout]   10:     0x62b880f0c05c - core[df12db4294e9bfd3]::panicking::panic_fmt
[INFO] [stdout]   11:     0x62b880c0dc12 - <testcontainers[26db5b9b98b2270a]::clients::cli::Cli>::run::<testcontainers[26db5b9b98b2270a]::images::redis::Redis, testcontainers[26db5b9b98b2270a]::images::redis::Redis>
[INFO] [stdout]   12:     0x62b880ba175a - <core[df12db4294e9bfd3]::pin::Pin<&mut task_scheduler_rs[4907ae59d2897279]::task::repository::tests::creates_task_and_removes_after_expiry::{closure#0}> as core[df12db4294e9bfd3]::future::future::Future>::poll
[INFO] [stdout]   13:     0x62b880bcc780 - <tokio[572a92de843f14a5]::runtime::scheduler::current_thread::Context>::enter::<core[df12db4294e9bfd3]::task::poll::Poll<()>, <tokio[572a92de843f14a5]::runtime::scheduler::current_thread::CoreGuard>::block_on<core[df12db4294e9bfd3]::pin::Pin<&mut task_scheduler_rs[4907ae59d2897279]::task::repository::tests::creates_task_and_removes_after_expiry::{closure#0}>>::{closure#0}::{closure#0}>
[INFO] [stdout]   14:     0x62b880c07b98 - <tokio[572a92de843f14a5]::macros::scoped_tls::ScopedKey<tokio[572a92de843f14a5]::runtime::scheduler::current_thread::Context>>::set::<<tokio[572a92de843f14a5]::runtime::scheduler::current_thread::CoreGuard>::enter<<tokio[572a92de843f14a5]::runtime::scheduler::current_thread::CoreGuard>::block_on<core[df12db4294e9bfd3]::pin::Pin<&mut task_scheduler_rs[4907ae59d2897279]::task::repository::tests::creates_task_and_removes_after_expiry::{closure#0}>>::{closure#0}, core[df12db4294e9bfd3]::option::Option<()>>::{closure#0}, (alloc[2182bb758b4b3781]::boxed::Box<tokio[572a92de843f14a5]::runtime::scheduler::current_thread::Core>, core[df12db4294e9bfd3]::option::Option<()>)>
[INFO] [stdout]   15:     0x62b880bcb3c0 - <tokio[572a92de843f14a5]::runtime::scheduler::current_thread::CurrentThread>::block_on::<task_scheduler_rs[4907ae59d2897279]::task::repository::tests::creates_task_and_removes_after_expiry::{closure#0}>
[INFO] [stdout]   16:     0x62b880bfaec0 - <tokio[572a92de843f14a5]::runtime::Runtime>::block_on::<task_scheduler_rs[4907ae59d2897279]::task::repository::tests::creates_task_and_removes_after_expiry::{closure#0}>
[INFO] [stdout]   17:     0x62b880c143c0 - task_scheduler_rs[4907ae59d2897279]::task::repository::tests::creates_task_and_removes_after_expiry
[INFO] [stdout]   18:     0x62b880bfa409 - <task_scheduler_rs[4907ae59d2897279]::task::repository::tests::creates_task_and_removes_after_expiry::{closure#0} as core[df12db4294e9bfd3]::ops::function::FnOnce<()>>::call_once
[INFO] [stdout]   19:     0x62b880c1bdbb - test[9d35eded1c95d3be]::__rust_begin_short_backtrace::<core[df12db4294e9bfd3]::result::Result<(), alloc[2182bb758b4b3781]::string::String>, fn() -> core[df12db4294e9bfd3]::result::Result<(), alloc[2182bb758b4b3781]::string::String>>
[INFO] [stdout]   20:     0x62b880c29425 - test[9d35eded1c95d3be]::run_test::{closure#0}
[INFO] [stdout]   21:     0x62b880c22ce4 - std[70759c8f55707aa4]::sys::backtrace::__rust_begin_short_backtrace::<test[9d35eded1c95d3be]::run_test::{closure#1}, ()>
[INFO] [stdout]   22:     0x62b880c2c582 - <std[70759c8f55707aa4]::thread::lifecycle::spawn_unchecked<test[9d35eded1c95d3be]::run_test::{closure#1}, ()>::{closure#1} as core[df12db4294e9bfd3]::ops::function::FnOnce<()>>::call_once::{shim:vtable#0}
[INFO] [stdout]   23:     0x62b880ef0629 - <std[70759c8f55707aa4]::sys::thread::unix::Thread>::new::thread_start
[INFO] [stdout]   24:     0x7febe0b47dfa - <unknown>
[INFO] [stdout]   25:     0x7febe0bdb3d4 - clone
[INFO] [stdout]   26:                0x0 - <unknown>
[INFO] [stdout] 
[INFO] [stdout] ---- redis_helper::tests::key_expires_after_specified_seconds stdout ----
[INFO] [stdout] 
[INFO] [stdout] thread 'redis_helper::tests::key_expires_after_specified_seconds' (3656) panicked at /opt/rustwide/cargo-home/git/checkouts/testcontainers-rs-9cbd8b423379b051/3e521c7/testcontainers/src/clients/cli.rs:48:9:
[INFO] [stdout] failed to start container
[INFO] [stdout] stack backtrace:
[INFO] [stdout]    0:     0x62b880ef1331 - <<std[70759c8f55707aa4]::sys::backtrace::BacktraceLock>::print::DisplayBacktrace as core[df12db4294e9bfd3]::fmt::Display>::fmt
[INFO] [stdout]    1:     0x62b880f0b8fa - core[df12db4294e9bfd3]::fmt::write
[INFO] [stdout]    2:     0x62b880ef766c - <alloc[2182bb758b4b3781]::vec::Vec<u8> as core[df12db4294e9bfd3]::io::write::Write>::write_fmt
[INFO] [stdout]    3:     0x62b880ecb956 - std[70759c8f55707aa4]::panicking::default_hook::{closure#0}
[INFO] [stdout]    4:     0x62b880ee8f29 - std[70759c8f55707aa4]::panicking::default_hook
[INFO] [stdout]    5:     0x62b880c28ad0 - test[9d35eded1c95d3be]::test_main_inner::<test[9d35eded1c95d3be]::test_main_static::{closure#0}>::{closure#0}
[INFO] [stdout]    6:     0x62b880ee9252 - std[70759c8f55707aa4]::panicking::panic_with_hook
[INFO] [stdout]    7:     0x62b880ecba34 - std[70759c8f55707aa4]::panicking::panic_handler::{closure#0}
[INFO] [stdout]    8:     0x62b880ec46a9 - std[70759c8f55707aa4]::sys::backtrace::__rust_end_short_backtrace::<std[70759c8f55707aa4]::panicking::panic_handler::{closure#0}, !>
[INFO] [stdout]    9:     0x62b880ecc7ed - __rustc[8fa7c3cbc660c2b3]::rust_begin_unwind
[INFO] [stdout]   10:     0x62b880f0c05c - core[df12db4294e9bfd3]::panicking::panic_fmt
[INFO] [stdout]   11:     0x62b880c0dc12 - <testcontainers[26db5b9b98b2270a]::clients::cli::Cli>::run::<testcontainers[26db5b9b98b2270a]::images::redis::Redis, testcontainers[26db5b9b98b2270a]::images::redis::Redis>
[INFO] [stdout]   12:     0x62b880b9fb4f - <core[df12db4294e9bfd3]::pin::Pin<&mut task_scheduler_rs[4907ae59d2897279]::redis_helper::tests::key_expires_after_specified_seconds::{closure#0}> as core[df12db4294e9bfd3]::future::future::Future>::poll
[INFO] [stdout]   13:     0x62b880bcc050 - <tokio[572a92de843f14a5]::runtime::scheduler::current_thread::Context>::enter::<core[df12db4294e9bfd3]::task::poll::Poll<()>, <tokio[572a92de843f14a5]::runtime::scheduler::current_thread::CoreGuard>::block_on<core[df12db4294e9bfd3]::pin::Pin<&mut task_scheduler_rs[4907ae59d2897279]::redis_helper::tests::key_expires_after_specified_seconds::{closure#0}>>::{closure#0}::{closure#0}>
[INFO] [stdout]   14:     0x62b880c06938 - <tokio[572a92de843f14a5]::macros::scoped_tls::ScopedKey<tokio[572a92de843f14a5]::runtime::scheduler::current_thread::Context>>::set::<<tokio[572a92de843f14a5]::runtime::scheduler::current_thread::CoreGuard>::enter<<tokio[572a92de843f14a5]::runtime::scheduler::current_thread::CoreGuard>::block_on<core[df12db4294e9bfd3]::pin::Pin<&mut task_scheduler_rs[4907ae59d2897279]::redis_helper::tests::key_expires_after_specified_seconds::{closure#0}>>::{closure#0}, core[df12db4294e9bfd3]::option::Option<()>>::{closure#0}, (alloc[2182bb758b4b3781]::boxed::Box<tokio[572a92de843f14a5]::runtime::scheduler::current_thread::Core>, core[df12db4294e9bfd3]::option::Option<()>)>
[INFO] [stdout]   15:     0x62b880bca170 - <tokio[572a92de843f14a5]::runtime::scheduler::current_thread::CurrentThread>::block_on::<task_scheduler_rs[4907ae59d2897279]::redis_helper::tests::key_expires_after_specified_seconds::{closure#0}>
[INFO] [stdout]   16:     0x62b880bfa8d0 - <tokio[572a92de843f14a5]::runtime::Runtime>::block_on::<task_scheduler_rs[4907ae59d2897279]::redis_helper::tests::key_expires_after_specified_seconds::{closure#0}>
[INFO] [stdout]   17:     0x62b880c0ba00 - task_scheduler_rs[4907ae59d2897279]::redis_helper::tests::key_expires_after_specified_seconds
[INFO] [stdout]   18:     0x62b880bfa309 - <task_scheduler_rs[4907ae59d2897279]::redis_helper::tests::key_expires_after_specified_seconds::{closure#0} as core[df12db4294e9bfd3]::ops::function::FnOnce<()>>::call_once
[INFO] [stdout]   19:     0x62b880c1bdbb - test[9d35eded1c95d3be]::__rust_begin_short_backtrace::<core[df12db4294e9bfd3]::result::Result<(), alloc[2182bb758b4b3781]::string::String>, fn() -> core[df12db4294e9bfd3]::result::Result<(), alloc[2182bb758b4b3781]::string::String>>
[INFO] [stdout]   20:     0x62b880c29425 - test[9d35eded1c95d3be]::run_test::{closure#0}
[INFO] [stdout]   21:     0x62b880c22ce4 - std[70759c8f55707aa4]::sys::backtrace::__rust_begin_short_backtrace::<test[9d35eded1c95d3be]::run_test::{closure#1}, ()>
[INFO] [stdout]   22:     0x62b880c2c582 - <std[70759c8f55707aa4]::thread::lifecycle::spawn_unchecked<test[9d35eded1c95d3be]::run_test::{closure#1}, ()>::{closure#1} as core[df12db4294e9bfd3]::ops::function::FnOnce<()>>::call_once::{shim:vtable#0}
[INFO] [stdout]   23:     0x62b880ef0629 - <std[70759c8f55707aa4]::sys::thread::unix::Thread>::new::thread_start
[INFO] [stdout]   24:     0x7febe0b47dfa - <unknown>
[INFO] [stdout]   25:     0x7febe0bdb3d4 - clone
[INFO] [stdout]   26:                0x0 - <unknown>
[INFO] [stdout] 
[INFO] [stdout] ---- amqp::producer::tests::test_send_message_delay stdout ----
[INFO] [stdout] 
[INFO] [stdout] thread 'amqp::producer::tests::test_send_message_delay' (3654) panicked at /opt/rustwide/cargo-home/git/checkouts/testcontainers-rs-9cbd8b423379b051/3e521c7/testcontainers/src/clients/cli.rs:48:9:
[INFO] [stdout] failed to start container
[INFO] [stdout] stack backtrace:
[INFO] [stdout]    0:     0x62b880ef1331 - <<std[70759c8f55707aa4]::sys::backtrace::BacktraceLock>::print::DisplayBacktrace as core[df12db4294e9bfd3]::fmt::Display>::fmt
[INFO] [stdout]    1:     0x62b880f0b8fa - core[df12db4294e9bfd3]::fmt::write
[INFO] [stdout]    2:     0x62b880ef766c - <alloc[2182bb758b4b3781]::vec::Vec<u8> as core[df12db4294e9bfd3]::io::write::Write>::write_fmt
[INFO] [stdout]    3:     0x62b880ecb956 - std[70759c8f55707aa4]::panicking::default_hook::{closure#0}
[INFO] [stdout]    4:     0x62b880ee8f29 - std[70759c8f55707aa4]::panicking::default_hook
[INFO] [stdout]    5:     0x62b880c28ad0 - test[9d35eded1c95d3be]::test_main_inner::<test[9d35eded1c95d3be]::test_main_static::{closure#0}>::{closure#0}
[INFO] [stdout]    6:     0x62b880ee9252 - std[70759c8f55707aa4]::panicking::panic_with_hook
[INFO] [stdout]    7:     0x62b880ecba34 - std[70759c8f55707aa4]::panicking::panic_handler::{closure#0}
[INFO] [stdout]    8:     0x62b880ec46a9 - std[70759c8f55707aa4]::sys::backtrace::__rust_end_short_backtrace::<std[70759c8f55707aa4]::panicking::panic_handler::{closure#0}, !>
[INFO] [stdout]    9:     0x62b880ecc7ed - __rustc[8fa7c3cbc660c2b3]::rust_begin_unwind
[INFO] [stdout]   10:     0x62b880f0c05c - core[df12db4294e9bfd3]::panicking::panic_fmt
[INFO] [stdout]   11:     0x62b880c0ec52 - <testcontainers[26db5b9b98b2270a]::clients::cli::Cli>::run::<testcontainers[26db5b9b98b2270a]::images::rabbitmq::RabbitMq, testcontainers[26db5b9b98b2270a]::images::rabbitmq::RabbitMq>
[INFO] [stdout]   12:     0x62b880b99cdc - task_scheduler_rs[4907ae59d2897279]::amqp::producer::tests::test_send_message_delay::{closure#0}
[INFO] [stdout]   13:     0x62b880bcc513 - <tokio[572a92de843f14a5]::runtime::scheduler::current_thread::Context>::enter::<core[df12db4294e9bfd3]::task::poll::Poll<()>, <tokio[572a92de843f14a5]::runtime::scheduler::current_thread::CoreGuard>::block_on<core[df12db4294e9bfd3]::pin::Pin<&mut task_scheduler_rs[4907ae59d2897279]::amqp::producer::tests::test_send_message_delay::{closure#0}>>::{closure#0}::{closure#0}>
[INFO] [stdout]   14:     0x62b880c07578 - <tokio[572a92de843f14a5]::macros::scoped_tls::ScopedKey<tokio[572a92de843f14a5]::runtime::scheduler::current_thread::Context>>::set::<<tokio[572a92de843f14a5]::runtime::scheduler::current_thread::CoreGuard>::enter<<tokio[572a92de843f14a5]::runtime::scheduler::current_thread::CoreGuard>::block_on<core[df12db4294e9bfd3]::pin::Pin<&mut task_scheduler_rs[4907ae59d2897279]::amqp::producer::tests::test_send_message_delay::{closure#0}>>::{closure#0}, core[df12db4294e9bfd3]::option::Option<()>>::{closure#0}, (alloc[2182bb758b4b3781]::boxed::Box<tokio[572a92de843f14a5]::runtime::scheduler::current_thread::Core>, core[df12db4294e9bfd3]::option::Option<()>)>
[INFO] [stdout]   15:     0x62b880bcad90 - <tokio[572a92de843f14a5]::runtime::scheduler::current_thread::CurrentThread>::block_on::<task_scheduler_rs[4907ae59d2897279]::amqp::producer::tests::test_send_message_delay::{closure#0}>
[INFO] [stdout]   16:     0x62b880bfacc0 - <tokio[572a92de843f14a5]::runtime::Runtime>::block_on::<task_scheduler_rs[4907ae59d2897279]::amqp::producer::tests::test_send_message_delay::{closure#0}>
[INFO] [stdout]   17:     0x62b880c140cf - task_scheduler_rs[4907ae59d2897279]::amqp::producer::tests::test_send_message_delay
[INFO] [stdout]   18:     0x62b880bfa3c9 - <task_scheduler_rs[4907ae59d2897279]::amqp::producer::tests::test_send_message_delay::{closure#0} as core[df12db4294e9bfd3]::ops::function::FnOnce<()>>::call_once
[INFO] [stdout]   19:     0x62b880c1bdbb - test[9d35eded1c95d3be]::__rust_begin_short_backtrace::<core[df12db4294e9bfd3]::result::Result<(), alloc[2182bb758b4b3781]::string::String>, fn() -> core[df12db4294e9bfd3]::result::Result<(), alloc[2182bb758b4b3781]::string::String>>
[INFO] [stdout]   20:     0x62b880c29425 - test[9d35eded1c95d3be]::run_test::{closure#0}
[INFO] [stdout]   21:     0x62b880c22ce4 - std[70759c8f55707aa4]::sys::backtrace::__rust_begin_short_backtrace::<test[9d35eded1c95d3be]::run_test::{closure#1}, ()>
[INFO] [stdout]   22:     0x62b880c2c582 - <std[70759c8f55707aa4]::thread::lifecycle::spawn_unchecked<test[9d35eded1c95d3be]::run_test::{closure#1}, ()>::{closure#1} as core[df12db4294e9bfd3]::ops::function::FnOnce<()>>::call_once::{shim:vtable#0}
[INFO] [stdout]   23:     0x62b880ef0629 - <std[70759c8f55707aa4]::sys::thread::unix::Thread>::new::thread_start
[INFO] [stdout]   24:     0x7febe0b47dfa - <unknown>
[INFO] [stdout]   25:     0x7febe0bdb3d4 - clone
[INFO] [stdout]   26:                0x0 - <unknown>
[INFO] [stdout] 
[INFO] [stdout] 
[INFO] [stdout] failures:
[INFO] [stdout]     amqp::base::tests::creates_channel_successfully
[INFO] [stdout]     amqp::base::tests::results_in_ok_for_valid_rabbit_mq_error
[INFO] [stdout]     amqp::producer::tests::test_send_message_delay
[INFO] [stdout]     redis_helper::tests::delete_key_works
[INFO] [stdout]     redis_helper::tests::key_expires_after_specified_seconds
[INFO] [stdout]     redis_helper::tests::returns_true_for_existing_key
[INFO] [stdout]     redis_helper::tests::returns_true_for_non_existing_key
[INFO] [stdout]     redis_helper::tests::returns_valid_redis_connection_for_valid_url
[INFO] [stdout]     redis_helper::tests::set_get_key_works
[INFO] [stdout]     task::consumer::tests::consuming_task
[INFO] [stdout]     task::repository::tests::creates_task_and_removes_after_expiry
[INFO] [stdout]     task::repository::tests::deletes_task_immediately
[INFO] [stdout]     task::scheduler::tests::test_schedule_task
[INFO] [stdout] 
[INFO] [stdout] test result: FAILED. 2 passed; 13 failed; 0 ignored; 0 measured; 0 filtered out; finished in 0.25s
[INFO] [stdout] 
[INFO] running `Command { std: "docker" "inspect" "32ec9ce9b59505336940e2d4dc888e54bde949284dc641714af6c411ace6584b", kill_on_drop: false }`
[INFO] running `Command { std: "docker" "rm" "-f" "32ec9ce9b59505336940e2d4dc888e54bde949284dc641714af6c411ace6584b", kill_on_drop: false }`
[INFO] [stdout] 32ec9ce9b59505336940e2d4dc888e54bde949284dc641714af6c411ace6584b
