[INFO] cloning repository https://github.com/ojuschugh1/claimcheck
[INFO] running `Command { std: "git" "-c" "credential.helper=" "-c" "credential.helper=/workspace/cargo-home/bin/git-credential-null" "clone" "--bare" "https://github.com/ojuschugh1/claimcheck" "/workspace/cache/git-repos/https%3A%2F%2Fgithub.com%2Fojuschugh1%2Fclaimcheck", kill_on_drop: false }`
[INFO] [stderr] Cloning into bare repository '/workspace/cache/git-repos/https%3A%2F%2Fgithub.com%2Fojuschugh1%2Fclaimcheck'...
[INFO] running `Command { std: "git" "rev-parse" "HEAD", kill_on_drop: false }`
[INFO] [stdout] c28950ef49d4daafacfc529197042f243a3fb14d
[INFO] testing ojuschugh1/claimcheck against 1.100.0-beta.1+cargoflags=--release for beta-release-1.100-2
[INFO] running `Command { std: "git" "clone" "/workspace/cache/git-repos/https%3A%2F%2Fgithub.com%2Fojuschugh1%2Fclaimcheck" "/workspace/builds/worker-5-tc2/source", kill_on_drop: false }`
[INFO] [stderr] Cloning into '/workspace/builds/worker-5-tc2/source'...
[INFO] [stderr] done.
[INFO] started tweaking git repo https://github.com/ojuschugh1/claimcheck
[INFO] finished tweaking git repo https://github.com/ojuschugh1/claimcheck
[INFO] tweaked toml for git repo https://github.com/ojuschugh1/claimcheck written to /workspace/builds/worker-5-tc2/source/Cargo.toml
[INFO] validating manifest of git repo https://github.com/ojuschugh1/claimcheck on toolchain 1.100.0-beta.1
[INFO] running `Command { std: CARGO_HOME="/workspace/cargo-home" RUSTUP_HOME="/workspace/rustup-home" "/workspace/cargo-home/bin/cargo" "+1.100.0-beta.1" "metadata" "--manifest-path" "Cargo.toml" "--no-deps", kill_on_drop: false }`
[INFO] crate git repo https://github.com/ojuschugh1/claimcheck already has a lockfile, it will not be regenerated
[INFO] running `Command { std: CARGO_HOME="/workspace/cargo-home" RUSTUP_HOME="/workspace/rustup-home" "/workspace/cargo-home/bin/cargo" "+1.100.0-beta.1" "fetch" "--manifest-path" "Cargo.toml", kill_on_drop: false }`
[INFO] running `Command { std: "docker" "create" "-v" "/var/lib/crater-agent-workspace/builds/worker-5-tc2/source:/opt/rustwide/workdir:ro,Z" "-v" "/var/lib/crater-agent-workspace/builds/worker-5-tc2/target:/opt/rustwide/target:rw,Z" "-v" "/var/lib/crater-agent-workspace/cargo-home:/opt/rustwide/cargo-home:ro,Z" "-v" "/var/lib/crater-agent-workspace/rustup-home:/opt/rustwide/rustup-home:ro,Z" "-m" "1610612736" "--network" "none" "ghcr.io/rust-lang/crates-build-env/linux@sha256:77db811e55d90add9212f6832c23229e3de5f1c1f9905e8cb07319ea15df73ac" "sleep" "infinity", kill_on_drop: false }`
[INFO] [stdout] 18254e82c85d28bfe701085133e1bfaa63c167b6efe4326b5adc22b2ea63423f
[INFO] running `Command { std: "docker" "start" "18254e82c85d28bfe701085133e1bfaa63c167b6efe4326b5adc22b2ea63423f", kill_on_drop: false }`
[INFO] running `Command { std: "docker" "inspect" "18254e82c85d28bfe701085133e1bfaa63c167b6efe4326b5adc22b2ea63423f", kill_on_drop: false }`
[INFO] running `Command { std: "docker" "exec" "-e" "SOURCE_DIR=/opt/rustwide/workdir" "-e" "CARGO_HOME=/opt/rustwide/cargo-home" "-e" "RUSTUP_HOME=/opt/rustwide/rustup-home" "-e" "CARGO_TARGET_DIR=/opt/rustwide/target" "-w" "/opt/rustwide/workdir" "--user" "0:0" "18254e82c85d28bfe701085133e1bfaa63c167b6efe4326b5adc22b2ea63423f" "/opt/rustwide/cargo-home/bin/cargo" "+1.100.0-beta.1" "metadata" "--no-deps" "--format-version=1", kill_on_drop: false }`
[INFO] running `Command { std: "docker" "inspect" "18254e82c85d28bfe701085133e1bfaa63c167b6efe4326b5adc22b2ea63423f", kill_on_drop: false }`
[INFO] running `Command { std: "docker" "exec" "-e" "SOURCE_DIR=/opt/rustwide/workdir" "-e" "CARGO_HOME=/opt/rustwide/cargo-home" "-e" "RUSTUP_HOME=/opt/rustwide/rustup-home" "-e" "CARGO_TARGET_DIR=/opt/rustwide/target" "-e" "CARGO_INCREMENTAL=0" "-e" "RUST_BACKTRACE=full" "-e" "RUSTFLAGS=--cap-lints=warn" "-e" "RUSTDOCFLAGS=--cap-lints=warn" "-w" "/opt/rustwide/workdir" "--user" "0:0" "18254e82c85d28bfe701085133e1bfaa63c167b6efe4326b5adc22b2ea63423f" "/opt/rustwide/cargo-home/bin/cargo" "+1.100.0-beta.1" "build" "--frozen" "--message-format=json" "--release", kill_on_drop: false }`
[INFO] [stderr]    Compiling proc-macro2 v1.0.106
[INFO] [stderr]    Compiling quote v1.0.45
[INFO] [stderr]    Compiling memchr v2.8.0
[INFO] [stderr]    Compiling zmij v1.0.21
[INFO] [stderr]    Compiling anstyle v1.0.14
[INFO] [stderr]    Compiling colorchoice v1.0.5
[INFO] [stderr]    Compiling anyhow v1.0.102
[INFO] [stderr]    Compiling regex-syntax v0.8.10
[INFO] [stderr]    Compiling clap_lex v1.1.0
[INFO] [stderr]    Compiling anstyle-parse v1.0.0
[INFO] [stderr]    Compiling anstream v1.0.0
[INFO] [stderr]    Compiling clap_builder v4.6.0
[INFO] [stderr]    Compiling aho-corasick v1.1.4
[INFO] [stderr]    Compiling serde_json v1.0.149
[INFO] [stderr]    Compiling syn v2.0.117
[INFO] [stderr]    Compiling regex-automata v0.4.14
[INFO] [stderr]    Compiling serde_derive v1.0.228
[INFO] [stderr]    Compiling clap_derive v4.6.0
[INFO] [stderr]    Compiling regex v1.12.3
[INFO] [stderr]    Compiling clap v4.6.0
[INFO] [stderr]    Compiling serde v1.0.228
[INFO] [stderr]    Compiling claimcheck v0.1.0 (/opt/rustwide/workdir)
[INFO] [stderr] warning: unused dependency `anyhow`
[INFO] [stderr]  --> Cargo.toml:6:1
[INFO] [stderr]   |
[INFO] [stderr] 6 | anyhow = "1"
[INFO] [stderr]   | ^^^^^^^^^^^^
[INFO] [stderr]   |
[INFO] [stderr]   = note: `cargo::unused_dependencies` is set to `warn` by default
[INFO] [stderr] help: consider removing the dependency on `anyhow`
[INFO] [stderr] warning: `claimcheck` (manifest) generated 1 warning
[INFO] [stderr]     Finished `release` profile [optimized] target(s) in 37.86s
[INFO] running `Command { std: "docker" "inspect" "18254e82c85d28bfe701085133e1bfaa63c167b6efe4326b5adc22b2ea63423f", kill_on_drop: false }`
[INFO] running `Command { std: "docker" "exec" "-e" "SOURCE_DIR=/opt/rustwide/workdir" "-e" "CARGO_HOME=/opt/rustwide/cargo-home" "-e" "RUSTUP_HOME=/opt/rustwide/rustup-home" "-e" "CARGO_TARGET_DIR=/opt/rustwide/target" "-e" "CARGO_INCREMENTAL=0" "-e" "RUST_BACKTRACE=full" "-e" "RUSTFLAGS=--cap-lints=warn" "-e" "RUSTDOCFLAGS=--cap-lints=warn" "-w" "/opt/rustwide/workdir" "--user" "0:0" "18254e82c85d28bfe701085133e1bfaa63c167b6efe4326b5adc22b2ea63423f" "/opt/rustwide/cargo-home/bin/cargo" "+1.100.0-beta.1" "test" "--frozen" "--no-run" "--message-format=json" "--release", kill_on_drop: false }`
[INFO] [stderr]    Compiling libc v0.2.184
[INFO] [stderr]    Compiling getrandom v0.4.2
[INFO] [stderr]    Compiling rustix v1.1.4
[INFO] [stderr]    Compiling zerocopy v0.8.48
[INFO] [stderr]    Compiling linux-raw-sys v0.12.1
[INFO] [stderr]    Compiling bitflags v2.11.0
[INFO] [stderr]    Compiling autocfg v1.5.0
[INFO] [stderr]    Compiling fastrand v2.4.1
[INFO] [stderr]    Compiling once_cell v1.21.4
[INFO] [stderr]    Compiling quick-error v1.2.3
[INFO] [stderr]    Compiling bit-vec v0.8.0
[INFO] [stderr]    Compiling unarray v0.1.4
[INFO] [stderr]    Compiling bit-set v0.8.0
[INFO] [stderr]    Compiling num-traits v0.2.19
[INFO] [stderr]    Compiling getrandom v0.3.4
[INFO] [stderr]    Compiling wait-timeout v0.2.1
[INFO] [stderr]    Compiling rand_core v0.9.5
[INFO] [stderr]    Compiling rand v0.9.2
[INFO] [stderr]    Compiling rand_xorshift v0.4.0
[INFO] [stderr]    Compiling tempfile v3.27.0
[INFO] [stderr]    Compiling rusty-fork v0.3.1
[INFO] [stderr]    Compiling ppv-lite86 v0.2.21
[INFO] [stderr]    Compiling rand_chacha v0.9.0
[INFO] [stderr]    Compiling proptest v1.11.0
[INFO] [stderr]    Compiling claimcheck v0.1.0 (/opt/rustwide/workdir)
[INFO] [stderr]     Finished `release` profile [optimized] target(s) in 34.05s
[INFO] running `Command { std: "docker" "inspect" "18254e82c85d28bfe701085133e1bfaa63c167b6efe4326b5adc22b2ea63423f", kill_on_drop: false }`
[INFO] running `Command { std: "docker" "exec" "-e" "SOURCE_DIR=/opt/rustwide/workdir" "-e" "CARGO_HOME=/opt/rustwide/cargo-home" "-e" "RUSTUP_HOME=/opt/rustwide/rustup-home" "-e" "CARGO_TARGET_DIR=/opt/rustwide/target" "-e" "CARGO_INCREMENTAL=0" "-e" "RUST_BACKTRACE=full" "-e" "RUSTFLAGS=--cap-lints=warn" "-e" "RUSTDOCFLAGS=--cap-lints=warn" "-w" "/opt/rustwide/workdir" "--user" "0:0" "18254e82c85d28bfe701085133e1bfaa63c167b6efe4326b5adc22b2ea63423f" "/opt/rustwide/cargo-home/bin/cargo" "+1.100.0-beta.1" "test" "--frozen" "--release", kill_on_drop: false }`
[INFO] [stderr]     Finished `release` profile [optimized] target(s) in 0.10s
[INFO] [stderr]      Running unittests src/main.rs (/opt/rustwide/target/release/build/claimcheck/5fc8b210b3333cd7/out/claimcheck-5fc8b210b3333cd7)
[INFO] [stdout] 
[INFO] [stdout] running 132 tests
[INFO] [stdout] test cli::tests::test_cmd_flag ... ok
[INFO] [stdout] test cli::tests::show_claims_flag ... ok
[INFO] [stdout] test cli::tests::defaults_when_only_transcript ... ok
[INFO] [stdout] test cli::tests::verbose_flag ... ok
[INFO] [stdout] test cli::tests::project_dir_flag ... ok
[INFO] [stdout] test cli::tests::transcript_is_required ... ok
[INFO] [stdout] test cli::tests::transcript_positional ... ok
[INFO] [stdout] test cli::tests::baseline_flag ... ok
[INFO] [stdout] test cli::tests::json_flag ... ok
[INFO] [stdout] test cli::tests::baseline_defaults_to_head ... ok
[INFO] [stdout] test cli::tests::all_flags_together ... ok
[INFO] [stdout] test extractor::tests::file_created_with_filler_words ... ok
[INFO] [stdout] test extractor::tests::file_created_bare_filename ... ok
[INFO] [stdout] test extractor::tests::added_numeric_not_package ... ok
[INFO] [stdout] test extractor::tests::bugfix_patched ... ok
[INFO] [stdout] test extractor::tests::file_modified ... ok
[INFO] [stdout] test extractor::tests::added_article_not_package ... ok
[INFO] [stdout] test extractor::tests::file_created_direct_path ... ok
[INFO] [stdout] test extractor::tests::cursor_composer_format ... ok
[INFO] [stdout] test extractor::tests::all_tests_pass ... ok
[INFO] [stdout] test extractor::tests::bugfix_resolved ... ok
[INFO] [stdout] test extractor::tests::contradictory_claims_both_extracted ... ok
[INFO] [stdout] test extractor::tests::bugfix_without_file_path ... ok
[INFO] [stdout] test extractor::tests::file_deleted ... ok
[INFO] [stdout] test extractor::tests::bugfix_with_file_path ... ok
[INFO] [stdout] test extractor::tests::cargo_add ... ok
[INFO] [stdout] test extractor::tests::file_no_path_skipped ... ok
[INFO] [stdout] test extractor::tests::multiple_claims_in_one_message ... ok
[INFO] [stdout] test extractor::tests::numeric_changed_lines ... ok
[INFO] [stdout] test extractor::tests::file_updated ... ok
[INFO] [stdout] test extractor::tests::numeric_added_functions ... ok
[INFO] [stdout] test extractor::tests::npm_install ... ok
[INFO] [stdout] test extractor::tests::numeric_edited_files ... ok
[INFO] [stdout] test extractor::tests::package_added ... ok
[INFO] [stdout] test extractor::tests::n_tests_passed ... ok
[INFO] [stdout] test extractor::tests::package_installed ... ok
[INFO] [stdout] test extractor::tests::tests_passed ... ok
[INFO] [stdout] test parser::tests::detect_missing_file ... ok
[INFO] [stdout] test parser::tests::cursor_composer_format ... ok
[INFO] [stdout] test parser::tests::detect_markdown_ext ... ok
[INFO] [stdout] test parser::tests::detect_jsonl ... ok
[INFO] [stdout] test parser::tests::detect_unsupported ... ok
[INFO] [stdout] test cli::tests::retest_flag ... ok
[INFO] [stdout] test parser::tests::detect_md ... ok
[INFO] [stdout] test parser::tests::empty_jsonl ... ok
[INFO] [stdout] test extractor::tests::prop_test_extraction ... ok
[INFO] [stdout] test extractor::tests::ran_n_tests ... ok
[INFO] [stdout] test parser::tests::empty_markdown ... ok
[INFO] [stdout] test parser::tests::markdown_bold_colon_block ... ok
[INFO] [stdout] test parser::tests::file_not_found_includes_path ... ok
[INFO] [stdout] test parser::tests::jsonl_array_content ... ok
[INFO] [stdout] test parser::tests::jsonl_skips_malformed ... ok
[INFO] [stdout] test parser::tests::markdown_bold_colon_inline ... ok
[INFO] [stdout] test extractor::tests::prop_numeric_extraction ... ok
[INFO] [stdout] test parser::tests::jsonl_preserves_order ... ok
[INFO] [stdout] test extractor::tests::file_wrote ... ok
[INFO] [stdout] test parser::tests::markdown_claude_colon_multiline ... ok
[INFO] [stdout] test parser::tests::jsonl_string_content ... ok
[INFO] [stdout] test parser::tests::markdown_claude_heading ... ok
[INFO] [stdout] test parser::tests::markdown_claude_inline ... ok
[INFO] [stdout] test parser::tests::markdown_bold_markers ... ok
[INFO] [stdout] test extractor::tests::prop_file_extraction ... ok
[INFO] [stdout] test parser::tests::markdown_heading_markers ... ok
[INFO] [stdout] test parser::tests::markdown_mixed_formats ... ok
[INFO] [stdout] test extractor::tests::prop_package_extraction ... ok
[INFO] [stdout] test lockfile::tests::respects_max_depth ... ok
[INFO] [stdout] test parser::tests::cursor_chat_parts_format ... ok
[INFO] [stdout] test parser::tests::markdown_skips_empty_blocks ... ok
[INFO] [stdout] test parser::tests::unsupported_format_lists_supported ... ok
[INFO] [stdout] test reporter::tests::claims_list_with_identifier ... ok
[INFO] [stdout] test parser::tests::markdown_no_assistant ... ok
[INFO] [stdout] test parser::tests::markdown_multiline ... ok
[INFO] [stdout] test parser::tests::markdown_sequential_count ... ok
[INFO] [stdout] test parser::tests::markdown_trims_whitespace ... ok
[INFO] [stdout] test reporter::tests::empty_report ... ok
[INFO] [stdout] test reporter::tests::json_report_valid ... ok
[INFO] [stdout] test parser::tests::markdown_via_parse_transcript ... ok
[INFO] [stdout] test scorer::tests::all_pass ... ok
[INFO] [stdout] test scorer::tests::rounds_to_nearest ... ok
[INFO] [stdout] test verifier::tests::bugfix_no_file_path_is_unverifiable ... ok
[INFO] [stdout] test scorer::tests::all_unverifiable_is_na ... ok
[INFO] [stdout] test scorer::tests::mixed_excludes_unverifiable ... ok
[INFO] [stdout] test scorer::tests::empty_is_no_claims ... ok
[INFO] [stdout] test reporter::tests::score_strings ... ok
[INFO] [stdout] test scorer::tests::all_fail ... ok
[INFO] [stdout] test reporter::tests::text_report_na ... ok
[INFO] [stdout] test reporter::tests::text_report_pass_and_fail ... ok
[INFO] [stdout] test scorer::tests::prop_score_formula ... ok
[INFO] [stdout] test verifier::tests::bugfix_with_file_path_no_git ... ok
[INFO] [stdout] test verifier::tests::delete_fail_when_present ... ok
[INFO] [stdout] test verifier::tests::create_pass_when_exists ... ok
[INFO] [stdout] test verifier::tests::delete_pass_when_absent ... ok
[INFO] [stdout] test verifier::tests::detect_go_project ... ok
[INFO] [stdout] test verifier::tests::detect_no_project_returns_none ... ok
[INFO] [stdout] test verifier::tests::create_fail_when_missing ... ok
[INFO] [stdout] test verifier::tests::numeric_lines_always_unverifiable ... ok
[INFO] [stdout] test verifier::tests::detect_cargo_project ... ok
[INFO] [stdout] test verifier::tests::detect_yarn_project ... ok
[INFO] [stdout] test verifier::tests::modify_unverifiable_without_git ... ok
[INFO] [stdout] test verifier::tests::detect_npm_project ... ok
[INFO] [stdout] test verifier::tests::no_identifier_unverifiable ... ok
[INFO] [stdout] test verifier::tests::numeric_files_edited_no_git ... ok
[INFO] [stdout] test verifier::tests::detect_pytest_project ... ok
[INFO] [stdout] test verifier::tests::test_fail_claim_contradicts_runner_output ... ok
[INFO] [stdout] test verifier::tests::numeric_functions_always_unverifiable ... ok
[INFO] [stdout] test verifier::tests::package_found ... ok
[INFO] [stdout] test verifier::tests::package_no_lockfile ... ok
[INFO] [stdout] test verifier::tests::package_not_found ... ok
[INFO] [stdout] test verifier::tests::test_pass_with_runner_output ... ok
[INFO] [stdout] test verifier::tests::test_retest_no_cmd_no_project_files_unverifiable ... ok
[INFO] [stdout] test verifier::tests::test_retest_fail_claim_command_exits_1 ... ok
[INFO] [stdout] test verifier::tests::test_retest_pass_claim_command_exits_1 ... ok
[INFO] [stdout] test verifier::tests::test_retest_shell_quoted_args ... ok
[INFO] [stdout] test verifier::tests::test_retest_fail_claim_command_exits_0 ... ok
[INFO] [stdout] test verifier::tests::test_unverifiable_claim_only_no_runner_output ... ok
[INFO] [stdout] test verifier::tests::test_unverifiable_no_transcript ... ok
[INFO] [stdout] test verifier::tests::test_retest_pass_claim_command_exits_0 ... ok
[INFO] [stdout] test verifier::tests::test_retest_is_skipped_when_no_test_claims ... ok
[INFO] [stdout] test verifier::tests::verify_claims_file_modify_no_git ... ok
[INFO] [stdout] test verifier::tests::verify_claims_package_no_lockfiles ... ok
[INFO] [stdout] test verifier::tests::test_retest_runs_once_for_multiple_claims ... ok
[INFO] [stdout] test parser::tests::prop_markdown_ordering ... ok
[INFO] [stdout] test verifier::tests::prop_create_exists_pass ... ok
[INFO] [stdout] test reporter::tests::prop_claims_list_round_trip ... ok
[INFO] [stdout] test lockfile::tests::prop_missing_package_returns_false ... ok
[INFO] [stdout] test verifier::tests::prop_delete_absent_pass ... ok
[INFO] [stdout] test verifier::tests::prop_create_absent_fail ... ok
[INFO] [stdout] test reporter::tests::prop_json_round_trip ... ok
[INFO] [stdout] test verifier::tests::prop_delete_exists_fail ... ok
[INFO] [stdout] test reporter::tests::prop_report_completeness ... ok
[INFO] [stdout] test parser::tests::prop_jsonl_ordering ... ok
[INFO] [stdout] test lockfile::tests::prop_finds_package_when_present ... ok
[INFO] [stdout] 
[INFO] [stdout] test result: ok. 132 passed; 0 failed; 0 ignored; 0 measured; 0 filtered out; finished in 0.43s
[INFO] [stdout] 
[INFO] [stderr]      Running tests/integration.rs (/opt/rustwide/target/release/build/claimcheck/af3f455140004fc2/out/integration-af3f455140004fc2)
[INFO] [stdout] 
[INFO] [stdout] running 27 tests
[INFO] [stdout] test contract_test_runner_failure_contradicts_pass_claim ... FAILED
[INFO] [stdout] test contract_show_claims_flag ... FAILED
[INFO] [stdout] test contract_added_article_not_extracted_as_package ... FAILED
[INFO] [stdout] test contract_markdown_claude_format ... FAILED
[INFO] [stdout] test contract_test_self_confirm_no_runner_output_is_unverifiable ... FAILED
[INFO] [stdout] test contract_numeric_functions_is_unverifiable ... FAILED
[INFO] [stdout] test fail_fixture_missing_package_caught ... FAILED
[INFO] [stdout] test contract_test_with_cargo_runner_output_passes ... FAILED
[INFO] [stdout] test pass_fixture_json_output ... FAILED
[INFO] [stdout] test pass_fixture_real_files_verified ... FAILED
[INFO] [stdout] test contract_bugfix_no_path_is_unverifiable ... FAILED
[INFO] [stdout] test pass_fixture_lockfile_packages_verified ... FAILED
[INFO] [stdout] test empty_transcript_exits_0 ... FAILED
[INFO] [stdout] test fail_fixture_json_output ... FAILED
[INFO] [stdout] test fail_fixture_test_without_runner_output_is_unverifiable ... FAILED
[INFO] [stdout] test fail_fixture_missing_files_caught ... FAILED
[INFO] [stdout] test fail_fixture_numeric_no_git_commits_is_unverifiable ... FAILED
[INFO] [stdout] test fail_fixture_truth_score_0 ... FAILED
[INFO] [stdout] test missing_file_exits_1 ... FAILED
[INFO] [stdout] test unsupported_format_exits_1 ... FAILED
[INFO] [stdout] test pass_fixture_all_pass ... FAILED
[INFO] [stdout] test unverifiable_test_self_confirm_blocked ... FAILED
[INFO] [stdout] test contract_created_with_filler_words_extracts_path ... FAILED
[INFO] [stdout] test unverifiable_fixture_all_unverifiable ... FAILED
[INFO] [stdout] test unverifiable_fixture_score_na ... FAILED
[INFO] [stdout] test pass_fixture_truth_score_100 ... FAILED
[INFO] [stdout] test unverifiable_bugfix_no_path_is_unverifiable ... FAILED
[INFO] [stdout] 
[INFO] [stdout] failures:
[INFO] [stdout] 
[INFO] [stdout] ---- contract_test_runner_failure_contradicts_pass_claim stdout ----
[INFO] [stdout] 
[INFO] [stdout] thread 'contract_test_runner_failure_contradicts_pass_claim' (1384) panicked at tests/integration.rs:371:10:
[INFO] [stdout] called `Result::unwrap()` on an `Err` value: Os { code: 2, kind: NotFound, message: "No such file or directory" }
[INFO] [stdout] stack backtrace:
[INFO] [stdout]    0:     0x606e17b83471 - <<std[617be2ca0a6fd877]::sys::backtrace::BacktraceLock>::print::DisplayBacktrace as core[a373ad73a504971]::fmt::Display>::fmt
[INFO] [stdout]    1:     0x606e17b97e9a - core[a373ad73a504971]::fmt::write
[INFO] [stdout]    2:     0x606e17b8768c - <alloc[2e1b2a31b91974c5]::vec::Vec<u8> as core[a373ad73a504971]::io::write::Write>::write_fmt
[INFO] [stdout]    3:     0x606e17b5f186 - std[617be2ca0a6fd877]::panicking::default_hook::{closure#0}
[INFO] [stdout]    4:     0x606e17b7b9e9 - std[617be2ca0a6fd877]::panicking::default_hook
[INFO] [stdout]    5:     0x606e17b179b0 - test[aada8e7e76ba119b]::test_main_inner::{closure#0}
[INFO] [stdout]    6:     0x606e17b7bba2 - std[617be2ca0a6fd877]::panicking::panic_with_hook
[INFO] [stdout]    7:     0x606e17b5f232 - std[617be2ca0a6fd877]::panicking::panic_handler::{closure#0}
[INFO] [stdout]    8:     0x606e17b57e99 - std[617be2ca0a6fd877]::sys::backtrace::__rust_end_short_backtrace::<std[617be2ca0a6fd877]::panicking::panic_handler::{closure#0}, !>
[INFO] [stdout]    9:     0x606e17b5fe3d - __rustc[ea4f61d10b84890b]::rust_begin_unwind
[INFO] [stdout]   10:     0x606e17b985cc - core[a373ad73a504971]::panicking::panic_fmt
[INFO] [stdout]   11:     0x606e17b983a2 - core[a373ad73a504971]::result::unwrap_failed
[INFO] [stdout]   12:     0x606e17affb64 - <integration[392e5ecbd1fb9001]::contract_test_runner_failure_contradicts_pass_claim::{closure#0} as core[a373ad73a504971]::ops::function::FnOnce<()>>::call_once
[INFO] [stdout]   13:     0x606e17b0adfb - test[aada8e7e76ba119b]::__rust_begin_short_backtrace::<core[a373ad73a504971]::result::Result<(), alloc[2e1b2a31b91974c5]::string::String>, fn() -> core[a373ad73a504971]::result::Result<(), alloc[2e1b2a31b91974c5]::string::String>>
[INFO] [stdout]   14:     0x606e17b17fd5 - test[aada8e7e76ba119b]::run_test::{closure#0}
[INFO] [stdout]   15:     0x606e17b118c4 - std[617be2ca0a6fd877]::sys::backtrace::__rust_begin_short_backtrace::<test[aada8e7e76ba119b]::run_test::{closure#1}, ()>
[INFO] [stdout]   16:     0x606e17b1b062 - <std[617be2ca0a6fd877]::thread::lifecycle::spawn_unchecked<test[aada8e7e76ba119b]::run_test::{closure#1}, ()>::{closure#1} as core[a373ad73a504971]::ops::function::FnOnce<()>>::call_once::{shim:vtable#0}
[INFO] [stdout]   17:     0x606e17b82ccf - <std[617be2ca0a6fd877]::sys::thread::unix::Thread>::new::thread_start
[INFO] [stdout]   18:     0x75a57a152dfa - <unknown>
[INFO] [stdout]   19:     0x75a57a1e63d4 - clone
[INFO] [stdout]   20:                0x0 - <unknown>
[INFO] [stdout] 
[INFO] [stdout] ---- contract_show_claims_flag stdout ----
[INFO] [stdout] 
[INFO] [stdout] thread 'contract_show_claims_flag' (1383) panicked at tests/integration.rs:27:10:
[INFO] [stdout] failed to run claimcheck: Os { code: 2, kind: NotFound, message: "No such file or directory" }
[INFO] [stdout] stack backtrace:
[INFO] [stdout]    0:     0x606e17b83471 - <<std[617be2ca0a6fd877]::sys::backtrace::BacktraceLock>::print::DisplayBacktrace as core[a373ad73a504971]::fmt::Display>::fmt
[INFO] [stdout]    1:     0x606e17b97e9a - core[a373ad73a504971]::fmt::write
[INFO] [stdout]    2:     0x606e17b8768c - <alloc[2e1b2a31b91974c5]::vec::Vec<u8> as core[a373ad73a504971]::io::write::Write>::write_fmt
[INFO] [stdout]    3:     0x606e17b5f186 - std[617be2ca0a6fd877]::panicking::default_hook::{closure#0}
[INFO] [stdout]    4:     0x606e17b7b9e9 - std[617be2ca0a6fd877]::panicking::default_hook
[INFO] [stdout]    5:     0x606e17b179b0 - test[aada8e7e76ba119b]::test_main_inner::{closure#0}
[INFO] [stdout]    6:     0x606e17b7bba2 - std[617be2ca0a6fd877]::panicking::panic_with_hook
[INFO] [stdout]    7:     0x606e17b5f232 - std[617be2ca0a6fd877]::panicking::panic_handler::{closure#0}
[INFO] [stdout]    8:     0x606e17b57e99 - std[617be2ca0a6fd877]::sys::backtrace::__rust_end_short_backtrace::<std[617be2ca0a6fd877]::panicking::panic_handler::{closure#0}, !>
[INFO] [stdout]    9:     0x606e17b5fe3d - __rustc[ea4f61d10b84890b]::rust_begin_unwind
[INFO] [stdout]   10:     0x606e17b985cc - core[a373ad73a504971]::panicking::panic_fmt
[INFO] [stdout]   11:     0x606e17b983a2 - core[a373ad73a504971]::result::unwrap_failed
[INFO] [stdout]   12:     0x606e17afac92 - integration[392e5ecbd1fb9001]::run
[INFO] [stdout]   13:     0x606e17afc964 - <integration[392e5ecbd1fb9001]::contract_show_claims_flag::{closure#0} as core[a373ad73a504971]::ops::function::FnOnce<()>>::call_once
[INFO] [stdout]   14:     0x606e17b0adfb - test[aada8e7e76ba119b]::__rust_begin_short_backtrace::<core[a373ad73a504971]::result::Result<(), alloc[2e1b2a31b91974c5]::string::String>, fn() -> core[a373ad73a504971]::result::Result<(), alloc[2e1b2a31b91974c5]::string::String>>
[INFO] [stdout]   15:     0x606e17b17fd5 - test[aada8e7e76ba119b]::run_test::{closure#0}
[INFO] [stdout]   16:     0x606e17b118c4 - std[617be2ca0a6fd877]::sys::backtrace::__rust_begin_short_backtrace::<test[aada8e7e76ba119b]::run_test::{closure#1}, ()>
[INFO] [stdout]   17:     0x606e17b1b062 - <std[617be2ca0a6fd877]::thread::lifecycle::spawn_unchecked<test[aada8e7e76ba119b]::run_test::{closure#1}, ()>::{closure#1} as core[a373ad73a504971]::ops::function::FnOnce<()>>::call_once::{shim:vtable#0}
[INFO] [stdout]   18:     0x606e17b82ccf - <std[617be2ca0a6fd877]::sys::thread::unix::Thread>::new::thread_start
[INFO] [stdout]   19:     0x75a57a152dfa - <unknown>
[INFO] [stdout]   20:     0x75a57a1e63d4 - clone
[INFO] [stdout]   21:                0x0 - <unknown>
[INFO] [stdout] 
[INFO] [stdout] ---- contract_added_article_not_extracted_as_package stdout ----
[INFO] [stdout] 
[INFO] [stdout] thread 'contract_added_article_not_extracted_as_package' (1378) panicked at tests/integration.rs:396:10:
[INFO] [stdout] called `Result::unwrap()` on an `Err` value: Os { code: 2, kind: NotFound, message: "No such file or directory" }
[INFO] [stdout] stack backtrace:
[INFO] [stdout]    0:     0x606e17b83471 - <<std[617be2ca0a6fd877]::sys::backtrace::BacktraceLock>::print::DisplayBacktrace as core[a373ad73a504971]::fmt::Display>::fmt
[INFO] [stdout]    1:     0x606e17b97e9a - core[a373ad73a504971]::fmt::write
[INFO] [stdout]    2:     0x606e17b8768c - <alloc[2e1b2a31b91974c5]::vec::Vec<u8> as core[a373ad73a504971]::io::write::Write>::write_fmt
[INFO] [stdout]    3:     0x606e17b5f186 - std[617be2ca0a6fd877]::panicking::default_hook::{closure#0}
[INFO] [stdout]    4:     0x606e17b7b9e9 - std[617be2ca0a6fd877]::panicking::default_hook
[INFO] [stdout]    5:     0x606e17b179b0 - test[aada8e7e76ba119b]::test_main_inner::{closure#0}
[INFO] [stdout]    6:     0x606e17b7bba2 - std[617be2ca0a6fd877]::panicking::panic_with_hook
[INFO] [stdout]    7:     0x606e17b5f232 - std[617be2ca0a6fd877]::panicking::panic_handler::{closure#0}
[INFO] [stdout]    8:     0x606e17b57e99 - std[617be2ca0a6fd877]::sys::backtrace::__rust_end_short_backtrace::<std[617be2ca0a6fd877]::panicking::panic_handler::{closure#0}, !>
[INFO] [stdout]    9:     0x606e17b5fe3d - __rustc[ea4f61d10b84890b]::rust_begin_unwind
[INFO] [stdout]   10:     0x606e17b985cc - core[a373ad73a504971]::panicking::panic_fmt
[INFO] [stdout]   11:     0x606e17b983a2 - core[a373ad73a504971]::result::unwrap_failed
[INFO] [stdout]   12:     0x606e17aff1ee - <integration[392e5ecbd1fb9001]::contract_added_article_not_extracted_as_package::{closure#0} as core[a373ad73a504971]::ops::function::FnOnce<()>>::call_once
[INFO] [stdout]   13:     0x606e17b0adfb - test[aada8e7e76ba119b]::__rust_begin_short_backtrace::<core[a373ad73a504971]::result::Result<(), alloc[2e1b2a31b91974c5]::string::String>, fn() -> core[a373ad73a504971]::result::Result<(), alloc[2e1b2a31b91974c5]::string::String>>
[INFO] [stdout]   14:     0x606e17b17fd5 - test[aada8e7e76ba119b]::run_test::{closure#0}
[INFO] [stdout]   15:     0x606e17b118c4 - std[617be2ca0a6fd877]::sys::backtrace::__rust_begin_short_backtrace::<test[aada8e7e76ba119b]::run_test::{closure#1}, ()>
[INFO] [stdout]   16:     0x606e17b1b062 - <std[617be2ca0a6fd877]::thread::lifecycle::spawn_unchecked<test[aada8e7e76ba119b]::run_test::{closure#1}, ()>::{closure#1} as core[a373ad73a504971]::ops::function::FnOnce<()>>::call_once::{shim:vtable#0}
[INFO] [stdout]   17:     0x606e17b82ccf - <std[617be2ca0a6fd877]::sys::thread::unix::Thread>::new::thread_start
[INFO] [stdout]   18:     0x75a57a152dfa - <unknown>
[INFO] [stdout]   19:     0x75a57a1e63d4 - clone
[INFO] [stdout]   20:                0x0 - <unknown>
[INFO] [stdout] 
[INFO] [stdout] ---- contract_markdown_claude_format stdout ----
[INFO] [stdout] 
[INFO] [stdout] thread 'contract_markdown_claude_format' (1381) panicked at tests/integration.rs:448:10:
[INFO] [stdout] called `Result::unwrap()` on an `Err` value: Os { code: 2, kind: NotFound, message: "No such file or directory" }
[INFO] [stdout] stack backtrace:
[INFO] [stdout]    0:     0x606e17b83471 - <<std[617be2ca0a6fd877]::sys::backtrace::BacktraceLock>::print::DisplayBacktrace as core[a373ad73a504971]::fmt::Display>::fmt
[INFO] [stdout]    1:     0x606e17b97e9a - core[a373ad73a504971]::fmt::write
[INFO] [stdout]    2:     0x606e17b8768c - <alloc[2e1b2a31b91974c5]::vec::Vec<u8> as core[a373ad73a504971]::io::write::Write>::write_fmt
[INFO] [stdout]    3:     0x606e17b5f186 - std[617be2ca0a6fd877]::panicking::default_hook::{closure#0}
[INFO] [stdout]    4:     0x606e17b7b9e9 - std[617be2ca0a6fd877]::panicking::default_hook
[INFO] [stdout]    5:     0x606e17b179b0 - test[aada8e7e76ba119b]::test_main_inner::{closure#0}
[INFO] [stdout]    6:     0x606e17b7bba2 - std[617be2ca0a6fd877]::panicking::panic_with_hook
[INFO] [stdout]    7:     0x606e17b5f232 - std[617be2ca0a6fd877]::panicking::panic_handler::{closure#0}
[INFO] [stdout]    8:     0x606e17b57e99 - std[617be2ca0a6fd877]::sys::backtrace::__rust_end_short_backtrace::<std[617be2ca0a6fd877]::panicking::panic_handler::{closure#0}, !>
[INFO] [stdout]    9:     0x606e17b5fe3d - __rustc[ea4f61d10b84890b]::rust_begin_unwind
[INFO] [stdout]   10:     0x606e17b985cc - core[a373ad73a504971]::panicking::panic_fmt
[INFO] [stdout]   11:     0x606e17b983a2 - core[a373ad73a504971]::result::unwrap_failed
[INFO] [stdout]   12:     0x606e17afd424 - <integration[392e5ecbd1fb9001]::contract_markdown_claude_format::{closure#0} as core[a373ad73a504971]::ops::function::FnOnce<()>>::call_once
[INFO] [stdout]   13:     0x606e17b0adfb - test[aada8e7e76ba119b]::__rust_begin_short_backtrace::<core[a373ad73a504971]::result::Result<(), alloc[2e1b2a31b91974c5]::string::String>, fn() -> core[a373ad73a504971]::result::Result<(), alloc[2e1b2a31b91974c5]::string::String>>
[INFO] [stdout]   14:     0x606e17b17fd5 - test[aada8e7e76ba119b]::run_test::{closure#0}
[INFO] [stdout]   15:     0x606e17b118c4 - std[617be2ca0a6fd877]::sys::backtrace::__rust_begin_short_backtrace::<test[aada8e7e76ba119b]::run_test::{closure#1}, ()>
[INFO] [stdout]   16:     0x606e17b1b062 - <std[617be2ca0a6fd877]::thread::lifecycle::spawn_unchecked<test[aada8e7e76ba119b]::run_test::{closure#1}, ()>::{closure#1} as core[a373ad73a504971]::ops::function::FnOnce<()>>::call_once::{shim:vtable#0}
[INFO] [stdout]   17:     0x606e17b82ccf - <std[617be2ca0a6fd877]::sys::thread::unix::Thread>::new::thread_start
[INFO] [stdout]   18:     0x75a57a152dfa - <unknown>
[INFO] [stdout]   19:     0x75a57a1e63d4 - clone
[INFO] [stdout]   20:                0x0 - <unknown>
[INFO] [stdout] 
[INFO] [stdout] ---- contract_test_self_confirm_no_runner_output_is_unverifiable stdout ----
[INFO] [stdout] 
[INFO] [stdout] thread 'contract_test_self_confirm_no_runner_output_is_unverifiable' (1385) panicked at tests/integration.rs:320:10:
[INFO] [stdout] called `Result::unwrap()` on an `Err` value: Os { code: 2, kind: NotFound, message: "No such file or directory" }
[INFO] [stdout] stack backtrace:
[INFO] [stdout]    0:     0x606e17b83471 - <<std[617be2ca0a6fd877]::sys::backtrace::BacktraceLock>::print::DisplayBacktrace as core[a373ad73a504971]::fmt::Display>::fmt
[INFO] [stdout]    1:     0x606e17b97e9a - core[a373ad73a504971]::fmt::write
[INFO] [stdout]    2:     0x606e17b8768c - <alloc[2e1b2a31b91974c5]::vec::Vec<u8> as core[a373ad73a504971]::io::write::Write>::write_fmt
[INFO] [stdout]    3:     0x606e17b5f186 - std[617be2ca0a6fd877]::panicking::default_hook::{closure#0}
[INFO] [stdout]    4:     0x606e17b7b9e9 - std[617be2ca0a6fd877]::panicking::default_hook
[INFO] [stdout]    5:     0x606e17b179b0 - test[aada8e7e76ba119b]::test_main_inner::{closure#0}
[INFO] [stdout]    6:     0x606e17b7bba2 - std[617be2ca0a6fd877]::panicking::panic_with_hook
[INFO] [stdout]    7:     0x606e17b5f232 - std[617be2ca0a6fd877]::panicking::panic_handler::{closure#0}
[INFO] [stdout]    8:     0x606e17b57e99 - std[617be2ca0a6fd877]::sys::backtrace::__rust_end_short_backtrace::<std[617be2ca0a6fd877]::panicking::panic_handler::{closure#0}, !>
[INFO] [stdout]    9:     0x606e17b5fe3d - __rustc[ea4f61d10b84890b]::rust_begin_unwind
[INFO] [stdout]   10:     0x606e17b985cc - core[a373ad73a504971]::panicking::panic_fmt
[INFO] [stdout]   11:     0x606e17b983a2 - core[a373ad73a504971]::result::unwrap_failed
[INFO] [stdout]   12:     0x606e17b0021f - <integration[392e5ecbd1fb9001]::contract_test_self_confirm_no_runner_output_is_unverifiable::{closure#0} as core[a373ad73a504971]::ops::function::FnOnce<()>>::call_once
[INFO] [stdout]   13:     0x606e17b0adfb - test[aada8e7e76ba119b]::__rust_begin_short_backtrace::<core[a373ad73a504971]::result::Result<(), alloc[2e1b2a31b91974c5]::string::String>, fn() -> core[a373ad73a504971]::result::Result<(), alloc[2e1b2a31b91974c5]::string::String>>
[INFO] [stdout]   14:     0x606e17b17fd5 - test[aada8e7e76ba119b]::run_test::{closure#0}
[INFO] [stdout]   15:     0x606e17b118c4 - std[617be2ca0a6fd877]::sys::backtrace::__rust_begin_short_backtrace::<test[aada8e7e76ba119b]::run_test::{closure#1}, ()>
[INFO] [stdout]   16:     0x606e17b1b062 - <std[617be2ca0a6fd877]::thread::lifecycle::spawn_unchecked<test[aada8e7e76ba119b]::run_test::{closure#1}, ()>::{closure#1} as core[a373ad73a504971]::ops::function::FnOnce<()>>::call_once::{shim:vtable#0}
[INFO] [stdout]   17:     0x606e17b82ccf - <std[617be2ca0a6fd877]::sys::thread::unix::Thread>::new::thread_start
[INFO] [stdout]   18:     0x75a57a152dfa - <unknown>
[INFO] [stdout]   19:     0x75a57a1e63d4 - clone
[INFO] [stdout]   20:                0x0 - <unknown>
[INFO] [stdout] 
[INFO] [stdout] ---- contract_numeric_functions_is_unverifiable stdout ----
[INFO] [stdout] 
[INFO] [stdout] thread 'contract_numeric_functions_is_unverifiable' (1382) panicked at tests/integration.rs:419:10:
[INFO] [stdout] called `Result::unwrap()` on an `Err` value: Os { code: 2, kind: NotFound, message: "No such file or directory" }
[INFO] [stdout] stack backtrace:
[INFO] [stdout]    0:     0x606e17b83471 - <<std[617be2ca0a6fd877]::sys::backtrace::BacktraceLock>::print::DisplayBacktrace as core[a373ad73a504971]::fmt::Display>::fmt
[INFO] [stdout]    1:     0x606e17b97e9a - core[a373ad73a504971]::fmt::write
[INFO] [stdout]    2:     0x606e17b8768c - <alloc[2e1b2a31b91974c5]::vec::Vec<u8> as core[a373ad73a504971]::io::write::Write>::write_fmt
[INFO] [stdout]    3:     0x606e17b5f186 - std[617be2ca0a6fd877]::panicking::default_hook::{closure#0}
[INFO] [stdout]    4:     0x606e17b7b9e9 - std[617be2ca0a6fd877]::panicking::default_hook
[INFO] [stdout]    5:     0x606e17b179b0 - test[aada8e7e76ba119b]::test_main_inner::{closure#0}
[INFO] [stdout]    6:     0x606e17b7bba2 - std[617be2ca0a6fd877]::panicking::panic_with_hook
[INFO] [stdout]    7:     0x606e17b5f232 - std[617be2ca0a6fd877]::panicking::panic_handler::{closure#0}
[INFO] [stdout]    8:     0x606e17b57e99 - std[617be2ca0a6fd877]::sys::backtrace::__rust_end_short_backtrace::<std[617be2ca0a6fd877]::panicking::panic_handler::{closure#0}, !>
[INFO] [stdout]    9:     0x606e17b5fe3d - __rustc[ea4f61d10b84890b]::rust_begin_unwind
[INFO] [stdout]   10:     0x606e17b985cc - core[a373ad73a504971]::panicking::panic_fmt
[INFO] [stdout]   11:     0x606e17b983a2 - core[a373ad73a504971]::result::unwrap_failed
[INFO] [stdout]   12:     0x606e17afe654 - <integration[392e5ecbd1fb9001]::contract_numeric_functions_is_unverifiable::{closure#0} as core[a373ad73a504971]::ops::function::FnOnce<()>>::call_once
[INFO] [stdout]   13:     0x606e17b0adfb - test[aada8e7e76ba119b]::__rust_begin_short_backtrace::<core[a373ad73a504971]::result::Result<(), alloc[2e1b2a31b91974c5]::string::String>, fn() -> core[a373ad73a504971]::result::Result<(), alloc[2e1b2a31b91974c5]::string::String>>
[INFO] [stdout]   14:     0x606e17b17fd5 - test[aada8e7e76ba119b]::run_test::{closure#0}
[INFO] [stdout]   15:     0x606e17b118c4 - std[617be2ca0a6fd877]::sys::backtrace::__rust_begin_short_backtrace::<test[aada8e7e76ba119b]::run_test::{closure#1}, ()>
[INFO] [stdout]   16:     0x606e17b1b062 - <std[617be2ca0a6fd877]::thread::lifecycle::spawn_unchecked<test[aada8e7e76ba119b]::run_test::{closure#1}, ()>::{closure#1} as core[a373ad73a504971]::ops::function::FnOnce<()>>::call_once::{shim:vtable#0}
[INFO] [stdout]   17:     0x606e17b82ccf - <std[617be2ca0a6fd877]::sys::thread::unix::Thread>::new::thread_start
[INFO] [stdout]   18:     0x75a57a152dfa - <unknown>
[INFO] [stdout]   19:     0x75a57a1e63d4 - clone
[INFO] [stdout]   20:                0x0 - <unknown>
[INFO] [stdout] 
[INFO] [stdout] ---- fail_fixture_missing_package_caught stdout ----
[INFO] [stdout] 
[INFO] [stdout] thread 'fail_fixture_missing_package_caught' (1397) panicked at tests/integration.rs:27:10:
[INFO] [stdout] failed to run claimcheck: Os { code: 2, kind: NotFound, message: "No such file or directory" }
[INFO] [stdout] stack backtrace:
[INFO] [stdout]    0:     0x606e17b83471 - <<std[617be2ca0a6fd877]::sys::backtrace::BacktraceLock>::print::DisplayBacktrace as core[a373ad73a504971]::fmt::Display>::fmt
[INFO] [stdout]    1:     0x606e17b97e9a - core[a373ad73a504971]::fmt::write
[INFO] [stdout]    2:     0x606e17b8768c - <alloc[2e1b2a31b91974c5]::vec::Vec<u8> as core[a373ad73a504971]::io::write::Write>::write_fmt
[INFO] [stdout]    3:     0x606e17b5f186 - std[617be2ca0a6fd877]::panicking::default_hook::{closure#0}
[INFO] [stdout]    4:     0x606e17b7b9e9 - std[617be2ca0a6fd877]::panicking::default_hook
[INFO] [stdout]    5:     0x606e17b179b0 - test[aada8e7e76ba119b]::test_main_inner::{closure#0}
[INFO] [stdout]    6:     0x606e17b7bba2 - std[617be2ca0a6fd877]::panicking::panic_with_hook
[INFO] [stdout]    7:     0x606e17b5f232 - std[617be2ca0a6fd877]::panicking::panic_handler::{closure#0}
[INFO] [stdout]    8:     0x606e17b57e99 - std[617be2ca0a6fd877]::sys::backtrace::__rust_end_short_backtrace::<std[617be2ca0a6fd877]::panicking::panic_handler::{closure#0}, !>
[INFO] [stdout]    9:     0x606e17b5fe3d - __rustc[ea4f61d10b84890b]::rust_begin_unwind
[INFO] [stdout]   10:     0x606e17b985cc - core[a373ad73a504971]::panicking::panic_fmt
[INFO] [stdout]   11:     0x606e17b983a2 - core[a373ad73a504971]::result::unwrap_failed
[INFO] [stdout]   12:     0x606e17afac92 - integration[392e5ecbd1fb9001]::run
[INFO] [stdout]   13:     0x606e17afd942 - <integration[392e5ecbd1fb9001]::fail_fixture_missing_package_caught::{closure#0} as core[a373ad73a504971]::ops::function::FnOnce<()>>::call_once
[INFO] [stdout]   14:     0x606e17b0adfb - test[aada8e7e76ba119b]::__rust_begin_short_backtrace::<core[a373ad73a504971]::result::Result<(), alloc[2e1b2a31b91974c5]::string::String>, fn() -> core[a373ad73a504971]::result::Result<(), alloc[2e1b2a31b91974c5]::string::String>>
[INFO] [stdout]   15:     0x606e17b17fd5 - test[aada8e7e76ba119b]::run_test::{closure#0}
[INFO] [stdout]   16:     0x606e17b118c4 - std[617be2ca0a6fd877]::sys::backtrace::__rust_begin_short_backtrace::<test[aada8e7e76ba119b]::run_test::{closure#1}, ()>
[INFO] [stdout]   17:     0x606e17b1b062 - <std[617be2ca0a6fd877]::thread::lifecycle::spawn_unchecked<test[aada8e7e76ba119b]::run_test::{closure#1}, ()>::{closure#1} as core[a373ad73a504971]::ops::function::FnOnce<()>>::call_once::{shim:vtable#0}
[INFO] [stdout]   18:     0x606e17b82ccf - <std[617be2ca0a6fd877]::sys::thread::unix::Thread>::new::thread_start
[INFO] [stdout]   19:     0x75a57a152dfa - <unknown>
[INFO] [stdout]   20:     0x75a57a1e63d4 - clone
[INFO] [stdout]   21:                0x0 - <unknown>
[INFO] [stdout] 
[INFO] [stdout] ---- contract_test_with_cargo_runner_output_passes stdout ----
[INFO] [stdout] 
[INFO] [stdout] thread 'contract_test_with_cargo_runner_output_passes' (1386) panicked at tests/integration.rs:348:10:
[INFO] [stdout] called `Result::unwrap()` on an `Err` value: Os { code: 2, kind: NotFound, message: "No such file or directory" }
[INFO] [stdout] stack backtrace:
[INFO] [stdout]    0:     0x606e17b83471 - <<std[617be2ca0a6fd877]::sys::backtrace::BacktraceLock>::print::DisplayBacktrace as core[a373ad73a504971]::fmt::Display>::fmt
[INFO] [stdout]    1:     0x606e17b97e9a - core[a373ad73a504971]::fmt::write
[INFO] [stdout]    2:     0x606e17b8768c - <alloc[2e1b2a31b91974c5]::vec::Vec<u8> as core[a373ad73a504971]::io::write::Write>::write_fmt
[INFO] [stdout]    3:     0x606e17b5f186 - std[617be2ca0a6fd877]::panicking::default_hook::{closure#0}
[INFO] [stdout]    4:     0x606e17b7b9e9 - std[617be2ca0a6fd877]::panicking::default_hook
[INFO] [stdout]    5:     0x606e17b179b0 - test[aada8e7e76ba119b]::test_main_inner::{closure#0}
[INFO] [stdout]    6:     0x606e17b7bba2 - std[617be2ca0a6fd877]::panicking::panic_with_hook
[INFO] [stdout]    7:     0x606e17b5f232 - std[617be2ca0a6fd877]::panicking::panic_handler::{closure#0}
[INFO] [stdout]    8:     0x606e17b57e99 - std[617be2ca0a6fd877]::sys::backtrace::__rust_end_short_backtrace::<std[617be2ca0a6fd877]::panicking::panic_handler::{closure#0}, !>
[INFO] [stdout]    9:     0x606e17b5fe3d - __rustc[ea4f61d10b84890b]::rust_begin_unwind
[INFO] [stdout]   10:     0x606e17b985cc - core[a373ad73a504971]::panicking::panic_fmt
[INFO] [stdout]   11:     0x606e17b983a2 - core[a373ad73a504971]::result::unwrap_failed
[INFO] [stdout]   12:     0x606e17afed34 - <integration[392e5ecbd1fb9001]::contract_test_with_cargo_runner_output_passes::{closure#0} as core[a373ad73a504971]::ops::function::FnOnce<()>>::call_once
[INFO] [stdout]   13:     0x606e17b0adfb - test[aada8e7e76ba119b]::__rust_begin_short_backtrace::<core[a373ad73a504971]::result::Result<(), alloc[2e1b2a31b91974c5]::string::String>, fn() -> core[a373ad73a504971]::result::Result<(), alloc[2e1b2a31b91974c5]::string::String>>
[INFO] [stdout]   14:     0x606e17b17fd5 - test[aada8e7e76ba119b]::run_test::{closure#0}
[INFO] [stdout]   15:     0x606e17b118c4 - std[617be2ca0a6fd877]::sys::backtrace::__rust_begin_short_backtrace::<test[aada8e7e76ba119b]::run_test::{closure#1}, ()>
[INFO] [stdout]   16:     0x606e17b1b062 - <std[617be2ca0a6fd877]::thread::lifecycle::spawn_unchecked<test[aada8e7e76ba119b]::run_test::{closure#1}, ()>::{closure#1} as core[a373ad73a504971]::ops::function::FnOnce<()>>::call_once::{shim:vtable#0}
[INFO] [stdout]   17:     0x606e17b82ccf - <std[617be2ca0a6fd877]::sys::thread::unix::Thread>::new::thread_start
[INFO] [stdout]   18:     0x75a57a152dfa - <unknown>
[INFO] [stdout]   19:     0x75a57a1e63d4 - clone
[INFO] [stdout]   20:                0x0 - <unknown>
[INFO] [stdout] 
[INFO] [stdout] ---- pass_fixture_json_output stdout ----
[INFO] [stdout] 
[INFO] [stdout] thread 'pass_fixture_json_output' (1404) panicked at tests/integration.rs:27:10:
[INFO] [stdout] failed to run claimcheck: Os { code: 2, kind: NotFound, message: "No such file or directory" }
[INFO] [stdout] stack backtrace:
[INFO] [stdout]    0:     0x606e17b83471 - <<std[617be2ca0a6fd877]::sys::backtrace::BacktraceLock>::print::DisplayBacktrace as core[a373ad73a504971]::fmt::Display>::fmt
[INFO] [stdout]    1:     0x606e17b97e9a - core[a373ad73a504971]::fmt::write
[INFO] [stdout]    2:     0x606e17b8768c - <alloc[2e1b2a31b91974c5]::vec::Vec<u8> as core[a373ad73a504971]::io::write::Write>::write_fmt
[INFO] [stdout]    3:     0x606e17b5f186 - std[617be2ca0a6fd877]::panicking::default_hook::{closure#0}
[INFO] [stdout]    4:     0x606e17b7b9e9 - std[617be2ca0a6fd877]::panicking::default_hook
[INFO] [stdout]    5:     0x606e17b179b0 - test[aada8e7e76ba119b]::test_main_inner::{closure#0}
[INFO] [stdout]    6:     0x606e17b7bba2 - std[617be2ca0a6fd877]::panicking::panic_with_hook
[INFO] [stdout]    7:     0x606e17b5f232 - std[617be2ca0a6fd877]::panicking::panic_handler::{closure#0}
[INFO] [stdout]    8:     0x606e17b57e99 - std[617be2ca0a6fd877]::sys::backtrace::__rust_end_short_backtrace::<std[617be2ca0a6fd877]::panicking::panic_handler::{closure#0}, !>
[INFO] [stdout]    9:     0x606e17b5fe3d - __rustc[ea4f61d10b84890b]::rust_begin_unwind
[INFO] [stdout]   10:     0x606e17b985cc - core[a373ad73a504971]::panicking::panic_fmt
[INFO] [stdout]   11:     0x606e17b983a2 - core[a373ad73a504971]::result::unwrap_failed
[INFO] [stdout]   12:     0x606e17afac92 - integration[392e5ecbd1fb9001]::run
[INFO] [stdout]   13:     0x606e17afc601 - <integration[392e5ecbd1fb9001]::pass_fixture_json_output::{closure#0} as core[a373ad73a504971]::ops::function::FnOnce<()>>::call_once
[INFO] [stdout]   14:     0x606e17b0adfb - test[aada8e7e76ba119b]::__rust_begin_short_backtrace::<core[a373ad73a504971]::result::Result<(), alloc[2e1b2a31b91974c5]::string::String>, fn() -> core[a373ad73a504971]::result::Result<(), alloc[2e1b2a31b91974c5]::string::String>>
[INFO] [stdout]   15:     0x606e17b17fd5 - test[aada8e7e76ba119b]::run_test::{closure#0}
[INFO] [stdout]   16:     0x606e17b118c4 - std[617be2ca0a6fd877]::sys::backtrace::__rust_begin_short_backtrace::<test[aada8e7e76ba119b]::run_test::{closure#1}, ()>
[INFO] [stdout]   17:     0x606e17b1b062 - <std[617be2ca0a6fd877]::thread::lifecycle::spawn_unchecked<test[aada8e7e76ba119b]::run_test::{closure#1}, ()>::{closure#1} as core[a373ad73a504971]::ops::function::FnOnce<()>>::call_once::{shim:vtable#0}
[INFO] [stdout]   18:     0x606e17b82ccf - <std[617be2ca0a6fd877]::sys::thread::unix::Thread>::new::thread_start
[INFO] [stdout]   19:     0x75a57a152dfa - <unknown>
[INFO] [stdout]   20:     0x75a57a1e63d4 - clone
[INFO] [stdout]   21:                0x0 - <unknown>
[INFO] [stdout] 
[INFO] [stdout] ---- pass_fixture_real_files_verified stdout ----
[INFO] [stdout] 
[INFO] [stdout] thread 'pass_fixture_real_files_verified' (1406) panicked at tests/integration.rs:27:10:
[INFO] [stdout] failed to run claimcheck: Os { code: 2, kind: NotFound, message: "No such file or directory" }
[INFO] [stdout] stack backtrace:
[INFO] [stdout]    0:     0x606e17b83471 - <<std[617be2ca0a6fd877]::sys::backtrace::BacktraceLock>::print::DisplayBacktrace as core[a373ad73a504971]::fmt::Display>::fmt
[INFO] [stdout]    1:     0x606e17b97e9a - core[a373ad73a504971]::fmt::write
[INFO] [stdout]    2:     0x606e17b8768c - <alloc[2e1b2a31b91974c5]::vec::Vec<u8> as core[a373ad73a504971]::io::write::Write>::write_fmt
[INFO] [stdout]    3:     0x606e17b5f186 - std[617be2ca0a6fd877]::panicking::default_hook::{closure#0}
[INFO] [stdout]    4:     0x606e17b7b9e9 - std[617be2ca0a6fd877]::panicking::default_hook
[INFO] [stdout]    5:     0x606e17b179b0 - test[aada8e7e76ba119b]::test_main_inner::{closure#0}
[INFO] [stdout]    6:     0x606e17b7bba2 - std[617be2ca0a6fd877]::panicking::panic_with_hook
[INFO] [stdout]    7:     0x606e17b5f232 - std[617be2ca0a6fd877]::panicking::panic_handler::{closure#0}
[INFO] [stdout]    8:     0x606e17b57e99 - std[617be2ca0a6fd877]::sys::backtrace::__rust_end_short_backtrace::<std[617be2ca0a6fd877]::panicking::panic_handler::{closure#0}, !>
[INFO] [stdout]    9:     0x606e17b5fe3d - __rustc[ea4f61d10b84890b]::rust_begin_unwind
[INFO] [stderr] error: test failed, to rerun pass `--test integration`
[INFO] [stdout]   10:     0x606e17b985cc - core[a373ad73a504971]::panicking::panic_fmt
[INFO] [stdout]   11:     0x606e17b983a2 - core[a373ad73a504971]::result::unwrap_failed
[INFO] [stdout]   12:     0x606e17afac92 - integration[392e5ecbd1fb9001]::run
[INFO] [stdout]   13:     0x606e17afd59f - <integration[392e5ecbd1fb9001]::pass_fixture_real_files_verified::{closure#0} as core[a373ad73a504971]::ops::function::FnOnce<()>>::call_once
[INFO] [stdout]   14:     0x606e17b0adfb - test[aada8e7e76ba119b]::__rust_begin_short_backtrace::<core[a373ad73a504971]::result::Result<(), alloc[2e1b2a31b91974c5]::string::String>, fn() -> core[a373ad73a504971]::result::Result<(), alloc[2e1b2a31b91974c5]::string::String>>
[INFO] [stdout]   15:     0x606e17b17fd5 - test[aada8e7e76ba119b]::run_test::{closure#0}
[INFO] [stdout]   16:     0x606e17b118c4 - std[617be2ca0a6fd877]::sys::backtrace::__rust_begin_short_backtrace::<test[aada8e7e76ba119b]::run_test::{closure#1}, ()>
[INFO] [stdout]   17:     0x606e17b1b062 - <std[617be2ca0a6fd877]::thread::lifecycle::spawn_unchecked<test[aada8e7e76ba119b]::run_test::{closure#1}, ()>::{closure#1} as core[a373ad73a504971]::ops::function::FnOnce<()>>::call_once::{shim:vtable#0}
[INFO] [stdout]   18:     0x606e17b82ccf - <std[617be2ca0a6fd877]::sys::thread::unix::Thread>::new::thread_start
[INFO] [stdout]   19:     0x75a57a152dfa - <unknown>
[INFO] [stdout]   20:     0x75a57a1e63d4 - clone
[INFO] [stdout]   21:                0x0 - <unknown>
[INFO] [stdout] 
[INFO] [stdout] ---- contract_bugfix_no_path_is_unverifiable stdout ----
[INFO] [stdout] 
[INFO] [stdout] thread 'contract_bugfix_no_path_is_unverifiable' (1379) panicked at tests/integration.rs:296:10:
[INFO] [stdout] called `Result::unwrap()` on an `Err` value: Os { code: 2, kind: NotFound, message: "No such file or directory" }
[INFO] [stdout] stack backtrace:
[INFO] [stdout]    0:     0x606e17b83471 - <<std[617be2ca0a6fd877]::sys::backtrace::BacktraceLock>::print::DisplayBacktrace as core[a373ad73a504971]::fmt::Display>::fmt
[INFO] [stdout]    1:     0x606e17b97e9a - core[a373ad73a504971]::fmt::write
[INFO] [stdout]    2:     0x606e17b8768c - <alloc[2e1b2a31b91974c5]::vec::Vec<u8> as core[a373ad73a504971]::io::write::Write>::write_fmt
[INFO] [stdout]    3:     0x606e17b5f186 - std[617be2ca0a6fd877]::panicking::default_hook::{closure#0}
[INFO] [stdout]    4:     0x606e17b7b9e9 - std[617be2ca0a6fd877]::panicking::default_hook
[INFO] [stdout]    5:     0x606e17b179b0 - test[aada8e7e76ba119b]::test_main_inner::{closure#0}
[INFO] [stdout]    6:     0x606e17b7bba2 - std[617be2ca0a6fd877]::panicking::panic_with_hook
[INFO] [stdout]    7:     0x606e17b5f232 - std[617be2ca0a6fd877]::panicking::panic_handler::{closure#0}
[INFO] [stdout]    8:     0x606e17b57e99 - std[617be2ca0a6fd877]::sys::backtrace::__rust_end_short_backtrace::<std[617be2ca0a6fd877]::panicking::panic_handler::{closure#0}, !>
[INFO] [stdout]    9:     0x606e17b5fe3d - __rustc[ea4f61d10b84890b]::rust_begin_unwind
[INFO] [stdout]   10:     0x606e17b985cc - core[a373ad73a504971]::panicking::panic_fmt
[INFO] [stdout]   11:     0x606e17b983a2 - core[a373ad73a504971]::result::unwrap_failed
[INFO] [stdout]   12:     0x606e17afe0a4 - <integration[392e5ecbd1fb9001]::contract_bugfix_no_path_is_unverifiable::{closure#0} as core[a373ad73a504971]::ops::function::FnOnce<()>>::call_once
[INFO] [stdout]   13:     0x606e17b0adfb - test[aada8e7e76ba119b]::__rust_begin_short_backtrace::<core[a373ad73a504971]::result::Result<(), alloc[2e1b2a31b91974c5]::string::String>, fn() -> core[a373ad73a504971]::result::Result<(), alloc[2e1b2a31b91974c5]::string::String>>
[INFO] [stdout]   14:     0x606e17b17fd5 - test[aada8e7e76ba119b]::run_test::{closure#0}
[INFO] [stdout]   15:     0x606e17b118c4 - std[617be2ca0a6fd877]::sys::backtrace::__rust_begin_short_backtrace::<test[aada8e7e76ba119b]::run_test::{closure#1}, ()>
[INFO] [stdout]   16:     0x606e17b1b062 - <std[617be2ca0a6fd877]::thread::lifecycle::spawn_unchecked<test[aada8e7e76ba119b]::run_test::{closure#1}, ()>::{closure#1} as core[a373ad73a504971]::ops::function::FnOnce<()>>::call_once::{shim:vtable#0}
[INFO] [stdout]   17:     0x606e17b82ccf - <std[617be2ca0a6fd877]::sys::thread::unix::Thread>::new::thread_start
[INFO] [stdout]   18:     0x75a57a152dfa - <unknown>
[INFO] [stdout]   19:     0x75a57a1e63d4 - clone
[INFO] [stdout]   20:                0x0 - <unknown>
[INFO] [stdout] 
[INFO] [stdout] ---- pass_fixture_lockfile_packages_verified stdout ----
[INFO] [stdout] 
[INFO] [stdout] thread 'pass_fixture_lockfile_packages_verified' (1405) panicked at tests/integration.rs:27:10:
[INFO] [stdout] failed to run claimcheck: Os { code: 2, kind: NotFound, message: "No such file or directory" }
[INFO] [stdout] stack backtrace:
[INFO] [stdout]    0:     0x606e17b83471 - <<std[617be2ca0a6fd877]::sys::backtrace::BacktraceLock>::print::DisplayBacktrace as core[a373ad73a504971]::fmt::Display>::fmt
[INFO] [stdout]    1:     0x606e17b97e9a - core[a373ad73a504971]::fmt::write
[INFO] [stdout]    2:     0x606e17b8768c - <alloc[2e1b2a31b91974c5]::vec::Vec<u8> as core[a373ad73a504971]::io::write::Write>::write_fmt
[INFO] [stdout]    3:     0x606e17b5f186 - std[617be2ca0a6fd877]::panicking::default_hook::{closure#0}
[INFO] [stdout]    4:     0x606e17b7b9e9 - std[617be2ca0a6fd877]::panicking::default_hook
[INFO] [stdout]    5:     0x606e17b179b0 - test[aada8e7e76ba119b]::test_main_inner::{closure#0}
[INFO] [stdout]    6:     0x606e17b7bba2 - std[617be2ca0a6fd877]::panicking::panic_with_hook
[INFO] [stdout]    7:     0x606e17b5f232 - std[617be2ca0a6fd877]::panicking::panic_handler::{closure#0}
[INFO] [stdout]    8:     0x606e17b57e99 - std[617be2ca0a6fd877]::sys::backtrace::__rust_end_short_backtrace::<std[617be2ca0a6fd877]::panicking::panic_handler::{closure#0}, !>
[INFO] [stdout]    9:     0x606e17b5fe3d - __rustc[ea4f61d10b84890b]::rust_begin_unwind
[INFO] [stdout]   10:     0x606e17b985cc - core[a373ad73a504971]::panicking::panic_fmt
[INFO] [stdout]   11:     0x606e17b983a2 - core[a373ad73a504971]::result::unwrap_failed
[INFO] [stdout]   12:     0x606e17afac92 - integration[392e5ecbd1fb9001]::run
[INFO] [stdout]   13:     0x606e17afe21f - <integration[392e5ecbd1fb9001]::pass_fixture_lockfile_packages_verified::{closure#0} as core[a373ad73a504971]::ops::function::FnOnce<()>>::call_once
[INFO] [stdout]   14:     0x606e17b0adfb - test[aada8e7e76ba119b]::__rust_begin_short_backtrace::<core[a373ad73a504971]::result::Result<(), alloc[2e1b2a31b91974c5]::string::String>, fn() -> core[a373ad73a504971]::result::Result<(), alloc[2e1b2a31b91974c5]::string::String>>
[INFO] [stdout]   15:     0x606e17b17fd5 - test[aada8e7e76ba119b]::run_test::{closure#0}
[INFO] [stdout]   16:     0x606e17b118c4 - std[617be2ca0a6fd877]::sys::backtrace::__rust_begin_short_backtrace::<test[aada8e7e76ba119b]::run_test::{closure#1}, ()>
[INFO] [stdout]   17:     0x606e17b1b062 - <std[617be2ca0a6fd877]::thread::lifecycle::spawn_unchecked<test[aada8e7e76ba119b]::run_test::{closure#1}, ()>::{closure#1} as core[a373ad73a504971]::ops::function::FnOnce<()>>::call_once::{shim:vtable#0}
[INFO] [stdout]   18:     0x606e17b82ccf - <std[617be2ca0a6fd877]::sys::thread::unix::Thread>::new::thread_start
[INFO] [stdout]   19:     0x75a57a152dfa - <unknown>
[INFO] [stdout]   20:     0x75a57a1e63d4 - clone
[INFO] [stdout]   21:                0x0 - <unknown>
[INFO] [stdout] 
[INFO] [stdout] ---- empty_transcript_exits_0 stdout ----
[INFO] [stdout] 
[INFO] [stdout] thread 'empty_transcript_exits_0' (1393) panicked at tests/integration.rs:239:10:
[INFO] [stdout] called `Result::unwrap()` on an `Err` value: Os { code: 2, kind: NotFound, message: "No such file or directory" }
[INFO] [stdout] stack backtrace:
[INFO] [stdout]    0:     0x606e17b83471 - <<std[617be2ca0a6fd877]::sys::backtrace::BacktraceLock>::print::DisplayBacktrace as core[a373ad73a504971]::fmt::Display>::fmt
[INFO] [stdout]    1:     0x606e17b97e9a - core[a373ad73a504971]::fmt::write
[INFO] [stdout]    2:     0x606e17b8768c - <alloc[2e1b2a31b91974c5]::vec::Vec<u8> as core[a373ad73a504971]::io::write::Write>::write_fmt
[INFO] [stdout]    3:     0x606e17b5f186 - std[617be2ca0a6fd877]::panicking::default_hook::{closure#0}
[INFO] [stdout]    4:     0x606e17b7b9e9 - std[617be2ca0a6fd877]::panicking::default_hook
[INFO] [stdout]    5:     0x606e17b179b0 - test[aada8e7e76ba119b]::test_main_inner::{closure#0}
[INFO] [stdout]    6:     0x606e17b7bba2 - std[617be2ca0a6fd877]::panicking::panic_with_hook
[INFO] [stdout]    7:     0x606e17b5f232 - std[617be2ca0a6fd877]::panicking::panic_handler::{closure#0}
[INFO] [stdout]    8:     0x606e17b57e99 - std[617be2ca0a6fd877]::sys::backtrace::__rust_end_short_backtrace::<std[617be2ca0a6fd877]::panicking::panic_handler::{closure#0}, !>
[INFO] [stdout]    9:     0x606e17b5fe3d - __rustc[ea4f61d10b84890b]::rust_begin_unwind
[INFO] [stdout]   10:     0x606e17b985cc - core[a373ad73a504971]::panicking::panic_fmt
[INFO] [stdout]   11:     0x606e17b983a2 - core[a373ad73a504971]::result::unwrap_failed
[INFO] [stdout]   12:     0x606e17afc1c3 - <integration[392e5ecbd1fb9001]::empty_transcript_exits_0::{closure#0} as core[a373ad73a504971]::ops::function::FnOnce<()>>::call_once
[INFO] [stdout]   13:     0x606e17b0adfb - test[aada8e7e76ba119b]::__rust_begin_short_backtrace::<core[a373ad73a504971]::result::Result<(), alloc[2e1b2a31b91974c5]::string::String>, fn() -> core[a373ad73a504971]::result::Result<(), alloc[2e1b2a31b91974c5]::string::String>>
[INFO] [stdout]   14:     0x606e17b17fd5 - test[aada8e7e76ba119b]::run_test::{closure#0}
[INFO] [stdout]   15:     0x606e17b118c4 - std[617be2ca0a6fd877]::sys::backtrace::__rust_begin_short_backtrace::<test[aada8e7e76ba119b]::run_test::{closure#1}, ()>
[INFO] [stdout]   16:     0x606e17b1b062 - <std[617be2ca0a6fd877]::thread::lifecycle::spawn_unchecked<test[aada8e7e76ba119b]::run_test::{closure#1}, ()>::{closure#1} as core[a373ad73a504971]::ops::function::FnOnce<()>>::call_once::{shim:vtable#0}
[INFO] [stdout]   17:     0x606e17b82ccf - <std[617be2ca0a6fd877]::sys::thread::unix::Thread>::new::thread_start
[INFO] [stdout]   18:     0x75a57a152dfa - <unknown>
[INFO] [stdout]   19:     0x75a57a1e63d4 - clone
[INFO] [stdout]   20:                0x0 - <unknown>
[INFO] [stdout] 
[INFO] [stdout] ---- fail_fixture_json_output stdout ----
[INFO] [stdout] 
[INFO] [stdout] thread 'fail_fixture_json_output' (1395) panicked at tests/integration.rs:27:10:
[INFO] [stdout] failed to run claimcheck: Os { code: 2, kind: NotFound, message: "No such file or directory" }
[INFO] [stdout] stack backtrace:
[INFO] [stdout]    0:     0x606e17b83471 - <<std[617be2ca0a6fd877]::sys::backtrace::BacktraceLock>::print::DisplayBacktrace as core[a373ad73a504971]::fmt::Display>::fmt
[INFO] [stdout]    1:     0x606e17b97e9a - core[a373ad73a504971]::fmt::write
[INFO] [stdout]    2:     0x606e17b8768c - <alloc[2e1b2a31b91974c5]::vec::Vec<u8> as core[a373ad73a504971]::io::write::Write>::write_fmt
[INFO] [stdout]    3:     0x606e17b5f186 - std[617be2ca0a6fd877]::panicking::default_hook::{closure#0}
[INFO] [stdout]    4:     0x606e17b7b9e9 - std[617be2ca0a6fd877]::panicking::default_hook
[INFO] [stdout]    5:     0x606e17b179b0 - test[aada8e7e76ba119b]::test_main_inner::{closure#0}
[INFO] [stdout]    6:     0x606e17b7bba2 - std[617be2ca0a6fd877]::panicking::panic_with_hook
[INFO] [stdout]    7:     0x606e17b5f232 - std[617be2ca0a6fd877]::panicking::panic_handler::{closure#0}
[INFO] [stdout]    8:     0x606e17b57e99 - std[617be2ca0a6fd877]::sys::backtrace::__rust_end_short_backtrace::<std[617be2ca0a6fd877]::panicking::panic_handler::{closure#0}, !>
[INFO] [stdout]    9:     0x606e17b5fe3d - __rustc[ea4f61d10b84890b]::rust_begin_unwind
[INFO] [stdout]   10:     0x606e17b985cc - core[a373ad73a504971]::panicking::panic_fmt
[INFO] [stdout]   11:     0x606e17b983a2 - core[a373ad73a504971]::result::unwrap_failed
[INFO] [stdout]   12:     0x606e17afac92 - integration[392e5ecbd1fb9001]::run
[INFO] [stdout]   13:     0x606e17afc36f - <integration[392e5ecbd1fb9001]::fail_fixture_json_output::{closure#0} as core[a373ad73a504971]::ops::function::FnOnce<()>>::call_once
[INFO] [stdout]   14:     0x606e17b0adfb - test[aada8e7e76ba119b]::__rust_begin_short_backtrace::<core[a373ad73a504971]::result::Result<(), alloc[2e1b2a31b91974c5]::string::String>, fn() -> core[a373ad73a504971]::result::Result<(), alloc[2e1b2a31b91974c5]::string::String>>
[INFO] [stdout]   15:     0x606e17b17fd5 - test[aada8e7e76ba119b]::run_test::{closure#0}
[INFO] [stdout]   16:     0x606e17b118c4 - std[617be2ca0a6fd877]::sys::backtrace::__rust_begin_short_backtrace::<test[aada8e7e76ba119b]::run_test::{closure#1}, ()>
[INFO] [stdout]   17:     0x606e17b1b062 - <std[617be2ca0a6fd877]::thread::lifecycle::spawn_unchecked<test[aada8e7e76ba119b]::run_test::{closure#1}, ()>::{closure#1} as core[a373ad73a504971]::ops::function::FnOnce<()>>::call_once::{shim:vtable#0}
[INFO] [stdout]   18:     0x606e17b82ccf - <std[617be2ca0a6fd877]::sys::thread::unix::Thread>::new::thread_start
[INFO] [stdout]   19:     0x75a57a152dfa - <unknown>
[INFO] [stdout]   20:     0x75a57a1e63d4 - clone
[INFO] [stdout]   21:                0x0 - <unknown>
[INFO] [stdout] 
[INFO] [stdout] ---- fail_fixture_test_without_runner_output_is_unverifiable stdout ----
[INFO] [stdout] 
[INFO] [stdout] thread 'fail_fixture_test_without_runner_output_is_unverifiable' (1399) panicked at tests/integration.rs:27:10:
[INFO] [stdout] failed to run claimcheck: Os { code: 2, kind: NotFound, message: "No such file or directory" }
[INFO] [stdout] stack backtrace:
[INFO] [stdout]    0:     0x606e17b83471 - <<std[617be2ca0a6fd877]::sys::backtrace::BacktraceLock>::print::DisplayBacktrace as core[a373ad73a504971]::fmt::Display>::fmt
[INFO] [stdout]    1:     0x606e17b97e9a - core[a373ad73a504971]::fmt::write
[INFO] [stdout]    2:     0x606e17b8768c - <alloc[2e1b2a31b91974c5]::vec::Vec<u8> as core[a373ad73a504971]::io::write::Write>::write_fmt
[INFO] [stdout]    3:     0x606e17b5f186 - std[617be2ca0a6fd877]::panicking::default_hook::{closure#0}
[INFO] [stdout]    4:     0x606e17b7b9e9 - std[617be2ca0a6fd877]::panicking::default_hook
[INFO] [stdout]    5:     0x606e17b179b0 - test[aada8e7e76ba119b]::test_main_inner::{closure#0}
[INFO] [stdout]    6:     0x606e17b7bba2 - std[617be2ca0a6fd877]::panicking::panic_with_hook
[INFO] [stdout]    7:     0x606e17b5f232 - std[617be2ca0a6fd877]::panicking::panic_handler::{closure#0}
[INFO] [stdout]    8:     0x606e17b57e99 - std[617be2ca0a6fd877]::sys::backtrace::__rust_end_short_backtrace::<std[617be2ca0a6fd877]::panicking::panic_handler::{closure#0}, !>
[INFO] [stdout]    9:     0x606e17b5fe3d - __rustc[ea4f61d10b84890b]::rust_begin_unwind
[INFO] [stdout]   10:     0x606e17b985cc - core[a373ad73a504971]::panicking::panic_fmt
[INFO] [stdout]   11:     0x606e17b983a2 - core[a373ad73a504971]::result::unwrap_failed
[INFO] [stdout]   12:     0x606e17afac92 - integration[392e5ecbd1fb9001]::run
[INFO] [stdout]   13:     0x606e17affdbf - <integration[392e5ecbd1fb9001]::fail_fixture_test_without_runner_output_is_unverifiable::{closure#0} as core[a373ad73a504971]::ops::function::FnOnce<()>>::call_once
[INFO] [stdout]   14:     0x606e17b0adfb - test[aada8e7e76ba119b]::__rust_begin_short_backtrace::<core[a373ad73a504971]::result::Result<(), alloc[2e1b2a31b91974c5]::string::String>, fn() -> core[a373ad73a504971]::result::Result<(), alloc[2e1b2a31b91974c5]::string::String>>
[INFO] [stdout]   15:     0x606e17b17fd5 - test[aada8e7e76ba119b]::run_test::{closure#0}
[INFO] [stdout]   16:     0x606e17b118c4 - std[617be2ca0a6fd877]::sys::backtrace::__rust_begin_short_backtrace::<test[aada8e7e76ba119b]::run_test::{closure#1}, ()>
[INFO] [stdout]   17:     0x606e17b1b062 - <std[617be2ca0a6fd877]::thread::lifecycle::spawn_unchecked<test[aada8e7e76ba119b]::run_test::{closure#1}, ()>::{closure#1} as core[a373ad73a504971]::ops::function::FnOnce<()>>::call_once::{shim:vtable#0}
[INFO] [stdout]   18:     0x606e17b82ccf - <std[617be2ca0a6fd877]::sys::thread::unix::Thread>::new::thread_start
[INFO] [stdout]   19:     0x75a57a152dfa - <unknown>
[INFO] [stdout]   20:     0x75a57a1e63d4 - clone
[INFO] [stdout]   21:                0x0 - <unknown>
[INFO] [stdout] 
[INFO] [stdout] ---- fail_fixture_missing_files_caught stdout ----
[INFO] [stdout] 
[INFO] [stdout] thread 'fail_fixture_missing_files_caught' (1396) panicked at tests/integration.rs:27:10:
[INFO] [stdout] failed to run claimcheck: Os { code: 2, kind: NotFound, message: "No such file or directory" }
[INFO] [stdout] stack backtrace:
[INFO] [stdout]    0:     0x606e17b83471 - <<std[617be2ca0a6fd877]::sys::backtrace::BacktraceLock>::print::DisplayBacktrace as core[a373ad73a504971]::fmt::Display>::fmt
[INFO] [stdout]    1:     0x606e17b97e9a - core[a373ad73a504971]::fmt::write
[INFO] [stdout]    2:     0x606e17b8768c - <alloc[2e1b2a31b91974c5]::vec::Vec<u8> as core[a373ad73a504971]::io::write::Write>::write_fmt
[INFO] [stdout]    3:     0x606e17b5f186 - std[617be2ca0a6fd877]::panicking::default_hook::{closure#0}
[INFO] [stdout]    4:     0x606e17b7b9e9 - std[617be2ca0a6fd877]::panicking::default_hook
[INFO] [stdout]    5:     0x606e17b179b0 - test[aada8e7e76ba119b]::test_main_inner::{closure#0}
[INFO] [stdout]    6:     0x606e17b7bba2 - std[617be2ca0a6fd877]::panicking::panic_with_hook
[INFO] [stdout]    7:     0x606e17b5f232 - std[617be2ca0a6fd877]::panicking::panic_handler::{closure#0}
[INFO] [stdout]    8:     0x606e17b57e99 - std[617be2ca0a6fd877]::sys::backtrace::__rust_end_short_backtrace::<std[617be2ca0a6fd877]::panicking::panic_handler::{closure#0}, !>
[INFO] [stdout]    9:     0x606e17b5fe3d - __rustc[ea4f61d10b84890b]::rust_begin_unwind
[INFO] [stdout]   10:     0x606e17b985cc - core[a373ad73a504971]::panicking::panic_fmt
[INFO] [stdout]   11:     0x606e17b983a2 - core[a373ad73a504971]::result::unwrap_failed
[INFO] [stdout]   12:     0x606e17afac92 - integration[392e5ecbd1fb9001]::run
[INFO] [stdout]   13:     0x606e17afd732 - <integration[392e5ecbd1fb9001]::fail_fixture_missing_files_caught::{closure#0} as core[a373ad73a504971]::ops::function::FnOnce<()>>::call_once
[INFO] [stdout]   14:     0x606e17b0adfb - test[aada8e7e76ba119b]::__rust_begin_short_backtrace::<core[a373ad73a504971]::result::Result<(), alloc[2e1b2a31b91974c5]::string::String>, fn() -> core[a373ad73a504971]::result::Result<(), alloc[2e1b2a31b91974c5]::string::String>>
[INFO] [stdout]   15:     0x606e17b17fd5 - test[aada8e7e76ba119b]::run_test::{closure#0}
[INFO] [stdout]   16:     0x606e17b118c4 - std[617be2ca0a6fd877]::sys::backtrace::__rust_begin_short_backtrace::<test[aada8e7e76ba119b]::run_test::{closure#1}, ()>
[INFO] [stdout]   17:     0x606e17b1b062 - <std[617be2ca0a6fd877]::thread::lifecycle::spawn_unchecked<test[aada8e7e76ba119b]::run_test::{closure#1}, ()>::{closure#1} as core[a373ad73a504971]::ops::function::FnOnce<()>>::call_once::{shim:vtable#0}
[INFO] [stdout]   18:     0x606e17b82ccf - <std[617be2ca0a6fd877]::sys::thread::unix::Thread>::new::thread_start
[INFO] [stdout]   19:     0x75a57a152dfa - <unknown>
[INFO] [stdout]   20:     0x75a57a1e63d4 - clone
[INFO] [stdout]   21:                0x0 - <unknown>
[INFO] [stdout] 
[INFO] [stdout] ---- fail_fixture_numeric_no_git_commits_is_unverifiable stdout ----
[INFO] [stdout] 
[INFO] [stdout] thread 'fail_fixture_numeric_no_git_commits_is_unverifiable' (1398) panicked at tests/integration.rs:27:10:
[INFO] [stdout] failed to run claimcheck: Os { code: 2, kind: NotFound, message: "No such file or directory" }
[INFO] [stdout] stack backtrace:
[INFO] [stdout]    0:     0x606e17b83471 - <<std[617be2ca0a6fd877]::sys::backtrace::BacktraceLock>::print::DisplayBacktrace as core[a373ad73a504971]::fmt::Display>::fmt
[INFO] [stdout]    1:     0x606e17b97e9a - core[a373ad73a504971]::fmt::write
[INFO] [stdout]    2:     0x606e17b8768c - <alloc[2e1b2a31b91974c5]::vec::Vec<u8> as core[a373ad73a504971]::io::write::Write>::write_fmt
[INFO] [stdout]    3:     0x606e17b5f186 - std[617be2ca0a6fd877]::panicking::default_hook::{closure#0}
[INFO] [stdout]    4:     0x606e17b7b9e9 - std[617be2ca0a6fd877]::panicking::default_hook
[INFO] [stdout]    5:     0x606e17b179b0 - test[aada8e7e76ba119b]::test_main_inner::{closure#0}
[INFO] [stdout]    6:     0x606e17b7bba2 - std[617be2ca0a6fd877]::panicking::panic_with_hook
[INFO] [stdout]    7:     0x606e17b5f232 - std[617be2ca0a6fd877]::panicking::panic_handler::{closure#0}
[INFO] [stdout]    8:     0x606e17b57e99 - std[617be2ca0a6fd877]::sys::backtrace::__rust_end_short_backtrace::<std[617be2ca0a6fd877]::panicking::panic_handler::{closure#0}, !>
[INFO] [stdout]    9:     0x606e17b5fe3d - __rustc[ea4f61d10b84890b]::rust_begin_unwind
[INFO] [stdout]   10:     0x606e17b985cc - core[a373ad73a504971]::panicking::panic_fmt
[INFO] [stdout]   11:     0x606e17b983a2 - core[a373ad73a504971]::result::unwrap_failed
[INFO] [stdout]   12:     0x606e17afac92 - integration[392e5ecbd1fb9001]::run
[INFO] [stdout]   13:     0x606e17affcd8 - <integration[392e5ecbd1fb9001]::fail_fixture_numeric_no_git_commits_is_unverifiable::{closure#0} as core[a373ad73a504971]::ops::function::FnOnce<()>>::call_once
[INFO] [stdout]   14:     0x606e17b0adfb - test[aada8e7e76ba119b]::__rust_begin_short_backtrace::<core[a373ad73a504971]::result::Result<(), alloc[2e1b2a31b91974c5]::string::String>, fn() -> core[a373ad73a504971]::result::Result<(), alloc[2e1b2a31b91974c5]::string::String>>
[INFO] [stdout]   15:     0x606e17b17fd5 - test[aada8e7e76ba119b]::run_test::{closure#0}
[INFO] [stdout]   16:     0x606e17b118c4 - std[617be2ca0a6fd877]::sys::backtrace::__rust_begin_short_backtrace::<test[aada8e7e76ba119b]::run_test::{closure#1}, ()>
[INFO] [stdout]   17:     0x606e17b1b062 - <std[617be2ca0a6fd877]::thread::lifecycle::spawn_unchecked<test[aada8e7e76ba119b]::run_test::{closure#1}, ()>::{closure#1} as core[a373ad73a504971]::ops::function::FnOnce<()>>::call_once::{shim:vtable#0}
[INFO] [stdout]   18:     0x606e17b82ccf - <std[617be2ca0a6fd877]::sys::thread::unix::Thread>::new::thread_start
[INFO] [stdout]   19:     0x75a57a152dfa - <unknown>
[INFO] [stdout]   20:     0x75a57a1e63d4 - clone
[INFO] [stdout]   21:                0x0 - <unknown>
[INFO] [stdout] 
[INFO] [stdout] ---- fail_fixture_truth_score_0 stdout ----
[INFO] [stdout] 
[INFO] [stdout] thread 'fail_fixture_truth_score_0' (1401) panicked at tests/integration.rs:27:10:
[INFO] [stdout] failed to run claimcheck: Os { code: 2, kind: NotFound, message: "No such file or directory" }
[INFO] [stdout] stack backtrace:
[INFO] [stdout]    0:     0x606e17b83471 - <<std[617be2ca0a6fd877]::sys::backtrace::BacktraceLock>::print::DisplayBacktrace as core[a373ad73a504971]::fmt::Display>::fmt
[INFO] [stdout]    1:     0x606e17b97e9a - core[a373ad73a504971]::fmt::write
[INFO] [stdout]    2:     0x606e17b8768c - <alloc[2e1b2a31b91974c5]::vec::Vec<u8> as core[a373ad73a504971]::io::write::Write>::write_fmt
[INFO] [stdout]    3:     0x606e17b5f186 - std[617be2ca0a6fd877]::panicking::default_hook::{closure#0}
[INFO] [stdout]    4:     0x606e17b7b9e9 - std[617be2ca0a6fd877]::panicking::default_hook
[INFO] [stdout]    5:     0x606e17b179b0 - test[aada8e7e76ba119b]::test_main_inner::{closure#0}
[INFO] [stdout]    6:     0x606e17b7bba2 - std[617be2ca0a6fd877]::panicking::panic_with_hook
[INFO] [stdout]    7:     0x606e17b5f232 - std[617be2ca0a6fd877]::panicking::panic_handler::{closure#0}
[INFO] [stdout]    8:     0x606e17b57e99 - std[617be2ca0a6fd877]::sys::backtrace::__rust_end_short_backtrace::<std[617be2ca0a6fd877]::panicking::panic_handler::{closure#0}, !>
[INFO] [stdout]    9:     0x606e17b5fe3d - __rustc[ea4f61d10b84890b]::rust_begin_unwind
[INFO] [stdout]   10:     0x606e17b985cc - core[a373ad73a504971]::panicking::panic_fmt
[INFO] [stdout]   11:     0x606e17b983a2 - core[a373ad73a504971]::result::unwrap_failed
[INFO] [stdout]   12:     0x606e17afac92 - integration[392e5ecbd1fb9001]::run
[INFO] [stdout]   13:     0x606e17afca88 - <integration[392e5ecbd1fb9001]::fail_fixture_truth_score_0::{closure#0} as core[a373ad73a504971]::ops::function::FnOnce<()>>::call_once
[INFO] [stdout]   14:     0x606e17b0adfb - test[aada8e7e76ba119b]::__rust_begin_short_backtrace::<core[a373ad73a504971]::result::Result<(), alloc[2e1b2a31b91974c5]::string::String>, fn() -> core[a373ad73a504971]::result::Result<(), alloc[2e1b2a31b91974c5]::string::String>>
[INFO] [stdout]   15:     0x606e17b17fd5 - test[aada8e7e76ba119b]::run_test::{closure#0}
[INFO] [stdout]   16:     0x606e17b118c4 - std[617be2ca0a6fd877]::sys::backtrace::__rust_begin_short_backtrace::<test[aada8e7e76ba119b]::run_test::{closure#1}, ()>
[INFO] [stdout]   17:     0x606e17b1b062 - <std[617be2ca0a6fd877]::thread::lifecycle::spawn_unchecked<test[aada8e7e76ba119b]::run_test::{closure#1}, ()>::{closure#1} as core[a373ad73a504971]::ops::function::FnOnce<()>>::call_once::{shim:vtable#0}
[INFO] [stdout]   18:     0x606e17b82ccf - <std[617be2ca0a6fd877]::sys::thread::unix::Thread>::new::thread_start
[INFO] [stdout]   19:     0x75a57a152dfa - <unknown>
[INFO] [stdout]   20:     0x75a57a1e63d4 - clone
[INFO] [stdout]   21:                0x0 - <unknown>
[INFO] [stdout] 
[INFO] [stdout] ---- missing_file_exits_1 stdout ----
[INFO] [stdout] 
[INFO] [stdout] thread 'missing_file_exits_1' (1402) panicked at tests/integration.rs:208:10:
[INFO] [stdout] called `Result::unwrap()` on an `Err` value: Os { code: 2, kind: NotFound, message: "No such file or directory" }
[INFO] [stdout] stack backtrace:
[INFO] [stdout]    0:     0x606e17b83471 - <<std[617be2ca0a6fd877]::sys::backtrace::BacktraceLock>::print::DisplayBacktrace as core[a373ad73a504971]::fmt::Display>::fmt
[INFO] [stdout]    1:     0x606e17b97e9a - core[a373ad73a504971]::fmt::write
[INFO] [stdout]    2:     0x606e17b8768c - <alloc[2e1b2a31b91974c5]::vec::Vec<u8> as core[a373ad73a504971]::io::write::Write>::write_fmt
[INFO] [stdout]    3:     0x606e17b5f186 - std[617be2ca0a6fd877]::panicking::default_hook::{closure#0}
[INFO] [stdout]    4:     0x606e17b7b9e9 - std[617be2ca0a6fd877]::panicking::default_hook
[INFO] [stdout]    5:     0x606e17b179b0 - test[aada8e7e76ba119b]::test_main_inner::{closure#0}
[INFO] [stdout]    6:     0x606e17b7bba2 - std[617be2ca0a6fd877]::panicking::panic_with_hook
[INFO] [stdout]    7:     0x606e17b5f232 - std[617be2ca0a6fd877]::panicking::panic_handler::{closure#0}
[INFO] [stdout]    8:     0x606e17b57e99 - std[617be2ca0a6fd877]::sys::backtrace::__rust_end_short_backtrace::<std[617be2ca0a6fd877]::panicking::panic_handler::{closure#0}, !>
[INFO] [stdout]    9:     0x606e17b5fe3d - __rustc[ea4f61d10b84890b]::rust_begin_unwind
[INFO] [stdout]   10:     0x606e17b985cc - core[a373ad73a504971]::panicking::panic_fmt
[INFO] [stdout]   11:     0x606e17b983a2 - core[a373ad73a504971]::result::unwrap_failed
[INFO] [stdout]   12:     0x606e17afbc12 - <integration[392e5ecbd1fb9001]::missing_file_exits_1::{closure#0} as core[a373ad73a504971]::ops::function::FnOnce<()>>::call_once
[INFO] [stdout]   13:     0x606e17b0adfb - test[aada8e7e76ba119b]::__rust_begin_short_backtrace::<core[a373ad73a504971]::result::Result<(), alloc[2e1b2a31b91974c5]::string::String>, fn() -> core[a373ad73a504971]::result::Result<(), alloc[2e1b2a31b91974c5]::string::String>>
[INFO] [stdout]   14:     0x606e17b17fd5 - test[aada8e7e76ba119b]::run_test::{closure#0}
[INFO] [stdout]   15:     0x606e17b118c4 - std[617be2ca0a6fd877]::sys::backtrace::__rust_begin_short_backtrace::<test[aada8e7e76ba119b]::run_test::{closure#1}, ()>
[INFO] [stdout]   16:     0x606e17b1b062 - <std[617be2ca0a6fd877]::thread::lifecycle::spawn_unchecked<test[aada8e7e76ba119b]::run_test::{closure#1}, ()>::{closure#1} as core[a373ad73a504971]::ops::function::FnOnce<()>>::call_once::{shim:vtable#0}
[INFO] [stdout]   17:     0x606e17b82ccf - <std[617be2ca0a6fd877]::sys::thread::unix::Thread>::new::thread_start
[INFO] [stdout]   18:     0x75a57a152dfa - <unknown>
[INFO] [stdout]   19:     0x75a57a1e63d4 - clone
[INFO] [stdout]   20:                0x0 - <unknown>
[INFO] [stdout] 
[INFO] [stdout] ---- unsupported_format_exits_1 stdout ----
[INFO] [stdout] 
[INFO] [stdout] thread 'unsupported_format_exits_1' (1420) panicked at tests/integration.rs:221:10:
[INFO] [stdout] called `Result::unwrap()` on an `Err` value: Os { code: 2, kind: NotFound, message: "No such file or directory" }
[INFO] [stdout] stack backtrace:
[INFO] [stdout]    0:     0x606e17b83471 - <<std[617be2ca0a6fd877]::sys::backtrace::BacktraceLock>::print::DisplayBacktrace as core[a373ad73a504971]::fmt::Display>::fmt
[INFO] [stdout]    1:     0x606e17b97e9a - core[a373ad73a504971]::fmt::write
[INFO] [stdout]    2:     0x606e17b8768c - <alloc[2e1b2a31b91974c5]::vec::Vec<u8> as core[a373ad73a504971]::io::write::Write>::write_fmt
[INFO] [stdout]    3:     0x606e17b5f186 - std[617be2ca0a6fd877]::panicking::default_hook::{closure#0}
[INFO] [stdout]    4:     0x606e17b7b9e9 - std[617be2ca0a6fd877]::panicking::default_hook
[INFO] [stdout]    5:     0x606e17b179b0 - test[aada8e7e76ba119b]::test_main_inner::{closure#0}
[INFO] [stdout]    6:     0x606e17b7bba2 - std[617be2ca0a6fd877]::panicking::panic_with_hook
[INFO] [stdout]    7:     0x606e17b5f232 - std[617be2ca0a6fd877]::panicking::panic_handler::{closure#0}
[INFO] [stdout]    8:     0x606e17b57e99 - std[617be2ca0a6fd877]::sys::backtrace::__rust_end_short_backtrace::<std[617be2ca0a6fd877]::panicking::panic_handler::{closure#0}, !>
[INFO] [stdout]    9:     0x606e17b5fe3d - __rustc[ea4f61d10b84890b]::rust_begin_unwind
[INFO] [stdout]   10:     0x606e17b985cc - core[a373ad73a504971]::panicking::panic_fmt
[INFO] [stdout]   11:     0x606e17b983a2 - core[a373ad73a504971]::result::unwrap_failed
[INFO] [stdout]   12:     0x606e17afcdc1 - <integration[392e5ecbd1fb9001]::unsupported_format_exits_1::{closure#0} as core[a373ad73a504971]::ops::function::FnOnce<()>>::call_once
[INFO] [stdout]   13:     0x606e17b0adfb - test[aada8e7e76ba119b]::__rust_begin_short_backtrace::<core[a373ad73a504971]::result::Result<(), alloc[2e1b2a31b91974c5]::string::String>, fn() -> core[a373ad73a504971]::result::Result<(), alloc[2e1b2a31b91974c5]::string::String>>
[INFO] [stdout]   14:     0x606e17b17fd5 - test[aada8e7e76ba119b]::run_test::{closure#0}
[INFO] [stdout]   15:     0x606e17b118c4 - std[617be2ca0a6fd877]::sys::backtrace::__rust_begin_short_backtrace::<test[aada8e7e76ba119b]::run_test::{closure#1}, ()>
[INFO] [stdout]   16:     0x606e17b1b062 - <std[617be2ca0a6fd877]::thread::lifecycle::spawn_unchecked<test[aada8e7e76ba119b]::run_test::{closure#1}, ()>::{closure#1} as core[a373ad73a504971]::ops::function::FnOnce<()>>::call_once::{shim:vtable#0}
[INFO] [stdout]   17:     0x606e17b82ccf - <std[617be2ca0a6fd877]::sys::thread::unix::Thread>::new::thread_start
[INFO] [stdout]   18:     0x75a57a152dfa - <unknown>
[INFO] [stdout]   19:     0x75a57a1e63d4 - clone
[INFO] [stdout]   20:                0x0 - <unknown>
[INFO] [stdout] 
[INFO] [stdout] ---- pass_fixture_all_pass stdout ----
[INFO] [stdout] 
[INFO] [stdout] thread 'pass_fixture_all_pass' (1403) panicked at tests/integration.rs:27:10:
[INFO] [stdout] failed to run claimcheck: Os { code: 2, kind: NotFound, message: "No such file or directory" }
[INFO] [stdout] stack backtrace:
[INFO] [stdout]    0:     0x606e17b83471 - <<std[617be2ca0a6fd877]::sys::backtrace::BacktraceLock>::print::DisplayBacktrace as core[a373ad73a504971]::fmt::Display>::fmt
[INFO] [stdout]    1:     0x606e17b97e9a - core[a373ad73a504971]::fmt::write
[INFO] [stdout]    2:     0x606e17b8768c - <alloc[2e1b2a31b91974c5]::vec::Vec<u8> as core[a373ad73a504971]::io::write::Write>::write_fmt
[INFO] [stdout]    3:     0x606e17b5f186 - std[617be2ca0a6fd877]::panicking::default_hook::{closure#0}
[INFO] [stdout]    4:     0x606e17b7b9e9 - std[617be2ca0a6fd877]::panicking::default_hook
[INFO] [stdout]    5:     0x606e17b179b0 - test[aada8e7e76ba119b]::test_main_inner::{closure#0}
[INFO] [stdout]    6:     0x606e17b7bba2 - std[617be2ca0a6fd877]::panicking::panic_with_hook
[INFO] [stdout]    7:     0x606e17b5f232 - std[617be2ca0a6fd877]::panicking::panic_handler::{closure#0}
[INFO] [stdout]    8:     0x606e17b57e99 - std[617be2ca0a6fd877]::sys::backtrace::__rust_end_short_backtrace::<std[617be2ca0a6fd877]::panicking::panic_handler::{closure#0}, !>
[INFO] [stdout]    9:     0x606e17b5fe3d - __rustc[ea4f61d10b84890b]::rust_begin_unwind
[INFO] [stdout]   10:     0x606e17b985cc - core[a373ad73a504971]::panicking::panic_fmt
[INFO] [stdout]   11:     0x606e17b983a2 - core[a373ad73a504971]::result::unwrap_failed
[INFO] [stdout]   12:     0x606e17afac92 - integration[392e5ecbd1fb9001]::run
[INFO] [stdout]   13:     0x606e17afbd5b - <integration[392e5ecbd1fb9001]::pass_fixture_all_pass::{closure#0} as core[a373ad73a504971]::ops::function::FnOnce<()>>::call_once
[INFO] [stdout]   14:     0x606e17b0adfb - test[aada8e7e76ba119b]::__rust_begin_short_backtrace::<core[a373ad73a504971]::result::Result<(), alloc[2e1b2a31b91974c5]::string::String>, fn() -> core[a373ad73a504971]::result::Result<(), alloc[2e1b2a31b91974c5]::string::String>>
[INFO] [stdout]   15:     0x606e17b17fd5 - test[aada8e7e76ba119b]::run_test::{closure#0}
[INFO] [stdout]   16:     0x606e17b118c4 - std[617be2ca0a6fd877]::sys::backtrace::__rust_begin_short_backtrace::<test[aada8e7e76ba119b]::run_test::{closure#1}, ()>
[INFO] [stdout]   17:     0x606e17b1b062 - <std[617be2ca0a6fd877]::thread::lifecycle::spawn_unchecked<test[aada8e7e76ba119b]::run_test::{closure#1}, ()>::{closure#1} as core[a373ad73a504971]::ops::function::FnOnce<()>>::call_once::{shim:vtable#0}
[INFO] [stdout]   18:     0x606e17b82ccf - <std[617be2ca0a6fd877]::sys::thread::unix::Thread>::new::thread_start
[INFO] [stdout]   19:     0x75a57a152dfa - <unknown>
[INFO] [stdout]   20:     0x75a57a1e63d4 - clone
[INFO] [stdout]   21:                0x0 - <unknown>
[INFO] [stdout] 
[INFO] [stdout] ---- unverifiable_test_self_confirm_blocked stdout ----
[INFO] [stdout] 
[INFO] [stdout] thread 'unverifiable_test_self_confirm_blocked' (1424) panicked at tests/integration.rs:27:10:
[INFO] [stdout] failed to run claimcheck: Os { code: 2, kind: NotFound, message: "No such file or directory" }
[INFO] [stdout] stack backtrace:
[INFO] [stdout]    0:     0x606e17b83471 - <<std[617be2ca0a6fd877]::sys::backtrace::BacktraceLock>::print::DisplayBacktrace as core[a373ad73a504971]::fmt::Display>::fmt
[INFO] [stdout]    1:     0x606e17b97e9a - core[a373ad73a504971]::fmt::write
[INFO] [stdout]    2:     0x606e17b8768c - <alloc[2e1b2a31b91974c5]::vec::Vec<u8> as core[a373ad73a504971]::io::write::Write>::write_fmt
[INFO] [stdout]    3:     0x606e17b5f186 - std[617be2ca0a6fd877]::panicking::default_hook::{closure#0}
[INFO] [stdout]    4:     0x606e17b7b9e9 - std[617be2ca0a6fd877]::panicking::default_hook
[INFO] [stdout]    5:     0x606e17b179b0 - test[aada8e7e76ba119b]::test_main_inner::{closure#0}
[INFO] [stdout]    6:     0x606e17b7bba2 - std[617be2ca0a6fd877]::panicking::panic_with_hook
[INFO] [stdout]    7:     0x606e17b5f232 - std[617be2ca0a6fd877]::panicking::panic_handler::{closure#0}
[INFO] [stdout]    8:     0x606e17b57e99 - std[617be2ca0a6fd877]::sys::backtrace::__rust_end_short_backtrace::<std[617be2ca0a6fd877]::panicking::panic_handler::{closure#0}, !>
[INFO] [stdout]    9:     0x606e17b5fe3d - __rustc[ea4f61d10b84890b]::rust_begin_unwind
[INFO] [stdout]   10:     0x606e17b985cc - core[a373ad73a504971]::panicking::panic_fmt
[INFO] [stdout]   11:     0x606e17b983a2 - core[a373ad73a504971]::result::unwrap_failed
[INFO] [stdout]   12:     0x606e17afac92 - integration[392e5ecbd1fb9001]::run
[INFO] [stdout]   13:     0x606e17afdbaf - <integration[392e5ecbd1fb9001]::unverifiable_test_self_confirm_blocked::{closure#0} as core[a373ad73a504971]::ops::function::FnOnce<()>>::call_once
[INFO] [stdout]   14:     0x606e17b0adfb - test[aada8e7e76ba119b]::__rust_begin_short_backtrace::<core[a373ad73a504971]::result::Result<(), alloc[2e1b2a31b91974c5]::string::String>, fn() -> core[a373ad73a504971]::result::Result<(), alloc[2e1b2a31b91974c5]::string::String>>
[INFO] [stdout]   15:     0x606e17b17fd5 - test[aada8e7e76ba119b]::run_test::{closure#0}
[INFO] [stdout]   16:     0x606e17b118c4 - std[617be2ca0a6fd877]::sys::backtrace::__rust_begin_short_backtrace::<test[aada8e7e76ba119b]::run_test::{closure#1}, ()>
[INFO] [stdout]   17:     0x606e17b1b062 - <std[617be2ca0a6fd877]::thread::lifecycle::spawn_unchecked<test[aada8e7e76ba119b]::run_test::{closure#1}, ()>::{closure#1} as core[a373ad73a504971]::ops::function::FnOnce<()>>::call_once::{shim:vtable#0}
[INFO] [stdout]   18:     0x606e17b82ccf - <std[617be2ca0a6fd877]::sys::thread::unix::Thread>::new::thread_start
[INFO] [stdout]   19:     0x75a57a152dfa - <unknown>
[INFO] [stdout]   20:     0x75a57a1e63d4 - clone
[INFO] [stdout]   21:                0x0 - <unknown>
[INFO] [stdout] 
[INFO] [stdout] ---- contract_created_with_filler_words_extracts_path stdout ----
[INFO] [stdout] 
[INFO] [stdout] thread 'contract_created_with_filler_words_extracts_path' (1380) panicked at tests/integration.rs:267:10:
[INFO] [stdout] called `Result::unwrap()` on an `Err` value: Os { code: 2, kind: NotFound, message: "No such file or directory" }
[INFO] [stdout] stack backtrace:
[INFO] [stdout]    0:     0x606e17b83471 - <<std[617be2ca0a6fd877]::sys::backtrace::BacktraceLock>::print::DisplayBacktrace as core[a373ad73a504971]::fmt::Display>::fmt
[INFO] [stdout]    1:     0x606e17b97e9a - core[a373ad73a504971]::fmt::write
[INFO] [stdout]    2:     0x606e17b8768c - <alloc[2e1b2a31b91974c5]::vec::Vec<u8> as core[a373ad73a504971]::io::write::Write>::write_fmt
[INFO] [stdout]    3:     0x606e17b5f186 - std[617be2ca0a6fd877]::panicking::default_hook::{closure#0}
[INFO] [stdout]    4:     0x606e17b7b9e9 - std[617be2ca0a6fd877]::panicking::default_hook
[INFO] [stdout]    5:     0x606e17b179b0 - test[aada8e7e76ba119b]::test_main_inner::{closure#0}
[INFO] [stdout]    6:     0x606e17b7bba2 - std[617be2ca0a6fd877]::panicking::panic_with_hook
[INFO] [stdout]    7:     0x606e17b5f232 - std[617be2ca0a6fd877]::panicking::panic_handler::{closure#0}
[INFO] [stdout]    8:     0x606e17b57e99 - std[617be2ca0a6fd877]::sys::backtrace::__rust_end_short_backtrace::<std[617be2ca0a6fd877]::panicking::panic_handler::{closure#0}, !>
[INFO] [stdout]    9:     0x606e17b5fe3d - __rustc[ea4f61d10b84890b]::rust_begin_unwind
[INFO] [stdout]   10:     0x606e17b985cc - core[a373ad73a504971]::panicking::panic_fmt
[INFO] [stdout]   11:     0x606e17b983a2 - core[a373ad73a504971]::result::unwrap_failed
[INFO] [stdout]   12:     0x606e17aff6bf - <integration[392e5ecbd1fb9001]::contract_created_with_filler_words_extracts_path::{closure#0} as core[a373ad73a504971]::ops::function::FnOnce<()>>::call_once
[INFO] [stdout]   13:     0x606e17b0adfb - test[aada8e7e76ba119b]::__rust_begin_short_backtrace::<core[a373ad73a504971]::result::Result<(), alloc[2e1b2a31b91974c5]::string::String>, fn() -> core[a373ad73a504971]::result::Result<(), alloc[2e1b2a31b91974c5]::string::String>>
[INFO] [stdout]   14:     0x606e17b17fd5 - test[aada8e7e76ba119b]::run_test::{closure#0}
[INFO] [stdout]   15:     0x606e17b118c4 - std[617be2ca0a6fd877]::sys::backtrace::__rust_begin_short_backtrace::<test[aada8e7e76ba119b]::run_test::{closure#1}, ()>
[INFO] [stdout]   16:     0x606e17b1b062 - <std[617be2ca0a6fd877]::thread::lifecycle::spawn_unchecked<test[aada8e7e76ba119b]::run_test::{closure#1}, ()>::{closure#1} as core[a373ad73a504971]::ops::function::FnOnce<()>>::call_once::{shim:vtable#0}
[INFO] [stdout]   17:     0x606e17b82ccf - <std[617be2ca0a6fd877]::sys::thread::unix::Thread>::new::thread_start
[INFO] [stdout]   18:     0x75a57a152dfa - <unknown>
[INFO] [stdout]   19:     0x75a57a1e63d4 - clone
[INFO] [stdout]   20:                0x0 - <unknown>
[INFO] [stdout] 
[INFO] [stdout] ---- unverifiable_fixture_all_unverifiable stdout ----
[INFO] [stdout] 
[INFO] [stdout] thread 'unverifiable_fixture_all_unverifiable' (1422) panicked at tests/integration.rs:27:10:
[INFO] [stdout] failed to run claimcheck: Os { code: 2, kind: NotFound, message: "No such file or directory" }
[INFO] [stdout] stack backtrace:
[INFO] [stdout]    0:     0x606e17b83471 - <<std[617be2ca0a6fd877]::sys::backtrace::BacktraceLock>::print::DisplayBacktrace as core[a373ad73a504971]::fmt::Display>::fmt
[INFO] [stdout]    1:     0x606e17b97e9a - core[a373ad73a504971]::fmt::write
[INFO] [stdout]    2:     0x606e17b8768c - <alloc[2e1b2a31b91974c5]::vec::Vec<u8> as core[a373ad73a504971]::io::write::Write>::write_fmt
[INFO] [stdout]    3:     0x606e17b5f186 - std[617be2ca0a6fd877]::panicking::default_hook::{closure#0}
[INFO] [stdout]    4:     0x606e17b7b9e9 - std[617be2ca0a6fd877]::panicking::default_hook
[INFO] [stdout]    5:     0x606e17b179b0 - test[aada8e7e76ba119b]::test_main_inner::{closure#0}
[INFO] [stdout]    6:     0x606e17b7bba2 - std[617be2ca0a6fd877]::panicking::panic_with_hook
[INFO] [stdout]    7:     0x606e17b5f232 - std[617be2ca0a6fd877]::panicking::panic_handler::{closure#0}
[INFO] [stdout]    8:     0x606e17b57e99 - std[617be2ca0a6fd877]::sys::backtrace::__rust_end_short_backtrace::<std[617be2ca0a6fd877]::panicking::panic_handler::{closure#0}, !>
[INFO] [stdout]    9:     0x606e17b5fe3d - __rustc[ea4f61d10b84890b]::rust_begin_unwind
[INFO] [stdout]   10:     0x606e17b985cc - core[a373ad73a504971]::panicking::panic_fmt
[INFO] [stdout]   11:     0x606e17b983a2 - core[a373ad73a504971]::result::unwrap_failed
[INFO] [stdout]   12:     0x606e17afac92 - integration[392e5ecbd1fb9001]::run
[INFO] [stdout]   13:     0x606e17afda8b - <integration[392e5ecbd1fb9001]::unverifiable_fixture_all_unverifiable::{closure#0} as core[a373ad73a504971]::ops::function::FnOnce<()>>::call_once
[INFO] [stdout]   14:     0x606e17b0adfb - test[aada8e7e76ba119b]::__rust_begin_short_backtrace::<core[a373ad73a504971]::result::Result<(), alloc[2e1b2a31b91974c5]::string::String>, fn() -> core[a373ad73a504971]::result::Result<(), alloc[2e1b2a31b91974c5]::string::String>>
[INFO] [stdout]   15:     0x606e17b17fd5 - test[aada8e7e76ba119b]::run_test::{closure#0}
[INFO] [stdout]   16:     0x606e17b118c4 - std[617be2ca0a6fd877]::sys::backtrace::__rust_begin_short_backtrace::<test[aada8e7e76ba119b]::run_test::{closure#1}, ()>
[INFO] [stdout]   17:     0x606e17b1b062 - <std[617be2ca0a6fd877]::thread::lifecycle::spawn_unchecked<test[aada8e7e76ba119b]::run_test::{closure#1}, ()>::{closure#1} as core[a373ad73a504971]::ops::function::FnOnce<()>>::call_once::{shim:vtable#0}
[INFO] [stdout]   18:     0x606e17b82ccf - <std[617be2ca0a6fd877]::sys::thread::unix::Thread>::new::thread_start
[INFO] [stdout]   19:     0x75a57a152dfa - <unknown>
[INFO] [stdout]   20:     0x75a57a1e63d4 - clone
[INFO] [stdout]   21:                0x0 - <unknown>
[INFO] [stdout] 
[INFO] [stdout] ---- unverifiable_fixture_score_na stdout ----
[INFO] [stdout] 
[INFO] [stdout] thread 'unverifiable_fixture_score_na' (1423) panicked at tests/integration.rs:27:10:
[INFO] [stdout] failed to run claimcheck: Os { code: 2, kind: NotFound, message: "No such file or directory" }
[INFO] [stdout] stack backtrace:
[INFO] [stdout]    0:     0x606e17b83471 - <<std[617be2ca0a6fd877]::sys::backtrace::BacktraceLock>::print::DisplayBacktrace as core[a373ad73a504971]::fmt::Display>::fmt
[INFO] [stdout]    1:     0x606e17b97e9a - core[a373ad73a504971]::fmt::write
[INFO] [stdout]    2:     0x606e17b8768c - <alloc[2e1b2a31b91974c5]::vec::Vec<u8> as core[a373ad73a504971]::io::write::Write>::write_fmt
[INFO] [stdout]    3:     0x606e17b5f186 - std[617be2ca0a6fd877]::panicking::default_hook::{closure#0}
[INFO] [stdout]    4:     0x606e17b7b9e9 - std[617be2ca0a6fd877]::panicking::default_hook
[INFO] [stdout]    5:     0x606e17b179b0 - test[aada8e7e76ba119b]::test_main_inner::{closure#0}
[INFO] [stdout]    6:     0x606e17b7bba2 - std[617be2ca0a6fd877]::panicking::panic_with_hook
[INFO] [stdout]    7:     0x606e17b5f232 - std[617be2ca0a6fd877]::panicking::panic_handler::{closure#0}
[INFO] [stdout]    8:     0x606e17b57e99 - std[617be2ca0a6fd877]::sys::backtrace::__rust_end_short_backtrace::<std[617be2ca0a6fd877]::panicking::panic_handler::{closure#0}, !>
[INFO] [stdout]    9:     0x606e17b5fe3d - __rustc[ea4f61d10b84890b]::rust_begin_unwind
[INFO] [stdout]   10:     0x606e17b985cc - core[a373ad73a504971]::panicking::panic_fmt
[INFO] [stdout]   11:     0x606e17b983a2 - core[a373ad73a504971]::result::unwrap_failed
[INFO] [stdout]   12:     0x606e17afac92 - integration[392e5ecbd1fb9001]::run
[INFO] [stdout]   13:     0x606e17afcfe8 - <integration[392e5ecbd1fb9001]::unverifiable_fixture_score_na::{closure#0} as core[a373ad73a504971]::ops::function::FnOnce<()>>::call_once
[INFO] [stdout]   14:     0x606e17b0adfb - test[aada8e7e76ba119b]::__rust_begin_short_backtrace::<core[a373ad73a504971]::result::Result<(), alloc[2e1b2a31b91974c5]::string::String>, fn() -> core[a373ad73a504971]::result::Result<(), alloc[2e1b2a31b91974c5]::string::String>>
[INFO] [stdout]   15:     0x606e17b17fd5 - test[aada8e7e76ba119b]::run_test::{closure#0}
[INFO] [stdout]   16:     0x606e17b118c4 - std[617be2ca0a6fd877]::sys::backtrace::__rust_begin_short_backtrace::<test[aada8e7e76ba119b]::run_test::{closure#1}, ()>
[INFO] [stdout]   17:     0x606e17b1b062 - <std[617be2ca0a6fd877]::thread::lifecycle::spawn_unchecked<test[aada8e7e76ba119b]::run_test::{closure#1}, ()>::{closure#1} as core[a373ad73a504971]::ops::function::FnOnce<()>>::call_once::{shim:vtable#0}
[INFO] [stdout]   18:     0x606e17b82ccf - <std[617be2ca0a6fd877]::sys::thread::unix::Thread>::new::thread_start
[INFO] [stdout]   19:     0x75a57a152dfa - <unknown>
[INFO] [stdout]   20:     0x75a57a1e63d4 - clone
[INFO] [stdout]   21:                0x0 - <unknown>
[INFO] [stdout] 
[INFO] [stdout] ---- pass_fixture_truth_score_100 stdout ----
[INFO] [stdout] 
[INFO] [stdout] thread 'pass_fixture_truth_score_100' (1416) panicked at tests/integration.rs:27:10:
[INFO] [stdout] failed to run claimcheck: Os { code: 2, kind: NotFound, message: "No such file or directory" }
[INFO] [stdout] stack backtrace:
[INFO] [stdout]    0:     0x606e17b83471 - <<std[617be2ca0a6fd877]::sys::backtrace::BacktraceLock>::print::DisplayBacktrace as core[a373ad73a504971]::fmt::Display>::fmt
[INFO] [stdout]    1:     0x606e17b97e9a - core[a373ad73a504971]::fmt::write
[INFO] [stdout]    2:     0x606e17b8768c - <alloc[2e1b2a31b91974c5]::vec::Vec<u8> as core[a373ad73a504971]::io::write::Write>::write_fmt
[INFO] [stdout]    3:     0x606e17b5f186 - std[617be2ca0a6fd877]::panicking::default_hook::{closure#0}
[INFO] [stdout]    4:     0x606e17b7b9e9 - std[617be2ca0a6fd877]::panicking::default_hook
[INFO] [stdout]    5:     0x606e17b179b0 - test[aada8e7e76ba119b]::test_main_inner::{closure#0}
[INFO] [stdout]    6:     0x606e17b7bba2 - std[617be2ca0a6fd877]::panicking::panic_with_hook
[INFO] [stdout]    7:     0x606e17b5f232 - std[617be2ca0a6fd877]::panicking::panic_handler::{closure#0}
[INFO] [stdout]    8:     0x606e17b57e99 - std[617be2ca0a6fd877]::sys::backtrace::__rust_end_short_backtrace::<std[617be2ca0a6fd877]::panicking::panic_handler::{closure#0}, !>
[INFO] [stdout]    9:     0x606e17b5fe3d - __rustc[ea4f61d10b84890b]::rust_begin_unwind
[INFO] [stdout]   10:     0x606e17b985cc - core[a373ad73a504971]::panicking::panic_fmt
[INFO] [stdout]   11:     0x606e17b983a2 - core[a373ad73a504971]::result::unwrap_failed
[INFO] [stdout]   12:     0x606e17afac92 - integration[392e5ecbd1fb9001]::run
[INFO] [stdout]   13:     0x606e17afced8 - <integration[392e5ecbd1fb9001]::pass_fixture_truth_score_100::{closure#0} as core[a373ad73a504971]::ops::function::FnOnce<()>>::call_once
[INFO] [stdout]   14:     0x606e17b0adfb - test[aada8e7e76ba119b]::__rust_begin_short_backtrace::<core[a373ad73a504971]::result::Result<(), alloc[2e1b2a31b91974c5]::string::String>, fn() -> core[a373ad73a504971]::result::Result<(), alloc[2e1b2a31b91974c5]::string::String>>
[INFO] [stdout]   15:     0x606e17b17fd5 - test[aada8e7e76ba119b]::run_test::{closure#0}
[INFO] [stdout]   16:     0x606e17b118c4 - std[617be2ca0a6fd877]::sys::backtrace::__rust_begin_short_backtrace::<test[aada8e7e76ba119b]::run_test::{closure#1}, ()>
[INFO] [stdout]   17:     0x606e17b1b062 - <std[617be2ca0a6fd877]::thread::lifecycle::spawn_unchecked<test[aada8e7e76ba119b]::run_test::{closure#1}, ()>::{closure#1} as core[a373ad73a504971]::ops::function::FnOnce<()>>::call_once::{shim:vtable#0}
[INFO] [stdout]   18:     0x606e17b82ccf - <std[617be2ca0a6fd877]::sys::thread::unix::Thread>::new::thread_start
[INFO] [stdout]   19:     0x75a57a152dfa - <unknown>
[INFO] [stdout]   20:     0x75a57a1e63d4 - clone
[INFO] [stdout]   21:                0x0 - <unknown>
[INFO] [stdout] 
[INFO] [stdout] ---- unverifiable_bugfix_no_path_is_unverifiable stdout ----
[INFO] [stdout] 
[INFO] [stdout] thread 'unverifiable_bugfix_no_path_is_unverifiable' (1421) panicked at tests/integration.rs:27:10:
[INFO] [stdout] failed to run claimcheck: Os { code: 2, kind: NotFound, message: "No such file or directory" }
[INFO] [stdout] stack backtrace:
[INFO] [stdout]    0:     0x606e17b83471 - <<std[617be2ca0a6fd877]::sys::backtrace::BacktraceLock>::print::DisplayBacktrace as core[a373ad73a504971]::fmt::Display>::fmt
[INFO] [stdout]    1:     0x606e17b97e9a - core[a373ad73a504971]::fmt::write
[INFO] [stdout]    2:     0x606e17b8768c - <alloc[2e1b2a31b91974c5]::vec::Vec<u8> as core[a373ad73a504971]::io::write::Write>::write_fmt
[INFO] [stdout]    3:     0x606e17b5f186 - std[617be2ca0a6fd877]::panicking::default_hook::{closure#0}
[INFO] [stdout]    4:     0x606e17b7b9e9 - std[617be2ca0a6fd877]::panicking::default_hook
[INFO] [stdout]    5:     0x606e17b179b0 - test[aada8e7e76ba119b]::test_main_inner::{closure#0}
[INFO] [stdout]    6:     0x606e17b7bba2 - std[617be2ca0a6fd877]::panicking::panic_with_hook
[INFO] [stdout]    7:     0x606e17b5f232 - std[617be2ca0a6fd877]::panicking::panic_handler::{closure#0}
[INFO] [stdout]    8:     0x606e17b57e99 - std[617be2ca0a6fd877]::sys::backtrace::__rust_end_short_backtrace::<std[617be2ca0a6fd877]::panicking::panic_handler::{closure#0}, !>
[INFO] [stdout]    9:     0x606e17b5fe3d - __rustc[ea4f61d10b84890b]::rust_begin_unwind
[INFO] [stdout]   10:     0x606e17b985cc - core[a373ad73a504971]::panicking::panic_fmt
[INFO] [stdout]   11:     0x606e17b983a2 - core[a373ad73a504971]::result::unwrap_failed
[INFO] [stdout]   12:     0x606e17afac92 - integration[392e5ecbd1fb9001]::run
[INFO] [stdout]   13:     0x606e17afe7d2 - <integration[392e5ecbd1fb9001]::unverifiable_bugfix_no_path_is_unverifiable::{closure#0} as core[a373ad73a504971]::ops::function::FnOnce<()>>::call_once
[INFO] [stdout]   14:     0x606e17b0adfb - test[aada8e7e76ba119b]::__rust_begin_short_backtrace::<core[a373ad73a504971]::result::Result<(), alloc[2e1b2a31b91974c5]::string::String>, fn() -> core[a373ad73a504971]::result::Result<(), alloc[2e1b2a31b91974c5]::string::String>>
[INFO] [stdout]   15:     0x606e17b17fd5 - test[aada8e7e76ba119b]::run_test::{closure#0}
[INFO] [stdout]   16:     0x606e17b118c4 - std[617be2ca0a6fd877]::sys::backtrace::__rust_begin_short_backtrace::<test[aada8e7e76ba119b]::run_test::{closure#1}, ()>
[INFO] [stdout]   17:     0x606e17b1b062 - <std[617be2ca0a6fd877]::thread::lifecycle::spawn_unchecked<test[aada8e7e76ba119b]::run_test::{closure#1}, ()>::{closure#1} as core[a373ad73a504971]::ops::function::FnOnce<()>>::call_once::{shim:vtable#0}
[INFO] [stdout]   18:     0x606e17b82ccf - <std[617be2ca0a6fd877]::sys::thread::unix::Thread>::new::thread_start
[INFO] [stdout]   19:     0x75a57a152dfa - <unknown>
[INFO] [stdout]   20:     0x75a57a1e63d4 - clone
[INFO] [stdout]   21:                0x0 - <unknown>
[INFO] [stdout] 
[INFO] [stdout] 
[INFO] [stdout] failures:
[INFO] [stdout]     contract_added_article_not_extracted_as_package
[INFO] [stdout]     contract_bugfix_no_path_is_unverifiable
[INFO] [stdout]     contract_created_with_filler_words_extracts_path
[INFO] [stdout]     contract_markdown_claude_format
[INFO] [stdout]     contract_numeric_functions_is_unverifiable
[INFO] [stdout]     contract_show_claims_flag
[INFO] [stdout]     contract_test_runner_failure_contradicts_pass_claim
[INFO] [stdout]     contract_test_self_confirm_no_runner_output_is_unverifiable
[INFO] [stdout]     contract_test_with_cargo_runner_output_passes
[INFO] [stdout]     empty_transcript_exits_0
[INFO] [stdout]     fail_fixture_json_output
[INFO] [stdout]     fail_fixture_missing_files_caught
[INFO] [stdout]     fail_fixture_missing_package_caught
[INFO] [stdout]     fail_fixture_numeric_no_git_commits_is_unverifiable
[INFO] [stdout]     fail_fixture_test_without_runner_output_is_unverifiable
[INFO] [stdout]     fail_fixture_truth_score_0
[INFO] [stdout]     missing_file_exits_1
[INFO] [stdout]     pass_fixture_all_pass
[INFO] [stdout]     pass_fixture_json_output
[INFO] [stdout]     pass_fixture_lockfile_packages_verified
[INFO] [stdout]     pass_fixture_real_files_verified
[INFO] [stdout]     pass_fixture_truth_score_100
[INFO] [stdout]     unsupported_format_exits_1
[INFO] [stdout]     unverifiable_bugfix_no_path_is_unverifiable
[INFO] [stdout]     unverifiable_fixture_all_unverifiable
[INFO] [stdout]     unverifiable_fixture_score_na
[INFO] [stdout]     unverifiable_test_self_confirm_blocked
[INFO] [stdout] 
[INFO] [stdout] test result: FAILED. 0 passed; 27 failed; 0 ignored; 0 measured; 0 filtered out; finished in 0.05s
[INFO] [stdout] 
[INFO] running `Command { std: "docker" "inspect" "18254e82c85d28bfe701085133e1bfaa63c167b6efe4326b5adc22b2ea63423f", kill_on_drop: false }`
[INFO] running `Command { std: "docker" "rm" "-f" "18254e82c85d28bfe701085133e1bfaa63c167b6efe4326b5adc22b2ea63423f", kill_on_drop: false }`
[INFO] [stdout] 18254e82c85d28bfe701085133e1bfaa63c167b6efe4326b5adc22b2ea63423f
