[INFO] cloning repository https://github.com/oceanprotocol/dfblocks
[INFO] running `Command { std: "git" "-c" "credential.helper=" "-c" "credential.helper=/workspace/cargo-home/bin/git-credential-null" "clone" "--bare" "https://github.com/oceanprotocol/dfblocks" "/workspace/cache/git-repos/https%3A%2F%2Fgithub.com%2Foceanprotocol%2Fdfblocks", kill_on_drop: false }`
[INFO] [stderr] Cloning into bare repository '/workspace/cache/git-repos/https%3A%2F%2Fgithub.com%2Foceanprotocol%2Fdfblocks'...
[INFO] running `Command { std: "git" "rev-parse" "HEAD", kill_on_drop: false }`
[INFO] [stdout] 09e2610a5ca6887e6a68c7142988c81266defdef
[INFO] testing oceanprotocol/dfblocks against 1.99.0-beta.8+cargoflags=--release for beta-release-1.100-2
[INFO] running `Command { std: "git" "clone" "/workspace/cache/git-repos/https%3A%2F%2Fgithub.com%2Foceanprotocol%2Fdfblocks" "/workspace/builds/worker-6-tc1/source", kill_on_drop: false }`
[INFO] [stderr] Cloning into '/workspace/builds/worker-6-tc1/source'...
[INFO] [stderr] done.
[INFO] started tweaking git repo https://github.com/oceanprotocol/dfblocks
[INFO] finished tweaking git repo https://github.com/oceanprotocol/dfblocks
[INFO] tweaked toml for git repo https://github.com/oceanprotocol/dfblocks written to /workspace/builds/worker-6-tc1/source/Cargo.toml
[INFO] validating manifest of git repo https://github.com/oceanprotocol/dfblocks on toolchain 1.99.0-beta.8
[INFO] running `Command { std: CARGO_HOME="/workspace/cargo-home" RUSTUP_HOME="/workspace/rustup-home" "/workspace/cargo-home/bin/cargo" "+1.99.0-beta.8" "metadata" "--manifest-path" "Cargo.toml" "--no-deps", kill_on_drop: false }`
[INFO] crate git repo https://github.com/oceanprotocol/dfblocks already has a lockfile, it will not be regenerated
[INFO] running `Command { std: CARGO_HOME="/workspace/cargo-home" RUSTUP_HOME="/workspace/rustup-home" "/workspace/cargo-home/bin/cargo" "+1.99.0-beta.8" "fetch" "--manifest-path" "Cargo.toml", kill_on_drop: false }`
[INFO] [stderr]  Downloading crates ...
[INFO] [stderr]   Downloaded proc-macro2 v1.0.46
[INFO] [stderr]   Downloaded once_cell v1.15.0
[INFO] [stderr]   Downloaded futures-sink v0.3.24
[INFO] [stderr]   Downloaded futures-task v0.3.24
[INFO] [stderr]   Downloaded futures-io v0.3.24
[INFO] [stderr]   Downloaded iana-time-zone-haiku v0.1.0
[INFO] [stderr]   Downloaded scratch v1.0.2
[INFO] [stderr]   Downloaded link-cplusplus v1.0.7
[INFO] [stderr]   Downloaded cxxbridge-flags v1.0.78
[INFO] [stderr]   Downloaded futures-core v0.3.24
[INFO] [stderr]   Downloaded futures-channel v0.3.24
[INFO] [stderr]   Downloaded iana-time-zone v0.1.51
[INFO] [stderr]   Downloaded actix-web-codegen v4.1.0
[INFO] [stderr]   Downloaded serde_json v1.0.86
[INFO] [stderr]   Downloaded semver v1.0.14
[INFO] [stderr]   Downloaded actix-router v0.5.1
[INFO] [stderr]   Downloaded serde_derive v1.0.145
[INFO] [stderr]   Downloaded openssl-sys v0.9.76
[INFO] [stderr]   Downloaded async-trait v0.1.57
[INFO] [stderr]   Downloaded paste v1.0.9
[INFO] [stderr]   Downloaded digest v0.10.5
[INFO] [stderr]   Downloaded serde v1.0.145
[INFO] [stderr]   Downloaded cookie v0.16.1
[INFO] [stderr]   Downloaded cxxbridge-macro v1.0.78
[INFO] [stderr]   Downloaded bumpalo v3.11.0
[INFO] [stderr]   Downloaded cxx-build v1.0.78
[INFO] [stderr]   Downloaded time v0.3.15
[INFO] [stderr]   Downloaded tokio-util v0.7.4
[INFO] [stderr]   Downloaded aho-corasick v0.7.19
[INFO] [stderr]   Downloaded redis v0.21.6
[INFO] [stderr]   Downloaded actix-http v3.2.2
[INFO] [stderr]   Downloaded hyper v0.14.20
[INFO] [stderr]   Downloaded h2 v0.3.14
[INFO] [stderr]   Downloaded futures-util v0.3.24
[INFO] [stderr]   Downloaded chrono v0.4.22
[INFO] [stderr]   Downloaded cxx v1.0.78
[INFO] [stderr]   Downloaded syn v1.0.102
[INFO] [stderr]   Downloaded actix-web v4.2.1
[INFO] [stderr]   Downloaded tokio v1.21.2
[INFO] [stderr]   Downloaded libc v0.2.135
[INFO] running `Command { std: "docker" "create" "-v" "/var/lib/crater-agent-workspace/builds/worker-6-tc1/source:/opt/rustwide/workdir:ro,Z" "-v" "/var/lib/crater-agent-workspace/builds/worker-6-tc1/target:/opt/rustwide/target:rw,Z" "-v" "/var/lib/crater-agent-workspace/cargo-home:/opt/rustwide/cargo-home:ro,Z" "-v" "/var/lib/crater-agent-workspace/rustup-home:/opt/rustwide/rustup-home:ro,Z" "-m" "1610612736" "--network" "none" "ghcr.io/rust-lang/crates-build-env/linux@sha256:77db811e55d90add9212f6832c23229e3de5f1c1f9905e8cb07319ea15df73ac" "sleep" "infinity", kill_on_drop: false }`
[INFO] [stdout] 1437118ea8851cb951bbc7022bcf75481bc1c3fcba873848adc055d07db276b1
[INFO] running `Command { std: "docker" "start" "1437118ea8851cb951bbc7022bcf75481bc1c3fcba873848adc055d07db276b1", kill_on_drop: false }`
[INFO] running `Command { std: "docker" "inspect" "1437118ea8851cb951bbc7022bcf75481bc1c3fcba873848adc055d07db276b1", kill_on_drop: false }`
[INFO] running `Command { std: "docker" "exec" "-e" "SOURCE_DIR=/opt/rustwide/workdir" "-e" "CARGO_HOME=/opt/rustwide/cargo-home" "-e" "RUSTUP_HOME=/opt/rustwide/rustup-home" "-e" "CARGO_TARGET_DIR=/opt/rustwide/target" "-w" "/opt/rustwide/workdir" "--user" "0:0" "1437118ea8851cb951bbc7022bcf75481bc1c3fcba873848adc055d07db276b1" "/opt/rustwide/cargo-home/bin/cargo" "+1.99.0-beta.8" "metadata" "--no-deps" "--format-version=1", kill_on_drop: false }`
[INFO] running `Command { std: "docker" "inspect" "1437118ea8851cb951bbc7022bcf75481bc1c3fcba873848adc055d07db276b1", kill_on_drop: false }`
[INFO] running `Command { std: "docker" "exec" "-e" "SOURCE_DIR=/opt/rustwide/workdir" "-e" "CARGO_HOME=/opt/rustwide/cargo-home" "-e" "RUSTUP_HOME=/opt/rustwide/rustup-home" "-e" "CARGO_TARGET_DIR=/opt/rustwide/target" "-e" "CARGO_INCREMENTAL=0" "-e" "RUST_BACKTRACE=full" "-e" "RUSTFLAGS=--cap-lints=warn" "-e" "RUSTDOCFLAGS=--cap-lints=warn" "-w" "/opt/rustwide/workdir" "--user" "0:0" "1437118ea8851cb951bbc7022bcf75481bc1c3fcba873848adc055d07db276b1" "/opt/rustwide/cargo-home/bin/cargo" "+1.99.0-beta.8" "build" "--frozen" "--message-format=json" "--release", kill_on_drop: false }`
[INFO] [stderr]    Compiling libc v0.2.135
[INFO] [stderr]    Compiling memchr v2.5.0
[INFO] [stderr]    Compiling proc-macro2 v1.0.46
[INFO] [stderr]    Compiling unicode-ident v1.0.5
[INFO] [stderr]    Compiling quote v1.0.21
[INFO] [stderr]    Compiling log v0.4.17
[INFO] [stderr]    Compiling syn v1.0.102
[INFO] [stderr]    Compiling bytes v1.2.1
[INFO] [stderr]    Compiling once_cell v1.15.0
[INFO] [stderr]    Compiling futures-core v0.3.24
[INFO] [stderr]    Compiling lock_api v0.4.9
[INFO] [stderr]    Compiling itoa v1.0.4
[INFO] [stderr]    Compiling smallvec v1.10.0
[INFO] [stderr]    Compiling tokio v1.21.2
[INFO] [stderr]    Compiling mio v0.8.4
[INFO] [stderr]    Compiling num_cpus v1.13.1
[INFO] [stderr]    Compiling socket2 v0.4.7
[INFO] [stderr]    Compiling parking_lot_core v0.9.3
[INFO] [stderr]    Compiling jobserver v0.1.25
[INFO] [stderr]    Compiling parking_lot v0.12.1
[INFO] [stderr]    Compiling signal-hook-registry v1.4.0
[INFO] [stderr]    Compiling cc v1.0.73
[INFO] [stderr]    Compiling tracing-core v0.1.30
[INFO] [stderr]    Compiling slab v0.4.7
[INFO] [stderr]    Compiling serde v1.0.145
[INFO] [stderr]    Compiling futures-task v0.3.24
[INFO] [stderr]    Compiling futures-util v0.3.24
[INFO] [stderr]    Compiling tracing v0.1.37
[INFO] [stderr]    Compiling futures-io v0.3.24
[INFO] [stderr]    Compiling futures-sink v0.3.24
[INFO] [stderr]    Compiling http v0.2.8
[INFO] [stderr]    Compiling generic-array v0.14.6
[INFO] [stderr]    Compiling indexmap v1.9.1
[INFO] [stderr]    Compiling percent-encoding v2.2.0
[INFO] [stderr]    Compiling hashbrown v0.12.3
[INFO] [stderr]    Compiling openssl-sys v0.9.76
[INFO] [stderr]    Compiling zstd-sys v2.0.1+zstd.1.5.2
[INFO] [stderr]    Compiling httparse v1.8.0
[INFO] [stderr]    Compiling getrandom v0.2.7
[INFO] [stderr]    Compiling openssl v0.10.42
[INFO] [stderr]    Compiling unicode-normalization v0.1.22
[INFO] [stderr]    Compiling form_urlencoded v1.1.0
[INFO] [stderr]    Compiling futures-channel v0.3.24
[INFO] [stderr]    Compiling alloc-no-stdlib v2.0.4
[INFO] [stderr]    Compiling local-waker v0.1.3
[INFO] [stderr]    Compiling zstd-safe v5.0.2+zstd.1.5.2
[INFO] [stderr]    Compiling ryu v1.0.11
[INFO] [stderr]    Compiling idna v0.3.0
[INFO] [stderr]    Compiling native-tls v0.2.10
[INFO] [stderr]    Compiling alloc-stdlib v0.2.2
[INFO] [stderr]    Compiling crypto-common v0.1.6
[INFO] [stderr]    Compiling block-buffer v0.10.3
[INFO] [stderr]    Compiling aho-corasick v0.7.19
[INFO] [stderr]    Compiling rand_core v0.6.4
[INFO] [stderr]    Compiling num-traits v0.2.15
[INFO] [stderr]    Compiling pin-project-lite v0.2.9
[INFO] [stderr]    Compiling regex-syntax v0.6.27
[INFO] [stderr]    Compiling paste v1.0.9
[INFO] [stderr]    Compiling actix-service v2.0.2
[INFO] [stderr]    Compiling rand_chacha v0.3.1
[INFO] [stderr]    Compiling want v0.3.0
[INFO] [stderr]    Compiling digest v0.10.5
[INFO] [stderr]    Compiling bytestring v1.1.0
[INFO] [stderr]    Compiling url v2.3.1
[INFO] [stderr]    Compiling brotli-decompressor v2.3.2
[INFO] [stderr]    Compiling actix-utils v3.0.0
[INFO] [stderr]    Compiling regex v1.6.0
[INFO] [stderr]    Compiling http-body v0.4.5
[INFO] [stderr]    Compiling cookie v0.16.1
[INFO] [stderr]    Compiling num-integer v0.1.45
[INFO] [stderr]    Compiling cpufeatures v0.2.5
[INFO] [stderr]    Compiling async-trait v0.1.57
[INFO] [stderr]    Compiling convert_case v0.4.0
[INFO] [stderr]    Compiling tokio-macros v1.8.0
[INFO] [stderr]    Compiling openssl-macros v0.1.0
[INFO] [stderr]    Compiling serde_json v1.0.86
[INFO] [stderr]    Compiling tower-service v0.3.2
[INFO] [stderr]    Compiling num_threads v0.1.6
[INFO] [stderr]    Compiling time-macros v0.2.4
[INFO] [stderr]    Compiling actix-router v0.5.1
[INFO] [stderr]    Compiling derive_more v0.99.17
[INFO] [stderr]    Compiling brotli v3.3.4
[INFO] [stderr]    Compiling time v0.3.15
[INFO] [stderr]    Compiling sha1 v0.10.5
[INFO] [stderr]    Compiling tokio-util v0.7.4
[INFO] [stderr]    Compiling actix-rt v2.7.0
[INFO] [stderr]    Compiling tokio-native-tls v0.3.0
[INFO] [stderr]    Compiling serde_urlencoded v0.7.1
[INFO] [stderr]    Compiling h2 v0.3.14
[INFO] [stderr]    Compiling actix-codec v0.5.0
[INFO] [stderr]    Compiling flate2 v1.0.24
[INFO] [stderr]    Compiling ahash v0.7.6
[INFO] [stderr]    Compiling rand v0.8.5
[INFO] [stderr]    Compiling local-channel v0.1.3
[INFO] [stderr]    Compiling serde_derive v1.0.145
[INFO] [stderr]    Compiling sha1_smol v1.0.0
[INFO] [stderr]    Compiling language-tags v0.3.2
[INFO] [stderr]    Compiling sha1 v0.6.1
[INFO] [stderr]    Compiling actix-server v2.1.1
[INFO] [stderr]    Compiling actix-web-codegen v4.1.0
[INFO] [stderr]    Compiling actix-macros v0.2.3
[INFO] [stderr]    Compiling combine v4.6.6
[INFO] [stderr]    Compiling hyper v0.14.20
[INFO] [stderr]    Compiling time v0.1.44
[INFO] [stderr]    Compiling ipnet v2.5.0
[INFO] [stderr]    Compiling iana-time-zone v0.1.51
[INFO] [stderr]    Compiling chrono v0.4.22
[INFO] [stderr]    Compiling dotenv v0.15.0
[INFO] [stderr]    Compiling hyper-tls v0.5.0
[INFO] [stderr]    Compiling reqwest v0.11.12
[INFO] [stderr]    Compiling redis v0.21.6
[INFO] [stderr]    Compiling zstd v0.11.2+zstd.1.5.2
[INFO] [stderr]    Compiling actix-http v3.2.2
[INFO] [stderr]    Compiling actix-web v4.2.1
[INFO] [stderr]    Compiling dfblocks v0.1.0 (/opt/rustwide/workdir)
[INFO] [stderr]     Finished `release` profile [optimized] target(s) in 5m 05s
[INFO] [stderr] warning: the following packages contain code that will be rejected by a future version of Rust: openssl v0.10.42, redis v0.21.6
[INFO] [stderr] note: to see what the problems were, use the option `--future-incompat-report`, or run `cargo report future-incompatibilities --id 5`
[INFO] running `Command { std: "docker" "inspect" "1437118ea8851cb951bbc7022bcf75481bc1c3fcba873848adc055d07db276b1", kill_on_drop: false }`
[INFO] running `Command { std: "docker" "exec" "-e" "SOURCE_DIR=/opt/rustwide/workdir" "-e" "CARGO_HOME=/opt/rustwide/cargo-home" "-e" "RUSTUP_HOME=/opt/rustwide/rustup-home" "-e" "CARGO_TARGET_DIR=/opt/rustwide/target" "-e" "CARGO_INCREMENTAL=0" "-e" "RUST_BACKTRACE=full" "-e" "RUSTFLAGS=--cap-lints=warn" "-e" "RUSTDOCFLAGS=--cap-lints=warn" "-w" "/opt/rustwide/workdir" "--user" "0:0" "1437118ea8851cb951bbc7022bcf75481bc1c3fcba873848adc055d07db276b1" "/opt/rustwide/cargo-home/bin/cargo" "+1.99.0-beta.8" "test" "--frozen" "--no-run" "--message-format=json" "--release", kill_on_drop: false }`
[INFO] [stderr]    Compiling dfblocks v0.1.0 (/opt/rustwide/workdir)
[INFO] [stderr]     Finished `release` profile [optimized] target(s) in 4.93s
[INFO] [stderr] warning: the following packages contain code that will be rejected by a future version of Rust: openssl v0.10.42, redis v0.21.6
[INFO] [stderr] note: to see what the problems were, use the option `--future-incompat-report`, or run `cargo report future-incompatibilities --id 5`
[INFO] running `Command { std: "docker" "inspect" "1437118ea8851cb951bbc7022bcf75481bc1c3fcba873848adc055d07db276b1", kill_on_drop: false }`
[INFO] running `Command { std: "docker" "exec" "-e" "SOURCE_DIR=/opt/rustwide/workdir" "-e" "CARGO_HOME=/opt/rustwide/cargo-home" "-e" "RUSTUP_HOME=/opt/rustwide/rustup-home" "-e" "CARGO_TARGET_DIR=/opt/rustwide/target" "-e" "CARGO_INCREMENTAL=0" "-e" "RUST_BACKTRACE=full" "-e" "RUSTFLAGS=--cap-lints=warn" "-e" "RUSTDOCFLAGS=--cap-lints=warn" "-w" "/opt/rustwide/workdir" "--user" "0:0" "1437118ea8851cb951bbc7022bcf75481bc1c3fcba873848adc055d07db276b1" "/opt/rustwide/cargo-home/bin/cargo" "+1.99.0-beta.8" "test" "--frozen" "--release", kill_on_drop: false }`
[INFO] [stderr]     Finished `release` profile [optimized] target(s) in 0.17s
[INFO] [stderr] warning: the following packages contain code that will be rejected by a future version of Rust: openssl v0.10.42, redis v0.21.6
[INFO] [stderr] note: to see what the problems were, use the option `--future-incompat-report`, or run `cargo report future-incompatibilities --id 5`
[INFO] [stderr]      Running unittests src/lib.rs (/opt/rustwide/target/release/deps/dfblocks-cbc6a0fa6b048a09)
[INFO] [stdout] 
[INFO] [stdout] running 7 tests
[INFO] [stdout] test blocks::random::tests::test_random_choose ... ok
[INFO] [stdout] test time::thu::tests::test_get_thursday_timestamp ... ok
[INFO] [stdout] test blocks::api::tests::test_get_block_number_from_timestamp_246 ... FAILED
[INFO] [stdout] test blocks::api::tests::test_get_block_number_from_timestamp_137 ... FAILED
[INFO] [stdout] test blocks::api::tests::test_get_block_number_from_timestamp_56 ... FAILED
[INFO] [stdout] test blocks::api::tests::test_get_block_number_from_timestamp_1 ... FAILED
[INFO] [stdout] test blocks::api::tests::test_get_block_number_from_timestamp_1285 ... FAILED
[INFO] [stdout] 
[INFO] [stdout] failures:
[INFO] [stdout] 
[INFO] [stdout] ---- blocks::api::tests::test_get_block_number_from_timestamp_246 stdout ----
[INFO] [stdout] 
[INFO] [stdout] thread 'blocks::api::tests::test_get_block_number_from_timestamp_246' (2894) panicked at src/cache/redis.rs:10:43:
[INFO] [stdout] called `Result::unwrap()` on an `Err` value: Connection refused (os error 111)
[INFO] [stdout] stack backtrace:
[INFO] [stdout]    0:     0x622511081551 - <<std[70759c8f55707aa4]::sys::backtrace::BacktraceLock>::print::DisplayBacktrace as core[df12db4294e9bfd3]::fmt::Display>::fmt
[INFO] [stdout]    1:     0x622511097dea - core[df12db4294e9bfd3]::fmt::write
[INFO] [stdout]    2:     0x62251108616c - <alloc[2182bb758b4b3781]::vec::Vec<u8> as core[df12db4294e9bfd3]::io::write::Write>::write_fmt
[INFO] [stdout]    3:     0x62251105bd16 - std[70759c8f55707aa4]::panicking::default_hook::{closure#0}
[INFO] [stdout]    4:     0x6225110791b9 - std[70759c8f55707aa4]::panicking::default_hook
[INFO] [stdout]    5:     0x622510fb1dc0 - test[9d35eded1c95d3be]::test_main_inner::<test[9d35eded1c95d3be]::test_main_static::{closure#0}>::{closure#0}
[INFO] [stdout]    6:     0x6225110794e2 - std[70759c8f55707aa4]::panicking::panic_with_hook
[INFO] [stdout]    7:     0x62251105bdc2 - std[70759c8f55707aa4]::panicking::panic_handler::{closure#0}
[INFO] [stdout]    8:     0x622511054829 - std[70759c8f55707aa4]::sys::backtrace::__rust_end_short_backtrace::<std[70759c8f55707aa4]::panicking::panic_handler::{closure#0}, !>
[INFO] [stdout]    9:     0x62251105cc4d - __rustc[8fa7c3cbc660c2b3]::rust_begin_unwind
[INFO] [stdout]   10:     0x62251109854c - core[df12db4294e9bfd3]::panicking::panic_fmt
[INFO] [stdout]   11:     0x622511098322 - core[df12db4294e9bfd3]::result::unwrap_failed
[INFO] [stdout]   12:     0x622510e651b8 - dfblocks[308652f9dc3f1e1b]::cache::redis::get_cache_blocks
[INFO] [stdout]   13:     0x622510e6a102 - dfblocks[308652f9dc3f1e1b]::blocks::api::get_block_number_from_timestamp::{closure#0}
[INFO] [stdout]   14:     0x622510e6be09 - <core[df12db4294e9bfd3]::pin::Pin<&mut dfblocks[308652f9dc3f1e1b]::blocks::api::tests::test_get_block_number_from_timestamp_246::{closure#0}> as core[df12db4294e9bfd3]::future::future::Future>::poll
[INFO] [stdout]   15:     0x622510e6d360 - <tokio[2355a8199f50d2e4]::runtime::scheduler::current_thread::Context>::enter::<core[df12db4294e9bfd3]::task::poll::Poll<()>, <tokio[2355a8199f50d2e4]::runtime::scheduler::current_thread::CoreGuard>::block_on<core[df12db4294e9bfd3]::pin::Pin<&mut dfblocks[308652f9dc3f1e1b]::blocks::api::tests::test_get_block_number_from_timestamp_246::{closure#0}>>::{closure#0}::{closure#0}>
[INFO] [stdout]   16:     0x622510e5d3c8 - <tokio[2355a8199f50d2e4]::macros::scoped_tls::ScopedKey<tokio[2355a8199f50d2e4]::runtime::scheduler::current_thread::Context>>::set::<<tokio[2355a8199f50d2e4]::runtime::scheduler::current_thread::CoreGuard>::enter<<tokio[2355a8199f50d2e4]::runtime::scheduler::current_thread::CoreGuard>::block_on<core[df12db4294e9bfd3]::pin::Pin<&mut dfblocks[308652f9dc3f1e1b]::blocks::api::tests::test_get_block_number_from_timestamp_246::{closure#0}>>::{closure#0}, core[df12db4294e9bfd3]::option::Option<()>>::{closure#0}, (alloc[2182bb758b4b3781]::boxed::Box<tokio[2355a8199f50d2e4]::runtime::scheduler::current_thread::Core>, core[df12db4294e9bfd3]::option::Option<()>)>
[INFO] [stdout]   17:     0x622510e6caed - <tokio[2355a8199f50d2e4]::runtime::scheduler::current_thread::CurrentThread>::block_on::<dfblocks[308652f9dc3f1e1b]::blocks::api::tests::test_get_block_number_from_timestamp_246::{closure#0}>
[INFO] [stdout]   18:     0x622510e55c14 - <tokio[2355a8199f50d2e4]::runtime::Runtime>::block_on::<dfblocks[308652f9dc3f1e1b]::blocks::api::tests::test_get_block_number_from_timestamp_246::{closure#0}>
[INFO] [stdout]   19:     0x622510e65f20 - <dfblocks[308652f9dc3f1e1b]::blocks::api::tests::test_get_block_number_from_timestamp_246::{closure#0} as core[df12db4294e9bfd3]::ops::function::FnOnce<()>>::call_once
[INFO] [stdout]   20:     0x622510fa50ab - test[9d35eded1c95d3be]::__rust_begin_short_backtrace::<core[df12db4294e9bfd3]::result::Result<(), alloc[2182bb758b4b3781]::string::String>, fn() -> core[df12db4294e9bfd3]::result::Result<(), alloc[2182bb758b4b3781]::string::String>>
[INFO] [stdout]   21:     0x622510fb2715 - test[9d35eded1c95d3be]::run_test::{closure#0}
[INFO] [stdout]   22:     0x622510fabfd4 - std[70759c8f55707aa4]::sys::backtrace::__rust_begin_short_backtrace::<test[9d35eded1c95d3be]::run_test::{closure#1}, ()>
[INFO] [stdout]   23:     0x622510fb5872 - <std[70759c8f55707aa4]::thread::lifecycle::spawn_unchecked<test[9d35eded1c95d3be]::run_test::{closure#1}, ()>::{closure#1} as core[df12db4294e9bfd3]::ops::function::FnOnce<()>>::call_once::{shim:vtable#0}
[INFO] [stdout]   24:     0x6225110808c9 - <std[70759c8f55707aa4]::sys::thread::unix::Thread>::new::thread_start
[INFO] [stdout]   25:     0x7aceb223ddfa - <unknown>
[INFO] [stdout]   26:     0x7aceb22d13d4 - clone
[INFO] [stdout]   27:                0x0 - <unknown>
[INFO] [stdout] 
[INFO] [stdout] ---- blocks::api::tests::test_get_block_number_from_timestamp_137 stdout ----
[INFO] [stdout] 
[INFO] [stdout] thread 'blocks::api::tests::test_get_block_number_from_timestamp_137' (2893) panicked at src/cache/redis.rs:10:43:
[INFO] [stdout] called `Result::unwrap()` on an `Err` value: Connection refused (os error 111)
[INFO] [stdout] stack backtrace:
[INFO] [stdout]    0:     0x622511081551 - <<std[70759c8f55707aa4]::sys::backtrace::BacktraceLock>::print::DisplayBacktrace as core[df12db4294e9bfd3]::fmt::Display>::fmt
[INFO] [stdout]    1:     0x622511097dea - core[df12db4294e9bfd3]::fmt::write
[INFO] [stdout]    2:     0x62251108616c - <alloc[2182bb758b4b3781]::vec::Vec<u8> as core[df12db4294e9bfd3]::io::write::Write>::write_fmt
[INFO] [stdout]    3:     0x62251105bd16 - std[70759c8f55707aa4]::panicking::default_hook::{closure#0}
[INFO] [stdout]    4:     0x6225110791b9 - std[70759c8f55707aa4]::panicking::default_hook
[INFO] [stdout]    5:     0x622510fb1dc0 - test[9d35eded1c95d3be]::test_main_inner::<test[9d35eded1c95d3be]::test_main_static::{closure#0}>::{closure#0}
[INFO] [stdout]    6:     0x6225110794e2 - std[70759c8f55707aa4]::panicking::panic_with_hook
[INFO] [stdout]    7:     0x62251105bdc2 - std[70759c8f55707aa4]::panicking::panic_handler::{closure#0}
[INFO] [stdout]    8:     0x622511054829 - std[70759c8f55707aa4]::sys::backtrace::__rust_end_short_backtrace::<std[70759c8f55707aa4]::panicking::panic_handler::{closure#0}, !>
[INFO] [stdout]    9:     0x62251105cc4d - __rustc[8fa7c3cbc660c2b3]::rust_begin_unwind
[INFO] [stdout]   10:     0x62251109854c - core[df12db4294e9bfd3]::panicking::panic_fmt
[INFO] [stdout]   11:     0x622511098322 - core[df12db4294e9bfd3]::result::unwrap_failed
[INFO] [stdout]   12:     0x622510e651b8 - dfblocks[308652f9dc3f1e1b]::cache::redis::get_cache_blocks
[INFO] [stdout]   13:     0x622510e6a102 - dfblocks[308652f9dc3f1e1b]::blocks::api::get_block_number_from_timestamp::{closure#0}
[INFO] [stdout]   14:     0x622510e6bcb9 - <core[df12db4294e9bfd3]::pin::Pin<&mut dfblocks[308652f9dc3f1e1b]::blocks::api::tests::test_get_block_number_from_timestamp_137::{closure#0}> as core[df12db4294e9bfd3]::future::future::Future>::poll
[INFO] [stdout]   15:     0x622510e6d230 - <tokio[2355a8199f50d2e4]::runtime::scheduler::current_thread::Context>::enter::<core[df12db4294e9bfd3]::task::poll::Poll<()>, <tokio[2355a8199f50d2e4]::runtime::scheduler::current_thread::CoreGuard>::block_on<core[df12db4294e9bfd3]::pin::Pin<&mut dfblocks[308652f9dc3f1e1b]::blocks::api::tests::test_get_block_number_from_timestamp_137::{closure#0}>>::{closure#0}::{closure#0}>
[INFO] [stdout]   16:     0x622510e5d0b8 - <tokio[2355a8199f50d2e4]::macros::scoped_tls::ScopedKey<tokio[2355a8199f50d2e4]::runtime::scheduler::current_thread::Context>>::set::<<tokio[2355a8199f50d2e4]::runtime::scheduler::current_thread::CoreGuard>::enter<<tokio[2355a8199f50d2e4]::runtime::scheduler::current_thread::CoreGuard>::block_on<core[df12db4294e9bfd3]::pin::Pin<&mut dfblocks[308652f9dc3f1e1b]::blocks::api::tests::test_get_block_number_from_timestamp_137::{closure#0}>>::{closure#0}, core[df12db4294e9bfd3]::option::Option<()>>::{closure#0}, (alloc[2182bb758b4b3781]::boxed::Box<tokio[2355a8199f50d2e4]::runtime::scheduler::current_thread::Core>, core[df12db4294e9bfd3]::option::Option<()>)>
[INFO] [stdout]   17:     0x622510e6c7ed - <tokio[2355a8199f50d2e4]::runtime::scheduler::current_thread::CurrentThread>::block_on::<dfblocks[308652f9dc3f1e1b]::blocks::api::tests::test_get_block_number_from_timestamp_137::{closure#0}>
[INFO] [stdout]   18:     0x622510e55b14 - <tokio[2355a8199f50d2e4]::runtime::Runtime>::block_on::<dfblocks[308652f9dc3f1e1b]::blocks::api::tests::test_get_block_number_from_timestamp_137::{closure#0}>
[INFO] [stdout]   19:     0x622510e65dd0 - <dfblocks[308652f9dc3f1e1b]::blocks::api::tests::test_get_block_number_from_timestamp_137::{closure#0} as core[df12db4294e9bfd3]::ops::function::FnOnce<()>>::call_once
[INFO] [stdout]   20:     0x622510fa50ab - test[9d35eded1c95d3be]::__rust_begin_short_backtrace::<core[df12db4294e9bfd3]::result::Result<(), alloc[2182bb758b4b3781]::string::String>, fn() -> core[df12db4294e9bfd3]::result::Result<(), alloc[2182bb758b4b3781]::string::String>>
[INFO] [stdout]   21:     0x622510fb2715 - test[9d35eded1c95d3be]::run_test::{closure#0}
[INFO] [stdout]   22:     0x622510fabfd4 - std[70759c8f55707aa4]::sys::backtrace::__rust_begin_short_backtrace::<test[9d35eded1c95d3be]::run_test::{closure#1}, ()>
[INFO] [stdout]   23:     0x622510fb5872 - <std[70759c8f55707aa4]::thread::lifecycle::spawn_unchecked<test[9d35eded1c95d3be]::run_test::{closure#1}, ()>::{closure#1} as core[df12db4294e9bfd3]::ops::function::FnOnce<()>>::call_once::{shim:vtable#0}
[INFO] [stdout]   24:     0x6225110808c9 - <std[70759c8f55707aa4]::sys::thread::unix::Thread>::new::thread_start
[INFO] [stdout]   25:     0x7aceb223ddfa - <unknown>
[INFO] [stdout]   26:     0x7aceb22d13d4 - clone
[INFO] [stdout]   27:                0x0 - <unknown>
[INFO] [stdout] 
[INFO] [stdout] ---- blocks::api::tests::test_get_block_number_from_timestamp_56 stdout ----
[INFO] [stdout] 
[INFO] [stdout] thread 'blocks::api::tests::test_get_block_number_from_timestamp_56' (2895) panicked at src/cache/redis.rs:10:43:
[INFO] [stdout] called `Result::unwrap()` on an `Err` value: Connection refused (os error 111)
[INFO] [stdout] stack backtrace:
[INFO] [stdout]    0:     0x622511081551 - <<std[70759c8f55707aa4]::sys::backtrace::BacktraceLock>::print::DisplayBacktrace as core[df12db4294e9bfd3]::fmt::Display>::fmt
[INFO] [stdout]    1:     0x622511097dea - core[df12db4294e9bfd3]::fmt::write
[INFO] [stdout]    2:     0x62251108616c - <alloc[2182bb758b4b3781]::vec::Vec<u8> as core[df12db4294e9bfd3]::io::write::Write>::write_fmt
[INFO] [stdout]    3:     0x62251105bd16 - std[70759c8f55707aa4]::panicking::default_hook::{closure#0}
[INFO] [stdout]    4:     0x6225110791b9 - std[70759c8f55707aa4]::panicking::default_hook
[INFO] [stdout]    5:     0x622510fb1dc0 - test[9d35eded1c95d3be]::test_main_inner::<test[9d35eded1c95d3be]::test_main_static::{closure#0}>::{closure#0}
[INFO] [stdout]    6:     0x6225110794e2 - std[70759c8f55707aa4]::panicking::panic_with_hook
[INFO] [stdout]    7:     0x62251105bdc2 - std[70759c8f55707aa4]::panicking::panic_handler::{closure#0}
[INFO] [stdout]    8:     0x622511054829 - std[70759c8f55707aa4]::sys::backtrace::__rust_end_short_backtrace::<std[70759c8f55707aa4]::panicking::panic_handler::{closure#0}, !>
[INFO] [stdout]    9:     0x62251105cc4d - __rustc[8fa7c3cbc660c2b3]::rust_begin_unwind
[INFO] [stdout]   10:     0x62251109854c - core[df12db4294e9bfd3]::panicking::panic_fmt
[INFO] [stdout]   11:     0x622511098322 - core[df12db4294e9bfd3]::result::unwrap_failed
[INFO] [stdout]   12:     0x622510e651b8 - dfblocks[308652f9dc3f1e1b]::cache::redis::get_cache_blocks
[INFO] [stdout]   13:     0x622510e6a102 - dfblocks[308652f9dc3f1e1b]::blocks::api::get_block_number_from_timestamp::{closure#0}
[INFO] [stdout]   14:     0x622510e6bb69 - <core[df12db4294e9bfd3]::pin::Pin<&mut dfblocks[308652f9dc3f1e1b]::blocks::api::tests::test_get_block_number_from_timestamp_56::{closure#0}> as core[df12db4294e9bfd3]::future::future::Future>::poll
[INFO] [stdout]   15:     0x622510e6d100 - <tokio[2355a8199f50d2e4]::runtime::scheduler::current_thread::Context>::enter::<core[df12db4294e9bfd3]::task::poll::Poll<()>, <tokio[2355a8199f50d2e4]::runtime::scheduler::current_thread::CoreGuard>::block_on<core[df12db4294e9bfd3]::pin::Pin<&mut dfblocks[308652f9dc3f1e1b]::blocks::api::tests::test_get_block_number_from_timestamp_56::{closure#0}>>::{closure#0}::{closure#0}>
[INFO] [stdout]   16:     0x622510e5cda8 - <tokio[2355a8199f50d2e4]::macros::scoped_tls::ScopedKey<tokio[2355a8199f50d2e4]::runtime::scheduler::current_thread::Context>>::set::<<tokio[2355a8199f50d2e4]::runtime::scheduler::current_thread::CoreGuard>::enter<<tokio[2355a8199f50d2e4]::runtime::scheduler::current_thread::CoreGuard>::block_on<core[df12db4294e9bfd3]::pin::Pin<&mut dfblocks[308652f9dc3f1e1b]::blocks::api::tests::test_get_block_number_from_timestamp_56::{closure#0}>>::{closure#0}, core[df12db4294e9bfd3]::option::Option<()>>::{closure#0}, (alloc[2182bb758b4b3781]::boxed::Box<tokio[2355a8199f50d2e4]::runtime::scheduler::current_thread::Core>, core[df12db4294e9bfd3]::option::Option<()>)>
[INFO] [stdout]   17:     0x622510e6c4ed - <tokio[2355a8199f50d2e4]::runtime::scheduler::current_thread::CurrentThread>::block_on::<dfblocks[308652f9dc3f1e1b]::blocks::api::tests::test_get_block_number_from_timestamp_56::{closure#0}>
[INFO] [stdout]   18:     0x622510e55a14 - <tokio[2355a8199f50d2e4]::runtime::Runtime>::block_on::<dfblocks[308652f9dc3f1e1b]::blocks::api::tests::test_get_block_number_from_timestamp_56::{closure#0}>
[INFO] [stdout]   19:     0x622510e65c80 - <dfblocks[308652f9dc3f1e1b]::blocks::api::tests::test_get_block_number_from_timestamp_56::{closure#0} as core[df12db4294e9bfd3]::ops::function::FnOnce<()>>::call_once
[INFO] [stdout]   20:     0x622510fa50ab - test[9d35eded1c95d3be]::__rust_begin_short_backtrace::<core[df12db4294e9bfd3]::result::Result<(), alloc[2182bb758b4b3781]::string::String>, fn() -> core[df12db4294e9bfd3]::result::Result<(), alloc[2182bb758b4b3781]::string::String>>
[INFO] [stdout]   21:     0x622510fb2715 - test[9d35eded1c95d3be]::run_test::{closure#0}
[INFO] [stdout]   22:     0x622510fabfd4 - std[70759c8f55707aa4]::sys::backtrace::__rust_begin_short_backtrace::<test[9d35eded1c95d3be]::run_test::{closure#1}, ()>
[INFO] [stdout]   23:     0x622510fb5872 - <std[70759c8f55707aa4]::thread::lifecycle::spawn_unchecked<test[9d35eded1c95d3be]::run_test::{closure#1}, ()>::{closure#1} as core[df12db4294e9bfd3]::ops::function::FnOnce<()>>::call_once::{shim:vtable#0}
[INFO] [stdout]   24:     0x6225110808c9 - <std[70759c8f55707aa4]::sys::thread::unix::Thread>::new::thread_start
[INFO] [stdout]   25:     0x7aceb223ddfa - <unknown>
[INFO] [stdout]   26:     0x7aceb22d13d4 - clone
[INFO] [stdout]   27:                0x0 - <unknown>
[INFO] [stdout] 
[INFO] [stdout] ---- blocks::api::tests::test_get_block_number_from_timestamp_1 stdout ----
[INFO] [stdout] 
[INFO] [stdout] thread 'blocks::api::tests::test_get_block_number_from_timestamp_1' (2891) panicked at src/cache/redis.rs:10:43:
[INFO] [stdout] called `Result::unwrap()` on an `Err` value: Connection refused (os error 111)
[INFO] [stdout] stack backtrace:
[INFO] [stdout]    0:     0x622511081551 - <<std[70759c8f55707aa4]::sys::backtrace::BacktraceLock>::print::DisplayBacktrace as core[df12db4294e9bfd3]::fmt::Display>::fmt
[INFO] [stdout]    1:     0x622511097dea - core[df12db4294e9bfd3]::fmt::write
[INFO] [stdout]    2:     0x62251108616c - <alloc[2182bb758b4b3781]::vec::Vec<u8> as core[df12db4294e9bfd3]::io::write::Write>::write_fmt
[INFO] [stdout]    3:     0x62251105bd16 - std[70759c8f55707aa4]::panicking::default_hook::{closure#0}
[INFO] [stdout]    4:     0x6225110791b9 - std[70759c8f55707aa4]::panicking::default_hook
[INFO] [stdout]    5:     0x622510fb1dc0 - test[9d35eded1c95d3be]::test_main_inner::<test[9d35eded1c95d3be]::test_main_static::{closure#0}>::{closure#0}
[INFO] [stdout]    6:     0x6225110794e2 - std[70759c8f55707aa4]::panicking::panic_with_hook
[INFO] [stdout]    7:     0x62251105bdc2 - std[70759c8f55707aa4]::panicking::panic_handler::{closure#0}
[INFO] [stdout]    8:     0x622511054829 - std[70759c8f55707aa4]::sys::backtrace::__rust_end_short_backtrace::<std[70759c8f55707aa4]::panicking::panic_handler::{closure#0}, !>
[INFO] [stdout]    9:     0x62251105cc4d - __rustc[8fa7c3cbc660c2b3]::rust_begin_unwind
[INFO] [stdout]   10:     0x62251109854c - core[df12db4294e9bfd3]::panicking::panic_fmt
[INFO] [stdout]   11:     0x622511098322 - core[df12db4294e9bfd3]::result::unwrap_failed
[INFO] [stdout]   12:     0x622510e651b8 - dfblocks[308652f9dc3f1e1b]::cache::redis::get_cache_blocks
[INFO] [stdout]   13:     0x622510e6a102 - dfblocks[308652f9dc3f1e1b]::blocks::api::get_block_number_from_timestamp::{closure#0}
[INFO] [stdout]   14:     0x622510e6ba19 - <core[df12db4294e9bfd3]::pin::Pin<&mut dfblocks[308652f9dc3f1e1b]::blocks::api::tests::test_get_block_number_from_timestamp_1::{closure#0}> as core[df12db4294e9bfd3]::future::future::Future>::poll
[INFO] [stdout]   15:     0x622510e6cfd0 - <tokio[2355a8199f50d2e4]::runtime::scheduler::current_thread::Context>::enter::<core[df12db4294e9bfd3]::task::poll::Poll<()>, <tokio[2355a8199f50d2e4]::runtime::scheduler::current_thread::CoreGuard>::block_on<core[df12db4294e9bfd3]::pin::Pin<&mut dfblocks[308652f9dc3f1e1b]::blocks::api::tests::test_get_block_number_from_timestamp_1::{closure#0}>>::{closure#0}::{closure#0}>
[INFO] [stdout]   16:     0x622510e5ca98 - <tokio[2355a8199f50d2e4]::macros::scoped_tls::ScopedKey<tokio[2355a8199f50d2e4]::runtime::scheduler::current_thread::Context>>::set::<<tokio[2355a8199f50d2e4]::runtime::scheduler::current_thread::CoreGuard>::enter<<tokio[2355a8199f50d2e4]::runtime::scheduler::current_thread::CoreGuard>::block_on<core[df12db4294e9bfd3]::pin::Pin<&mut dfblocks[308652f9dc3f1e1b]::blocks::api::tests::test_get_block_number_from_timestamp_1::{closure#0}>>::{closure#0}, core[df12db4294e9bfd3]::option::Option<()>>::{closure#0}, (alloc[2182bb758b4b3781]::boxed::Box<tokio[2355a8199f50d2e4]::runtime::scheduler::current_thread::Core>, core[df12db4294e9bfd3]::option::Option<()>)>
[INFO] [stdout]   17:     0x622510e6c1ed - <tokio[2355a8199f50d2e4]::runtime::scheduler::current_thread::CurrentThread>::block_on::<dfblocks[308652f9dc3f1e1b]::blocks::api::tests::test_get_block_number_from_timestamp_1::{closure#0}>
[INFO] [stdout]   18:     0x622510e55914 - <tokio[2355a8199f50d2e4]::runtime::Runtime>::block_on::<dfblocks[308652f9dc3f1e1b]::blocks::api::tests::test_get_block_number_from_timestamp_1::{closure#0}>
[INFO] [stdout]   19:     0x622510e65b1c - <dfblocks[308652f9dc3f1e1b]::blocks::api::tests::test_get_block_number_from_timestamp_1::{closure#0} as core[df12db4294e9bfd3]::ops::function::FnOnce<()>>::call_once
[INFO] [stdout]   20:     0x622510fa50ab - test[9d35eded1c95d3be]::__rust_begin_short_backtrace::<core[df12db4294e9bfd3]::result::Result<(), alloc[2182bb758b4b3781]::string::String>, fn() -> core[df12db4294e9bfd3]::result::Result<(), alloc[2182bb758b4b3781]::string::String>>
[INFO] [stdout]   21:     0x622510fb2715 - test[9d35eded1c95d3be]::run_test::{closure#0}
[INFO] [stdout]   22:     0x622510fabfd4 - std[70759c8f55707aa4]::sys::backtrace::__rust_begin_short_backtrace::<test[9d35eded1c95d3be]::run_test::{closure#1}, ()>
[INFO] [stdout]   23:     0x622510fb5872 - <std[70759c8f55707aa4]::thread::lifecycle::spawn_unchecked<test[9d35eded1c95d3be]::run_test::{closure#1}, ()>::{closure#1} as core[df12db4294e9bfd3]::ops::function::FnOnce<()>>::call_once::{shim:vtable#0}
[INFO] [stdout]   24:     0x6225110808c9 - <std[70759c8f55707aa4]::sys::thread::unix::Thread>::new::thread_start
[INFO] [stdout]   25:     0x7aceb223ddfa - <unknown>
[INFO] [stdout]   26:     0x7aceb22d13d4 - clone
[INFO] [stdout]   27:                0x0 - <unknown>
[INFO] [stdout] 
[INFO] [stdout] ---- blocks::api::tests::test_get_block_number_from_timestamp_1285 stdout ----
[INFO] [stdout] 
[INFO] [stdout] thread 'blocks::api::tests::test_get_block_number_from_timestamp_1285' (2892) panicked at src/cache/redis.rs:10:43:
[INFO] [stdout] called `Result::unwrap()` on an `Err` value: Connection refused (os error 111)
[INFO] [stdout] stack backtrace:
[INFO] [stdout]    0:     0x622511081551 - <<std[70759c8f55707aa4]::sys::backtrace::BacktraceLock>::print::DisplayBacktrace as core[df12db4294e9bfd3]::fmt::Display>::fmt
[INFO] [stdout]    1:     0x622511097dea - core[df12db4294e9bfd3]::fmt::write
[INFO] [stdout]    2:     0x62251108616c - <alloc[2182bb758b4b3781]::vec::Vec<u8> as core[df12db4294e9bfd3]::io::write::Write>::write_fmt
[INFO] [stdout]    3:     0x62251105bd16 - std[70759c8f55707aa4]::panicking::default_hook::{closure#0}
[INFO] [stdout]    4:     0x6225110791b9 - std[70759c8f55707aa4]::panicking::default_hook
[INFO] [stdout]    5:     0x622510fb1dc0 - test[9d35eded1c95d3be]::test_main_inner::<test[9d35eded1c95d3be]::test_main_static::{closure#0}>::{closure#0}
[INFO] [stdout]    6:     0x6225110794e2 - std[70759c8f55707aa4]::panicking::panic_with_hook
[INFO] [stdout]    7:     0x62251105bdc2 - std[70759c8f55707aa4]::panicking::panic_handler::{closure#0}
[INFO] [stdout]    8:     0x622511054829 - std[70759c8f55707aa4]::sys::backtrace::__rust_end_short_backtrace::<std[70759c8f55707aa4]::panicking::panic_handler::{closure#0}, !>
[INFO] [stdout]    9:     0x62251105cc4d - __rustc[8fa7c3cbc660c2b3]::rust_begin_unwind
[INFO] [stdout]   10:     0x62251109854c - core[df12db4294e9bfd3]::panicking::panic_fmt
[INFO] [stdout]   11:     0x622511098322 - core[df12db4294e9bfd3]::result::unwrap_failed
[INFO] [stdout]   12:     0x622510e651b8 - dfblocks[308652f9dc3f1e1b]::cache::redis::get_cache_blocks
[INFO] [stdout]   13:     0x622510e6a102 - dfblocks[308652f9dc3f1e1b]::blocks::api::get_block_number_from_timestamp::{closure#0}
[INFO] [stdout]   14:     0x622510e6bf59 - <core[df12db4294e9bfd3]::pin::Pin<&mut dfblocks[308652f9dc3f1e1b]::blocks::api::tests::test_get_block_number_from_timestamp_1285::{closure#0}> as core[df12db4294e9bfd3]::future::future::Future>::poll
[INFO] [stdout]   15:     0x622510e6d490 - <tokio[2355a8199f50d2e4]::runtime::scheduler::current_thread::Context>::enter::<core[df12db4294e9bfd3]::task::poll::Poll<()>, <tokio[2355a8199f50d2e4]::runtime::scheduler::current_thread::CoreGuard>::block_on<core[df12db4294e9bfd3]::pin::Pin<&mut dfblocks[308652f9dc3f1e1b]::blocks::api::tests::test_get_block_number_from_timestamp_1285::{closure#0}>>::{closure#0}::{closure#0}>
[INFO] [stdout]   16:     0x622510e5d6d8 - <tokio[2355a8199f50d2e4]::macros::scoped_tls::ScopedKey<tokio[2355a8199f50d2e4]::runtime::scheduler::current_thread::Context>>::set::<<tokio[2355a8199f50d2e4]::runtime::scheduler::current_thread::CoreGuard>::enter<<tokio[2355a8199f50d2e4]::runtime::scheduler::current_thread::CoreGuard>::block_on<core[df12db4294e9bfd3]::pin::Pin<&mut dfblocks[308652f9dc3f1e1b]::blocks::api::tests::test_get_block_number_from_timestamp_1285::{closure#0}>>::{closure#0}, core[df12db4294e9bfd3]::option::Option<()>>::{closure#0}, (alloc[2182bb758b4b3781]::boxed::Box<tokio[2355a8199f50d2e4]::runtime::scheduler::current_thread::Core>, core[df12db4294e9bfd3]::option::Option<()>)>
[INFO] [stdout]   17:     0x622510e6cded - <tokio[2355a8199f50d2e4]::runtime::scheduler::current_thread::CurrentThread>::block_on::<dfblocks[308652f9dc3f1e1b]::blocks::api::tests::test_get_block_number_from_timestamp_1285::{closure#0}>
[INFO] [stdout]   18:     0x622510e55d14 - <tokio[2355a8199f50d2e4]::runtime::Runtime>::block_on::<dfblocks[308652f9dc3f1e1b]::blocks::api::tests::test_get_block_number_from_timestamp_1285::{closure#0}>
[INFO] [stdout]   19:     0x622510e66070 - <dfblocks[308652f9dc3f1e1b]::blocks::api::tests::test_get_block_number_from_timestamp_1285::{closure#0} as core[df12db4294e9bfd3]::ops::function::FnOnce<()>>::call_once
[INFO] [stdout]   20:     0x622510fa50ab - test[9d35eded1c95d3be]::__rust_begin_short_backtrace::<core[df12db4294e9bfd3]::result::Result<(), alloc[2182bb758b4b3781]::string::String>, fn() -> core[df12db4294e9bfd3]::result::Result<(), alloc[2182bb758b4b3781]::string::String>>
[INFO] [stdout]   21:     0x622510fb2715 - test[9d35eded1c95d3be]::run_test::{closure#0}
[INFO] [stdout]   22:     0x622510fabfd4 - std[70759c8f55707aa4]::sys::backtrace::__rust_begin_short_backtrace::<test[9d35eded1c95d3be]::run_test::{closure#1}, ()>
[INFO] [stdout]   23:     0x622510fb5872 - <std[70759c8f55707aa4]::thread::lifecycle::spawn_unchecked<test[9d35eded1c95d3be]::run_test::{closure#1}, ()>::{closure#1} as core[df12db4294e9bfd3]::ops::function::FnOnce<()>>::call_once::{shim:vtable#0}
[INFO] [stdout]   24:     0x6225110808c9 - <std[70759c8f55707aa4]::sys::thread::unix::Thread>::new::thread_start
[INFO] [stdout]   25:     0x7aceb223ddfa - <unknown>
[INFO] [stdout]   26:     0x7aceb22d13d4 - clone
[INFO] [stdout]   27:                0x0 - <unknown>
[INFO] [stdout] 
[INFO] [stdout] 
[INFO] [stdout] failures:
[INFO] [stdout]     blocks::api::tests::test_get_block_number_from_timestamp_1
[INFO] [stdout]     blocks::api::tests::test_get_block_number_from_timestamp_1285
[INFO] [stdout]     blocks::api::tests::test_get_block_number_from_timestamp_137
[INFO] [stdout]     blocks::api::tests::test_get_block_number_from_timestamp_246
[INFO] [stdout]     blocks::api::tests::test_get_block_number_from_timestamp_56
[INFO] [stdout] 
[INFO] [stdout] test result: FAILED. 2 passed; 5 failed; 0 ignored; 0 measured; 0 filtered out; finished in 0.01s
[INFO] [stdout] 
[INFO] [stderr] error: test failed, to rerun pass `--lib`
[INFO] running `Command { std: "docker" "inspect" "1437118ea8851cb951bbc7022bcf75481bc1c3fcba873848adc055d07db276b1", kill_on_drop: false }`
[INFO] running `Command { std: "docker" "rm" "-f" "1437118ea8851cb951bbc7022bcf75481bc1c3fcba873848adc055d07db276b1", kill_on_drop: false }`
[INFO] [stdout] 1437118ea8851cb951bbc7022bcf75481bc1c3fcba873848adc055d07db276b1
