[INFO] cloning repository https://github.com/nothenrin/tui-chat
[INFO] running `Command { std: "git" "-c" "credential.helper=" "-c" "credential.helper=/workspace/cargo-home/bin/git-credential-null" "clone" "--bare" "https://github.com/nothenrin/tui-chat" "/workspace/cache/git-repos/https%3A%2F%2Fgithub.com%2Fnothenrin%2Ftui-chat", kill_on_drop: false }`
[INFO] [stderr] Cloning into bare repository '/workspace/cache/git-repos/https%3A%2F%2Fgithub.com%2Fnothenrin%2Ftui-chat'...
[INFO] running `Command { std: "git" "rev-parse" "HEAD", kill_on_drop: false }`
[INFO] [stdout] 64bbae7b55347813ef4f7396e76cf49873eb0104
[INFO] testing nothenrin/tui-chat against 1.99.0-beta.8+cargoflags=--release for beta-release-1.100-2
[INFO] running `Command { std: "git" "clone" "/workspace/cache/git-repos/https%3A%2F%2Fgithub.com%2Fnothenrin%2Ftui-chat" "/workspace/builds/worker-7-tc1/source", kill_on_drop: false }`
[INFO] [stderr] Cloning into '/workspace/builds/worker-7-tc1/source'...
[INFO] [stderr] done.
[INFO] started tweaking git repo https://github.com/nothenrin/tui-chat
[INFO] finished tweaking git repo https://github.com/nothenrin/tui-chat
[INFO] tweaked toml for git repo https://github.com/nothenrin/tui-chat written to /workspace/builds/worker-7-tc1/source/Cargo.toml
[INFO] validating manifest of git repo https://github.com/nothenrin/tui-chat on toolchain 1.99.0-beta.8
[INFO] running `Command { std: CARGO_HOME="/workspace/cargo-home" RUSTUP_HOME="/workspace/rustup-home" "/workspace/cargo-home/bin/cargo" "+1.99.0-beta.8" "metadata" "--manifest-path" "Cargo.toml" "--no-deps", kill_on_drop: false }`
[INFO] crate git repo https://github.com/nothenrin/tui-chat already has a lockfile, it will not be regenerated
[INFO] running `Command { std: CARGO_HOME="/workspace/cargo-home" RUSTUP_HOME="/workspace/rustup-home" "/workspace/cargo-home/bin/cargo" "+1.99.0-beta.8" "fetch" "--manifest-path" "Cargo.toml", kill_on_drop: false }`
[INFO] [stderr] warning: virtual workspace defaulting to `resolver = "1"` despite one or more workspace members being on edition 2021 which implies `resolver = "2"`
[INFO] [stderr]   |
[INFO] [stderr]   = note: to keep the current resolver, specify `workspace.resolver = "1"` in the workspace root's manifest
[INFO] [stderr]   = note: to use the edition 2021 resolver, specify `workspace.resolver = "2"` in the workspace root's manifest
[INFO] [stderr]   = note: for more details see https://doc.rust-lang.org/cargo/reference/resolver.html#resolver-versions
[INFO] [stderr]  Downloading crates ...
[INFO] [stderr]   Downloaded redis v0.25.0
[INFO] running `Command { std: "docker" "create" "-v" "/var/lib/crater-agent-workspace/builds/worker-7-tc1/source:/opt/rustwide/workdir:ro,Z" "-v" "/var/lib/crater-agent-workspace/builds/worker-7-tc1/target:/opt/rustwide/target:rw,Z" "-v" "/var/lib/crater-agent-workspace/cargo-home:/opt/rustwide/cargo-home:ro,Z" "-v" "/var/lib/crater-agent-workspace/rustup-home:/opt/rustwide/rustup-home:ro,Z" "-m" "1610612736" "--network" "none" "ghcr.io/rust-lang/crates-build-env/linux@sha256:77db811e55d90add9212f6832c23229e3de5f1c1f9905e8cb07319ea15df73ac" "sleep" "infinity", kill_on_drop: false }`
[INFO] [stdout] 04e77033abef035d620222f6a07e1837d4a8b744c400c066aa618d806d25cb7d
[INFO] running `Command { std: "docker" "start" "04e77033abef035d620222f6a07e1837d4a8b744c400c066aa618d806d25cb7d", kill_on_drop: false }`
[INFO] running `Command { std: "docker" "inspect" "04e77033abef035d620222f6a07e1837d4a8b744c400c066aa618d806d25cb7d", kill_on_drop: false }`
[INFO] running `Command { std: "docker" "exec" "-e" "SOURCE_DIR=/opt/rustwide/workdir" "-e" "CARGO_HOME=/opt/rustwide/cargo-home" "-e" "RUSTUP_HOME=/opt/rustwide/rustup-home" "-e" "CARGO_TARGET_DIR=/opt/rustwide/target" "-w" "/opt/rustwide/workdir" "--user" "0:0" "04e77033abef035d620222f6a07e1837d4a8b744c400c066aa618d806d25cb7d" "/opt/rustwide/cargo-home/bin/cargo" "+1.99.0-beta.8" "metadata" "--no-deps" "--format-version=1", kill_on_drop: false }`
[INFO] running `Command { std: "docker" "inspect" "04e77033abef035d620222f6a07e1837d4a8b744c400c066aa618d806d25cb7d", kill_on_drop: false }`
[INFO] running `Command { std: "docker" "exec" "-e" "SOURCE_DIR=/opt/rustwide/workdir" "-e" "CARGO_HOME=/opt/rustwide/cargo-home" "-e" "RUSTUP_HOME=/opt/rustwide/rustup-home" "-e" "CARGO_TARGET_DIR=/opt/rustwide/target" "-e" "CARGO_INCREMENTAL=0" "-e" "RUST_BACKTRACE=full" "-e" "RUSTFLAGS=--cap-lints=warn" "-e" "RUSTDOCFLAGS=--cap-lints=warn" "-w" "/opt/rustwide/workdir" "--user" "0:0" "04e77033abef035d620222f6a07e1837d4a8b744c400c066aa618d806d25cb7d" "/opt/rustwide/cargo-home/bin/cargo" "+1.99.0-beta.8" "build" "--frozen" "--message-format=json" "--release", kill_on_drop: false }`
[INFO] [stderr] warning: virtual workspace defaulting to `resolver = "1"` despite one or more workspace members being on edition 2021 which implies `resolver = "2"`
[INFO] [stderr]   |
[INFO] [stderr]   = note: to keep the current resolver, specify `workspace.resolver = "1"` in the workspace root's manifest
[INFO] [stderr]   = note: to use the edition 2021 resolver, specify `workspace.resolver = "2"` in the workspace root's manifest
[INFO] [stderr]   = note: for more details see https://doc.rust-lang.org/cargo/reference/resolver.html#resolver-versions
[INFO] [stderr]    Compiling libc v0.2.153
[INFO] [stderr]    Compiling proc-macro2 v1.0.78
[INFO] [stderr]    Compiling serde v1.0.197
[INFO] [stderr]    Compiling smallvec v1.13.1
[INFO] [stderr]    Compiling serde_json v1.0.114
[INFO] [stderr]    Compiling unicode-bidi v0.3.15
[INFO] [stderr]    Compiling async-trait v0.1.77
[INFO] [stderr]    Compiling ryu v1.0.17
[INFO] [stderr]    Compiling itoa v1.0.10
[INFO] [stderr]    Compiling memchr v2.7.1
[INFO] [stderr]    Compiling sha1_smol v1.0.0
[INFO] [stderr]    Compiling unicode-normalization v0.1.23
[INFO] [stderr]    Compiling combine v4.6.6
[INFO] [stderr]    Compiling idna v0.5.0
[INFO] [stderr]    Compiling quote v1.0.35
[INFO] [stderr]    Compiling syn v2.0.52
[INFO] [stderr]    Compiling getrandom v0.2.12
[INFO] [stderr]    Compiling parking_lot_core v0.9.9
[INFO] [stderr]    Compiling socket2 v0.5.6
[INFO] [stderr]    Compiling num_cpus v1.16.0
[INFO] [stderr]    Compiling mio v0.8.11
[INFO] [stderr]    Compiling signal-hook-registry v1.4.1
[INFO] [stderr]    Compiling socket2 v0.4.10
[INFO] [stderr]    Compiling url v2.5.0
[INFO] [stderr]    Compiling rand_core v0.6.4
[INFO] [stderr]    Compiling rand_chacha v0.3.1
[INFO] [stderr]    Compiling parking_lot v0.12.1
[INFO] [stderr]    Compiling rand v0.8.5
[INFO] [stderr]    Compiling serde_derive v1.0.197
[INFO] [stderr]    Compiling tokio-macros v2.2.0
[INFO] [stderr]    Compiling tokio v1.36.0
[INFO] [stderr]    Compiling uuid v1.7.0
[INFO] [stderr]    Compiling redis v0.25.0
[INFO] [stderr]    Compiling signaling v0.1.0 (/opt/rustwide/workdir/signaling)
[INFO] [stdout] warning: fields `redis_client` and `config` are never read
[INFO] [stdout]   --> signaling/src/server.rs:11:9
[INFO] [stdout]    |
[INFO] [stdout] 10 | pub struct Context {
[INFO] [stdout]    |            ------- fields in this struct
[INFO] [stdout] 11 |     pub redis_client: Arc<Client>,
[INFO] [stdout]    |         ^^^^^^^^^^^^
[INFO] [stdout] 12 |     pub config: Config,
[INFO] [stdout]    |         ^^^^^^
[INFO] [stdout]    |
[INFO] [stdout]    = note: `#[warn(dead_code)]` (part of `#[warn(unused)]`) on by default
[INFO] [stdout] 
[INFO] [stdout] 
[INFO] [stdout] warning: field `len` is never read
[INFO] [stdout]   --> signaling/src/transport.rs:10:9
[INFO] [stdout]    |
[INFO] [stdout]  8 | pub struct TransportMessage {
[INFO] [stdout]    |            ---------------- field in this struct
[INFO] [stdout]  9 |     pub addr: SocketAddr,
[INFO] [stdout] 10 |     pub len: usize,
[INFO] [stdout]    |         ^^^
[INFO] [stdout] 
[INFO] [stdout] 
[INFO] [stderr]     Finished `release` profile [optimized] target(s) in 39.12s
[INFO] [stderr] warning: the following packages contain code that will be rejected by a future version of Rust: redis v0.25.0
[INFO] [stderr] note: to see what the problems were, use the option `--future-incompat-report`, or run `cargo report future-incompatibilities --id 5`
[INFO] running `Command { std: "docker" "inspect" "04e77033abef035d620222f6a07e1837d4a8b744c400c066aa618d806d25cb7d", kill_on_drop: false }`
[INFO] running `Command { std: "docker" "exec" "-e" "SOURCE_DIR=/opt/rustwide/workdir" "-e" "CARGO_HOME=/opt/rustwide/cargo-home" "-e" "RUSTUP_HOME=/opt/rustwide/rustup-home" "-e" "CARGO_TARGET_DIR=/opt/rustwide/target" "-e" "CARGO_INCREMENTAL=0" "-e" "RUST_BACKTRACE=full" "-e" "RUSTFLAGS=--cap-lints=warn" "-e" "RUSTDOCFLAGS=--cap-lints=warn" "-w" "/opt/rustwide/workdir" "--user" "0:0" "04e77033abef035d620222f6a07e1837d4a8b744c400c066aa618d806d25cb7d" "/opt/rustwide/cargo-home/bin/cargo" "+1.99.0-beta.8" "test" "--frozen" "--no-run" "--message-format=json" "--release", kill_on_drop: false }`
[INFO] [stderr] warning: virtual workspace defaulting to `resolver = "1"` despite one or more workspace members being on edition 2021 which implies `resolver = "2"`
[INFO] [stderr]   |
[INFO] [stderr]   = note: to keep the current resolver, specify `workspace.resolver = "1"` in the workspace root's manifest
[INFO] [stderr]   = note: to use the edition 2021 resolver, specify `workspace.resolver = "2"` in the workspace root's manifest
[INFO] [stderr]   = note: for more details see https://doc.rust-lang.org/cargo/reference/resolver.html#resolver-versions
[INFO] [stderr]    Compiling signaling v0.1.0 (/opt/rustwide/workdir/signaling)
[INFO] [stdout] warning: fields `redis_client` and `config` are never read
[INFO] [stdout]   --> signaling/src/server.rs:11:9
[INFO] [stdout]    |
[INFO] [stdout] 10 | pub struct Context {
[INFO] [stdout]    |            ------- fields in this struct
[INFO] [stdout] 11 |     pub redis_client: Arc<Client>,
[INFO] [stdout]    |         ^^^^^^^^^^^^
[INFO] [stdout] 12 |     pub config: Config,
[INFO] [stdout]    |         ^^^^^^
[INFO] [stdout]    |
[INFO] [stdout]    = note: `#[warn(dead_code)]` (part of `#[warn(unused)]`) on by default
[INFO] [stdout] 
[INFO] [stdout] 
[INFO] [stdout] warning: field `len` is never read
[INFO] [stdout]   --> signaling/src/transport.rs:10:9
[INFO] [stdout]    |
[INFO] [stdout]  8 | pub struct TransportMessage {
[INFO] [stdout]    |            ---------------- field in this struct
[INFO] [stdout]  9 |     pub addr: SocketAddr,
[INFO] [stdout] 10 |     pub len: usize,
[INFO] [stdout]    |         ^^^
[INFO] [stdout] 
[INFO] [stdout] 
[INFO] [stderr]     Finished `release` profile [optimized] target(s) in 1.42s
[INFO] [stderr] warning: the following packages contain code that will be rejected by a future version of Rust: redis v0.25.0
[INFO] [stderr] note: to see what the problems were, use the option `--future-incompat-report`, or run `cargo report future-incompatibilities --id 5`
[INFO] running `Command { std: "docker" "inspect" "04e77033abef035d620222f6a07e1837d4a8b744c400c066aa618d806d25cb7d", kill_on_drop: false }`
[INFO] running `Command { std: "docker" "exec" "-e" "SOURCE_DIR=/opt/rustwide/workdir" "-e" "CARGO_HOME=/opt/rustwide/cargo-home" "-e" "RUSTUP_HOME=/opt/rustwide/rustup-home" "-e" "CARGO_TARGET_DIR=/opt/rustwide/target" "-e" "CARGO_INCREMENTAL=0" "-e" "RUST_BACKTRACE=full" "-e" "RUSTFLAGS=--cap-lints=warn" "-e" "RUSTDOCFLAGS=--cap-lints=warn" "-w" "/opt/rustwide/workdir" "--user" "0:0" "04e77033abef035d620222f6a07e1837d4a8b744c400c066aa618d806d25cb7d" "/opt/rustwide/cargo-home/bin/cargo" "+1.99.0-beta.8" "test" "--frozen" "--release", kill_on_drop: false }`
[INFO] [stderr] warning: virtual workspace defaulting to `resolver = "1"` despite one or more workspace members being on edition 2021 which implies `resolver = "2"`
[INFO] [stderr]   |
[INFO] [stderr]   = note: to keep the current resolver, specify `workspace.resolver = "1"` in the workspace root's manifest
[INFO] [stderr]   = note: to use the edition 2021 resolver, specify `workspace.resolver = "2"` in the workspace root's manifest
[INFO] [stderr]   = note: for more details see https://doc.rust-lang.org/cargo/reference/resolver.html#resolver-versions
[INFO] [stderr] warning: fields `redis_client` and `config` are never read
[INFO] [stderr]   --> signaling/src/server.rs:11:9
[INFO] [stderr]    |
[INFO] [stderr] 10 | pub struct Context {
[INFO] [stderr]    |            ------- fields in this struct
[INFO] [stderr] 11 |     pub redis_client: Arc<Client>,
[INFO] [stderr]    |         ^^^^^^^^^^^^
[INFO] [stderr] 12 |     pub config: Config,
[INFO] [stderr]    |         ^^^^^^
[INFO] [stderr]    |
[INFO] [stderr]    = note: `#[warn(dead_code)]` (part of `#[warn(unused)]`) on by default
[INFO] [stderr] 
[INFO] [stderr] warning: field `len` is never read
[INFO] [stderr]   --> signaling/src/transport.rs:10:9
[INFO] [stderr]    |
[INFO] [stderr]  8 | pub struct TransportMessage {
[INFO] [stderr]    |            ---------------- field in this struct
[INFO] [stderr]  9 |     pub addr: SocketAddr,
[INFO] [stderr] 10 |     pub len: usize,
[INFO] [stderr]    |         ^^^
[INFO] [stderr] 
[INFO] [stderr] warning: `signaling` (bin "signaling" test) generated 2 warnings
[INFO] [stderr]     Finished `release` profile [optimized] target(s) in 0.12s
[INFO] [stderr] warning: the following packages contain code that will be rejected by a future version of Rust: redis v0.25.0
[INFO] [stderr] note: to see what the problems were, use the option `--future-incompat-report`, or run `cargo report future-incompatibilities --id 5`
[INFO] [stderr]      Running unittests src/main.rs (/opt/rustwide/target/release/deps/signaling-fbedb398274aa3ef)
[INFO] [stdout] 
[INFO] [stdout] running 1 test
[INFO] [stderr] error: test failed, to rerun pass `--bin signaling`
[INFO] [stdout] test repositories::peer_repository::tests::it_stores_peer_into_redis ... FAILED
[INFO] [stdout] 
[INFO] [stdout] failures:
[INFO] [stdout] 
[INFO] [stdout] ---- repositories::peer_repository::tests::it_stores_peer_into_redis stdout ----
[INFO] [stdout] 
[INFO] [stdout] thread 'repositories::peer_repository::tests::it_stores_peer_into_redis' (845) panicked at signaling/src/config.rs:40:26:
[INFO] [stdout] failed to find .env file: Io(Custom { kind: NotFound, error: "path not found" })
[INFO] [stdout] stack backtrace:
[INFO] [stdout]    0:     0x56a456d34641 - <<std[70759c8f55707aa4]::sys::backtrace::BacktraceLock>::print::DisplayBacktrace as core[df12db4294e9bfd3]::fmt::Display>::fmt
[INFO] [stdout]    1:     0x56a456d49f0a - core[df12db4294e9bfd3]::fmt::write
[INFO] [stdout]    2:     0x56a456d3901c - <alloc[2182bb758b4b3781]::vec::Vec<u8> as core[df12db4294e9bfd3]::io::write::Write>::write_fmt
[INFO] [stdout]    3:     0x56a456d0f566 - std[70759c8f55707aa4]::panicking::default_hook::{closure#0}
[INFO] [stdout]    4:     0x56a456d2c5a9 - std[70759c8f55707aa4]::panicking::default_hook
[INFO] [stdout]    5:     0x56a456c6c740 - test[9d35eded1c95d3be]::test_main_inner::<test[9d35eded1c95d3be]::test_main_static::{closure#0}>::{closure#0}
[INFO] [stdout]    6:     0x56a456d2c762 - std[70759c8f55707aa4]::panicking::panic_with_hook
[INFO] [stdout]    7:     0x56a456d0f612 - std[70759c8f55707aa4]::panicking::panic_handler::{closure#0}
[INFO] [stdout]    8:     0x56a456d08079 - std[70759c8f55707aa4]::sys::backtrace::__rust_end_short_backtrace::<std[70759c8f55707aa4]::panicking::panic_handler::{closure#0}, !>
[INFO] [stdout]    9:     0x56a456d1049d - __rustc[8fa7c3cbc660c2b3]::rust_begin_unwind
[INFO] [stdout]   10:     0x56a456d4a66c - core[df12db4294e9bfd3]::panicking::panic_fmt
[INFO] [stdout]   11:     0x56a456d4a442 - core[df12db4294e9bfd3]::result::unwrap_failed
[INFO] [stdout]   12:     0x56a456c57400 - <signaling[8b2b9063ee4a309a]::config::Config>::from_env
[INFO] [stdout]   13:     0x56a456c550ce - signaling[8b2b9063ee4a309a]::repositories::peer_repository::tests::it_stores_peer_into_redis::{closure#0}
[INFO] [stdout]   14:     0x56a456c52708 - <tokio[bea264c458425d93]::runtime::context::scoped::Scoped<tokio[bea264c458425d93]::runtime::scheduler::Context>>::set::<<tokio[bea264c458425d93]::runtime::scheduler::current_thread::CoreGuard>::enter<<tokio[bea264c458425d93]::runtime::scheduler::current_thread::CoreGuard>::block_on<core[df12db4294e9bfd3]::pin::Pin<&mut core[df12db4294e9bfd3]::pin::Pin<&mut dyn core[df12db4294e9bfd3]::future::future::Future<Output = ()>>>>::{closure#0}, core[df12db4294e9bfd3]::option::Option<()>>::{closure#0}, (alloc[2182bb758b4b3781]::boxed::Box<tokio[bea264c458425d93]::runtime::scheduler::current_thread::Core>, core[df12db4294e9bfd3]::option::Option<()>)>
[INFO] [stdout]   15:     0x56a456c52d8d - <tokio[bea264c458425d93]::runtime::scheduler::current_thread::CoreGuard>::block_on::<core[df12db4294e9bfd3]::pin::Pin<&mut core[df12db4294e9bfd3]::pin::Pin<&mut dyn core[df12db4294e9bfd3]::future::future::Future<Output = ()>>>>
[INFO] [stdout]   16:     0x56a456c56c54 - tokio[bea264c458425d93]::runtime::context::runtime::enter_runtime::<<tokio[bea264c458425d93]::runtime::scheduler::current_thread::CurrentThread>::block_on<core[df12db4294e9bfd3]::pin::Pin<&mut dyn core[df12db4294e9bfd3]::future::future::Future<Output = ()>>>::{closure#0}, ()>
[INFO] [stdout]   17:     0x56a456c55f45 - signaling[8b2b9063ee4a309a]::repositories::peer_repository::tests::it_stores_peer_into_redis
[INFO] [stdout]   18:     0x56a456c53d29 - <signaling[8b2b9063ee4a309a]::repositories::peer_repository::tests::it_stores_peer_into_redis::{closure#0} as core[df12db4294e9bfd3]::ops::function::FnOnce<()>>::call_once
[INFO] [stdout]   19:     0x56a456c5fa2b - test[9d35eded1c95d3be]::__rust_begin_short_backtrace::<core[df12db4294e9bfd3]::result::Result<(), alloc[2182bb758b4b3781]::string::String>, fn() -> core[df12db4294e9bfd3]::result::Result<(), alloc[2182bb758b4b3781]::string::String>>
[INFO] [stdout]   20:     0x56a456c6d095 - test[9d35eded1c95d3be]::run_test::{closure#0}
[INFO] [stdout]   21:     0x56a456c66954 - std[70759c8f55707aa4]::sys::backtrace::__rust_begin_short_backtrace::<test[9d35eded1c95d3be]::run_test::{closure#1}, ()>
[INFO] [stdout]   22:     0x56a456c701f2 - <std[70759c8f55707aa4]::thread::lifecycle::spawn_unchecked<test[9d35eded1c95d3be]::run_test::{closure#1}, ()>::{closure#1} as core[df12db4294e9bfd3]::ops::function::FnOnce<()>>::call_once::{shim:vtable#0}
[INFO] [stdout]   23:     0x56a456d339f9 - <std[70759c8f55707aa4]::sys::thread::unix::Thread>::new::thread_start
[INFO] [stdout]   24:     0x79c956ab9dfa - <unknown>
[INFO] [stdout]   25:     0x79c956b4d3d4 - clone
[INFO] [stdout]   26:                0x0 - <unknown>
[INFO] [stdout] 
[INFO] [stdout] 
[INFO] [stdout] failures:
[INFO] [stdout]     repositories::peer_repository::tests::it_stores_peer_into_redis
[INFO] [stdout] 
[INFO] [stdout] test result: FAILED. 0 passed; 1 failed; 0 ignored; 0 measured; 0 filtered out; finished in 0.00s
[INFO] [stdout] 
[INFO] running `Command { std: "docker" "inspect" "04e77033abef035d620222f6a07e1837d4a8b744c400c066aa618d806d25cb7d", kill_on_drop: false }`
[INFO] running `Command { std: "docker" "rm" "-f" "04e77033abef035d620222f6a07e1837d4a8b744c400c066aa618d806d25cb7d", kill_on_drop: false }`
[INFO] [stdout] 04e77033abef035d620222f6a07e1837d4a8b744c400c066aa618d806d25cb7d
