[INFO] cloning repository https://github.com/neto-sant-ana/ape
[INFO] running `Command { std: "git" "-c" "credential.helper=" "-c" "credential.helper=/workspace/cargo-home/bin/git-credential-null" "clone" "--bare" "https://github.com/neto-sant-ana/ape" "/workspace/cache/git-repos/https%3A%2F%2Fgithub.com%2Fneto-sant-ana%2Fape", kill_on_drop: false }`
[INFO] [stderr] Cloning into bare repository '/workspace/cache/git-repos/https%3A%2F%2Fgithub.com%2Fneto-sant-ana%2Fape'...
[INFO] running `Command { std: "git" "rev-parse" "HEAD", kill_on_drop: false }`
[INFO] [stdout] ec9e5c862923c86eaf3e2b665f49072a0e4b93e7
[INFO] testing neto-sant-ana/ape against 1.100.0-beta.1+cargoflags=--release for beta-release-1.100-2
[INFO] running `Command { std: "git" "clone" "/workspace/cache/git-repos/https%3A%2F%2Fgithub.com%2Fneto-sant-ana%2Fape" "/workspace/builds/worker-1-tc2/source", kill_on_drop: false }`
[INFO] [stderr] Cloning into '/workspace/builds/worker-1-tc2/source'...
[INFO] [stderr] done.
[INFO] started tweaking git repo https://github.com/neto-sant-ana/ape
[INFO] finished tweaking git repo https://github.com/neto-sant-ana/ape
[INFO] tweaked toml for git repo https://github.com/neto-sant-ana/ape written to /workspace/builds/worker-1-tc2/source/Cargo.toml
[INFO] validating manifest of git repo https://github.com/neto-sant-ana/ape on toolchain 1.100.0-beta.1
[INFO] running `Command { std: CARGO_HOME="/workspace/cargo-home" RUSTUP_HOME="/workspace/rustup-home" "/workspace/cargo-home/bin/cargo" "+1.100.0-beta.1" "metadata" "--manifest-path" "Cargo.toml" "--no-deps", kill_on_drop: false }`
[INFO] crate git repo https://github.com/neto-sant-ana/ape already has a lockfile, it will not be regenerated
[INFO] running `Command { std: CARGO_HOME="/workspace/cargo-home" RUSTUP_HOME="/workspace/rustup-home" "/workspace/cargo-home/bin/cargo" "+1.100.0-beta.1" "fetch" "--manifest-path" "Cargo.toml", kill_on_drop: false }`
[INFO] running `Command { std: "docker" "create" "-v" "/var/lib/crater-agent-workspace/builds/worker-1-tc2/source:/opt/rustwide/workdir:ro,Z" "-v" "/var/lib/crater-agent-workspace/builds/worker-1-tc2/target:/opt/rustwide/target:rw,Z" "-v" "/var/lib/crater-agent-workspace/cargo-home:/opt/rustwide/cargo-home:ro,Z" "-v" "/var/lib/crater-agent-workspace/rustup-home:/opt/rustwide/rustup-home:ro,Z" "-m" "1610612736" "--network" "none" "ghcr.io/rust-lang/crates-build-env/linux@sha256:77db811e55d90add9212f6832c23229e3de5f1c1f9905e8cb07319ea15df73ac" "sleep" "infinity", kill_on_drop: false }`
[INFO] [stdout] 56aa53931581c4e9cebbf3af1cade94d3b0f1ab6cc9d42918c3d0cd692b865e5
[INFO] running `Command { std: "docker" "start" "56aa53931581c4e9cebbf3af1cade94d3b0f1ab6cc9d42918c3d0cd692b865e5", kill_on_drop: false }`
[INFO] running `Command { std: "docker" "inspect" "56aa53931581c4e9cebbf3af1cade94d3b0f1ab6cc9d42918c3d0cd692b865e5", kill_on_drop: false }`
[INFO] running `Command { std: "docker" "exec" "-e" "SOURCE_DIR=/opt/rustwide/workdir" "-e" "CARGO_HOME=/opt/rustwide/cargo-home" "-e" "RUSTUP_HOME=/opt/rustwide/rustup-home" "-e" "CARGO_TARGET_DIR=/opt/rustwide/target" "-w" "/opt/rustwide/workdir" "--user" "0:0" "56aa53931581c4e9cebbf3af1cade94d3b0f1ab6cc9d42918c3d0cd692b865e5" "/opt/rustwide/cargo-home/bin/cargo" "+1.100.0-beta.1" "metadata" "--no-deps" "--format-version=1", kill_on_drop: false }`
[INFO] running `Command { std: "docker" "inspect" "56aa53931581c4e9cebbf3af1cade94d3b0f1ab6cc9d42918c3d0cd692b865e5", kill_on_drop: false }`
[INFO] running `Command { std: "docker" "exec" "-e" "SOURCE_DIR=/opt/rustwide/workdir" "-e" "CARGO_HOME=/opt/rustwide/cargo-home" "-e" "RUSTUP_HOME=/opt/rustwide/rustup-home" "-e" "CARGO_TARGET_DIR=/opt/rustwide/target" "-e" "CARGO_INCREMENTAL=0" "-e" "RUST_BACKTRACE=full" "-e" "RUSTFLAGS=--cap-lints=warn" "-e" "RUSTDOCFLAGS=--cap-lints=warn" "-w" "/opt/rustwide/workdir" "--user" "0:0" "56aa53931581c4e9cebbf3af1cade94d3b0f1ab6cc9d42918c3d0cd692b865e5" "/opt/rustwide/cargo-home/bin/cargo" "+1.100.0-beta.1" "build" "--frozen" "--message-format=json" "--release", kill_on_drop: false }`
[INFO] [stderr]    Compiling quote v1.0.46
[INFO] [stderr]    Compiling serde_core v1.0.228
[INFO] [stderr]    Compiling serde v1.0.228
[INFO] [stderr]    Compiling hash32 v0.2.1
[INFO] [stderr]    Compiling spin v0.9.8
[INFO] [stderr]    Compiling digest v0.11.3
[INFO] [stderr]    Compiling time v0.3.54
[INFO] [stderr]    Compiling ape-succession v0.1.0 (/opt/rustwide/workdir/lab/succession)
[INFO] [stderr]    Compiling sha2 v0.11.0
[INFO] [stderr]    Compiling syn v2.0.118
[INFO] [stderr]    Compiling serde_derive v1.0.228
[INFO] [stderr]    Compiling thiserror-impl v2.0.18
[INFO] [stderr]    Compiling serde_json v1.0.151
[INFO] [stderr]    Compiling thiserror v2.0.18
[INFO] [stderr]    Compiling cobs v0.3.0
[INFO] [stderr]    Compiling heapless v0.7.17
[INFO] [stderr]    Compiling hex v0.4.3
[INFO] [stderr]    Compiling postcard v1.1.3
[INFO] [stderr]    Compiling ape v0.1.0 (/opt/rustwide/workdir/core)
[INFO] [stderr]    Compiling ape-cli v0.1.0 (/opt/rustwide/workdir/cli)
[INFO] [stderr]    Compiling ape-agents v0.1.0 (/opt/rustwide/workdir/lab/agents)
[INFO] [stderr]    Compiling ape-frontier v0.1.0 (/opt/rustwide/workdir/lab/frontier)
[INFO] [stderr]     Finished `release` profile [optimized] target(s) in 1m 14s
[INFO] running `Command { std: "docker" "inspect" "56aa53931581c4e9cebbf3af1cade94d3b0f1ab6cc9d42918c3d0cd692b865e5", kill_on_drop: false }`
[INFO] running `Command { std: "docker" "exec" "-e" "SOURCE_DIR=/opt/rustwide/workdir" "-e" "CARGO_HOME=/opt/rustwide/cargo-home" "-e" "RUSTUP_HOME=/opt/rustwide/rustup-home" "-e" "CARGO_TARGET_DIR=/opt/rustwide/target" "-e" "CARGO_INCREMENTAL=0" "-e" "RUST_BACKTRACE=full" "-e" "RUSTFLAGS=--cap-lints=warn" "-e" "RUSTDOCFLAGS=--cap-lints=warn" "-w" "/opt/rustwide/workdir" "--user" "0:0" "56aa53931581c4e9cebbf3af1cade94d3b0f1ab6cc9d42918c3d0cd692b865e5" "/opt/rustwide/cargo-home/bin/cargo" "+1.100.0-beta.1" "test" "--frozen" "--no-run" "--message-format=json" "--release", kill_on_drop: false }`
[INFO] [stderr]    Compiling ape-succession v0.1.0 (/opt/rustwide/workdir/lab/succession)
[INFO] [stderr]    Compiling ape v0.1.0 (/opt/rustwide/workdir/core)
[INFO] [stderr]    Compiling ape-cli v0.1.0 (/opt/rustwide/workdir/cli)
[INFO] [stderr]    Compiling ape-frontier v0.1.0 (/opt/rustwide/workdir/lab/frontier)
[INFO] [stderr]    Compiling ape-agents v0.1.0 (/opt/rustwide/workdir/lab/agents)
[INFO] [stderr]     Finished `release` profile [optimized] target(s) in 4m 09s
[INFO] running `Command { std: "docker" "inspect" "56aa53931581c4e9cebbf3af1cade94d3b0f1ab6cc9d42918c3d0cd692b865e5", kill_on_drop: false }`
[INFO] running `Command { std: "docker" "exec" "-e" "SOURCE_DIR=/opt/rustwide/workdir" "-e" "CARGO_HOME=/opt/rustwide/cargo-home" "-e" "RUSTUP_HOME=/opt/rustwide/rustup-home" "-e" "CARGO_TARGET_DIR=/opt/rustwide/target" "-e" "CARGO_INCREMENTAL=0" "-e" "RUST_BACKTRACE=full" "-e" "RUSTFLAGS=--cap-lints=warn" "-e" "RUSTDOCFLAGS=--cap-lints=warn" "-w" "/opt/rustwide/workdir" "--user" "0:0" "56aa53931581c4e9cebbf3af1cade94d3b0f1ab6cc9d42918c3d0cd692b865e5" "/opt/rustwide/cargo-home/bin/cargo" "+1.100.0-beta.1" "test" "--frozen" "--release", kill_on_drop: false }`
[INFO] [stderr]     Finished `release` profile [optimized] target(s) in 0.11s
[INFO] [stderr]      Running unittests src/lib.rs (/opt/rustwide/target/release/build/ape/8a0356e71756ddeb/out/ape-8a0356e71756ddeb)
[INFO] [stdout] 
[INFO] [stdout] running 206 tests
[INFO] [stdout] test canon::tests::admission::propagates_a_structural_rejection_from_the_axiom ... ok
[INFO] [stdout] test canon::tests::admission::admits_events_extending_the_chain ... ok
[INFO] [stdout] test canon::tests::admission::re_admitting_the_same_event_fact_is_idempotent ... ok
[INFO] [stdout] test canon::tests::admission::refuses_a_back_dated_eligibility_declaration ... ok
[INFO] [stdout] test canon::tests::admission::admits_a_later_eligibility_for_the_same_agent ... ok
[INFO] [stdout] test canon::tests::admission::admits_a_valid_commitment_and_is_idempotent ... ok
[INFO] [stdout] test canon::tests::admission::refuses_knowledge_back_dated_into_an_instant_already_recorded ... ok
[INFO] [stdout] test canon::tests::admission::admits_an_eligibility_declared_effective_in_the_future ... ok
[INFO] [stdout] test canon::tests::envelope::an_eligibility_may_be_recorded_before_it_takes_effect ... ok
[INFO] [stdout] test canon::tests::admission::re_declaring_the_same_eligibility_is_idempotent ... ok
[INFO] [stdout] test canon::tests::admission::rejects_a_conflicting_eligibility_at_the_same_instant ... ok
[INFO] [stdout] test canon::tests::admission::rejects_a_conflicting_settlement_of_an_already_settled_commitment ... ok
[INFO] [stdout] test engine::hermeneia::tests::chain::a_cancelled_dependency_makes_the_path_below_it_unrealizable ... ok
[INFO] [stdout] test engine::hermeneia::tests::chain::a_fulfilled_dependency_leaves_the_path_realizable ... ok
[INFO] [stdout] test engine::hermeneia::tests::chain::a_commitment_fulfilled_despite_a_cancelled_dependency_is_not_doomed ... ok
[INFO] [stdout] test canon::tests::envelope::an_event_recorded_before_it_occurred_is_rejected ... ok
[INFO] [stdout] test engine::hermeneia::tests::chain::a_deadline_is_breached_only_once_it_has_elapsed ... ok
[INFO] [stdout] test engine::hermeneia::tests::chain::a_selection_missing_a_dependency_cannot_be_interpreted ... ok
[INFO] [stdout] test engine::hermeneia::tests::chain::cancelling_a_dependency_also_clears_it_for_its_dependent ... ok
[INFO] [stdout] test engine::hermeneia::tests::chain::fulfilling_a_dependency_clears_it_for_its_dependent_but_not_the_next ... ok
[INFO] [stdout] test engine::hermeneia::tests::chain::an_unsettled_dependency_is_pending_for_its_dependent ... ok
[INFO] [stdout] test engine::hermeneia::tests::chain::an_event_settling_an_unselected_commitment_is_refused ... ok
[INFO] [stdout] test canon::tests::envelope::a_commitment_recorded_before_it_was_committed_is_rejected ... ok
[INFO] [stdout] test engine::hermeneia::tests::chain::one_commitment_cannot_be_settled_twice ... ok
[INFO] [stdout] test engine::hermeneia::tests::chain::settling_ends_the_timeliness_question ... ok
[INFO] [stdout] test engine::hermeneia::tests::chain::the_same_knowledge_at_two_instants_differs_only_in_timeliness ... ok
[INFO] [stdout] test engine::hermeneia::tests::chain::unrealizability_does_not_travel_past_a_fulfilled_commitment ... ok
[INFO] [stdout] test engine::hermeneia::tests::continuity::a_fresh_accumulation_cannot_begin_mid_chain ... ok
[INFO] [stdout] test engine::hermeneia::tests::continuity::a_result_carries_the_context_that_produced_it ... ok
[INFO] [stdout] test engine::hermeneia::tests::continuity::a_segment_already_absorbed_cannot_be_absorbed_again ... ok
[INFO] [stdout] test engine::hermeneia::tests::continuity::a_segment_from_another_history_is_refused ... ok
[INFO] [stdout] test engine::hermeneia::tests::continuity::a_segment_that_skips_an_event_is_refused ... ok
[INFO] [stdout] test engine::hermeneia::tests::continuity::absorbing_a_segment_advances_the_accumulations_coordinate ... ok
[INFO] [stdout] test engine::hermeneia::tests::continuity::two_hypotheses_over_one_accumulation_stay_told_apart ... ok
[INFO] [stdout] test engine::hermeneia::tests::levels::a_cancelled_movement_never_lands ... ok
[INFO] [stdout] test engine::hermeneia::tests::levels::a_decreasing_effect_moves_the_level_the_other_way ... ok
[INFO] [stdout] test engine::hermeneia::tests::levels::an_open_commitment_behind_a_cancelled_dependency_precedes_any_level ... ok
[INFO] [stdout] test engine::hermeneia::tests::levels::a_discrete_commitment_moves_no_level ... ok
[INFO] [stdout] test engine::hermeneia::tests::levels::movements_that_together_leave_the_bounds_are_reported ... ok
[INFO] [stdout] test engine::hermeneia::tests::levels::movements_that_together_fit_report_nothing ... ok
[INFO] [stdout] test engine::hermeneia::tests::punctuality::a_cancelled_dependency_is_reported_as_doom_rather_than_disorder ... ok
[INFO] [stdout] test engine::hermeneia::tests::levels::a_fulfilled_movement_counts_like_an_assumed_one ... ok
[INFO] [stdout] test engine::hermeneia::tests::levels::counts_that_do_not_fit::a_magnitude_past_the_signed_range_cannot_move_a_level ... ok
[INFO] [stdout] test engine::hermeneia::tests::punctuality::a_dependency_fulfilled_early_resolves_an_inverted_deadline ... ok
[INFO] [stdout] test engine::hermeneia::tests::punctuality::ordering_the_deadlines_correctly_leaves_nothing_to_report ... ok
[INFO] [stdout] test engine::hermeneia::tests::levels::counts_that_do_not_fit::a_sum_past_the_signed_range_is_refused_rather_than_wrapped ... ok
[INFO] [stdout] test engine::hermeneia::tests::punctuality::a_dependency_due_after_its_dependent_cannot_be_realized_punctually ... ok
[INFO] [stdout] test engine::hermeneia::tests::punctuality::the_contradiction_is_reported_even_though_every_level_fits ... ok
[INFO] [stdout] test engine::hermeneia::tests::refusal::a_failed_absorption_does_not_change_the_accumulation ... ok
[INFO] [stdout] test engine::hermeneia::tests::refusal::a_duplicate_settlement_does_not_replace_the_original ... ok
[INFO] [stdout] test engine::hermeneia::tests::punctuality::a_dependency_observed_after_its_dependents_deadline_violates_it_too ... ok
[INFO] [stdout] test engine::hermeneia::tests::refusal::an_invalid_event_leaves_no_new_selection_behind ... ok
[INFO] [stdout] test engine::hermeneia::tests::resumption::folding_in_pieces_equals_folding_at_once ... ok
[INFO] [stdout] test engine::hermeneia::tests::resumption::interpreting_a_checkpoint_leaves_it_reusable ... ok
[INFO] [stdout] test engine::hermeneia::tests::resumption::the_order_of_the_selection_does_not_change_the_result ... ok
[INFO] [stdout] test engine::hermeneia::tests::sequence::a_breach_that_outlives_its_date_is_seen_by_both_readings ... ok
[INFO] [stdout] test engine::hermeneia::tests::sequence::a_cancelled_movement_never_enters_the_sequence ... ok
[INFO] [stdout] test engine::hermeneia::tests::sequence::a_group_too_large_to_decide_is_refused_rather_than_approximated ... ok
[INFO] [stdout] test engine::hermeneia::tests::sequence::an_excursion_inside_one_date_is_seen_by_one_reading_and_not_the_other ... ok
[INFO] [stdout] test engine::hermeneia::tests::sequence::a_same_day_dependency_excludes_the_arrangements_it_forbids ... ok
[INFO] [stdout] test engine::hermeneia::tests::sequence::a_sequence_that_ends_within_bounds_can_still_breach_along_the_way ... ok
[INFO] [stdout] test engine::hermeneia::tests::punctuality::a_fulfilled_dependent_is_not_declared_unrealizable_punctually ... ok
[INFO] [stdout] test engine::hermeneia::tests::sequence::a_settled_movement_lands_where_it_was_observed ... ok
[INFO] [stdout] test engine::hermeneia::tests::sequence::ordering_the_same_movements_removes_the_breach ... ok
[INFO] [stdout] test engine::hermeneia::tests::sequence::simultaneous_movements_are_judged_by_every_arrangement ... ok
[INFO] [stdout] test engine::hermeneia::tests::sequence::without_the_dependency_the_same_two_movements_do_breach ... ok
[INFO] [stdout] test engine::hermeneia::tests::sequence::the_net_reading_answers_where_the_arrangement_reading_refuses ... ok
[INFO] [stdout] test engine::synthesis::tests::base::a_source_absent_from_the_archive_is_refused ... ok
[INFO] [stdout] test engine::synthesis::tests::base::a_base_the_source_does_not_descend_from_is_incoherent ... ok
[INFO] [stdout] test engine::synthesis::tests::base::a_base_the_target_does_not_descend_from_is_incoherent ... ok
[INFO] [stdout] test engine::synthesis::tests::base::a_common_ancestor_of_both_is_coherent ... ok
[INFO] [stdout] test engine::synthesis::tests::candidate::an_empty_transfer_leaves_the_target_as_it_was ... ok
[INFO] [stdout] test engine::synthesis::tests::candidate::an_introduction_lands_in_the_open_future ... ok
[INFO] [stdout] test engine::synthesis::tests::candidate::removing_a_frozen_commitment_is_not_expressible_in_the_candidate ... ok
[INFO] [stdout] test engine::synthesis::tests::candidate::the_candidate_inherits_the_targets_frozen_past ... ok
[INFO] [stdout] test engine::synthesis::tests::base::a_base_absent_from_the_archive_is_incoherent ... ok
[INFO] [stdout] test engine::synthesis::tests::candidate::the_candidate_is_the_target_with_the_transfer_applied ... ok
[INFO] [stdout] test engine::synthesis::tests::base::a_base_equal_to_either_side_stays_coherent ... ok
[INFO] [stdout] test engine::synthesis::tests::conflict::a_frozen_removal_still_reports_what_it_would_strand ... ok
[INFO] [stdout] test engine::synthesis::tests::conflict::an_applicable_transfer_breaks_nothing ... ok
[INFO] [stdout] test engine::synthesis::tests::conflict::conflicts_come_back_in_the_declared_order ... ok
[INFO] [stdout] test engine::synthesis::tests::conflict::introducing_what_the_target_could_not_have_known_is_refused ... ok
[INFO] [stdout] test engine::synthesis::tests::conflict::introducing_without_a_dependency_the_target_never_had_is_missing ... ok
[INFO] [stdout] test engine::synthesis::tests::conflict::the_two_dependency_conflicts_are_told_apart_by_the_target ... ok
[INFO] [stdout] test engine::synthesis::tests::conflict::removing_a_dependency_the_target_came_to_need_is_a_breakage ... ok
[INFO] [stdout] test engine::synthesis::tests::conflict::removing_what_the_targets_history_froze_is_refused ... ok
[INFO] [stdout] test engine::synthesis::tests::difference::a_commitment_frozen_in_the_source_is_not_an_omission ... ok
[INFO] [stdout] test engine::synthesis::tests::difference::a_commitment_imposed_by_advancement_is_not_an_introduction ... ok
[INFO] [stdout] test engine::synthesis::tests::difference::a_thesis_differs_in_nothing_from_itself ... ok
[INFO] [stdout] test engine::synthesis::tests::difference::dropping_an_open_commitment_is_an_omission ... ok
[INFO] [stdout] test engine::synthesis::tests::difference::omission_and_introduction_carry_no_correspondence ... ok
[INFO] [stdout] test engine::synthesis::tests::orchestrator::a_thesis_the_archive_does_not_hold_is_refused ... ok
[INFO] [stdout] test engine::synthesis::tests::orchestrator::a_transfer_against_an_invariant_is_conflicted ... ok
[INFO] [stdout] test engine::synthesis::tests::orchestrator::a_transfer_the_target_already_contains_is_already_applied ... ok
[INFO] [stdout] test engine::synthesis::tests::transfer::a_partly_idempotent_transfer_keeps_what_is_left ... ok
[INFO] [stdout] test engine::synthesis::tests::orchestrator::the_same_trio_produces_the_same_report ... ok
[INFO] [stdout] test engine::synthesis::tests::transfer::an_effective_change_is_carried_through ... ok
[INFO] [stdout] test engine::synthesis::tests::transfer::introducing_what_the_target_already_selects_requires_no_introduction ... ok
[INFO] [stdout] test engine::synthesis::tests::difference::what_both_select_is_not_transferred ... ok
[INFO] [stdout] test engine::synthesis::tests::transfer::omitting_what_the_target_already_dropped_requires_no_removal ... ok
[INFO] [stdout] test engine::synthesis::tests::transfer::introducing_what_the_target_froze_requires_no_introduction ... ok
[INFO] [stdout] test engine::synthesis::tests::orchestrator::an_effective_transfer_with_nothing_against_it_is_applicable ... ok
[INFO] [stdout] test engine::thesis::tests::advancement::a_finer_cut_may_advance_within_the_same_instant ... ok
[INFO] [stdout] test engine::thesis::tests::advancement::advancement_spans_every_event_of_the_segment ... ok
[INFO] [stdout] test engine::synthesis::tests::orchestrator::an_incoherent_base_is_refused_rather_than_reported ... ok
[INFO] [stdout] test engine::synthesis::tests::transfer::omitting_what_the_target_froze_still_resolves_to_a_removal ... ok
[INFO] [stdout] test engine::thesis::tests::advancement::advancing_the_head_reads_the_new_segment_only ... ok
[INFO] [stdout] test engine::thesis::tests::advancement::a_commitment_admitted_between_cuts_enters_by_decision_and_not_by_advancement ... ok
[INFO] [stdout] test engine::thesis::tests::advancement::a_head_preceding_the_recognized_one_is_refused ... ok
[INFO] [stdout] test engine::thesis::tests::advancement::advancing_to_the_recognized_cut_is_refused ... ok
[INFO] [stdout] test engine::thesis::tests::advancement::an_earlier_instant_is_refused ... ok
[INFO] [stdout] test engine::thesis::tests::advancement::an_imposed_commitment_arrives_with_its_ancestors ... ok
[INFO] [stdout] test engine::thesis::tests::advancement::a_selected_commitment_moves_from_the_open_future_into_the_frozen_past ... ok
[INFO] [stdout] test engine::thesis::tests::advancement::imposition_is_what_the_parent_never_selected ... ok
[INFO] [stdout] test engine::thesis::tests::advancement::knowledge_grows_then_intention_changes ... ok
[INFO] [stdout] test engine::thesis::tests::advancement::knowledge_may_advance_while_the_head_holds ... ok
[INFO] [stdout] test engine::thesis::tests::advancement::what_advancement_froze_can_no_longer_be_omitted ... ok
[INFO] [stdout] test engine::thesis::tests::cut::a_finer_cut_cannot_reopen_an_event_group_from_an_earlier_instant ... ok
[INFO] [stdout] test engine::thesis::tests::advancement::what_history_settled_outside_the_parent_is_reported_as_imposed ... ok
[INFO] [stdout] test engine::thesis::tests::archive::the_in_memory_archive_conforms ... ok
[INFO] [stdout] test engine::thesis::tests::cut::a_head_within_the_instants_group_is_a_finer_cut ... ok
[INFO] [stdout] test engine::thesis::tests::cut::a_detached_event_of_the_same_instant_is_not_a_valid_finer_cut ... ok
[INFO] [stdout] test engine::thesis::tests::cut::the_instant_alone_changes_identity ... ok
[INFO] [stdout] test engine::thesis::tests::fork::a_different_parent_yields_a_different_identity ... ok
[INFO] [stdout] test engine::thesis::tests::cut::a_head_absent_from_history_is_refused ... ok
[INFO] [stdout] test engine::thesis::tests::fork::a_fork_that_would_select_what_its_parent_selects_is_refused ... ok
[INFO] [stdout] test engine::thesis::tests::cut::a_head_preceding_the_instants_group_is_refused ... ok
[INFO] [stdout] test engine::thesis::tests::cut::an_instant_addresses_the_chain_that_was_current_at_it ... ok
[INFO] [stdout] test engine::thesis::tests::fork::a_fork_inherits_the_cut_and_the_frozen_region ... ok
[INFO] [stdout] test engine::thesis::tests::fork::identity_follows_meaning_and_not_the_order_it_was_asked_in ... ok
[INFO] [stdout] test engine::thesis::tests::fork::introducing_a_commitment_whose_dependency_is_unselected_is_refused ... ok
[INFO] [stdout] test engine::thesis::tests::fork::introducing_an_already_frozen_commitment_leaves_the_partition_disjoint ... ok
[INFO] [stdout] test engine::thesis::tests::fork::omitting_and_introducing_the_same_commitment_is_refused ... ok
[INFO] [stdout] test engine::thesis::tests::fork::an_open_commitment_may_be_omitted ... ok
[INFO] [stdout] test engine::thesis::tests::fork::omitting_something_absent_alongside_something_open_is_a_fork ... ok
[INFO] [stdout] test engine::thesis::tests::fork::omitting_what_a_retained_commitment_depends_on_is_refused ... ok
[INFO] [stdout] test engine::thesis::tests::fork::the_frozen_past_may_not_be_omitted ... ok
[INFO] [stdout] test engine::thesis::tests::genesis::a_commitment_recorded_after_the_cut_is_refused ... ok
[INFO] [stdout] test engine::thesis::tests::genesis::a_chain_with_a_missing_link_is_refused ... ok
[INFO] [stdout] test engine::thesis::tests::genesis::a_genesis_at_an_advanced_head_absorbs_what_history_settled ... ok
[INFO] [stdout] test engine::thesis::tests::fork::a_replacement_omits_and_introduces_together ... ok
[INFO] [stdout] test engine::thesis::tests::cut::a_head_recorded_after_the_instant_is_refused ... ok
[INFO] [stdout] test engine::thesis::tests::genesis::the_ancestors_of_a_settled_commitment_are_frozen_with_it ... ok
[INFO] [stdout] test engine::thesis::tests::identity::a_fork_identity_is_unchanged ... ok
[INFO] [stdout] test engine::thesis::tests::fork::introducing_a_commitment_recorded_after_the_cut_is_refused ... ok
[INFO] [stdout] test engine::thesis::tests::genesis::a_selection_omitting_a_dependency_is_refused ... ok
[INFO] [stdout] test engine::thesis::tests::genesis::an_empty_history_freezes_nothing ... ok
[INFO] [stdout] test engine::thesis::tests::genesis::an_unadmitted_commitment_is_refused ... ok
[INFO] [stdout] test engine::thesis::tests::identity::a_genesis_identity_is_unchanged ... ok
[INFO] [stdout] test engine::thesis::tests::lineage::an_absent_ancestor_is_answered_rather_than_refused ... ok
[INFO] [stdout] test engine::thesis::tests::lineage::a_child_descends_from_every_ancestor_and_from_no_descendant ... ok
[INFO] [stdout] test engine::thesis::tests::lineage::a_thesis_descends_from_itself ... ok
[INFO] [stdout] test engine::thesis::tests::lineage::an_absent_starting_thesis_is_refused ... ok
[INFO] [stdout] test engine::thesis::tests::projection::a_chain_of_another_reach_of_history_interprets_nothing ... ok
[INFO] [stdout] test engine::thesis::tests::projection::a_thesis_recognizing_no_event_interprets_none ... ok
[INFO] [stdout] test engine::thesis::tests::projection::an_event_beyond_the_recognized_head_is_refused ... ok
[INFO] [stdout] test engine::thesis::tests::lineage::unrelated_lineages_descend_from_nothing_in_common ... ok
[INFO] [stdout] test engine::thesis::tests::lineage::diverging_branches_share_an_ancestor_without_descending_from_each_other ... ok
[INFO] [stdout] test engine::thesis::tests::projection::a_chain_short_of_the_recognized_head_interprets_nothing ... ok
[INFO] [stdout] test kernel::axiom::tests::commitment::rejects_commitment_with_instance_of_another_resource ... ok
[INFO] [stdout] test engine::thesis::tests::projection::a_thesis_interprets_a_settlement_it_never_intended ... ok
[INFO] [stdout] test engine::thesis::tests::projection::every_derivation_interprets_the_chain_its_cut_recognizes ... ok
[INFO] [stdout] test engine::thesis::tests::projection::the_ancestry_answers_what_was_intended_earlier ... ok
[INFO] [stdout] test kernel::axiom::tests::commitment::accountable_needs_no_role_only_existence ... ok
[INFO] [stdout] test kernel::axiom::tests::commitment::rejects_commitment_with_unknown_dependency ... ok
[INFO] [stdout] test kernel::axiom::tests::commitment::rejects_discrete_commitment_carrying_a_value ... ok
[INFO] [stdout] test kernel::axiom::tests::eligibility::a_later_empty_assignment_withdraws_eligibility ... ok
[INFO] [stdout] test kernel::axiom::tests::eligibility::a_tie_on_effective_from_resolves_by_id_deterministically ... ok
[INFO] [stdout] test kernel::axiom::tests::commitment::accepts_a_consistent_discrete_commitment ... ok
[INFO] [stdout] test kernel::axiom::tests::eligibility::a_withdrawal_after_committed_at_does_not_apply_retroactively ... ok
[INFO] [stdout] test kernel::axiom::tests::eligibility::accepts_a_valid_eligibility_assignment ... ok
[INFO] [stdout] test kernel::axiom::tests::eligibility::rejects_eligibility_assignment_for_unknown_role ... ok
[INFO] [stdout] test kernel::axiom::tests::eligibility::rejects_executor_without_eligibility_for_an_actor_role ... ok
[INFO] [stdout] test kernel::axiom::tests::event::accepts_a_recognized_event_and_rejects_an_unrecognized_one ... ok
[INFO] [stdout] test kernel::axiom::tests::structure::rejects_action_kind_not_matching_resource_kind ... ok
[INFO] [stdout] test kernel::axiom::tests::eligibility::accepts_an_empty_eligibility_assignment_as_a_withdrawal ... ok
[INFO] [stdout] test kernel::axiom::tests::eligibility::eligibility_recorded_after_committed_at_is_not_yet_in_effect ... ok
[INFO] [stdout] test kernel::axiom::tests::structure::rejects_action_on_missing_resource ... ok
[INFO] [stdout] test kernel::axiom::tests::eligibility::an_assignment_carrying_several_roles_satisfies_any_of_them ... ok
[INFO] [stdout] test kernel::axiom::tests::eligibility::eligibility_takes_effect_on_its_own_effective_from ... ok
[INFO] [stdout] test kernel::axiom::tests::structure::rejects_statement_referencing_unknown_action ... ok
[INFO] [stdout] test kernel::value_objects::action::tests::value_accepts_a_positive_count ... ok
[INFO] [stdout] test kernel::value_objects::agent::tests::assignment_requires_executors_and_beneficiaries ... ok
[INFO] [stdout] test kernel::value_objects::agent::tests::participants_require_both_sides_non_empty ... ok
[INFO] [stdout] test kernel::value_objects::agent::tests::set_semantics_are_order_and_duplicate_independent ... ok
[INFO] [stdout] test kernel::value_objects::date::tests::contributes_its_padded_iso_string_to_an_id ... ok
[INFO] [stdout] test kernel::value_objects::date::tests::normalizes_non_padded_input ... ok
[INFO] [stdout] test kernel::value_objects::date::tests::serializes_to_padded_iso ... ok
[INFO] [stdout] test kernel::value_objects::date::tests::within_is_half_open ... ok
[INFO] [stdout] test kernel::value_objects::identifier::tests::accepts_and_trims ... ok
[INFO] [stdout] test kernel::entities::identification::tests::the_identity_derivation_is_unchanged ... ok
[INFO] [stdout] test kernel::value_objects::action::tests::none_carries_no_value ... ok
[INFO] [stdout] test kernel::value_objects::resource::tests::accepts_a_range_and_a_degenerate_one ... ok
[INFO] [stdout] test kernel::value_objects::resource::tests::check_evaluates_bounds ... ok
[INFO] [stdout] test kernel::value_objects::resource::tests::each_predicate_answers_at_its_bound ... ok
[INFO] [stdout] test kernel::value_objects::resource::tests::rejects_inverted_range ... ok
[INFO] [stdout] test kernel::value_objects::settlement::tests::observation_requires_non_blank_name ... ok
[INFO] [stdout] test kernel::value_objects::settlement::tests::settlement_membership_is_set_based ... ok
[INFO] [stdout] test kernel::value_objects::settlement::tests::settlement_requires_both_sides_non_empty ... ok
[INFO] [stdout] test kernel::value_objects::term::tests::accepts_committed_before_or_on_due ... ok
[INFO] [stdout] test kernel::value_objects::term::tests::rejects_committed_after_due ... ok
[INFO] [stdout] test kernel::axiom::tests::eligibility::rejects_eligibility_assignment_for_unknown_agent ... ok
[INFO] [stdout] test kernel::value_objects::action::tests::value_rejects_zero ... ok
[INFO] [stdout] test kernel::value_objects::identifier::tests::rejects_blank ... ok
[INFO] [stdout] test canon::tests::concurrent::concurrent_settlement_of_one_commitment_settles_it_once ... ok
[INFO] [stdout] test canon::tests::concurrent::the_in_memory_history_conforms ... ok
[INFO] [stderr]      Running unittests src/lib.rs (/opt/rustwide/target/release/build/ape-agents/55c81f098fae085d/out/ape_agents-55c81f098fae085d)
[INFO] [stdout] 
[INFO] [stdout] test result: ok. 206 passed; 0 failed; 0 ignored; 0 measured; 0 filtered out; finished in 0.72s
[INFO] [stdout] 
[INFO] [stdout] 
[INFO] [stdout] running 0 tests
[INFO] [stdout] 
[INFO] [stdout] test result: ok. 0 passed; 0 failed; 0 ignored; 0 measured; 0 filtered out; finished in 0.00s
[INFO] [stdout] 
[INFO] [stderr]      Running unittests src/bin/found.rs (/opt/rustwide/target/release/build/ape-agents/2cfd7816b6f1e93f/out/found-2cfd7816b6f1e93f)
[INFO] [stdout] 
[INFO] [stdout] running 0 tests
[INFO] [stdout] 
[INFO] [stdout] test result: ok. 0 passed; 0 failed; 0 ignored; 0 measured; 0 filtered out; finished in 0.00s
[INFO] [stdout] 
[INFO] [stderr]      Running unittests src/bin/parted.rs (/opt/rustwide/target/release/build/ape-agents/6196081dd1c3ae6b/out/parted-6196081dd1c3ae6b)
[INFO] [stdout] 
[INFO] [stderr]      Running unittests src/bin/staged.rs (/opt/rustwide/target/release/build/ape-agents/d84e36b4b38cb43f/out/staged-d84e36b4b38cb43f)
[INFO] [stdout] running 0 tests
[INFO] [stderr]      Running tests/coordination.rs (/opt/rustwide/target/release/build/ape-agents/f81b2f74544a4656/out/coordination-f81b2f74544a4656)
[INFO] [stdout] 
[INFO] [stdout] test result: ok. 0 passed; 0 failed; 0 ignored; 0 measured; 0 filtered out; finished in 0.00s
[INFO] [stdout] 
[INFO] [stdout] 
[INFO] [stdout] running 0 tests
[INFO] [stdout] 
[INFO] [stdout] test result: ok. 0 passed; 0 failed; 0 ignored; 0 measured; 0 filtered out; finished in 0.00s
[INFO] [stdout] 
[INFO] [stdout] 
[INFO] [stdout] running 4 tests
[INFO] [stdout] test the_base_admits_two_independent_lines ... ok
[INFO] [stderr]      Running tests/hindsight.rs (/opt/rustwide/target/release/build/ape-agents/0e2be58a01899912/out/hindsight-0e2be58a01899912)
[INFO] [stdout] test the_base_is_the_only_thing_decided_and_it_claims_nobody ... ok
[INFO] [stdout] test the_base_holds_one_settled_fact_and_one_open_intention ... ok
[INFO] [stdout] test the_base_is_an_ancestor_of_nothing_yet ... ok
[INFO] [stdout] 
[INFO] [stdout] test result: ok. 4 passed; 0 failed; 0 ignored; 0 measured; 0 filtered out; finished in 0.00s
[INFO] [stdout] 
[INFO] [stdout] 
[INFO] [stdout] running 8 tests
[INFO] [stdout] test the_genesis_cut_cannot_be_rebuilt_today ... ok
[INFO] [stdout] test a_cut_on_a_day_nothing_followed_is_still_constructible ... ok
[INFO] [stderr]      Running tests/merge.rs (/opt/rustwide/target/release/build/ape-agents/f5250330ed5d3127/out/merge-f5250330ed5d3127)
[INFO] [stdout] test every_decision_names_a_journal_entry_that_exists ... ok
[INFO] [stdout] test the_decision_still_reads_clean ... ok
[INFO] [stdout] test the_world_that_knows_the_obligation_is_short ... ok
[INFO] [stdout] test the_obligation_is_out_of_reach_of_the_decision_instant ... ok
[INFO] [stdout] test walking_the_lineage_reaches_both_candidates ... ok
[INFO] [stdout] test the_same_sequence_produces_the_same_worlds ... ok
[INFO] [stdout] 
[INFO] [stdout] test result: ok. 8 passed; 0 failed; 0 ignored; 0 measured; 0 filtered out; finished in 0.00s
[INFO] [stdout] 
[INFO] [stdout] 
[INFO] [stdout] running 7 tests
[INFO] [stdout] test a_report_cannot_be_asked_before_the_other_party_converges ... ok
[INFO] [stdout] test the_two_parties_produced_two_lines_from_one_base ... ok
[INFO] [stdout] test a_second_party_cannot_write_what_it_read_the_base_as ... ok
[INFO] [stdout] test the_repair_runs_only_in_the_order_the_dates_impose ... ok
[INFO] [stderr]      Running tests/narrative_a.rs (/opt/rustwide/target/release/build/ape-agents/1a2efbf9e83f7e05/out/narrative_a-1a2efbf9e83f7e05)
[INFO] [stdout] test applying_the_transfer_yields_a_world_that_holds_both_intentions ... ok
[INFO] [stdout] test one_repository_holds_both_lines ... ok
[INFO] [stdout] test synthesis_answers_one_direction_and_refuses_the_other ... ok
[INFO] [stdout] 
[INFO] [stdout] test result: ok. 7 passed; 0 failed; 0 ignored; 0 measured; 0 filtered out; finished in 0.01s
[INFO] [stdout] 
[INFO] [stdout] 
[INFO] [stdout] running 7 tests
[INFO] [stdout] test claim_cancelling_is_what_removes_the_movement ... ok
[INFO] [stdout] test claim_a_penalty_above_seventy_would_have_sunk_the_other_path_too ... ok
[INFO] [stdout] test claim_omitting_was_available_until_the_cancellation_was_admitted ... ok
[INFO] [stdout] test claim_the_money_is_a_movement_of_something_selected_not_a_stored_balance ... ok
[INFO] [stdout] test claim_only_one_candidate_is_selected_is_contradicted ... ok
[INFO] [stdout] test claim_the_undertaken_arrangement_leaves_seventy_and_conflicts_with_nothing ... ok
[INFO] [stdout] test claim_the_wanted_arrangement_is_refused_under_every_hypothesis ... ok
[INFO] [stdout] 
[INFO] [stdout] test result: ok. 7 passed; 0 failed; 0 ignored; 0 measured; 0 filtered out; finished in 0.01s
[INFO] [stdout] 
[INFO] [stderr]      Running tests/narrative_b.rs (/opt/rustwide/target/release/build/ape-agents/9f534bd644f0483d/out/narrative_b-9f534bd644f0483d)
[INFO] [stdout] 
[INFO] [stdout] running 8 tests
[INFO] [stdout] test claim_nothing_was_forced_is_not_what_the_empty_imposed_set_shows ... ok
[INFO] [stdout] test claim_exactly_two_facts_were_ever_recorded ... ok
[INFO] [stdout] test claim_the_breach_is_minus_twenty_under_all_three_ways_of_asking ... ok
[INFO] [stdout] test claim_the_hundred_is_intact_and_nothing_is_late ... ok
[INFO] [stdout] test claim_the_warning_was_available_three_days_earlier ... ok
[INFO] [stdout] test claim_twenty_is_the_minimum_that_works ... ok
[INFO] [stdout] test claim_all_four_ways_out_clear_the_floor ... ok
[INFO] [stdout] test claim_nothing_entered_the_plan_that_was_not_chosen ... ok
[INFO] [stdout] 
[INFO] [stdout] test result: ok. 8 passed; 0 failed; 0 ignored; 0 measured; 0 filtered out; finished in 0.01s
[INFO] [stdout] 
[INFO] [stderr]      Running tests/run_01.rs (/opt/rustwide/target/release/build/ape-agents/4ef7dc2d7b090e8d/out/run_01-4ef7dc2d7b090e8d)
[INFO] [stdout] 
[INFO] [stdout] running 4 tests
[INFO] [stdout] test the_refused_intention_can_no_longer_be_dropped ... ok
[INFO] [stdout] test phase_6_the_decision_reads_the_same_after_knowledge_moved ... ok
[INFO] [stdout] test phase_3_records_how_the_decision_read_when_it_was_taken ... ok
[INFO] [stdout] test the_same_commitment_reads_innocent_under_a_later_cut ... ok
[INFO] [stdout] 
[INFO] [stdout] test result: ok. 4 passed; 0 failed; 0 ignored; 0 measured; 0 filtered out; finished in 0.01s
[INFO] [stdout] 
[INFO] [stdout] 
[INFO] [stderr]      Running tests/world.rs (/opt/rustwide/target/release/build/ape-agents/c351bbd3f0903d98/out/world-c351bbd3f0903d98)
[INFO] [stdout] running 2 tests
[INFO] [stdout] test the_engine_tells_the_two_options_apart ... ok
[INFO] [stdout] test the_settled_past_arrives_without_being_selected ... ok
[INFO] [stderr]      Running tests/world_changed.rs (/opt/rustwide/target/release/build/ape-agents/7782aa231e1c6f53/out/world_changed-7782aa231e1c6f53)
[INFO] [stdout] 
[INFO] [stdout] test result: ok. 2 passed; 0 failed; 0 ignored; 0 measured; 0 filtered out; finished in 0.00s
[INFO] [stdout] 
[INFO] [stdout] 
[INFO] [stdout] running 5 tests
[INFO] [stdout] test the_same_choice_in_a_changed_world_is_a_different_commitment ... ok
[INFO] [stdout] test the_standing_arrangement_is_still_the_one_the_objectives_assume ... ok
[INFO] [stdout] test carrying_the_fee_where_the_slot_was_dropped_is_missing_rather_than_broken ... ok
[INFO] [stdout] test standing_the_slot_down_strands_the_fee_that_hangs_off_it ... ok
[INFO] [stdout] test the_reserve_makes_the_merged_world_unrealizable_and_the_report_applicable ... ok
[INFO] [stdout] 
[INFO] [stdout] test result: ok. 5 passed; 0 failed; 0 ignored; 0 measured; 0 filtered out; finished in 0.01s
[INFO] [stdout] 
[INFO] [stderr]      Running unittests src/lib.rs (/opt/rustwide/target/release/build/ape-cli/d31ec996948fb172/out/ape_cli-d31ec996948fb172)
[INFO] [stdout] 
[INFO] [stdout] running 5 tests
[INFO] [stdout] test lineage::tests::an_empty_witness_falls_on_the_side_arithmetic_puts_it ... ok
[INFO] [stdout] test converge::tests::two_journals_that_diverge_at_the_first_entry_can_share_everything_else ... ok
[INFO] [stdout] test reading::tests::a_reading_reports_the_world_its_witness_records ... ok
[INFO] [stdout] test lineage::tests::how_much_of_a_witness_a_journal_offers_is_what_separates_the_two_faults ... ok
[INFO] [stderr]      Running unittests src/main.rs (/opt/rustwide/target/release/build/ape-cli/f3667e3362bbb276/out/ape_cli-f3667e3362bbb276)
[INFO] [stdout] test converge::tests::what_two_journals_share_does_not_depend_on_which_is_asked_first ... ok
[INFO] [stdout] 
[INFO] [stdout] test result: ok. 5 passed; 0 failed; 0 ignored; 0 measured; 0 filtered out; finished in 0.00s
[INFO] [stdout] 
[INFO] [stderr]      Running tests/conformance.rs (/opt/rustwide/target/release/build/ape-cli/985cec496cd9a4bd/out/conformance-985cec496cd9a4bd)
[INFO] [stdout] 
[INFO] [stdout] running 0 tests
[INFO] [stdout] 
[INFO] [stdout] test result: ok. 0 passed; 0 failed; 0 ignored; 0 measured; 0 filtered out; finished in 0.00s
[INFO] [stdout] 
[INFO] [stdout] 
[INFO] [stdout] running 2 tests
[INFO] [stdout] test resident_history_conforms ... ok
[INFO] [stdout] test resident_archive_conforms ... ok
[INFO] [stderr]      Running tests/pedigree.rs (/opt/rustwide/target/release/build/ape-cli/aeea037e7f72687d/out/pedigree-aeea037e7f72687d)
[INFO] [stdout] 
[INFO] [stdout] test result: ok. 2 passed; 0 failed; 0 ignored; 0 measured; 0 filtered out; finished in 0.00s
[INFO] [stdout] 
[INFO] [stdout] 
[INFO] [stdout] running 4 tests
[INFO] [stdout] test the_checker_refuses_a_confirmed_claim_against_a_refuted_result ... ok
[INFO] [stdout] test the_rows_hold_no_experiment_name_in_common ... ok
[INFO] [stdout] test nothing_is_in_the_application_without_an_experiment_that_earned_it ... ok
[INFO] [stdout] test every_result_document_states_a_verdict ... ok
[INFO] [stderr]      Running unittests src/lib.rs (/opt/rustwide/target/release/build/ape-frontier/9d34961484923f41/out/ape_frontier-9d34961484923f41)
[INFO] [stdout] 
[INFO] [stdout] test result: ok. 4 passed; 0 failed; 0 ignored; 0 measured; 0 filtered out; finished in 0.01s
[INFO] [stdout] 
[INFO] [stdout] 
[INFO] [stdout] running 0 tests
[INFO] [stdout] 
[INFO] [stdout] test result: ok. 0 passed; 0 failed; 0 ignored; 0 measured; 0 filtered out; finished in 0.00s
[INFO] [stdout] 
[INFO] [stderr]      Running tests/assimilation.rs (/opt/rustwide/target/release/build/ape-frontier/b978ce2981a7bd9a/out/assimilation-b978ce2981a7bd9a)
[INFO] [stdout] 
[INFO] [stdout] running 22 tests
[INFO] [stdout] test a_record_that_already_held_the_knowledge_arrives_there_without_retaking ... ok
[INFO] [stdout] test copying_their_instants_is_refused_only_where_this_record_is_ahead ... ok
[INFO] [stdout] test a_retaken_genesis_cannot_keep_the_instant_the_original_named ... ok
[INFO] [stdout] test a_foreign_intention_becomes_a_decision_this_record_takes ... ok
[INFO] [stdout] test both_degenerate_records_are_producible ... ok
[INFO] [stdout] test each_record_answers_what_the_arrangement_names ... ok
[INFO] [stdout] test a_retaken_world_is_never_a_world_the_other_record_decided ... ok
[INFO] [stdout] test eight_families_cross_by_identity_and_the_event_does_not ... ok
[INFO] [stdout] test the_operation_a_caller_reaches_for_says_how_much_was_takeable ... ok
[INFO] [stdout] test into_an_unbranched_record_the_event_crosses_too ... ok
[INFO] [stdout] test the_two_records_share_the_base_and_two_entries_after_it ... ok
[INFO] [stdout] test the_entries_a_record_lacks_admit_at_its_own_instant ... ok
[INFO] [stdout] test the_report_is_composable_from_what_the_application_already_offers ... ok
[INFO] [stdout] test what_one_record_lacks_of_the_other_covers_every_family ... ok
[INFO] [stdout] test what_survives_being_retaken_and_what_does_not ... ok
[INFO] [stdout] test the_decider_is_the_one_field_that_could_cross_and_it_would_be_false ... ok
[INFO] [stdout] test what_to_learn_discriminates_and_what_to_decide_does_not ... ok
[INFO] [stdout] test the_witness_it_writes_is_its_own_prefix ... ok
[INFO] [stdout] test the_arrangement_is_what_the_subject_says_it_is ... ok
[INFO] [stdout] test what_the_report_says_to_each_of_the_three_receivers ... ok
[INFO] [stdout] test what_two_records_can_do_today ... ok
[INFO] [stdout] test every_state_is_put_to_the_three_guards ... ok
[INFO] [stdout] 
[INFO] [stdout] test result: ok. 22 passed; 0 failed; 0 ignored; 0 measured; 0 filtered out; finished in 0.06s
[INFO] [stdout] 
[INFO] [stderr]      Running tests/atomicity.rs (/opt/rustwide/target/release/build/ape-frontier/0a99f4e4624e0abf/out/atomicity-0a99f4e4624e0abf)
[INFO] [stdout] 
[INFO] [stdout] running 10 tests
[INFO] [stdout] test phase_0_what_the_whole_repository_answers ... ok
[INFO] [stdout] test phase_1_interrupt_after_the_journal ... ok
[INFO] [stdout] test phase_2_interrupt_after_the_lineage ... ok
[INFO] [stdout] test a_write_that_reached_every_file_is_the_finished_commit ... ok
[INFO] [stdout] test the_appended_entry_is_the_last_one_the_commit_admitted ... ok
[INFO] [stdout] test a_lineage_whose_journal_never_arrived_is_refused_at_the_entry ... ok
[INFO] [stdout] test phase_4_the_same_prefixes_in_every_other_order ... ok
[INFO] [stdout] test phase_6_a_write_that_is_whole ... ok
[INFO] [stdout] test phase_3_what_is_left_of_what_was_there ... ok
[INFO] [stderr]      Running tests/collision.rs (/opt/rustwide/target/release/build/ape-frontier/41f66c602ac9364b/out/collision-41f66c602ac9364b)
[INFO] [stdout] test a_refusal_says_nothing_about_what_survived ... ok
[INFO] [stdout] 
[INFO] [stdout] test result: ok. 10 passed; 0 failed; 0 ignored; 0 measured; 0 filtered out; finished in 0.10s
[INFO] [stdout] 
[INFO] [stdout] 
[INFO] [stdout] running 8 tests
[INFO] [stdout] test the_natural_merge_is_refused_one_layer_down ... ok
[INFO] [stdout] test phase_2_the_base_nobody_copied ... ok
[INFO] [stdout] test phase_4_what_a_worlds_identity_does_not_pin ... ok
[INFO] [stdout] test phase_0_what_each_repository_answers_alone ... ok
[INFO] [stdout] test phase_5_what_the_application_can_express ... ok
[INFO] [stdout] test phase_3_one_decision_taken_twice ... ok
[INFO] [stdout] test phase_1_the_probe_in_three_relations ... ok
[INFO] [stdout] test phase_1_extending_is_the_case_the_merge_was_built_for ... ok
[INFO] [stdout] 
[INFO] [stdout] test result: ok. 8 passed; 0 failed; 0 ignored; 0 measured; 0 filtered out; finished in 0.05s
[INFO] [stdout] 
[INFO] [stderr]      Running tests/commensurability.rs (/opt/rustwide/target/release/build/ape-frontier/7c689c67be752615/out/commensurability-7c689c67be752615)
[INFO] [stdout] 
[INFO] [stdout] running 13 tests
[INFO] [stdout] test the_event_drags_a_commitment_into_a_world_that_never_selected_it ... ok
[INFO] [stdout] test no_closure_over_the_receiving_record_can_see_an_insertion ... ok
[INFO] [stdout] test the_agreed_world_is_held_twice_because_two_records_of_one_decision_are_two_facts ... ok
[INFO] [stdout] test the_claim_is_derivable_and_tells_the_two_insertions_apart ... ok
[INFO] [stdout] test a_partial_meeting_carries_every_decision_the_union_leaves_unchanged ... ok
[INFO] [stdout] test each_record_alone_answers_what_the_arrangement_says ... ok
[INFO] [stdout] test the_union_with_both_lineages_is_refused_by_the_witness ... ok
[INFO] [stdout] test the_witness_never_admits_a_changed_world_and_refuses_unchanged_ones ... ok
[INFO] [stdout] test the_two_records_share_a_base_by_content_and_a_world_by_identity ... ok
[INFO] [stdout] test the_record_whose_knowledge_is_dated_later_is_the_one_that_loses_a_world ... ok
[INFO] [stdout] test the_union_of_the_two_journals_admits ... ok
[INFO] [stdout] test the_meeting_is_refused_at_the_first_entry_the_two_do_not_share ... ok
[INFO] [stdout] test a_partial_meeting_produces_a_record_that_refuses_itself ... ok
[INFO] [stderr]      Running tests/contention.rs (/opt/rustwide/target/release/build/ape-frontier/b75bb23d578b7421/out/contention-b75bb23d578b7421)
[INFO] [stdout] 
[INFO] [stdout] test result: ok. 13 passed; 0 failed; 0 ignored; 0 measured; 0 filtered out; finished in 0.03s
[INFO] [stdout] 
[INFO] [stdout] 
[INFO] [stdout] running 13 tests
[INFO] [stdout] test phase_2_two_prepares_choose_one_generation ... ok
[INFO] [stdout] test a_writer_that_read_afterwards_carries_the_other_line_with_it ... ok
[INFO] [stdout] test phase_2_a_whole_write_loses_the_other_line_and_says_nothing ... ok
[INFO] [stdout] test phase_0_what_the_base_answers_and_what_each_party_would ... ok
[INFO] [stdout] test phase_1_serialized_the_second_party_reads_what_the_first_left ... ok
[INFO] [stdout] test a_stale_writer_is_still_not_something_a_write_can_see ... ok
[INFO] [stdout] test a_turn_cannot_publish_a_state_that_was_already_replaced ... ok
[INFO] [stdout] test phase_2_interleaved_the_second_write_is_refused_at_the_entry ... ok
[INFO] [stdout] test through_the_merge_no_ordering_of_two_writers_loses_a_line ... ok
[INFO] [stdout] test phase_3_every_interleaving_the_two_operations_admit ... ok
[INFO] [stdout] test phase_7_a_write_that_compares_before_it_swaps ... ok
[INFO] [stdout] test phase_5_what_is_left_of_the_losing_party ... ok
[INFO] [stdout] test phase_4_the_finer_grain_and_whether_it_is_a_new_failure ... ok
[INFO] [stderr]      Running tests/convergence.rs (/opt/rustwide/target/release/build/ape-frontier/4dcc00498480f010/out/convergence-4dcc00498480f010)
[INFO] [stdout] 
[INFO] [stdout] test result: ok. 13 passed; 0 failed; 0 ignored; 0 measured; 0 filtered out; finished in 0.23s
[INFO] [stdout] 
[INFO] [stdout] 
[INFO] [stdout] running 9 tests
[INFO] [stdout] test a_decision_extending_a_sibling_is_not_the_same_decision ... ok
[INFO] [stdout] test phase_3_synthesize ... ok
[INFO] [stdout] test phase_6_compare ... FAILED
[INFO] [stdout] test phase_5_terminate ... FAILED
[INFO] [stdout] test phase_7_apply ... FAILED
[INFO] [stdout] test phase_2_diverge ... ok
[INFO] [stdout] test phase_1_branch ... ok
[INFO] [stdout] test phase_4_persist ... ok
[INFO] [stdout] test every_persisted_derivation_is_weighed ... ok
[INFO] [stdout] 
[INFO] [stdout] failures:
[INFO] [stdout] 
[INFO] [stdout] ---- phase_6_compare stdout ----
[INFO] [stdout] 
[INFO] [stdout] thread 'phase_6_compare' (4070) panicked at lab/frontier/tests/convergence.rs:946:10:
[INFO] [stdout] the binary runs: Os { code: 2, kind: NotFound, message: "No such file or directory" }
[INFO] [stdout] stack backtrace:
[INFO] [stdout]    0:     0x61ee2f62a371 - <<std[617be2ca0a6fd877]::sys::backtrace::BacktraceLock>::print::DisplayBacktrace as core[a373ad73a504971]::fmt::Display>::fmt
[INFO] [stdout]    1:     0x61ee2f6405ea - core[a373ad73a504971]::fmt::write
[INFO] [stdout]    2:     0x61ee2f62e7ec - <alloc[2e1b2a31b91974c5]::vec::Vec<u8> as core[a373ad73a504971]::io::write::Write>::write_fmt
[INFO] [stdout]    3:     0x61ee2f604fc6 - std[617be2ca0a6fd877]::panicking::default_hook::{closure#0}
[INFO] [stdout]    4:     0x61ee2f621de9 - std[617be2ca0a6fd877]::panicking::default_hook
[INFO] [stdout]    5:     0x61ee2f4e88a0 - test[aada8e7e76ba119b]::test_main_inner::{closure#0}
[INFO] [stdout]    6:     0x61ee2f621fa2 - std[617be2ca0a6fd877]::panicking::panic_with_hook
[INFO] [stdout]    7:     0x61ee2f605072 - std[617be2ca0a6fd877]::panicking::panic_handler::{closure#0}
[INFO] [stdout]    8:     0x61ee2f5fdad9 - std[617be2ca0a6fd877]::sys::backtrace::__rust_end_short_backtrace::<std[617be2ca0a6fd877]::panicking::panic_handler::{closure#0}, !>
[INFO] [stdout]    9:     0x61ee2f605c7d - __rustc[ea4f61d10b84890b]::rust_begin_unwind
[INFO] [stdout]   10:     0x61ee2f640d1c - core[a373ad73a504971]::panicking::panic_fmt
[INFO] [stdout]   11:     0x61ee2f640af2 - core[a373ad73a504971]::result::unwrap_failed
[INFO] [stdout]   12:     0x61ee2f4858d1 - convergence[f2b6157c3fec46e9]::transfer_in_fresh_process
[INFO] [stdout]   13:     0x61ee2f483c03 - convergence[f2b6157c3fec46e9]::phase_6_compare::{closure#0}
[INFO] [stdout]   14:     0x61ee2f48f2b9 - <convergence[f2b6157c3fec46e9]::phase_6_compare::{closure#0} as core[a373ad73a504971]::ops::function::FnOnce<()>>::call_once
[INFO] [stdout]   15:     0x61ee2f4dbceb - test[aada8e7e76ba119b]::__rust_begin_short_backtrace::<core[a373ad73a504971]::result::Result<(), alloc[2e1b2a31b91974c5]::string::String>, fn() -> core[a373ad73a504971]::result::Result<(), alloc[2e1b2a31b91974c5]::string::String>>
[INFO] [stdout]   16:     0x61ee2f4e8ec5 - test[aada8e7e76ba119b]::run_test::{closure#0}
[INFO] [stdout]   17:     0x61ee2f4e27b4 - std[617be2ca0a6fd877]::sys::backtrace::__rust_begin_short_backtrace::<test[aada8e7e76ba119b]::run_test::{closure#1}, ()>
[INFO] [stdout]   18:     0x61ee2f4ebf52 - <std[617be2ca0a6fd877]::thread::lifecycle::spawn_unchecked<test[aada8e7e76ba119b]::run_test::{closure#1}, ()>::{closure#1} as core[a373ad73a504971]::ops::function::FnOnce<()>>::call_once::{shim:vtable#0}
[INFO] [stdout]   19:     0x61ee2f62968f - <std[617be2ca0a6fd877]::sys::thread::unix::Thread>::new::thread_start
[INFO] [stdout]   20:     0x76fe62943dfa - <unknown>
[INFO] [stdout]   21:     0x76fe629d73d4 - clone
[INFO] [stdout]   22:                0x0 - <unknown>
[INFO] [stdout] 
[INFO] [stdout] ---- phase_5_terminate stdout ----
[INFO] [stdout] 
[INFO] [stdout] thread 'phase_5_terminate' (4069) panicked at lab/frontier/tests/convergence.rs:808:10:
[INFO] [stdout] the binary runs: Os { code: 2, kind: NotFound, message: "No such file or directory" }
[INFO] [stdout] stack backtrace:
[INFO] [stdout]    0:     0x61ee2f62a371 - <<std[617be2ca0a6fd877]::sys::backtrace::BacktraceLock>::print::DisplayBacktrace as core[a373ad73a504971]::fmt::Display>::fmt
[INFO] [stdout]    1:     0x61ee2f6405ea - core[a373ad73a504971]::fmt::write
[INFO] [stdout]    2:     0x61ee2f62e7ec - <alloc[2e1b2a31b91974c5]::vec::Vec<u8> as core[a373ad73a504971]::io::write::Write>::write_fmt
[INFO] [stdout]    3:     0x61ee2f604fc6 - std[617be2ca0a6fd877]::panicking::default_hook::{closure#0}
[INFO] [stdout]    4:     0x61ee2f621de9 - std[617be2ca0a6fd877]::panicking::default_hook
[INFO] [stdout]    5:     0x61ee2f4e88a0 - test[aada8e7e76ba119b]::test_main_inner::{closure#0}
[INFO] [stdout]    6:     0x61ee2f621fa2 - std[617be2ca0a6fd877]::panicking::panic_with_hook
[INFO] [stdout]    7:     0x61ee2f605072 - std[617be2ca0a6fd877]::panicking::panic_handler::{closure#0}
[INFO] [stdout]    8:     0x61ee2f5fdad9 - std[617be2ca0a6fd877]::sys::backtrace::__rust_end_short_backtrace::<std[617be2ca0a6fd877]::panicking::panic_handler::{closure#0}, !>
[INFO] [stdout]    9:     0x61ee2f605c7d - __rustc[ea4f61d10b84890b]::rust_begin_unwind
[INFO] [stdout]   10:     0x61ee2f640d1c - core[a373ad73a504971]::panicking::panic_fmt
[INFO] [stdout]   11:     0x61ee2f640af2 - core[a373ad73a504971]::result::unwrap_failed
[INFO] [stdout]   12:     0x61ee2f48573f - convergence[f2b6157c3fec46e9]::rebuild_in_fresh_process
[INFO] [stdout]   13:     0x61ee2f49018b - <convergence[f2b6157c3fec46e9]::phase_5_terminate::{closure#0} as core[a373ad73a504971]::ops::function::FnOnce<()>>::call_once
[INFO] [stdout]   14:     0x61ee2f4dbceb - test[aada8e7e76ba119b]::__rust_begin_short_backtrace::<core[a373ad73a504971]::result::Result<(), alloc[2e1b2a31b91974c5]::string::String>, fn() -> core[a373ad73a504971]::result::Result<(), alloc[2e1b2a31b91974c5]::string::String>>
[INFO] [stdout]   15:     0x61ee2f4e8ec5 - test[aada8e7e76ba119b]::run_test::{closure#0}
[INFO] [stdout]   16:     0x61ee2f4e27b4 - std[617be2ca0a6fd877]::sys::backtrace::__rust_begin_short_backtrace::<test[aada8e7e76ba119b]::run_test::{closure#1}, ()>
[INFO] [stdout]   17:     0x61ee2f4ebf52 - <std[617be2ca0a6fd877]::thread::lifecycle::spawn_unchecked<test[aada8e7e76ba119b]::run_test::{closure#1}, ()>::{closure#1} as core[a373ad73a504971]::ops::function::FnOnce<()>>::call_once::{shim:vtable#0}
[INFO] [stdout]   18:     0x61ee2f62968f - <std[617be2ca0a6fd877]::sys::thread::unix::Thread>::new::thread_start
[INFO] [stdout]   19:     0x76fe62943dfa - <unknown>
[INFO] [stdout]   20:     0x76fe629d73d4 - clone
[INFO] [stdout]   21:                0x0 - <unknown>
[INFO] [stdout] 
[INFO] [stdout] ---- phase_7_apply stdout ----
[INFO] [stdout] 
[INFO] [stdout] thread 'phase_7_apply' (4071) panicked at lab/frontier/tests/convergence.rs:808:10:
[INFO] [stdout] the binary runs: Os { code: 2, kind: NotFound, message: "No such file or directory" }
[INFO] [stdout] stack backtrace:
[INFO] [stdout]    0:     0x61ee2f62a371 - <<std[617be2ca0a6fd877]::sys::backtrace::BacktraceLock>::print::DisplayBacktrace as core[a373ad73a504971]::fmt::Display>::fmt
[INFO] [stdout]    1:     0x61ee2f6405ea - core[a373ad73a504971]::fmt::write
[INFO] [stdout]    2:     0x61ee2f62e7ec - <alloc[2e1b2a31b91974c5]::vec::Vec<u8> as core[a373ad73a504971]::io::write::Write>::write_fmt
[INFO] [stdout]    3:     0x61ee2f604fc6 - std[617be2ca0a6fd877]::panicking::default_hook::{closure#0}
[INFO] [stdout]    4:     0x61ee2f621de9 - std[617be2ca0a6fd877]::panicking::default_hook
[INFO] [stdout]    5:     0x61ee2f4e88a0 - test[aada8e7e76ba119b]::test_main_inner::{closure#0}
[INFO] [stdout]    6:     0x61ee2f621fa2 - std[617be2ca0a6fd877]::panicking::panic_with_hook
[INFO] [stdout]    7:     0x61ee2f605072 - std[617be2ca0a6fd877]::panicking::panic_handler::{closure#0}
[INFO] [stdout]    8:     0x61ee2f5fdad9 - std[617be2ca0a6fd877]::sys::backtrace::__rust_end_short_backtrace::<std[617be2ca0a6fd877]::panicking::panic_handler::{closure#0}, !>
[INFO] [stdout]    9:     0x61ee2f605c7d - __rustc[ea4f61d10b84890b]::rust_begin_unwind
[INFO] [stdout]   10:     0x61ee2f640d1c - core[a373ad73a504971]::panicking::panic_fmt
[INFO] [stdout]   11:     0x61ee2f640af2 - core[a373ad73a504971]::result::unwrap_failed
[INFO] [stdout]   12:     0x61ee2f48573f - convergence[f2b6157c3fec46e9]::rebuild_in_fresh_process
[INFO] [stdout]   13:     0x61ee2f48922b - <convergence[f2b6157c3fec46e9]::phase_7_apply::{closure#0} as core[a373ad73a504971]::ops::function::FnOnce<()>>::call_once
[INFO] [stdout]   14:     0x61ee2f4dbceb - test[aada8e7e76ba119b]::__rust_begin_short_backtrace::<core[a373ad73a504971]::result::Result<(), alloc[2e1b2a31b91974c5]::string::String>, fn() -> core[a373ad73a504971]::result::Result<(), alloc[2e1b2a31b91974c5]::string::String>>
[INFO] [stdout]   15:     0x61ee2f4e8ec5 - test[aada8e7e76ba119b]::run_test::{closure#0}
[INFO] [stdout]   16:     0x61ee2f4e27b4 - std[617be2ca0a6fd877]::sys::backtrace::__rust_begin_short_backtrace::<test[aada8e7e76ba119b]::run_test::{closure#1}, ()>
[INFO] [stdout]   17:     0x61ee2f4ebf52 - <std[617be2ca0a6fd877]::thread::lifecycle::spawn_unchecked<test[aada8e7e76ba119b]::run_test::{closure#1}, ()>::{closure#1} as core[a373ad73a504971]::ops::function::FnOnce<()>>::call_once::{shim:vtable#0}
[INFO] [stdout]   18:     0x61ee2f62968f - <std[617be2ca0a6fd877]::sys::thread::unix::Thread>::new::thread_start
[INFO] [stdout]   19:     0x76fe62943dfa - <unknown>
[INFO] [stdout]   20:     0x76fe629d73d4 - clone
[INFO] [stdout]   21:                0x0 - <unknown>
[INFO] [stdout] 
[INFO] [stdout] 
[INFO] [stdout] failures:
[INFO] [stdout]     phase_5_terminate
[INFO] [stdout]     phase_6_compare
[INFO] [stdout]     phase_7_apply
[INFO] [stdout] 
[INFO] [stdout] test result: FAILED. 6 passed; 3 failed; 0 ignored; 0 measured; 0 filtered out; finished in 0.04s
[INFO] [stdout] 
[INFO] [stderr] error: test failed, to rerun pass `-p ape-frontier --test convergence`
[INFO] running `Command { std: "docker" "inspect" "56aa53931581c4e9cebbf3af1cade94d3b0f1ab6cc9d42918c3d0cd692b865e5", kill_on_drop: false }`
[INFO] running `Command { std: "docker" "rm" "-f" "56aa53931581c4e9cebbf3af1cade94d3b0f1ab6cc9d42918c3d0cd692b865e5", kill_on_drop: false }`
[INFO] [stdout] 56aa53931581c4e9cebbf3af1cade94d3b0f1ab6cc9d42918c3d0cd692b865e5
