[INFO] cloning repository https://github.com/mystico53/gdcli
[INFO] running `Command { std: "git" "-c" "credential.helper=" "-c" "credential.helper=/workspace/cargo-home/bin/git-credential-null" "clone" "--bare" "https://github.com/mystico53/gdcli" "/workspace/cache/git-repos/https%3A%2F%2Fgithub.com%2Fmystico53%2Fgdcli", kill_on_drop: false }`
[INFO] [stderr] Cloning into bare repository '/workspace/cache/git-repos/https%3A%2F%2Fgithub.com%2Fmystico53%2Fgdcli'...
[INFO] running `Command { std: "git" "rev-parse" "HEAD", kill_on_drop: false }`
[INFO] [stdout] 748ba1678124f3149c6e06c32c95356085fb5ec4
[INFO] testing mystico53/gdcli against 1.100.0-beta.1+cargoflags=--release for beta-release-1.100-2
[INFO] running `Command { std: "git" "clone" "/workspace/cache/git-repos/https%3A%2F%2Fgithub.com%2Fmystico53%2Fgdcli" "/workspace/builds/worker-1-tc2/source", kill_on_drop: false }`
[INFO] [stderr] Cloning into '/workspace/builds/worker-1-tc2/source'...
[INFO] [stderr] done.
[INFO] started tweaking git repo https://github.com/mystico53/gdcli
[INFO] finished tweaking git repo https://github.com/mystico53/gdcli
[INFO] tweaked toml for git repo https://github.com/mystico53/gdcli written to /workspace/builds/worker-1-tc2/source/Cargo.toml
[INFO] validating manifest of git repo https://github.com/mystico53/gdcli on toolchain 1.100.0-beta.1
[INFO] running `Command { std: CARGO_HOME="/workspace/cargo-home" RUSTUP_HOME="/workspace/rustup-home" "/workspace/cargo-home/bin/cargo" "+1.100.0-beta.1" "metadata" "--manifest-path" "Cargo.toml" "--no-deps", kill_on_drop: false }`
[INFO] crate git repo https://github.com/mystico53/gdcli already has a lockfile, it will not be regenerated
[INFO] running `Command { std: CARGO_HOME="/workspace/cargo-home" RUSTUP_HOME="/workspace/rustup-home" "/workspace/cargo-home/bin/cargo" "+1.100.0-beta.1" "fetch" "--manifest-path" "Cargo.toml", kill_on_drop: false }`
[INFO] [stderr] warning: `package.homepage` is redundant with `package.repository`
[INFO] [stderr]   --> Cargo.toml:21:12
[INFO] [stderr]    |
[INFO] [stderr] 21 | homepage = "https://github.com/mystico53/gdcli"
[INFO] [stderr]    |            ^^^^^^^^^^^^^^^^^^^^^^^^^^^^^^^^^^^^
[INFO] [stderr] ...
[INFO] [stderr] 26 | repository = "https://github.com/mystico53/gdcli"
[INFO] [stderr]    |              ------------------------------------
[INFO] [stderr]    |
[INFO] [stderr]    = note: `cargo::redundant_homepage` is set to `warn` by default
[INFO] [stderr] help: consider removing `package.homepage`
[INFO] [stderr] warning: `gdcli` (manifest) generated 1 warning
[INFO] running `Command { std: "docker" "create" "-v" "/var/lib/crater-agent-workspace/builds/worker-1-tc2/source:/opt/rustwide/workdir:ro,Z" "-v" "/var/lib/crater-agent-workspace/builds/worker-1-tc2/target:/opt/rustwide/target:rw,Z" "-v" "/var/lib/crater-agent-workspace/cargo-home:/opt/rustwide/cargo-home:ro,Z" "-v" "/var/lib/crater-agent-workspace/rustup-home:/opt/rustwide/rustup-home:ro,Z" "-m" "1610612736" "--network" "none" "ghcr.io/rust-lang/crates-build-env/linux@sha256:77db811e55d90add9212f6832c23229e3de5f1c1f9905e8cb07319ea15df73ac" "sleep" "infinity", kill_on_drop: false }`
[INFO] [stdout] 893a8bba077a62840ddc4905242a4e06f64bcf3b207968855adea88aac20ec4e
[INFO] running `Command { std: "docker" "start" "893a8bba077a62840ddc4905242a4e06f64bcf3b207968855adea88aac20ec4e", kill_on_drop: false }`
[INFO] running `Command { std: "docker" "inspect" "893a8bba077a62840ddc4905242a4e06f64bcf3b207968855adea88aac20ec4e", kill_on_drop: false }`
[INFO] running `Command { std: "docker" "exec" "-e" "SOURCE_DIR=/opt/rustwide/workdir" "-e" "CARGO_HOME=/opt/rustwide/cargo-home" "-e" "RUSTUP_HOME=/opt/rustwide/rustup-home" "-e" "CARGO_TARGET_DIR=/opt/rustwide/target" "-w" "/opt/rustwide/workdir" "--user" "0:0" "893a8bba077a62840ddc4905242a4e06f64bcf3b207968855adea88aac20ec4e" "/opt/rustwide/cargo-home/bin/cargo" "+1.100.0-beta.1" "metadata" "--no-deps" "--format-version=1", kill_on_drop: false }`
[INFO] running `Command { std: "docker" "inspect" "893a8bba077a62840ddc4905242a4e06f64bcf3b207968855adea88aac20ec4e", kill_on_drop: false }`
[INFO] running `Command { std: "docker" "exec" "-e" "SOURCE_DIR=/opt/rustwide/workdir" "-e" "CARGO_HOME=/opt/rustwide/cargo-home" "-e" "RUSTUP_HOME=/opt/rustwide/rustup-home" "-e" "CARGO_TARGET_DIR=/opt/rustwide/target" "-e" "CARGO_INCREMENTAL=0" "-e" "RUST_BACKTRACE=full" "-e" "RUSTFLAGS=--cap-lints=warn" "-e" "RUSTDOCFLAGS=--cap-lints=warn" "-w" "/opt/rustwide/workdir" "--user" "0:0" "893a8bba077a62840ddc4905242a4e06f64bcf3b207968855adea88aac20ec4e" "/opt/rustwide/cargo-home/bin/cargo" "+1.100.0-beta.1" "build" "--frozen" "--message-format=json" "--release", kill_on_drop: false }`
[INFO] [stderr] warning: `package.homepage` is redundant with `package.repository`
[INFO] [stderr]   --> Cargo.toml:21:12
[INFO] [stderr]    |
[INFO] [stderr] 21 | homepage = "https://github.com/mystico53/gdcli"
[INFO] [stderr]    |            ^^^^^^^^^^^^^^^^^^^^^^^^^^^^^^^^^^^^
[INFO] [stderr] ...
[INFO] [stderr] 26 | repository = "https://github.com/mystico53/gdcli"
[INFO] [stderr]    |              ------------------------------------
[INFO] [stderr]    |
[INFO] [stderr]    = note: `cargo::redundant_homepage` is set to `warn` by default
[INFO] [stderr] help: consider removing `package.homepage`
[INFO] [stderr] warning: `gdcli` (manifest) generated 1 warning
[INFO] [stderr]    Compiling libc v0.2.182
[INFO] [stderr]    Compiling rustix v0.38.44
[INFO] [stderr]    Compiling zmij v1.0.21
[INFO] [stderr]    Compiling linux-raw-sys v0.4.15
[INFO] [stderr]    Compiling anstream v0.6.21
[INFO] [stderr]    Compiling serde_json v1.0.149
[INFO] [stderr]    Compiling clap_lex v1.0.0
[INFO] [stderr]    Compiling memchr v2.8.0
[INFO] [stderr]    Compiling bitflags v2.11.0
[INFO] [stderr]    Compiling clap_builder v4.5.60
[INFO] [stderr]    Compiling clap_derive v4.5.55
[INFO] [stderr]    Compiling serde_derive v1.0.228
[INFO] [stderr]    Compiling itoa v1.0.17
[INFO] [stderr]    Compiling home v0.5.12
[INFO] [stderr]    Compiling either v1.15.0
[INFO] [stderr]    Compiling quick-xml v0.37.5
[INFO] [stderr]    Compiling wait-timeout v0.2.1
[INFO] [stderr]    Compiling colored v2.2.0
[INFO] [stderr]    Compiling which v6.0.3
[INFO] [stderr]    Compiling serde v1.0.228
[INFO] [stderr]    Compiling clap v4.5.60
[INFO] [stderr]    Compiling gdcli v0.2.2 (/opt/rustwide/workdir)
[INFO] [stderr]     Finished `release` profile [optimized] target(s) in 58.29s
[INFO] running `Command { std: "docker" "inspect" "893a8bba077a62840ddc4905242a4e06f64bcf3b207968855adea88aac20ec4e", kill_on_drop: false }`
[INFO] running `Command { std: "docker" "exec" "-e" "SOURCE_DIR=/opt/rustwide/workdir" "-e" "CARGO_HOME=/opt/rustwide/cargo-home" "-e" "RUSTUP_HOME=/opt/rustwide/rustup-home" "-e" "CARGO_TARGET_DIR=/opt/rustwide/target" "-e" "CARGO_INCREMENTAL=0" "-e" "RUST_BACKTRACE=full" "-e" "RUSTFLAGS=--cap-lints=warn" "-e" "RUSTDOCFLAGS=--cap-lints=warn" "-w" "/opt/rustwide/workdir" "--user" "0:0" "893a8bba077a62840ddc4905242a4e06f64bcf3b207968855adea88aac20ec4e" "/opt/rustwide/cargo-home/bin/cargo" "+1.100.0-beta.1" "test" "--frozen" "--no-run" "--message-format=json" "--release", kill_on_drop: false }`
[INFO] [stderr] warning: `package.homepage` is redundant with `package.repository`
[INFO] [stderr]   --> Cargo.toml:21:12
[INFO] [stderr]    |
[INFO] [stderr] 21 | homepage = "https://github.com/mystico53/gdcli"
[INFO] [stderr]    |            ^^^^^^^^^^^^^^^^^^^^^^^^^^^^^^^^^^^^
[INFO] [stderr] ...
[INFO] [stderr] 26 | repository = "https://github.com/mystico53/gdcli"
[INFO] [stderr]    |              ------------------------------------
[INFO] [stderr]    |
[INFO] [stderr]    = note: `cargo::redundant_homepage` is set to `warn` by default
[INFO] [stderr] help: consider removing `package.homepage`
[INFO] [stderr] warning: `gdcli` (manifest) generated 1 warning
[INFO] [stderr]    Compiling gdcli v0.2.2 (/opt/rustwide/workdir)
[INFO] [stderr]     Finished `release` profile [optimized] target(s) in 24.68s
[INFO] running `Command { std: "docker" "inspect" "893a8bba077a62840ddc4905242a4e06f64bcf3b207968855adea88aac20ec4e", kill_on_drop: false }`
[INFO] running `Command { std: "docker" "exec" "-e" "SOURCE_DIR=/opt/rustwide/workdir" "-e" "CARGO_HOME=/opt/rustwide/cargo-home" "-e" "RUSTUP_HOME=/opt/rustwide/rustup-home" "-e" "CARGO_TARGET_DIR=/opt/rustwide/target" "-e" "CARGO_INCREMENTAL=0" "-e" "RUST_BACKTRACE=full" "-e" "RUSTFLAGS=--cap-lints=warn" "-e" "RUSTDOCFLAGS=--cap-lints=warn" "-w" "/opt/rustwide/workdir" "--user" "0:0" "893a8bba077a62840ddc4905242a4e06f64bcf3b207968855adea88aac20ec4e" "/opt/rustwide/cargo-home/bin/cargo" "+1.100.0-beta.1" "test" "--frozen" "--release", kill_on_drop: false }`
[INFO] [stderr] warning: `package.homepage` is redundant with `package.repository`
[INFO] [stderr]   --> Cargo.toml:21:12
[INFO] [stderr]    |
[INFO] [stderr] 21 | homepage = "https://github.com/mystico53/gdcli"
[INFO] [stderr]    |            ^^^^^^^^^^^^^^^^^^^^^^^^^^^^^^^^^^^^
[INFO] [stderr] ...
[INFO] [stderr] 26 | repository = "https://github.com/mystico53/gdcli"
[INFO] [stderr]    |              ------------------------------------
[INFO] [stderr]    |
[INFO] [stderr]    = note: `cargo::redundant_homepage` is set to `warn` by default
[INFO] [stderr] help: consider removing `package.homepage`
[INFO] [stderr] warning: `gdcli` (manifest) generated 1 warning
[INFO] [stderr]     Finished `release` profile [optimized] target(s) in 0.10s
[INFO] [stderr]      Running unittests src/lib.rs (/opt/rustwide/target/release/build/gdcli/8626c5a7078f84f6/out/gdcli-8626c5a7078f84f6)
[INFO] [stdout] 
[INFO] [stdout] running 27 tests
[INFO] [stdout] test scene_parser::tests::test_add_connection_to_file ... ok
[INFO] [stdout] test scene_parser::tests::test_edit_node_property_existing ... ok
[INFO] [stdout] test scene_parser::tests::test_add_ext_resource_to_file ... ok
[INFO] [stdout] test scene_parser::tests::test_add_instance_node ... ok
[INFO] [stdout] test scene_parser::tests::test_format_prop_value ... ok
[INFO] [stdout] test scene_parser::tests::test_add_connection_nested_node ... ok
[INFO] [stdout] test scene_parser::tests::test_extract_ext_resource_ref ... ok
[INFO] [stdout] test scene_parser::tests::test_extract_quoted_attr ... ok
[INFO] [stdout] test scene_parser::tests::test_filename_to_node_name ... ok
[INFO] [stdout] test scene_parser::tests::test_edit_node_property_nonexistent_node ... ok
[INFO] [stdout] test scene_parser::tests::test_edit_node_property_new ... ok
[INFO] [stdout] test scene_parser::tests::test_edit_sub_resource_property ... ok
[INFO] [stdout] test scene_parser::tests::test_parent_path_for ... ok
[INFO] [stdout] test scene_parser::tests::test_parse_instance_node ... ok
[INFO] [stdout] test scene_parser::tests::test_infer_resource_type ... ok
[INFO] [stdout] test scene_parser::tests::test_parse_sub_resource_properties ... ok
[INFO] [stdout] test scene_parser::tests::test_generate_minimal_scene ... ok
[INFO] [stdout] test scene_parser::tests::test_generate_minimal_scene_with_script ... ok
[INFO] [stdout] test scene_parser::tests::test_generate_uid ... ok
[INFO] [stdout] test scene_parser::tests::test_parse_node_properties ... ok
[INFO] [stdout] test scene_parser::tests::test_parse_simple_scene ... ok
[INFO] [stderr]      Running unittests src/main.rs (/opt/rustwide/target/release/build/gdcli/9eb2e56a1a3a8944/out/gdcli-9eb2e56a1a3a8944)
[INFO] [stdout] test scene_parser::tests::test_remove_root_node_fails ... ok
[INFO] [stdout] test scene_parser::tests::test_write_scene_roundtrip ... ok
[INFO] [stdout] test scene_parser::tests::test_write_scene_roundtrip_exact ... ok
[INFO] [stdout] test scene_parser::tests::test_write_scene_with_sub_resources ... ok
[INFO] [stdout] test scene_parser::tests::test_remove_node_and_children ... ok
[INFO] [stdout] test scene_parser::tests::test_remove_connection_from_file ... ok
[INFO] [stdout] 
[INFO] [stdout] test result: ok. 27 passed; 0 failed; 0 ignored; 0 measured; 0 filtered out; finished in 0.02s
[INFO] [stdout] 
[INFO] [stdout] 
[INFO] [stdout] running 47 tests
[INFO] [stdout] test docs_parser::tests::test_format_method_sig ... ok
[INFO] [stdout] test errors::tests::test_parse_script_error_no_match ... ok
[INFO] [stdout] test errors::tests::test_script_errors_ignores_noise ... ok
[INFO] [stdout] test mcp::tests::test_initialize_response ... ok
[INFO] [stdout] test mcp::tests::test_tools_call_missing_name ... ok
[INFO] [stdout] test mcp::tests::test_tools_call_unknown_tool ... ok
[INFO] [stdout] test docs_parser::tests::test_clean_description ... ok
[INFO] [stdout] test mcp::tests::test_tools_list_has_24_tools ... ok
[INFO] [stdout] test errors::tests::test_parse_multiple_script_errors ... ok
[INFO] [stdout] test errors::tests::test_parse_script_error_block ... ok
[INFO] [stdout] test docs_parser::tests::test_parse_simple_class ... ok
[INFO] [stdout] test mcp::tests::test_ping_response ... ok
[INFO] [stdout] test project_util::tests::test_find_project_root_from_file ... ok
[INFO] [stdout] test project_util::tests::test_strip_res_prefix ... ok
[INFO] [stdout] test mcp::tests::test_unknown_method ... ok
[INFO] [stdout] test scene_parser::tests::test_add_connection_to_file ... ok
[INFO] [stdout] test project_util::tests::test_find_project_root_direct ... ok
[INFO] [stdout] test scene_parser::tests::test_edit_node_property_nonexistent_node ... ok
[INFO] [stdout] test scene_parser::tests::test_add_instance_node ... ok
[INFO] [stdout] test scene_parser::tests::test_add_ext_resource_to_file ... ok
[INFO] [stdout] test project_util::tests::test_find_project_root_from_subdir ... ok
[INFO] [stdout] test project_util::tests::test_find_project_root_not_found ... ok
[INFO] [stdout] test scene_parser::tests::test_extract_ext_resource_ref ... ok
[INFO] [stdout] test scene_parser::tests::test_extract_quoted_attr ... ok
[INFO] [stdout] test scene_parser::tests::test_filename_to_node_name ... ok
[INFO] [stdout] test scene_parser::tests::test_edit_sub_resource_property ... ok
[INFO] [stdout] test scene_parser::tests::test_infer_resource_type ... ok
[INFO] [stdout] test scene_parser::tests::test_generate_minimal_scene_with_script ... ok
[INFO] [stdout] test scene_parser::tests::test_generate_uid ... ok
[INFO] [stdout] test scene_parser::tests::test_add_connection_nested_node ... ok
[INFO] [stdout] test scene_parser::tests::test_format_prop_value ... ok
[INFO] [stdout] test scene_parser::tests::test_generate_minimal_scene ... ok
[INFO] [stdout] test scene_parser::tests::test_parent_path_for ... ok
[INFO] [stdout] test scene_parser::tests::test_parse_sub_resource_properties ... ok
[INFO] [stdout] test scene_parser::tests::test_remove_root_node_fails ... ok
[INFO] [stdout] test scene_parser::tests::test_write_scene_roundtrip ... ok
[INFO] [stdout] test scene_parser::tests::test_edit_node_property_existing ... ok
[INFO] [stdout] test scene_parser::tests::test_write_scene_with_sub_resources ... ok
[INFO] [stdout] test session::tests::test_session_buffer_incremental_read ... ok
[INFO] [stdout] test scene_parser::tests::test_write_scene_roundtrip_exact ... ok
[INFO] [stdout] test scene_parser::tests::test_parse_instance_node ... ok
[INFO] [stdout] test scene_parser::tests::test_parse_node_properties ... ok
[INFO] [stdout] test scene_parser::tests::test_parse_simple_scene ... ok
[INFO] [stdout] test scene_parser::tests::test_edit_node_property_new ... ok
[INFO] [stdout] test scene_parser::tests::test_remove_connection_from_file ... ok
[INFO] [stdout] test scene_parser::tests::test_remove_node_and_children ... ok
[INFO] [stdout] test session::tests::test_session_status_display ... ok
[INFO] [stdout] 
[INFO] [stdout] test result: ok. 47 passed; 0 failed; 0 ignored; 0 measured; 0 filtered out; finished in 0.01s
[INFO] [stdout] 
[INFO] [stderr]      Running tests/cli_integration.rs (/opt/rustwide/target/release/build/gdcli/7968bb98e6fcceb3/out/cli_integration-7968bb98e6fcceb3)
[INFO] [stdout] 
[INFO] [stdout] running 16 tests
[INFO] [stdout] test test_connection_remove ... FAILED
[INFO] [stdout] test test_node_add_duplicate_fails ... FAILED
[INFO] [stdout] test test_load_sprite ... FAILED
[INFO] [stdout] test test_scene_create_json ... FAILED
[INFO] [stdout] test test_no_project_godot_error ... FAILED
[INFO] [stdout] test test_scene_edit ... FAILED
[INFO] [stdout] test test_scene_inspect_json ... FAILED
[INFO] [stdout] test test_connection_add ... FAILED
[INFO] [stdout] test test_node_remove ... FAILED
[INFO] [stdout] test test_scene_list ... FAILED
[INFO] [stdout] test test_node_add_json ... FAILED
[INFO] [stderr] error: test failed, to rerun pass `--test cli_integration`
[INFO] [stdout] test test_script_create ... FAILED
[INFO] [stdout] test test_scene_validate_clean ... FAILED
[INFO] [stdout] test test_sub_resource_add ... FAILED
[INFO] [stdout] test test_sub_resource_edit ... FAILED
[INFO] [stdout] test test_uid_fix_no_changes ... FAILED
[INFO] [stdout] 
[INFO] [stdout] failures:
[INFO] [stdout] 
[INFO] [stdout] ---- test_connection_remove stdout ----
[INFO] [stdout] 
[INFO] [stdout] thread 'test_connection_remove' (802) panicked at tests/common/mod.rs:43:10:
[INFO] [stdout] Failed to run gdcli: Os { code: 2, kind: NotFound, message: "No such file or directory" }
[INFO] [stdout] stack backtrace:
[INFO] [stdout]    0:     0x56cac286d1e1 - <<std[617be2ca0a6fd877]::sys::backtrace::BacktraceLock>::print::DisplayBacktrace as core[a373ad73a504971]::fmt::Display>::fmt
[INFO] [stdout]    1:     0x56cac288296a - core[a373ad73a504971]::fmt::write
[INFO] [stdout]    2:     0x56cac287165c - <alloc[2e1b2a31b91974c5]::vec::Vec<u8> as core[a373ad73a504971]::io::write::Write>::write_fmt
[INFO] [stdout]    3:     0x56cac2847c56 - std[617be2ca0a6fd877]::panicking::default_hook::{closure#0}
[INFO] [stdout]    4:     0x56cac2864c59 - std[617be2ca0a6fd877]::panicking::default_hook
[INFO] [stdout]    5:     0x56cac27ffdf0 - test[aada8e7e76ba119b]::test_main_inner::{closure#0}
[INFO] [stdout]    6:     0x56cac2864e12 - std[617be2ca0a6fd877]::panicking::panic_with_hook
[INFO] [stdout]    7:     0x56cac2847d02 - std[617be2ca0a6fd877]::panicking::panic_handler::{closure#0}
[INFO] [stdout]    8:     0x56cac2840769 - std[617be2ca0a6fd877]::sys::backtrace::__rust_end_short_backtrace::<std[617be2ca0a6fd877]::panicking::panic_handler::{closure#0}, !>
[INFO] [stdout]    9:     0x56cac284890d - __rustc[ea4f61d10b84890b]::rust_begin_unwind
[INFO] [stdout]   10:     0x56cac288309c - core[a373ad73a504971]::panicking::panic_fmt
[INFO] [stdout]   11:     0x56cac2882e72 - core[a373ad73a504971]::result::unwrap_failed
[INFO] [stdout]   12:     0x56cac27ea8d4 - cli_integration[2eba4671c1d50162]::common::run_gdcli
[INFO] [stdout]   13:     0x56cac27e570f - <cli_integration[2eba4671c1d50162]::test_connection_remove::{closure#0} as core[a373ad73a504971]::ops::function::FnOnce<()>>::call_once
[INFO] [stdout]   14:     0x56cac27f323b - test[aada8e7e76ba119b]::__rust_begin_short_backtrace::<core[a373ad73a504971]::result::Result<(), alloc[2e1b2a31b91974c5]::string::String>, fn() -> core[a373ad73a504971]::result::Result<(), alloc[2e1b2a31b91974c5]::string::String>>
[INFO] [stdout]   15:     0x56cac2800415 - test[aada8e7e76ba119b]::run_test::{closure#0}
[INFO] [stdout]   16:     0x56cac27f9d04 - std[617be2ca0a6fd877]::sys::backtrace::__rust_begin_short_backtrace::<test[aada8e7e76ba119b]::run_test::{closure#1}, ()>
[INFO] [stdout]   17:     0x56cac28034a2 - <std[617be2ca0a6fd877]::thread::lifecycle::spawn_unchecked<test[aada8e7e76ba119b]::run_test::{closure#1}, ()>::{closure#1} as core[a373ad73a504971]::ops::function::FnOnce<()>>::call_once::{shim:vtable#0}
[INFO] [stdout]   18:     0x56cac286c4ff - <std[617be2ca0a6fd877]::sys::thread::unix::Thread>::new::thread_start
[INFO] [stdout]   19:     0x75941dd3edfa - <unknown>
[INFO] [stdout]   20:     0x75941ddd23d4 - clone
[INFO] [stdout]   21:                0x0 - <unknown>
[INFO] [stdout] 
[INFO] [stdout] ---- test_node_add_duplicate_fails stdout ----
[INFO] [stdout] 
[INFO] [stdout] thread 'test_node_add_duplicate_fails' (805) panicked at tests/common/mod.rs:43:10:
[INFO] [stdout] Failed to run gdcli: Os { code: 2, kind: NotFound, message: "No such file or directory" }
[INFO] [stdout] stack backtrace:
[INFO] [stdout]    0:     0x56cac286d1e1 - <<std[617be2ca0a6fd877]::sys::backtrace::BacktraceLock>::print::DisplayBacktrace as core[a373ad73a504971]::fmt::Display>::fmt
[INFO] [stdout]    1:     0x56cac288296a - core[a373ad73a504971]::fmt::write
[INFO] [stdout]    2:     0x56cac287165c - <alloc[2e1b2a31b91974c5]::vec::Vec<u8> as core[a373ad73a504971]::io::write::Write>::write_fmt
[INFO] [stdout]    3:     0x56cac2847c56 - std[617be2ca0a6fd877]::panicking::default_hook::{closure#0}
[INFO] [stdout]    4:     0x56cac2864c59 - std[617be2ca0a6fd877]::panicking::default_hook
[INFO] [stdout]    5:     0x56cac27ffdf0 - test[aada8e7e76ba119b]::test_main_inner::{closure#0}
[INFO] [stdout]    6:     0x56cac2864e12 - std[617be2ca0a6fd877]::panicking::panic_with_hook
[INFO] [stdout]    7:     0x56cac2847d02 - std[617be2ca0a6fd877]::panicking::panic_handler::{closure#0}
[INFO] [stdout]    8:     0x56cac2840769 - std[617be2ca0a6fd877]::sys::backtrace::__rust_end_short_backtrace::<std[617be2ca0a6fd877]::panicking::panic_handler::{closure#0}, !>
[INFO] [stdout]    9:     0x56cac284890d - __rustc[ea4f61d10b84890b]::rust_begin_unwind
[INFO] [stdout]   10:     0x56cac288309c - core[a373ad73a504971]::panicking::panic_fmt
[INFO] [stdout]   11:     0x56cac2882e72 - core[a373ad73a504971]::result::unwrap_failed
[INFO] [stdout]   12:     0x56cac27ea8d4 - cli_integration[2eba4671c1d50162]::common::run_gdcli
[INFO] [stdout]   13:     0x56cac27e7c07 - <cli_integration[2eba4671c1d50162]::test_node_add_duplicate_fails::{closure#0} as core[a373ad73a504971]::ops::function::FnOnce<()>>::call_once
[INFO] [stdout]   14:     0x56cac27f323b - test[aada8e7e76ba119b]::__rust_begin_short_backtrace::<core[a373ad73a504971]::result::Result<(), alloc[2e1b2a31b91974c5]::string::String>, fn() -> core[a373ad73a504971]::result::Result<(), alloc[2e1b2a31b91974c5]::string::String>>
[INFO] [stdout]   15:     0x56cac2800415 - test[aada8e7e76ba119b]::run_test::{closure#0}
[INFO] [stdout]   16:     0x56cac27f9d04 - std[617be2ca0a6fd877]::sys::backtrace::__rust_begin_short_backtrace::<test[aada8e7e76ba119b]::run_test::{closure#1}, ()>
[INFO] [stdout]   17:     0x56cac28034a2 - <std[617be2ca0a6fd877]::thread::lifecycle::spawn_unchecked<test[aada8e7e76ba119b]::run_test::{closure#1}, ()>::{closure#1} as core[a373ad73a504971]::ops::function::FnOnce<()>>::call_once::{shim:vtable#0}
[INFO] [stdout]   18:     0x56cac286c4ff - <std[617be2ca0a6fd877]::sys::thread::unix::Thread>::new::thread_start
[INFO] [stdout]   19:     0x75941dd3edfa - <unknown>
[INFO] [stdout]   20:     0x75941ddd23d4 - clone
[INFO] [stdout]   21:                0x0 - <unknown>
[INFO] [stdout] 
[INFO] [stdout] ---- test_load_sprite stdout ----
[INFO] [stdout] 
[INFO] [stdout] thread 'test_load_sprite' (803) panicked at tests/common/mod.rs:43:10:
[INFO] [stdout] Failed to run gdcli: Os { code: 2, kind: NotFound, message: "No such file or directory" }
[INFO] [stdout] stack backtrace:
[INFO] [stdout]    0:     0x56cac286d1e1 - <<std[617be2ca0a6fd877]::sys::backtrace::BacktraceLock>::print::DisplayBacktrace as core[a373ad73a504971]::fmt::Display>::fmt
[INFO] [stdout]    1:     0x56cac288296a - core[a373ad73a504971]::fmt::write
[INFO] [stdout]    2:     0x56cac287165c - <alloc[2e1b2a31b91974c5]::vec::Vec<u8> as core[a373ad73a504971]::io::write::Write>::write_fmt
[INFO] [stdout]    3:     0x56cac2847c56 - std[617be2ca0a6fd877]::panicking::default_hook::{closure#0}
[INFO] [stdout]    4:     0x56cac2864c59 - std[617be2ca0a6fd877]::panicking::default_hook
[INFO] [stdout]    5:     0x56cac27ffdf0 - test[aada8e7e76ba119b]::test_main_inner::{closure#0}
[INFO] [stdout]    6:     0x56cac2864e12 - std[617be2ca0a6fd877]::panicking::panic_with_hook
[INFO] [stdout]    7:     0x56cac2847d02 - std[617be2ca0a6fd877]::panicking::panic_handler::{closure#0}
[INFO] [stdout]    8:     0x56cac2840769 - std[617be2ca0a6fd877]::sys::backtrace::__rust_end_short_backtrace::<std[617be2ca0a6fd877]::panicking::panic_handler::{closure#0}, !>
[INFO] [stdout]    9:     0x56cac284890d - __rustc[ea4f61d10b84890b]::rust_begin_unwind
[INFO] [stdout]   10:     0x56cac288309c - core[a373ad73a504971]::panicking::panic_fmt
[INFO] [stdout]   11:     0x56cac2882e72 - core[a373ad73a504971]::result::unwrap_failed
[INFO] [stdout]   12:     0x56cac27ea8d4 - cli_integration[2eba4671c1d50162]::common::run_gdcli
[INFO] [stdout]   13:     0x56cac27e3142 - <cli_integration[2eba4671c1d50162]::test_load_sprite::{closure#0} as core[a373ad73a504971]::ops::function::FnOnce<()>>::call_once
[INFO] [stdout]   14:     0x56cac27f323b - test[aada8e7e76ba119b]::__rust_begin_short_backtrace::<core[a373ad73a504971]::result::Result<(), alloc[2e1b2a31b91974c5]::string::String>, fn() -> core[a373ad73a504971]::result::Result<(), alloc[2e1b2a31b91974c5]::string::String>>
[INFO] [stdout]   15:     0x56cac2800415 - test[aada8e7e76ba119b]::run_test::{closure#0}
[INFO] [stdout]   16:     0x56cac27f9d04 - std[617be2ca0a6fd877]::sys::backtrace::__rust_begin_short_backtrace::<test[aada8e7e76ba119b]::run_test::{closure#1}, ()>
[INFO] [stdout]   17:     0x56cac28034a2 - <std[617be2ca0a6fd877]::thread::lifecycle::spawn_unchecked<test[aada8e7e76ba119b]::run_test::{closure#1}, ()>::{closure#1} as core[a373ad73a504971]::ops::function::FnOnce<()>>::call_once::{shim:vtable#0}
[INFO] [stdout]   18:     0x56cac286c4ff - <std[617be2ca0a6fd877]::sys::thread::unix::Thread>::new::thread_start
[INFO] [stdout]   19:     0x75941dd3edfa - <unknown>
[INFO] [stdout]   20:     0x75941ddd23d4 - clone
[INFO] [stdout]   21:                0x0 - <unknown>
[INFO] [stdout] 
[INFO] [stdout] ---- test_scene_create_json stdout ----
[INFO] [stdout] 
[INFO] [stdout] thread 'test_scene_create_json' (808) panicked at tests/common/mod.rs:43:10:
[INFO] [stdout] Failed to run gdcli: Os { code: 2, kind: NotFound, message: "No such file or directory" }
[INFO] [stdout] stack backtrace:
[INFO] [stdout]    0:     0x56cac286d1e1 - <<std[617be2ca0a6fd877]::sys::backtrace::BacktraceLock>::print::DisplayBacktrace as core[a373ad73a504971]::fmt::Display>::fmt
[INFO] [stdout]    1:     0x56cac288296a - core[a373ad73a504971]::fmt::write
[INFO] [stdout]    2:     0x56cac287165c - <alloc[2e1b2a31b91974c5]::vec::Vec<u8> as core[a373ad73a504971]::io::write::Write>::write_fmt
[INFO] [stdout]    3:     0x56cac2847c56 - std[617be2ca0a6fd877]::panicking::default_hook::{closure#0}
[INFO] [stdout]    4:     0x56cac2864c59 - std[617be2ca0a6fd877]::panicking::default_hook
[INFO] [stdout]    5:     0x56cac27ffdf0 - test[aada8e7e76ba119b]::test_main_inner::{closure#0}
[INFO] [stdout]    6:     0x56cac2864e12 - std[617be2ca0a6fd877]::panicking::panic_with_hook
[INFO] [stdout]    7:     0x56cac2847d02 - std[617be2ca0a6fd877]::panicking::panic_handler::{closure#0}
[INFO] [stdout]    8:     0x56cac2840769 - std[617be2ca0a6fd877]::sys::backtrace::__rust_end_short_backtrace::<std[617be2ca0a6fd877]::panicking::panic_handler::{closure#0}, !>
[INFO] [stdout]    9:     0x56cac284890d - __rustc[ea4f61d10b84890b]::rust_begin_unwind
[INFO] [stdout]   10:     0x56cac288309c - core[a373ad73a504971]::panicking::panic_fmt
[INFO] [stdout]   11:     0x56cac2882e72 - core[a373ad73a504971]::result::unwrap_failed
[INFO] [stdout]   12:     0x56cac27ea8d4 - cli_integration[2eba4671c1d50162]::common::run_gdcli
[INFO] [stdout]   13:     0x56cac27e5ee3 - <cli_integration[2eba4671c1d50162]::test_scene_create_json::{closure#0} as core[a373ad73a504971]::ops::function::FnOnce<()>>::call_once
[INFO] [stdout]   14:     0x56cac27f323b - test[aada8e7e76ba119b]::__rust_begin_short_backtrace::<core[a373ad73a504971]::result::Result<(), alloc[2e1b2a31b91974c5]::string::String>, fn() -> core[a373ad73a504971]::result::Result<(), alloc[2e1b2a31b91974c5]::string::String>>
[INFO] [stdout]   15:     0x56cac2800415 - test[aada8e7e76ba119b]::run_test::{closure#0}
[INFO] [stdout]   16:     0x56cac27f9d04 - std[617be2ca0a6fd877]::sys::backtrace::__rust_begin_short_backtrace::<test[aada8e7e76ba119b]::run_test::{closure#1}, ()>
[INFO] [stdout]   17:     0x56cac28034a2 - <std[617be2ca0a6fd877]::thread::lifecycle::spawn_unchecked<test[aada8e7e76ba119b]::run_test::{closure#1}, ()>::{closure#1} as core[a373ad73a504971]::ops::function::FnOnce<()>>::call_once::{shim:vtable#0}
[INFO] [stdout]   18:     0x56cac286c4ff - <std[617be2ca0a6fd877]::sys::thread::unix::Thread>::new::thread_start
[INFO] [stdout]   19:     0x75941dd3edfa - <unknown>
[INFO] [stdout]   20:     0x75941ddd23d4 - clone
[INFO] [stdout]   21:                0x0 - <unknown>
[INFO] [stdout] 
[INFO] [stdout] ---- test_no_project_godot_error stdout ----
[INFO] [stdout] 
[INFO] [stdout] thread 'test_no_project_godot_error' (804) panicked at tests/common/mod.rs:43:10:
[INFO] [stdout] Failed to run gdcli: Os { code: 2, kind: NotFound, message: "No such file or directory" }
[INFO] [stdout] stack backtrace:
[INFO] [stdout]    0:     0x56cac286d1e1 - <<std[617be2ca0a6fd877]::sys::backtrace::BacktraceLock>::print::DisplayBacktrace as core[a373ad73a504971]::fmt::Display>::fmt
[INFO] [stdout]    1:     0x56cac288296a - core[a373ad73a504971]::fmt::write
[INFO] [stdout]    2:     0x56cac287165c - <alloc[2e1b2a31b91974c5]::vec::Vec<u8> as core[a373ad73a504971]::io::write::Write>::write_fmt
[INFO] [stdout]    3:     0x56cac2847c56 - std[617be2ca0a6fd877]::panicking::default_hook::{closure#0}
[INFO] [stdout]    4:     0x56cac2864c59 - std[617be2ca0a6fd877]::panicking::default_hook
[INFO] [stdout]    5:     0x56cac27ffdf0 - test[aada8e7e76ba119b]::test_main_inner::{closure#0}
[INFO] [stdout]    6:     0x56cac2864e12 - std[617be2ca0a6fd877]::panicking::panic_with_hook
[INFO] [stdout]    7:     0x56cac2847d02 - std[617be2ca0a6fd877]::panicking::panic_handler::{closure#0}
[INFO] [stdout]    8:     0x56cac2840769 - std[617be2ca0a6fd877]::sys::backtrace::__rust_end_short_backtrace::<std[617be2ca0a6fd877]::panicking::panic_handler::{closure#0}, !>
[INFO] [stdout]    9:     0x56cac284890d - __rustc[ea4f61d10b84890b]::rust_begin_unwind
[INFO] [stdout]   10:     0x56cac288309c - core[a373ad73a504971]::panicking::panic_fmt
[INFO] [stdout]   11:     0x56cac2882e72 - core[a373ad73a504971]::result::unwrap_failed
[INFO] [stdout]   12:     0x56cac27ea8d4 - cli_integration[2eba4671c1d50162]::common::run_gdcli
[INFO] [stdout]   13:     0x56cac27e76c0 - <cli_integration[2eba4671c1d50162]::test_no_project_godot_error::{closure#0} as core[a373ad73a504971]::ops::function::FnOnce<()>>::call_once
[INFO] [stdout]   14:     0x56cac27f323b - test[aada8e7e76ba119b]::__rust_begin_short_backtrace::<core[a373ad73a504971]::result::Result<(), alloc[2e1b2a31b91974c5]::string::String>, fn() -> core[a373ad73a504971]::result::Result<(), alloc[2e1b2a31b91974c5]::string::String>>
[INFO] [stdout]   15:     0x56cac2800415 - test[aada8e7e76ba119b]::run_test::{closure#0}
[INFO] [stdout]   16:     0x56cac27f9d04 - std[617be2ca0a6fd877]::sys::backtrace::__rust_begin_short_backtrace::<test[aada8e7e76ba119b]::run_test::{closure#1}, ()>
[INFO] [stdout]   17:     0x56cac28034a2 - <std[617be2ca0a6fd877]::thread::lifecycle::spawn_unchecked<test[aada8e7e76ba119b]::run_test::{closure#1}, ()>::{closure#1} as core[a373ad73a504971]::ops::function::FnOnce<()>>::call_once::{shim:vtable#0}
[INFO] [stdout]   18:     0x56cac286c4ff - <std[617be2ca0a6fd877]::sys::thread::unix::Thread>::new::thread_start
[INFO] [stdout]   19:     0x75941dd3edfa - <unknown>
[INFO] [stdout]   20:     0x75941ddd23d4 - clone
[INFO] [stdout]   21:                0x0 - <unknown>
[INFO] [stdout] 
[INFO] [stdout] ---- test_scene_edit stdout ----
[INFO] [stdout] 
[INFO] [stdout] thread 'test_scene_edit' (813) panicked at tests/common/mod.rs:43:10:
[INFO] [stdout] Failed to run gdcli: Os { code: 2, kind: NotFound, message: "No such file or directory" }
[INFO] [stdout] stack backtrace:
[INFO] [stdout]    0:     0x56cac286d1e1 - <<std[617be2ca0a6fd877]::sys::backtrace::BacktraceLock>::print::DisplayBacktrace as core[a373ad73a504971]::fmt::Display>::fmt
[INFO] [stdout]    1:     0x56cac288296a - core[a373ad73a504971]::fmt::write
[INFO] [stdout]    2:     0x56cac287165c - <alloc[2e1b2a31b91974c5]::vec::Vec<u8> as core[a373ad73a504971]::io::write::Write>::write_fmt
[INFO] [stdout]    3:     0x56cac2847c56 - std[617be2ca0a6fd877]::panicking::default_hook::{closure#0}
[INFO] [stdout]    4:     0x56cac2864c59 - std[617be2ca0a6fd877]::panicking::default_hook
[INFO] [stdout]    5:     0x56cac27ffdf0 - test[aada8e7e76ba119b]::test_main_inner::{closure#0}
[INFO] [stdout]    6:     0x56cac2864e12 - std[617be2ca0a6fd877]::panicking::panic_with_hook
[INFO] [stdout]    7:     0x56cac2847d02 - std[617be2ca0a6fd877]::panicking::panic_handler::{closure#0}
[INFO] [stdout]    8:     0x56cac2840769 - std[617be2ca0a6fd877]::sys::backtrace::__rust_end_short_backtrace::<std[617be2ca0a6fd877]::panicking::panic_handler::{closure#0}, !>
[INFO] [stdout]    9:     0x56cac284890d - __rustc[ea4f61d10b84890b]::rust_begin_unwind
[INFO] [stdout]   10:     0x56cac288309c - core[a373ad73a504971]::panicking::panic_fmt
[INFO] [stdout]   11:     0x56cac2882e72 - core[a373ad73a504971]::result::unwrap_failed
[INFO] [stdout]   12:     0x56cac27ea8d4 - cli_integration[2eba4671c1d50162]::common::run_gdcli
[INFO] [stdout]   13:     0x56cac27e245f - <cli_integration[2eba4671c1d50162]::test_scene_edit::{closure#0} as core[a373ad73a504971]::ops::function::FnOnce<()>>::call_once
[INFO] [stdout]   14:     0x56cac27f323b - test[aada8e7e76ba119b]::__rust_begin_short_backtrace::<core[a373ad73a504971]::result::Result<(), alloc[2e1b2a31b91974c5]::string::String>, fn() -> core[a373ad73a504971]::result::Result<(), alloc[2e1b2a31b91974c5]::string::String>>
[INFO] [stdout]   15:     0x56cac2800415 - test[aada8e7e76ba119b]::run_test::{closure#0}
[INFO] [stdout]   16:     0x56cac27f9d04 - std[617be2ca0a6fd877]::sys::backtrace::__rust_begin_short_backtrace::<test[aada8e7e76ba119b]::run_test::{closure#1}, ()>
[INFO] [stdout]   17:     0x56cac28034a2 - <std[617be2ca0a6fd877]::thread::lifecycle::spawn_unchecked<test[aada8e7e76ba119b]::run_test::{closure#1}, ()>::{closure#1} as core[a373ad73a504971]::ops::function::FnOnce<()>>::call_once::{shim:vtable#0}
[INFO] [stdout]   18:     0x56cac286c4ff - <std[617be2ca0a6fd877]::sys::thread::unix::Thread>::new::thread_start
[INFO] [stdout]   19:     0x75941dd3edfa - <unknown>
[INFO] [stdout]   20:     0x75941ddd23d4 - clone
[INFO] [stdout]   21:                0x0 - <unknown>
[INFO] [stdout] 
[INFO] [stdout] ---- test_scene_inspect_json stdout ----
[INFO] [stdout] 
[INFO] [stdout] thread 'test_scene_inspect_json' (814) panicked at tests/common/mod.rs:43:10:
[INFO] [stdout] Failed to run gdcli: Os { code: 2, kind: NotFound, message: "No such file or directory" }
[INFO] [stdout] stack backtrace:
[INFO] [stdout]    0:     0x56cac286d1e1 - <<std[617be2ca0a6fd877]::sys::backtrace::BacktraceLock>::print::DisplayBacktrace as core[a373ad73a504971]::fmt::Display>::fmt
[INFO] [stdout]    1:     0x56cac288296a - core[a373ad73a504971]::fmt::write
[INFO] [stdout]    2:     0x56cac287165c - <alloc[2e1b2a31b91974c5]::vec::Vec<u8> as core[a373ad73a504971]::io::write::Write>::write_fmt
[INFO] [stdout]    3:     0x56cac2847c56 - std[617be2ca0a6fd877]::panicking::default_hook::{closure#0}
[INFO] [stdout]    4:     0x56cac2864c59 - std[617be2ca0a6fd877]::panicking::default_hook
[INFO] [stdout]    5:     0x56cac27ffdf0 - test[aada8e7e76ba119b]::test_main_inner::{closure#0}
[INFO] [stdout]    6:     0x56cac2864e12 - std[617be2ca0a6fd877]::panicking::panic_with_hook
[INFO] [stdout]    7:     0x56cac2847d02 - std[617be2ca0a6fd877]::panicking::panic_handler::{closure#0}
[INFO] [stdout]    8:     0x56cac2840769 - std[617be2ca0a6fd877]::sys::backtrace::__rust_end_short_backtrace::<std[617be2ca0a6fd877]::panicking::panic_handler::{closure#0}, !>
[INFO] [stdout]    9:     0x56cac284890d - __rustc[ea4f61d10b84890b]::rust_begin_unwind
[INFO] [stdout]   10:     0x56cac288309c - core[a373ad73a504971]::panicking::panic_fmt
[INFO] [stdout]   11:     0x56cac2882e72 - core[a373ad73a504971]::result::unwrap_failed
[INFO] [stdout]   12:     0x56cac27ea8d4 - cli_integration[2eba4671c1d50162]::common::run_gdcli
[INFO] [stdout]   13:     0x56cac27e6a6c - <cli_integration[2eba4671c1d50162]::test_scene_inspect_json::{closure#0} as core[a373ad73a504971]::ops::function::FnOnce<()>>::call_once
[INFO] [stdout]   14:     0x56cac27f323b - test[aada8e7e76ba119b]::__rust_begin_short_backtrace::<core[a373ad73a504971]::result::Result<(), alloc[2e1b2a31b91974c5]::string::String>, fn() -> core[a373ad73a504971]::result::Result<(), alloc[2e1b2a31b91974c5]::string::String>>
[INFO] [stdout]   15:     0x56cac2800415 - test[aada8e7e76ba119b]::run_test::{closure#0}
[INFO] [stdout]   16:     0x56cac27f9d04 - std[617be2ca0a6fd877]::sys::backtrace::__rust_begin_short_backtrace::<test[aada8e7e76ba119b]::run_test::{closure#1}, ()>
[INFO] [stdout]   17:     0x56cac28034a2 - <std[617be2ca0a6fd877]::thread::lifecycle::spawn_unchecked<test[aada8e7e76ba119b]::run_test::{closure#1}, ()>::{closure#1} as core[a373ad73a504971]::ops::function::FnOnce<()>>::call_once::{shim:vtable#0}
[INFO] [stdout]   18:     0x56cac286c4ff - <std[617be2ca0a6fd877]::sys::thread::unix::Thread>::new::thread_start
[INFO] [stdout]   19:     0x75941dd3edfa - <unknown>
[INFO] [stdout]   20:     0x75941ddd23d4 - clone
[INFO] [stdout]   21:                0x0 - <unknown>
[INFO] [stdout] 
[INFO] [stdout] ---- test_connection_add stdout ----
[INFO] [stdout] 
[INFO] [stdout] thread 'test_connection_add' (801) panicked at tests/common/mod.rs:43:10:
[INFO] [stdout] Failed to run gdcli: Os { code: 2, kind: NotFound, message: "No such file or directory" }
[INFO] [stdout] stack backtrace:
[INFO] [stdout]    0:     0x56cac286d1e1 - <<std[617be2ca0a6fd877]::sys::backtrace::BacktraceLock>::print::DisplayBacktrace as core[a373ad73a504971]::fmt::Display>::fmt
[INFO] [stdout]    1:     0x56cac288296a - core[a373ad73a504971]::fmt::write
[INFO] [stdout]    2:     0x56cac287165c - <alloc[2e1b2a31b91974c5]::vec::Vec<u8> as core[a373ad73a504971]::io::write::Write>::write_fmt
[INFO] [stdout]    3:     0x56cac2847c56 - std[617be2ca0a6fd877]::panicking::default_hook::{closure#0}
[INFO] [stdout]    4:     0x56cac2864c59 - std[617be2ca0a6fd877]::panicking::default_hook
[INFO] [stdout]    5:     0x56cac27ffdf0 - test[aada8e7e76ba119b]::test_main_inner::{closure#0}
[INFO] [stdout]    6:     0x56cac2864e12 - std[617be2ca0a6fd877]::panicking::panic_with_hook
[INFO] [stdout]    7:     0x56cac2847d02 - std[617be2ca0a6fd877]::panicking::panic_handler::{closure#0}
[INFO] [stdout]    8:     0x56cac2840769 - std[617be2ca0a6fd877]::sys::backtrace::__rust_end_short_backtrace::<std[617be2ca0a6fd877]::panicking::panic_handler::{closure#0}, !>
[INFO] [stdout]    9:     0x56cac284890d - __rustc[ea4f61d10b84890b]::rust_begin_unwind
[INFO] [stdout]   10:     0x56cac288309c - core[a373ad73a504971]::panicking::panic_fmt
[INFO] [stdout]   11:     0x56cac2882e72 - core[a373ad73a504971]::result::unwrap_failed
[INFO] [stdout]   12:     0x56cac27ea8d4 - cli_integration[2eba4671c1d50162]::common::run_gdcli
[INFO] [stdout]   13:     0x56cac27e4855 - <cli_integration[2eba4671c1d50162]::test_connection_add::{closure#0} as core[a373ad73a504971]::ops::function::FnOnce<()>>::call_once
[INFO] [stdout]   14:     0x56cac27f323b - test[aada8e7e76ba119b]::__rust_begin_short_backtrace::<core[a373ad73a504971]::result::Result<(), alloc[2e1b2a31b91974c5]::string::String>, fn() -> core[a373ad73a504971]::result::Result<(), alloc[2e1b2a31b91974c5]::string::String>>
[INFO] [stdout]   15:     0x56cac2800415 - test[aada8e7e76ba119b]::run_test::{closure#0}
[INFO] [stdout]   16:     0x56cac27f9d04 - std[617be2ca0a6fd877]::sys::backtrace::__rust_begin_short_backtrace::<test[aada8e7e76ba119b]::run_test::{closure#1}, ()>
[INFO] [stdout]   17:     0x56cac28034a2 - <std[617be2ca0a6fd877]::thread::lifecycle::spawn_unchecked<test[aada8e7e76ba119b]::run_test::{closure#1}, ()>::{closure#1} as core[a373ad73a504971]::ops::function::FnOnce<()>>::call_once::{shim:vtable#0}
[INFO] [stdout]   18:     0x56cac286c4ff - <std[617be2ca0a6fd877]::sys::thread::unix::Thread>::new::thread_start
[INFO] [stdout]   19:     0x75941dd3edfa - <unknown>
[INFO] [stdout]   20:     0x75941ddd23d4 - clone
[INFO] [stdout]   21:                0x0 - <unknown>
[INFO] [stdout] 
[INFO] [stdout] ---- test_node_remove stdout ----
[INFO] [stdout] 
[INFO] [stdout] thread 'test_node_remove' (807) panicked at tests/common/mod.rs:43:10:
[INFO] [stdout] Failed to run gdcli: Os { code: 2, kind: NotFound, message: "No such file or directory" }
[INFO] [stdout] stack backtrace:
[INFO] [stdout]    0:     0x56cac286d1e1 - <<std[617be2ca0a6fd877]::sys::backtrace::BacktraceLock>::print::DisplayBacktrace as core[a373ad73a504971]::fmt::Display>::fmt
[INFO] [stdout]    1:     0x56cac288296a - core[a373ad73a504971]::fmt::write
[INFO] [stdout]    2:     0x56cac287165c - <alloc[2e1b2a31b91974c5]::vec::Vec<u8> as core[a373ad73a504971]::io::write::Write>::write_fmt
[INFO] [stdout]    3:     0x56cac2847c56 - std[617be2ca0a6fd877]::panicking::default_hook::{closure#0}
[INFO] [stdout]    4:     0x56cac2864c59 - std[617be2ca0a6fd877]::panicking::default_hook
[INFO] [stdout]    5:     0x56cac27ffdf0 - test[aada8e7e76ba119b]::test_main_inner::{closure#0}
[INFO] [stdout]    6:     0x56cac2864e12 - std[617be2ca0a6fd877]::panicking::panic_with_hook
[INFO] [stdout]    7:     0x56cac2847d02 - std[617be2ca0a6fd877]::panicking::panic_handler::{closure#0}
[INFO] [stdout]    8:     0x56cac2840769 - std[617be2ca0a6fd877]::sys::backtrace::__rust_end_short_backtrace::<std[617be2ca0a6fd877]::panicking::panic_handler::{closure#0}, !>
[INFO] [stdout]    9:     0x56cac284890d - __rustc[ea4f61d10b84890b]::rust_begin_unwind
[INFO] [stdout]   10:     0x56cac288309c - core[a373ad73a504971]::panicking::panic_fmt
[INFO] [stdout]   11:     0x56cac2882e72 - core[a373ad73a504971]::result::unwrap_failed
[INFO] [stdout]   12:     0x56cac27ea8d4 - cli_integration[2eba4671c1d50162]::common::run_gdcli
[INFO] [stdout]   13:     0x56cac27e38a2 - <cli_integration[2eba4671c1d50162]::test_node_remove::{closure#0} as core[a373ad73a504971]::ops::function::FnOnce<()>>::call_once
[INFO] [stdout]   14:     0x56cac27f323b - test[aada8e7e76ba119b]::__rust_begin_short_backtrace::<core[a373ad73a504971]::result::Result<(), alloc[2e1b2a31b91974c5]::string::String>, fn() -> core[a373ad73a504971]::result::Result<(), alloc[2e1b2a31b91974c5]::string::String>>
[INFO] [stdout]   15:     0x56cac2800415 - test[aada8e7e76ba119b]::run_test::{closure#0}
[INFO] [stdout]   16:     0x56cac27f9d04 - std[617be2ca0a6fd877]::sys::backtrace::__rust_begin_short_backtrace::<test[aada8e7e76ba119b]::run_test::{closure#1}, ()>
[INFO] [stdout]   17:     0x56cac28034a2 - <std[617be2ca0a6fd877]::thread::lifecycle::spawn_unchecked<test[aada8e7e76ba119b]::run_test::{closure#1}, ()>::{closure#1} as core[a373ad73a504971]::ops::function::FnOnce<()>>::call_once::{shim:vtable#0}
[INFO] [stdout]   18:     0x56cac286c4ff - <std[617be2ca0a6fd877]::sys::thread::unix::Thread>::new::thread_start
[INFO] [stdout]   19:     0x75941dd3edfa - <unknown>
[INFO] [stdout]   20:     0x75941ddd23d4 - clone
[INFO] [stdout]   21:                0x0 - <unknown>
[INFO] [stdout] 
[INFO] [stdout] ---- test_scene_list stdout ----
[INFO] [stdout] 
[INFO] [stdout] thread 'test_scene_list' (815) panicked at tests/common/mod.rs:43:10:
[INFO] [stdout] Failed to run gdcli: Os { code: 2, kind: NotFound, message: "No such file or directory" }
[INFO] [stdout] stack backtrace:
[INFO] [stdout]    0:     0x56cac286d1e1 - <<std[617be2ca0a6fd877]::sys::backtrace::BacktraceLock>::print::DisplayBacktrace as core[a373ad73a504971]::fmt::Display>::fmt
[INFO] [stdout]    1:     0x56cac288296a - core[a373ad73a504971]::fmt::write
[INFO] [stdout]    2:     0x56cac287165c - <alloc[2e1b2a31b91974c5]::vec::Vec<u8> as core[a373ad73a504971]::io::write::Write>::write_fmt
[INFO] [stdout]    3:     0x56cac2847c56 - std[617be2ca0a6fd877]::panicking::default_hook::{closure#0}
[INFO] [stdout]    4:     0x56cac2864c59 - std[617be2ca0a6fd877]::panicking::default_hook
[INFO] [stdout]    5:     0x56cac27ffdf0 - test[aada8e7e76ba119b]::test_main_inner::{closure#0}
[INFO] [stdout]    6:     0x56cac2864e12 - std[617be2ca0a6fd877]::panicking::panic_with_hook
[INFO] [stdout]    7:     0x56cac2847d02 - std[617be2ca0a6fd877]::panicking::panic_handler::{closure#0}
[INFO] [stdout]    8:     0x56cac2840769 - std[617be2ca0a6fd877]::sys::backtrace::__rust_end_short_backtrace::<std[617be2ca0a6fd877]::panicking::panic_handler::{closure#0}, !>
[INFO] [stdout]    9:     0x56cac284890d - __rustc[ea4f61d10b84890b]::rust_begin_unwind
[INFO] [stdout]   10:     0x56cac288309c - core[a373ad73a504971]::panicking::panic_fmt
[INFO] [stdout]   11:     0x56cac2882e72 - core[a373ad73a504971]::result::unwrap_failed
[INFO] [stdout]   12:     0x56cac27ea8d4 - cli_integration[2eba4671c1d50162]::common::run_gdcli
[INFO] [stdout]   13:     0x56cac27e2aff - <cli_integration[2eba4671c1d50162]::test_scene_list::{closure#0} as core[a373ad73a504971]::ops::function::FnOnce<()>>::call_once
[INFO] [stdout]   14:     0x56cac27f323b - test[aada8e7e76ba119b]::__rust_begin_short_backtrace::<core[a373ad73a504971]::result::Result<(), alloc[2e1b2a31b91974c5]::string::String>, fn() -> core[a373ad73a504971]::result::Result<(), alloc[2e1b2a31b91974c5]::string::String>>
[INFO] [stdout]   15:     0x56cac2800415 - test[aada8e7e76ba119b]::run_test::{closure#0}
[INFO] [stdout]   16:     0x56cac27f9d04 - std[617be2ca0a6fd877]::sys::backtrace::__rust_begin_short_backtrace::<test[aada8e7e76ba119b]::run_test::{closure#1}, ()>
[INFO] [stdout]   17:     0x56cac28034a2 - <std[617be2ca0a6fd877]::thread::lifecycle::spawn_unchecked<test[aada8e7e76ba119b]::run_test::{closure#1}, ()>::{closure#1} as core[a373ad73a504971]::ops::function::FnOnce<()>>::call_once::{shim:vtable#0}
[INFO] [stdout]   18:     0x56cac286c4ff - <std[617be2ca0a6fd877]::sys::thread::unix::Thread>::new::thread_start
[INFO] [stdout]   19:     0x75941dd3edfa - <unknown>
[INFO] [stdout]   20:     0x75941ddd23d4 - clone
[INFO] [stdout]   21:                0x0 - <unknown>
[INFO] [stdout] 
[INFO] [stdout] ---- test_node_add_json stdout ----
[INFO] [stdout] 
[INFO] [stdout] thread 'test_node_add_json' (806) panicked at tests/common/mod.rs:43:10:
[INFO] [stdout] Failed to run gdcli: Os { code: 2, kind: NotFound, message: "No such file or directory" }
[INFO] [stdout] stack backtrace:
[INFO] [stdout]    0:     0x56cac286d1e1 - <<std[617be2ca0a6fd877]::sys::backtrace::BacktraceLock>::print::DisplayBacktrace as core[a373ad73a504971]::fmt::Display>::fmt
[INFO] [stdout]    1:     0x56cac288296a - core[a373ad73a504971]::fmt::write
[INFO] [stdout]    2:     0x56cac287165c - <alloc[2e1b2a31b91974c5]::vec::Vec<u8> as core[a373ad73a504971]::io::write::Write>::write_fmt
[INFO] [stdout]    3:     0x56cac2847c56 - std[617be2ca0a6fd877]::panicking::default_hook::{closure#0}
[INFO] [stdout]    4:     0x56cac2864c59 - std[617be2ca0a6fd877]::panicking::default_hook
[INFO] [stdout]    5:     0x56cac27ffdf0 - test[aada8e7e76ba119b]::test_main_inner::{closure#0}
[INFO] [stdout]    6:     0x56cac2864e12 - std[617be2ca0a6fd877]::panicking::panic_with_hook
[INFO] [stdout]    7:     0x56cac2847d02 - std[617be2ca0a6fd877]::panicking::panic_handler::{closure#0}
[INFO] [stdout]    8:     0x56cac2840769 - std[617be2ca0a6fd877]::sys::backtrace::__rust_end_short_backtrace::<std[617be2ca0a6fd877]::panicking::panic_handler::{closure#0}, !>
[INFO] [stdout]    9:     0x56cac284890d - __rustc[ea4f61d10b84890b]::rust_begin_unwind
[INFO] [stdout]   10:     0x56cac288309c - core[a373ad73a504971]::panicking::panic_fmt
[INFO] [stdout]   11:     0x56cac2882e72 - core[a373ad73a504971]::result::unwrap_failed
[INFO] [stdout]   12:     0x56cac27ea8d4 - cli_integration[2eba4671c1d50162]::common::run_gdcli
[INFO] [stdout]   13:     0x56cac27e3f4a - <cli_integration[2eba4671c1d50162]::test_node_add_json::{closure#0} as core[a373ad73a504971]::ops::function::FnOnce<()>>::call_once
[INFO] [stdout]   14:     0x56cac27f323b - test[aada8e7e76ba119b]::__rust_begin_short_backtrace::<core[a373ad73a504971]::result::Result<(), alloc[2e1b2a31b91974c5]::string::String>, fn() -> core[a373ad73a504971]::result::Result<(), alloc[2e1b2a31b91974c5]::string::String>>
[INFO] [stdout]   15:     0x56cac2800415 - test[aada8e7e76ba119b]::run_test::{closure#0}
[INFO] [stdout]   16:     0x56cac27f9d04 - std[617be2ca0a6fd877]::sys::backtrace::__rust_begin_short_backtrace::<test[aada8e7e76ba119b]::run_test::{closure#1}, ()>
[INFO] [stdout]   17:     0x56cac28034a2 - <std[617be2ca0a6fd877]::thread::lifecycle::spawn_unchecked<test[aada8e7e76ba119b]::run_test::{closure#1}, ()>::{closure#1} as core[a373ad73a504971]::ops::function::FnOnce<()>>::call_once::{shim:vtable#0}
[INFO] [stdout]   18:     0x56cac286c4ff - <std[617be2ca0a6fd877]::sys::thread::unix::Thread>::new::thread_start
[INFO] [stdout]   19:     0x75941dd3edfa - <unknown>
[INFO] [stdout]   20:     0x75941ddd23d4 - clone
[INFO] [stdout]   21:                0x0 - <unknown>
[INFO] [stdout] 
[INFO] [stdout] ---- test_script_create stdout ----
[INFO] [stdout] 
[INFO] [stdout] thread 'test_script_create' (823) panicked at tests/common/mod.rs:43:10:
[INFO] [stdout] Failed to run gdcli: Os { code: 2, kind: NotFound, message: "No such file or directory" }
[INFO] [stdout] stack backtrace:
[INFO] [stdout]    0:     0x56cac286d1e1 - <<std[617be2ca0a6fd877]::sys::backtrace::BacktraceLock>::print::DisplayBacktrace as core[a373ad73a504971]::fmt::Display>::fmt
[INFO] [stdout]    1:     0x56cac288296a - core[a373ad73a504971]::fmt::write
[INFO] [stdout]    2:     0x56cac287165c - <alloc[2e1b2a31b91974c5]::vec::Vec<u8> as core[a373ad73a504971]::io::write::Write>::write_fmt
[INFO] [stdout]    3:     0x56cac2847c56 - std[617be2ca0a6fd877]::panicking::default_hook::{closure#0}
[INFO] [stdout]    4:     0x56cac2864c59 - std[617be2ca0a6fd877]::panicking::default_hook
[INFO] [stdout]    5:     0x56cac27ffdf0 - test[aada8e7e76ba119b]::test_main_inner::{closure#0}
[INFO] [stdout]    6:     0x56cac2864e12 - std[617be2ca0a6fd877]::panicking::panic_with_hook
[INFO] [stdout]    7:     0x56cac2847d02 - std[617be2ca0a6fd877]::panicking::panic_handler::{closure#0}
[INFO] [stdout]    8:     0x56cac2840769 - std[617be2ca0a6fd877]::sys::backtrace::__rust_end_short_backtrace::<std[617be2ca0a6fd877]::panicking::panic_handler::{closure#0}, !>
[INFO] [stdout]    9:     0x56cac284890d - __rustc[ea4f61d10b84890b]::rust_begin_unwind
[INFO] [stdout]   10:     0x56cac288309c - core[a373ad73a504971]::panicking::panic_fmt
[INFO] [stdout]   11:     0x56cac2882e72 - core[a373ad73a504971]::result::unwrap_failed
[INFO] [stdout]   12:     0x56cac27ea8d4 - cli_integration[2eba4671c1d50162]::common::run_gdcli
[INFO] [stdout]   13:     0x56cac27e43ff - <cli_integration[2eba4671c1d50162]::test_script_create::{closure#0} as core[a373ad73a504971]::ops::function::FnOnce<()>>::call_once
[INFO] [stdout]   14:     0x56cac27f323b - test[aada8e7e76ba119b]::__rust_begin_short_backtrace::<core[a373ad73a504971]::result::Result<(), alloc[2e1b2a31b91974c5]::string::String>, fn() -> core[a373ad73a504971]::result::Result<(), alloc[2e1b2a31b91974c5]::string::String>>
[INFO] [stdout]   15:     0x56cac2800415 - test[aada8e7e76ba119b]::run_test::{closure#0}
[INFO] [stdout]   16:     0x56cac27f9d04 - std[617be2ca0a6fd877]::sys::backtrace::__rust_begin_short_backtrace::<test[aada8e7e76ba119b]::run_test::{closure#1}, ()>
[INFO] [stdout]   17:     0x56cac28034a2 - <std[617be2ca0a6fd877]::thread::lifecycle::spawn_unchecked<test[aada8e7e76ba119b]::run_test::{closure#1}, ()>::{closure#1} as core[a373ad73a504971]::ops::function::FnOnce<()>>::call_once::{shim:vtable#0}
[INFO] [stdout]   18:     0x56cac286c4ff - <std[617be2ca0a6fd877]::sys::thread::unix::Thread>::new::thread_start
[INFO] [stdout]   19:     0x75941dd3edfa - <unknown>
[INFO] [stdout]   20:     0x75941ddd23d4 - clone
[INFO] [stdout]   21:                0x0 - <unknown>
[INFO] [stdout] 
[INFO] [stdout] ---- test_scene_validate_clean stdout ----
[INFO] [stdout] 
[INFO] [stdout] thread 'test_scene_validate_clean' (822) panicked at tests/common/mod.rs:43:10:
[INFO] [stdout] Failed to run gdcli: Os { code: 2, kind: NotFound, message: "No such file or directory" }
[INFO] [stdout] stack backtrace:
[INFO] [stdout]    0:     0x56cac286d1e1 - <<std[617be2ca0a6fd877]::sys::backtrace::BacktraceLock>::print::DisplayBacktrace as core[a373ad73a504971]::fmt::Display>::fmt
[INFO] [stdout]    1:     0x56cac288296a - core[a373ad73a504971]::fmt::write
[INFO] [stdout]    2:     0x56cac287165c - <alloc[2e1b2a31b91974c5]::vec::Vec<u8> as core[a373ad73a504971]::io::write::Write>::write_fmt
[INFO] [stdout]    3:     0x56cac2847c56 - std[617be2ca0a6fd877]::panicking::default_hook::{closure#0}
[INFO] [stdout]    4:     0x56cac2864c59 - std[617be2ca0a6fd877]::panicking::default_hook
[INFO] [stdout]    5:     0x56cac27ffdf0 - test[aada8e7e76ba119b]::test_main_inner::{closure#0}
[INFO] [stdout]    6:     0x56cac2864e12 - std[617be2ca0a6fd877]::panicking::panic_with_hook
[INFO] [stdout]    7:     0x56cac2847d02 - std[617be2ca0a6fd877]::panicking::panic_handler::{closure#0}
[INFO] [stdout]    8:     0x56cac2840769 - std[617be2ca0a6fd877]::sys::backtrace::__rust_end_short_backtrace::<std[617be2ca0a6fd877]::panicking::panic_handler::{closure#0}, !>
[INFO] [stdout]    9:     0x56cac284890d - __rustc[ea4f61d10b84890b]::rust_begin_unwind
[INFO] [stdout]   10:     0x56cac288309c - core[a373ad73a504971]::panicking::panic_fmt
[INFO] [stdout]   11:     0x56cac2882e72 - core[a373ad73a504971]::result::unwrap_failed
[INFO] [stdout]   12:     0x56cac27ea8d4 - cli_integration[2eba4671c1d50162]::common::run_gdcli
[INFO] [stdout]   13:     0x56cac27e7285 - <cli_integration[2eba4671c1d50162]::test_scene_validate_clean::{closure#0} as core[a373ad73a504971]::ops::function::FnOnce<()>>::call_once
[INFO] [stdout]   14:     0x56cac27f323b - test[aada8e7e76ba119b]::__rust_begin_short_backtrace::<core[a373ad73a504971]::result::Result<(), alloc[2e1b2a31b91974c5]::string::String>, fn() -> core[a373ad73a504971]::result::Result<(), alloc[2e1b2a31b91974c5]::string::String>>
[INFO] [stdout]   15:     0x56cac2800415 - test[aada8e7e76ba119b]::run_test::{closure#0}
[INFO] [stdout]   16:     0x56cac27f9d04 - std[617be2ca0a6fd877]::sys::backtrace::__rust_begin_short_backtrace::<test[aada8e7e76ba119b]::run_test::{closure#1}, ()>
[INFO] [stdout]   17:     0x56cac28034a2 - <std[617be2ca0a6fd877]::thread::lifecycle::spawn_unchecked<test[aada8e7e76ba119b]::run_test::{closure#1}, ()>::{closure#1} as core[a373ad73a504971]::ops::function::FnOnce<()>>::call_once::{shim:vtable#0}
[INFO] [stdout]   18:     0x56cac286c4ff - <std[617be2ca0a6fd877]::sys::thread::unix::Thread>::new::thread_start
[INFO] [stdout]   19:     0x75941dd3edfa - <unknown>
[INFO] [stdout]   20:     0x75941ddd23d4 - clone
[INFO] [stdout]   21:                0x0 - <unknown>
[INFO] [stdout] 
[INFO] [stdout] ---- test_sub_resource_add stdout ----
[INFO] [stdout] 
[INFO] [stdout] thread 'test_sub_resource_add' (825) panicked at tests/common/mod.rs:43:10:
[INFO] [stdout] Failed to run gdcli: Os { code: 2, kind: NotFound, message: "No such file or directory" }
[INFO] [stdout] stack backtrace:
[INFO] [stdout]    0:     0x56cac286d1e1 - <<std[617be2ca0a6fd877]::sys::backtrace::BacktraceLock>::print::DisplayBacktrace as core[a373ad73a504971]::fmt::Display>::fmt
[INFO] [stdout]    1:     0x56cac288296a - core[a373ad73a504971]::fmt::write
[INFO] [stdout]    2:     0x56cac287165c - <alloc[2e1b2a31b91974c5]::vec::Vec<u8> as core[a373ad73a504971]::io::write::Write>::write_fmt
[INFO] [stdout]    3:     0x56cac2847c56 - std[617be2ca0a6fd877]::panicking::default_hook::{closure#0}
[INFO] [stdout]    4:     0x56cac2864c59 - std[617be2ca0a6fd877]::panicking::default_hook
[INFO] [stdout]    5:     0x56cac27ffdf0 - test[aada8e7e76ba119b]::test_main_inner::{closure#0}
[INFO] [stdout]    6:     0x56cac2864e12 - std[617be2ca0a6fd877]::panicking::panic_with_hook
[INFO] [stdout]    7:     0x56cac2847d02 - std[617be2ca0a6fd877]::panicking::panic_handler::{closure#0}
[INFO] [stdout]    8:     0x56cac2840769 - std[617be2ca0a6fd877]::sys::backtrace::__rust_end_short_backtrace::<std[617be2ca0a6fd877]::panicking::panic_handler::{closure#0}, !>
[INFO] [stdout]    9:     0x56cac284890d - __rustc[ea4f61d10b84890b]::rust_begin_unwind
[INFO] [stdout]   10:     0x56cac288309c - core[a373ad73a504971]::panicking::panic_fmt
[INFO] [stdout]   11:     0x56cac2882e72 - core[a373ad73a504971]::result::unwrap_failed
[INFO] [stdout]   12:     0x56cac27ea8d4 - cli_integration[2eba4671c1d50162]::common::run_gdcli
[INFO] [stdout]   13:     0x56cac27e4ff5 - <cli_integration[2eba4671c1d50162]::test_sub_resource_add::{closure#0} as core[a373ad73a504971]::ops::function::FnOnce<()>>::call_once
[INFO] [stdout]   14:     0x56cac27f323b - test[aada8e7e76ba119b]::__rust_begin_short_backtrace::<core[a373ad73a504971]::result::Result<(), alloc[2e1b2a31b91974c5]::string::String>, fn() -> core[a373ad73a504971]::result::Result<(), alloc[2e1b2a31b91974c5]::string::String>>
[INFO] [stdout]   15:     0x56cac2800415 - test[aada8e7e76ba119b]::run_test::{closure#0}
[INFO] [stdout]   16:     0x56cac27f9d04 - std[617be2ca0a6fd877]::sys::backtrace::__rust_begin_short_backtrace::<test[aada8e7e76ba119b]::run_test::{closure#1}, ()>
[INFO] [stdout]   17:     0x56cac28034a2 - <std[617be2ca0a6fd877]::thread::lifecycle::spawn_unchecked<test[aada8e7e76ba119b]::run_test::{closure#1}, ()>::{closure#1} as core[a373ad73a504971]::ops::function::FnOnce<()>>::call_once::{shim:vtable#0}
[INFO] [stdout]   18:     0x56cac286c4ff - <std[617be2ca0a6fd877]::sys::thread::unix::Thread>::new::thread_start
[INFO] [stdout]   19:     0x75941dd3edfa - <unknown>
[INFO] [stdout]   20:     0x75941ddd23d4 - clone
[INFO] [stdout]   21:                0x0 - <unknown>
[INFO] [stdout] 
[INFO] [stdout] ---- test_sub_resource_edit stdout ----
[INFO] [stdout] 
[INFO] [stdout] thread 'test_sub_resource_edit' (826) panicked at tests/common/mod.rs:43:10:
[INFO] [stdout] Failed to run gdcli: Os { code: 2, kind: NotFound, message: "No such file or directory" }
[INFO] [stdout] stack backtrace:
[INFO] [stdout]    0:     0x56cac286d1e1 - <<std[617be2ca0a6fd877]::sys::backtrace::BacktraceLock>::print::DisplayBacktrace as core[a373ad73a504971]::fmt::Display>::fmt
[INFO] [stdout]    1:     0x56cac288296a - core[a373ad73a504971]::fmt::write
[INFO] [stdout]    2:     0x56cac287165c - <alloc[2e1b2a31b91974c5]::vec::Vec<u8> as core[a373ad73a504971]::io::write::Write>::write_fmt
[INFO] [stdout]    3:     0x56cac2847c56 - std[617be2ca0a6fd877]::panicking::default_hook::{closure#0}
[INFO] [stdout]    4:     0x56cac2864c59 - std[617be2ca0a6fd877]::panicking::default_hook
[INFO] [stdout]    5:     0x56cac27ffdf0 - test[aada8e7e76ba119b]::test_main_inner::{closure#0}
[INFO] [stdout]    6:     0x56cac2864e12 - std[617be2ca0a6fd877]::panicking::panic_with_hook
[INFO] [stdout]    7:     0x56cac2847d02 - std[617be2ca0a6fd877]::panicking::panic_handler::{closure#0}
[INFO] [stdout]    8:     0x56cac2840769 - std[617be2ca0a6fd877]::sys::backtrace::__rust_end_short_backtrace::<std[617be2ca0a6fd877]::panicking::panic_handler::{closure#0}, !>
[INFO] [stdout]    9:     0x56cac284890d - __rustc[ea4f61d10b84890b]::rust_begin_unwind
[INFO] [stdout]   10:     0x56cac288309c - core[a373ad73a504971]::panicking::panic_fmt
[INFO] [stdout]   11:     0x56cac2882e72 - core[a373ad73a504971]::result::unwrap_failed
[INFO] [stdout]   12:     0x56cac27ea8d4 - cli_integration[2eba4671c1d50162]::common::run_gdcli
[INFO] [stdout]   13:     0x56cac27e62eb - <cli_integration[2eba4671c1d50162]::test_sub_resource_edit::{closure#0} as core[a373ad73a504971]::ops::function::FnOnce<()>>::call_once
[INFO] [stdout]   14:     0x56cac27f323b - test[aada8e7e76ba119b]::__rust_begin_short_backtrace::<core[a373ad73a504971]::result::Result<(), alloc[2e1b2a31b91974c5]::string::String>, fn() -> core[a373ad73a504971]::result::Result<(), alloc[2e1b2a31b91974c5]::string::String>>
[INFO] [stdout]   15:     0x56cac2800415 - test[aada8e7e76ba119b]::run_test::{closure#0}
[INFO] [stdout]   16:     0x56cac27f9d04 - std[617be2ca0a6fd877]::sys::backtrace::__rust_begin_short_backtrace::<test[aada8e7e76ba119b]::run_test::{closure#1}, ()>
[INFO] [stdout]   17:     0x56cac28034a2 - <std[617be2ca0a6fd877]::thread::lifecycle::spawn_unchecked<test[aada8e7e76ba119b]::run_test::{closure#1}, ()>::{closure#1} as core[a373ad73a504971]::ops::function::FnOnce<()>>::call_once::{shim:vtable#0}
[INFO] [stdout]   18:     0x56cac286c4ff - <std[617be2ca0a6fd877]::sys::thread::unix::Thread>::new::thread_start
[INFO] [stdout]   19:     0x75941dd3edfa - <unknown>
[INFO] [stdout]   20:     0x75941ddd23d4 - clone
[INFO] [stdout]   21:                0x0 - <unknown>
[INFO] [stdout] 
[INFO] [stdout] ---- test_uid_fix_no_changes stdout ----
[INFO] [stdout] 
[INFO] [stdout] thread 'test_uid_fix_no_changes' (827) panicked at tests/common/mod.rs:43:10:
[INFO] [stdout] Failed to run gdcli: Os { code: 2, kind: NotFound, message: "No such file or directory" }
[INFO] [stdout] stack backtrace:
[INFO] [stdout]    0:     0x56cac286d1e1 - <<std[617be2ca0a6fd877]::sys::backtrace::BacktraceLock>::print::DisplayBacktrace as core[a373ad73a504971]::fmt::Display>::fmt
[INFO] [stdout]    1:     0x56cac288296a - core[a373ad73a504971]::fmt::write
[INFO] [stdout]    2:     0x56cac287165c - <alloc[2e1b2a31b91974c5]::vec::Vec<u8> as core[a373ad73a504971]::io::write::Write>::write_fmt
[INFO] [stdout]    3:     0x56cac2847c56 - std[617be2ca0a6fd877]::panicking::default_hook::{closure#0}
[INFO] [stdout]    4:     0x56cac2864c59 - std[617be2ca0a6fd877]::panicking::default_hook
[INFO] [stdout]    5:     0x56cac27ffdf0 - test[aada8e7e76ba119b]::test_main_inner::{closure#0}
[INFO] [stdout]    6:     0x56cac2864e12 - std[617be2ca0a6fd877]::panicking::panic_with_hook
[INFO] [stdout]    7:     0x56cac2847d02 - std[617be2ca0a6fd877]::panicking::panic_handler::{closure#0}
[INFO] [stdout]    8:     0x56cac2840769 - std[617be2ca0a6fd877]::sys::backtrace::__rust_end_short_backtrace::<std[617be2ca0a6fd877]::panicking::panic_handler::{closure#0}, !>
[INFO] [stdout]    9:     0x56cac284890d - __rustc[ea4f61d10b84890b]::rust_begin_unwind
[INFO] [stdout]   10:     0x56cac288309c - core[a373ad73a504971]::panicking::panic_fmt
[INFO] [stdout]   11:     0x56cac2882e72 - core[a373ad73a504971]::result::unwrap_failed
[INFO] [stdout]   12:     0x56cac27ea8d4 - cli_integration[2eba4671c1d50162]::common::run_gdcli
[INFO] [stdout]   13:     0x56cac27e6ec1 - <cli_integration[2eba4671c1d50162]::test_uid_fix_no_changes::{closure#0} as core[a373ad73a504971]::ops::function::FnOnce<()>>::call_once
[INFO] [stdout]   14:     0x56cac27f323b - test[aada8e7e76ba119b]::__rust_begin_short_backtrace::<core[a373ad73a504971]::result::Result<(), alloc[2e1b2a31b91974c5]::string::String>, fn() -> core[a373ad73a504971]::result::Result<(), alloc[2e1b2a31b91974c5]::string::String>>
[INFO] [stdout]   15:     0x56cac2800415 - test[aada8e7e76ba119b]::run_test::{closure#0}
[INFO] [stdout]   16:     0x56cac27f9d04 - std[617be2ca0a6fd877]::sys::backtrace::__rust_begin_short_backtrace::<test[aada8e7e76ba119b]::run_test::{closure#1}, ()>
[INFO] [stdout]   17:     0x56cac28034a2 - <std[617be2ca0a6fd877]::thread::lifecycle::spawn_unchecked<test[aada8e7e76ba119b]::run_test::{closure#1}, ()>::{closure#1} as core[a373ad73a504971]::ops::function::FnOnce<()>>::call_once::{shim:vtable#0}
[INFO] [stdout]   18:     0x56cac286c4ff - <std[617be2ca0a6fd877]::sys::thread::unix::Thread>::new::thread_start
[INFO] [stdout]   19:     0x75941dd3edfa - <unknown>
[INFO] [stdout]   20:     0x75941ddd23d4 - clone
[INFO] [stdout]   21:                0x0 - <unknown>
[INFO] [stdout] 
[INFO] [stdout] 
[INFO] [stdout] failures:
[INFO] [stdout]     test_connection_add
[INFO] [stdout]     test_connection_remove
[INFO] [stdout]     test_load_sprite
[INFO] [stdout]     test_no_project_godot_error
[INFO] [stdout]     test_node_add_duplicate_fails
[INFO] [stdout]     test_node_add_json
[INFO] [stdout]     test_node_remove
[INFO] [stdout]     test_scene_create_json
[INFO] [stdout]     test_scene_edit
[INFO] [stdout]     test_scene_inspect_json
[INFO] [stdout]     test_scene_list
[INFO] [stdout]     test_scene_validate_clean
[INFO] [stdout]     test_script_create
[INFO] [stdout]     test_sub_resource_add
[INFO] [stdout]     test_sub_resource_edit
[INFO] [stdout]     test_uid_fix_no_changes
[INFO] [stdout] 
[INFO] [stdout] test result: FAILED. 0 passed; 16 failed; 0 ignored; 0 measured; 0 filtered out; finished in 0.01s
[INFO] [stdout] 
[INFO] running `Command { std: "docker" "inspect" "893a8bba077a62840ddc4905242a4e06f64bcf3b207968855adea88aac20ec4e", kill_on_drop: false }`
[INFO] running `Command { std: "docker" "rm" "-f" "893a8bba077a62840ddc4905242a4e06f64bcf3b207968855adea88aac20ec4e", kill_on_drop: false }`
[INFO] [stdout] 893a8bba077a62840ddc4905242a4e06f64bcf3b207968855adea88aac20ec4e
