[INFO] cloning repository https://github.com/mykmelez/trbl
[INFO] running `Command { std: "git" "-c" "credential.helper=" "-c" "credential.helper=/workspace/cargo-home/bin/git-credential-null" "clone" "--bare" "https://github.com/mykmelez/trbl" "/workspace/cache/git-repos/https%3A%2F%2Fgithub.com%2Fmykmelez%2Ftrbl", kill_on_drop: false }`
[INFO] [stderr] Cloning into bare repository '/workspace/cache/git-repos/https%3A%2F%2Fgithub.com%2Fmykmelez%2Ftrbl'...
[INFO] running `Command { std: "git" "rev-parse" "HEAD", kill_on_drop: false }`
[INFO] [stdout] d8baace1aff7c98fb30bc4d15a596fd0d099cf08
[INFO] testing mykmelez/trbl against 1.100.0-beta.1+cargoflags=--release for beta-release-1.100-2
[INFO] running `Command { std: "git" "clone" "/workspace/cache/git-repos/https%3A%2F%2Fgithub.com%2Fmykmelez%2Ftrbl" "/workspace/builds/worker-0-tc2/source", kill_on_drop: false }`
[INFO] [stderr] Cloning into '/workspace/builds/worker-0-tc2/source'...
[INFO] [stderr] done.
[INFO] started tweaking git repo https://github.com/mykmelez/trbl
[INFO] finished tweaking git repo https://github.com/mykmelez/trbl
[INFO] tweaked toml for git repo https://github.com/mykmelez/trbl written to /workspace/builds/worker-0-tc2/source/Cargo.toml
[INFO] validating manifest of git repo https://github.com/mykmelez/trbl on toolchain 1.100.0-beta.1
[INFO] running `Command { std: CARGO_HOME="/workspace/cargo-home" RUSTUP_HOME="/workspace/rustup-home" "/workspace/cargo-home/bin/cargo" "+1.100.0-beta.1" "metadata" "--manifest-path" "Cargo.toml" "--no-deps", kill_on_drop: false }`
[INFO] crate git repo https://github.com/mykmelez/trbl already has a lockfile, it will not be regenerated
[INFO] running `Command { std: CARGO_HOME="/workspace/cargo-home" RUSTUP_HOME="/workspace/rustup-home" "/workspace/cargo-home/bin/cargo" "+1.100.0-beta.1" "fetch" "--manifest-path" "Cargo.toml", kill_on_drop: false }`
[INFO] [stderr] warning: Cargo.toml: `package.edition` is unspecified, defaulting to `2015` while the latest is `2024`
[INFO] [stderr] warning: `trbl` (manifest) generated 1 warning
[INFO] running `Command { std: "docker" "create" "-v" "/var/lib/crater-agent-workspace/builds/worker-0-tc2/source:/opt/rustwide/workdir:ro,Z" "-v" "/var/lib/crater-agent-workspace/builds/worker-0-tc2/target:/opt/rustwide/target:rw,Z" "-v" "/var/lib/crater-agent-workspace/cargo-home:/opt/rustwide/cargo-home:ro,Z" "-v" "/var/lib/crater-agent-workspace/rustup-home:/opt/rustwide/rustup-home:ro,Z" "-m" "1610612736" "--network" "none" "ghcr.io/rust-lang/crates-build-env/linux@sha256:77db811e55d90add9212f6832c23229e3de5f1c1f9905e8cb07319ea15df73ac" "sleep" "infinity", kill_on_drop: false }`
[INFO] [stdout] 99c04bd72bf694c9e4963601f88cb917232d53f5947d2a5b3e81fbb877275be2
[INFO] running `Command { std: "docker" "start" "99c04bd72bf694c9e4963601f88cb917232d53f5947d2a5b3e81fbb877275be2", kill_on_drop: false }`
[INFO] running `Command { std: "docker" "inspect" "99c04bd72bf694c9e4963601f88cb917232d53f5947d2a5b3e81fbb877275be2", kill_on_drop: false }`
[INFO] running `Command { std: "docker" "exec" "-e" "SOURCE_DIR=/opt/rustwide/workdir" "-e" "CARGO_HOME=/opt/rustwide/cargo-home" "-e" "RUSTUP_HOME=/opt/rustwide/rustup-home" "-e" "CARGO_TARGET_DIR=/opt/rustwide/target" "-w" "/opt/rustwide/workdir" "--user" "0:0" "99c04bd72bf694c9e4963601f88cb917232d53f5947d2a5b3e81fbb877275be2" "/opt/rustwide/cargo-home/bin/cargo" "+1.100.0-beta.1" "metadata" "--no-deps" "--format-version=1", kill_on_drop: false }`
[INFO] running `Command { std: "docker" "inspect" "99c04bd72bf694c9e4963601f88cb917232d53f5947d2a5b3e81fbb877275be2", kill_on_drop: false }`
[INFO] running `Command { std: "docker" "exec" "-e" "SOURCE_DIR=/opt/rustwide/workdir" "-e" "CARGO_HOME=/opt/rustwide/cargo-home" "-e" "RUSTUP_HOME=/opt/rustwide/rustup-home" "-e" "CARGO_TARGET_DIR=/opt/rustwide/target" "-e" "CARGO_INCREMENTAL=0" "-e" "RUST_BACKTRACE=full" "-e" "RUSTFLAGS=--cap-lints=warn" "-e" "RUSTDOCFLAGS=--cap-lints=warn" "-w" "/opt/rustwide/workdir" "--user" "0:0" "99c04bd72bf694c9e4963601f88cb917232d53f5947d2a5b3e81fbb877275be2" "/opt/rustwide/cargo-home/bin/cargo" "+1.100.0-beta.1" "build" "--frozen" "--message-format=json" "--release", kill_on_drop: false }`
[INFO] [stderr] warning: Cargo.toml: `package.edition` is unspecified, defaulting to `2015` while the latest is `2024`
[INFO] [stderr] warning: `trbl` (manifest) generated 1 warning
[INFO] [stderr]    Compiling lazy_static v1.0.0
[INFO] [stderr]    Compiling trbl v0.1.0 (/opt/rustwide/workdir)
[INFO] [stderr] warning: unused dependency `lazy_static`
[INFO] [stderr]  --> Cargo.toml:2:1
[INFO] [stderr]   |
[INFO] [stderr] 2 | lazy_static = "1.0"
[INFO] [stderr]   | ^^^^^^^^^^^^^^^^^^^
[INFO] [stderr]   |
[INFO] [stderr]   = note: `cargo::unused_dependencies` is set to `warn` by default
[INFO] [stderr] help: consider removing the dependency on `lazy_static`
[INFO] [stderr] warning: `trbl` (manifest) generated 1 warning
[INFO] [stderr]     Finished `release` profile [optimized] target(s) in 5.54s
[INFO] running `Command { std: "docker" "inspect" "99c04bd72bf694c9e4963601f88cb917232d53f5947d2a5b3e81fbb877275be2", kill_on_drop: false }`
[INFO] running `Command { std: "docker" "exec" "-e" "SOURCE_DIR=/opt/rustwide/workdir" "-e" "CARGO_HOME=/opt/rustwide/cargo-home" "-e" "RUSTUP_HOME=/opt/rustwide/rustup-home" "-e" "CARGO_TARGET_DIR=/opt/rustwide/target" "-e" "CARGO_INCREMENTAL=0" "-e" "RUST_BACKTRACE=full" "-e" "RUSTFLAGS=--cap-lints=warn" "-e" "RUSTDOCFLAGS=--cap-lints=warn" "-w" "/opt/rustwide/workdir" "--user" "0:0" "99c04bd72bf694c9e4963601f88cb917232d53f5947d2a5b3e81fbb877275be2" "/opt/rustwide/cargo-home/bin/cargo" "+1.100.0-beta.1" "test" "--frozen" "--no-run" "--message-format=json" "--release", kill_on_drop: false }`
[INFO] [stderr] warning: Cargo.toml: `package.edition` is unspecified, defaulting to `2015` while the latest is `2024`
[INFO] [stderr] warning: `trbl` (manifest) generated 1 warning
[INFO] [stderr]    Compiling lazy_static v1.0.0
[INFO] [stderr]    Compiling trbl v0.1.0 (/opt/rustwide/workdir)
[INFO] [stdout] warning: use of deprecated constant `std::sync::ONCE_INIT`: the `Once::new()` function is now preferred
[INFO] [stdout]   --> tests/spawn_runtime.rs:12:1
[INFO] [stdout]    |
[INFO] [stdout] 12 | / lazy_static! {
[INFO] [stdout] 13 | |     static ref CURRENT_EXE: PathBuf = std::env::current_exe().unwrap();
[INFO] [stdout] 14 | |     static ref PARENT_DIR: PathBuf = PathBuf::from(CURRENT_EXE.parent().unwrap());
[INFO] [stdout] 15 | |     static ref GRANDPARENT_DIR: PathBuf = PathBuf::from(PARENT_DIR.parent().unwrap());
[INFO] [stdout] 16 | |     static ref COMMAND_NAME: PathBuf = Path::new(GRANDPARENT_DIR.as_path()).join(
[INFO] [stdout] 17 | |         "trbl".to_string() + if cfg!(target_os = "windows") { ".exe" } else { "" });
[INFO] [stdout] 18 | | }
[INFO] [stdout]    | |_^
[INFO] [stdout]    |
[INFO] [stdout]    = note: `#[warn(deprecated)]` on by default
[INFO] [stdout]    = note: this warning originates in the macro `__lazy_static_create` which comes from the expansion of the macro `lazy_static` (in Nightly builds, run with -Z macro-backtrace for more info)
[INFO] [stdout] 
[INFO] [stdout] 
[INFO] [stdout] warning: use of deprecated constant `std::sync::ONCE_INIT`: the `Once::new()` function is now preferred
[INFO] [stdout]   --> tests/spawn_runtime.rs:12:1
[INFO] [stdout]    |
[INFO] [stdout] 12 | / lazy_static! {
[INFO] [stdout] 13 | |     static ref CURRENT_EXE: PathBuf = std::env::current_exe().unwrap();
[INFO] [stdout] 14 | |     static ref PARENT_DIR: PathBuf = PathBuf::from(CURRENT_EXE.parent().unwrap());
[INFO] [stdout] 15 | |     static ref GRANDPARENT_DIR: PathBuf = PathBuf::from(PARENT_DIR.parent().unwrap());
[INFO] [stdout] 16 | |     static ref COMMAND_NAME: PathBuf = Path::new(GRANDPARENT_DIR.as_path()).join(
[INFO] [stdout] 17 | |         "trbl".to_string() + if cfg!(target_os = "windows") { ".exe" } else { "" });
[INFO] [stdout] 18 | | }
[INFO] [stdout]    | |_^
[INFO] [stdout]    |
[INFO] [stdout]    = note: this warning originates in the macro `__lazy_static_create` which comes from the expansion of the macro `lazy_static` (in Nightly builds, run with -Z macro-backtrace for more info)
[INFO] [stdout] 
[INFO] [stdout] 
[INFO] [stdout] warning: use of deprecated constant `std::sync::ONCE_INIT`: the `Once::new()` function is now preferred
[INFO] [stdout]   --> tests/spawn_runtime.rs:12:1
[INFO] [stdout]    |
[INFO] [stdout] 12 | / lazy_static! {
[INFO] [stdout] 13 | |     static ref CURRENT_EXE: PathBuf = std::env::current_exe().unwrap();
[INFO] [stdout] 14 | |     static ref PARENT_DIR: PathBuf = PathBuf::from(CURRENT_EXE.parent().unwrap());
[INFO] [stdout] 15 | |     static ref GRANDPARENT_DIR: PathBuf = PathBuf::from(PARENT_DIR.parent().unwrap());
[INFO] [stdout] 16 | |     static ref COMMAND_NAME: PathBuf = Path::new(GRANDPARENT_DIR.as_path()).join(
[INFO] [stdout] 17 | |         "trbl".to_string() + if cfg!(target_os = "windows") { ".exe" } else { "" });
[INFO] [stdout] 18 | | }
[INFO] [stdout]    | |_^
[INFO] [stdout]    |
[INFO] [stdout]    = note: this warning originates in the macro `__lazy_static_create` which comes from the expansion of the macro `lazy_static` (in Nightly builds, run with -Z macro-backtrace for more info)
[INFO] [stdout] 
[INFO] [stdout] 
[INFO] [stdout] warning: use of deprecated constant `std::sync::ONCE_INIT`: the `Once::new()` function is now preferred
[INFO] [stdout]   --> tests/spawn_runtime.rs:12:1
[INFO] [stdout]    |
[INFO] [stdout] 12 | / lazy_static! {
[INFO] [stdout] 13 | |     static ref CURRENT_EXE: PathBuf = std::env::current_exe().unwrap();
[INFO] [stdout] 14 | |     static ref PARENT_DIR: PathBuf = PathBuf::from(CURRENT_EXE.parent().unwrap());
[INFO] [stdout] 15 | |     static ref GRANDPARENT_DIR: PathBuf = PathBuf::from(PARENT_DIR.parent().unwrap());
[INFO] [stdout] 16 | |     static ref COMMAND_NAME: PathBuf = Path::new(GRANDPARENT_DIR.as_path()).join(
[INFO] [stdout] 17 | |         "trbl".to_string() + if cfg!(target_os = "windows") { ".exe" } else { "" });
[INFO] [stdout] 18 | | }
[INFO] [stdout]    | |_^
[INFO] [stdout]    |
[INFO] [stdout]    = note: this warning originates in the macro `__lazy_static_create` which comes from the expansion of the macro `lazy_static` (in Nightly builds, run with -Z macro-backtrace for more info)
[INFO] [stdout] 
[INFO] [stdout] 
[INFO] [stderr]     Finished `release` profile [optimized] target(s) in 15.78s
[INFO] running `Command { std: "docker" "inspect" "99c04bd72bf694c9e4963601f88cb917232d53f5947d2a5b3e81fbb877275be2", kill_on_drop: false }`
[INFO] running `Command { std: "docker" "exec" "-e" "SOURCE_DIR=/opt/rustwide/workdir" "-e" "CARGO_HOME=/opt/rustwide/cargo-home" "-e" "RUSTUP_HOME=/opt/rustwide/rustup-home" "-e" "CARGO_TARGET_DIR=/opt/rustwide/target" "-e" "CARGO_INCREMENTAL=0" "-e" "RUST_BACKTRACE=full" "-e" "RUSTFLAGS=--cap-lints=warn" "-e" "RUSTDOCFLAGS=--cap-lints=warn" "-w" "/opt/rustwide/workdir" "--user" "0:0" "99c04bd72bf694c9e4963601f88cb917232d53f5947d2a5b3e81fbb877275be2" "/opt/rustwide/cargo-home/bin/cargo" "+1.100.0-beta.1" "test" "--frozen" "--release", kill_on_drop: false }`
[INFO] [stderr] warning: Cargo.toml: `package.edition` is unspecified, defaulting to `2015` while the latest is `2024`
[INFO] [stderr] warning: `trbl` (manifest) generated 1 warning
[INFO] [stderr] warning: use of deprecated constant `std::sync::ONCE_INIT`: the `Once::new()` function is now preferred
[INFO] [stderr]   --> tests/spawn_runtime.rs:12:1
[INFO] [stderr]    |
[INFO] [stderr] 12 | / lazy_static! {
[INFO] [stderr] 13 | |     static ref CURRENT_EXE: PathBuf = std::env::current_exe().unwrap();
[INFO] [stderr] 14 | |     static ref PARENT_DIR: PathBuf = PathBuf::from(CURRENT_EXE.parent().unwrap());
[INFO] [stderr] 15 | |     static ref GRANDPARENT_DIR: PathBuf = PathBuf::from(PARENT_DIR.parent().unwrap());
[INFO] [stderr] 16 | |     static ref COMMAND_NAME: PathBuf = Path::new(GRANDPARENT_DIR.as_path()).join(
[INFO] [stderr] 17 | |         "trbl".to_string() + if cfg!(target_os = "windows") { ".exe" } else { "" });
[INFO] [stderr] 18 | | }
[INFO] [stderr]    | |_^
[INFO] [stderr]    |
[INFO] [stderr]    = note: `#[warn(deprecated)]` on by default
[INFO] [stderr]    = note: this warning originates in the macro `__lazy_static_create` which comes from the expansion of the macro `lazy_static` (in Nightly builds, run with -Z macro-backtrace for more info)
[INFO] [stderr] 
[INFO] [stderr] warning: use of deprecated constant `std::sync::ONCE_INIT`: the `Once::new()` function is now preferred
[INFO] [stderr]   --> tests/spawn_runtime.rs:12:1
[INFO] [stderr]    |
[INFO] [stderr] 12 | / lazy_static! {
[INFO] [stderr] 13 | |     static ref CURRENT_EXE: PathBuf = std::env::current_exe().unwrap();
[INFO] [stderr] 14 | |     static ref PARENT_DIR: PathBuf = PathBuf::from(CURRENT_EXE.parent().unwrap());
[INFO] [stderr] 15 | |     static ref GRANDPARENT_DIR: PathBuf = PathBuf::from(PARENT_DIR.parent().unwrap());
[INFO] [stderr] 16 | |     static ref COMMAND_NAME: PathBuf = Path::new(GRANDPARENT_DIR.as_path()).join(
[INFO] [stderr] 17 | |         "trbl".to_string() + if cfg!(target_os = "windows") { ".exe" } else { "" });
[INFO] [stderr] 18 | | }
[INFO] [stderr]    | |_^
[INFO] [stderr]    |
[INFO] [stderr]    = note: this warning originates in the macro `__lazy_static_create` which comes from the expansion of the macro `lazy_static` (in Nightly builds, run with -Z macro-backtrace for more info)
[INFO] [stderr] 
[INFO] [stderr] warning: `trbl` (test "spawn_runtime") generated 4 warnings (2 duplicates)
[INFO] [stderr]     Finished `release` profile [optimized] target(s) in 0.03s
[INFO] [stderr]      Running unittests src/bin/firefox.rs (/opt/rustwide/target/release/build/trbl/53174b9271c3a490/out/firefox-53174b9271c3a490)
[INFO] [stderr]      Running unittests src/bin/trbl.rs (/opt/rustwide/target/release/build/trbl/bb6cb7ee56417d3b/out/trbl-bb6cb7ee56417d3b)
[INFO] [stdout] 
[INFO] [stdout] running 0 tests
[INFO] [stdout] 
[INFO] [stdout] test result: ok. 0 passed; 0 failed; 0 ignored; 0 measured; 0 filtered out; finished in 0.00s
[INFO] [stdout] 
[INFO] [stdout] 
[INFO] [stdout] running 0 tests
[INFO] [stdout] 
[INFO] [stdout] test result: ok. 0 passed; 0 failed; 0 ignored; 0 measured; 0 filtered out; finished in 0.00s
[INFO] [stdout] 
[INFO] [stderr]      Running tests/spawn_runtime.rs (/opt/rustwide/target/release/build/trbl/c85270668ee49069/out/spawn_runtime-c85270668ee49069)
[INFO] [stdout] 
[INFO] [stdout] running 3 tests
[INFO] [stdout] test run_trbl_with_exit_code ... FAILED
[INFO] [stdout] test run_trbl_with_arg ... FAILED
[INFO] [stdout] test run_trbl ... FAILED
[INFO] [stderr] error: test failed, to rerun pass `--test spawn_runtime`
[INFO] [stdout] 
[INFO] [stdout] failures:
[INFO] [stdout] 
[INFO] [stdout] ---- run_trbl_with_exit_code stdout ----
[INFO] [stdout] 
[INFO] [stdout] thread 'run_trbl_with_exit_code' (261) panicked at tests/spawn_runtime.rs:49:10:
[INFO] [stdout] error running trbl: Os { code: 2, kind: NotFound, message: "No such file or directory" }
[INFO] [stdout] stack backtrace:
[INFO] [stdout]    0:     0x5d6622ec9ea7 - <<std[617be2ca0a6fd877]::sys::backtrace::BacktraceLock>::print::DisplayBacktrace as core[a373ad73a504971]::fmt::Display>::fmt
[INFO] [stdout]    1:     0x5d6622eb22ba - core[a373ad73a504971]::fmt::write
[INFO] [stdout]    2:     0x5d6622ec945b - <alloc[2e1b2a31b91974c5]::vec::Vec<u8> as core[a373ad73a504971]::io::write::Write>::write_fmt
[INFO] [stdout]    3:     0x5d6622ec8f3f - std[617be2ca0a6fd877]::panicking::default_hook::{closure#0}
[INFO] [stdout]    4:     0x5d6622ec8b6a - std[617be2ca0a6fd877]::panicking::default_hook
[INFO] [stdout]    5:     0x5d6622ec86a5 - std[617be2ca0a6fd877]::panicking::panic_with_hook
[INFO] [stdout]    6:     0x5d6622eef451 - std[617be2ca0a6fd877]::panicking::panic_handler::{closure#0}
[INFO] [stdout]    7:     0x5d6622eef409 - std[617be2ca0a6fd877]::sys::backtrace::__rust_end_short_backtrace::<std[617be2ca0a6fd877]::panicking::panic_handler::{closure#0}, !>
[INFO] [stdout]    8:     0x5d6622eef90c - __rustc[ea4f61d10b84890b]::rust_begin_unwind
[INFO] [stdout]    9:     0x5d6622eb214b - core[a373ad73a504971]::panicking::panic_fmt
[INFO] [stdout]   10:     0x5d6622eb53b1 - core[a373ad73a504971]::result::unwrap_failed
[INFO] [stdout]   11:     0x5d6622eb079d - <spawn_runtime[c27fb2bdc8743077]::run_trbl_with_exit_code::{closure#0} as core[a373ad73a504971]::ops::function::FnOnce<()>>::call_once
[INFO] [stdout]   12:     0x5d6622f07b9b - test[aada8e7e76ba119b]::__rust_begin_short_backtrace::<core[a373ad73a504971]::result::Result<(), alloc[2e1b2a31b91974c5]::string::String>, fn() -> core[a373ad73a504971]::result::Result<(), alloc[2e1b2a31b91974c5]::string::String>>
[INFO] [stdout]   13:     0x5d6622f03b61 - test[aada8e7e76ba119b]::run_test::{closure#0}
[INFO] [stdout]   14:     0x5d6622f0334c - std[617be2ca0a6fd877]::sys::backtrace::__rust_begin_short_backtrace::<test[aada8e7e76ba119b]::run_test::{closure#1}, ()>
[INFO] [stdout]   15:     0x5d6622f22fec - <std[617be2ca0a6fd877]::thread::lifecycle::spawn_unchecked<test[aada8e7e76ba119b]::run_test::{closure#1}, ()>::{closure#1} as core[a373ad73a504971]::ops::function::FnOnce<()>>::call_once::{shim:vtable#0}
[INFO] [stdout]   16:     0x5d6622ef10e4 - <std[617be2ca0a6fd877]::sys::thread::unix::Thread>::new::thread_start
[INFO] [stdout]   17:     0x7b994f684dfa - <unknown>
[INFO] [stdout]   18:     0x7b994f7183d4 - clone
[INFO] [stdout]   19:                0x0 - <unknown>
[INFO] [stdout] 
[INFO] [stdout] ---- run_trbl_with_arg stdout ----
[INFO] [stdout] 
[INFO] [stdout] thread 'run_trbl_with_arg' (260) panicked at tests/spawn_runtime.rs:37:10:
[INFO] [stdout] error running trbl: Os { code: 2, kind: NotFound, message: "No such file or directory" }
[INFO] [stdout] stack backtrace:
[INFO] [stdout]    0:     0x5d6622ec9ea7 - <<std[617be2ca0a6fd877]::sys::backtrace::BacktraceLock>::print::DisplayBacktrace as core[a373ad73a504971]::fmt::Display>::fmt
[INFO] [stdout]    1:     0x5d6622eb22ba - core[a373ad73a504971]::fmt::write
[INFO] [stdout]    2:     0x5d6622ec945b - <alloc[2e1b2a31b91974c5]::vec::Vec<u8> as core[a373ad73a504971]::io::write::Write>::write_fmt
[INFO] [stdout]    3:     0x5d6622ec8f3f - std[617be2ca0a6fd877]::panicking::default_hook::{closure#0}
[INFO] [stdout]    4:     0x5d6622ec8b6a - std[617be2ca0a6fd877]::panicking::default_hook
[INFO] [stdout]    5:     0x5d6622ec86a5 - std[617be2ca0a6fd877]::panicking::panic_with_hook
[INFO] [stdout]    6:     0x5d6622eef451 - std[617be2ca0a6fd877]::panicking::panic_handler::{closure#0}
[INFO] [stdout]    7:     0x5d6622eef409 - std[617be2ca0a6fd877]::sys::backtrace::__rust_end_short_backtrace::<std[617be2ca0a6fd877]::panicking::panic_handler::{closure#0}, !>
[INFO] [stdout]    8:     0x5d6622eef90c - __rustc[ea4f61d10b84890b]::rust_begin_unwind
[INFO] [stdout]    9:     0x5d6622eb214b - core[a373ad73a504971]::panicking::panic_fmt
[INFO] [stdout]   10:     0x5d6622eb53b1 - core[a373ad73a504971]::result::unwrap_failed
[INFO] [stdout]   11:     0x5d6622eb0406 - <spawn_runtime[c27fb2bdc8743077]::run_trbl_with_arg::{closure#0} as core[a373ad73a504971]::ops::function::FnOnce<()>>::call_once
[INFO] [stdout]   12:     0x5d6622f07b9b - test[aada8e7e76ba119b]::__rust_begin_short_backtrace::<core[a373ad73a504971]::result::Result<(), alloc[2e1b2a31b91974c5]::string::String>, fn() -> core[a373ad73a504971]::result::Result<(), alloc[2e1b2a31b91974c5]::string::String>>
[INFO] [stdout]   13:     0x5d6622f03b61 - test[aada8e7e76ba119b]::run_test::{closure#0}
[INFO] [stdout]   14:     0x5d6622f0334c - std[617be2ca0a6fd877]::sys::backtrace::__rust_begin_short_backtrace::<test[aada8e7e76ba119b]::run_test::{closure#1}, ()>
[INFO] [stdout]   15:     0x5d6622f22fec - <std[617be2ca0a6fd877]::thread::lifecycle::spawn_unchecked<test[aada8e7e76ba119b]::run_test::{closure#1}, ()>::{closure#1} as core[a373ad73a504971]::ops::function::FnOnce<()>>::call_once::{shim:vtable#0}
[INFO] [stdout]   16:     0x5d6622ef10e4 - <std[617be2ca0a6fd877]::sys::thread::unix::Thread>::new::thread_start
[INFO] [stdout]   17:     0x7b994f684dfa - <unknown>
[INFO] [stdout]   18:     0x7b994f7183d4 - clone
[INFO] [stdout]   19:                0x0 - <unknown>
[INFO] [stdout] 
[INFO] [stdout] ---- run_trbl stdout ----
[INFO] [stdout] 
[INFO] [stdout] thread 'run_trbl' (259) panicked at tests/spawn_runtime.rs:25:10:
[INFO] [stdout] error running trbl: Os { code: 2, kind: NotFound, message: "No such file or directory" }
[INFO] [stdout] stack backtrace:
[INFO] [stdout]    0:     0x5d6622ec9ea7 - <<std[617be2ca0a6fd877]::sys::backtrace::BacktraceLock>::print::DisplayBacktrace as core[a373ad73a504971]::fmt::Display>::fmt
[INFO] [stdout]    1:     0x5d6622eb22ba - core[a373ad73a504971]::fmt::write
[INFO] [stdout]    2:     0x5d6622ec945b - <alloc[2e1b2a31b91974c5]::vec::Vec<u8> as core[a373ad73a504971]::io::write::Write>::write_fmt
[INFO] [stdout]    3:     0x5d6622ec8f3f - std[617be2ca0a6fd877]::panicking::default_hook::{closure#0}
[INFO] [stdout]    4:     0x5d6622ec8b6a - std[617be2ca0a6fd877]::panicking::default_hook
[INFO] [stdout]    5:     0x5d6622ec86a5 - std[617be2ca0a6fd877]::panicking::panic_with_hook
[INFO] [stdout]    6:     0x5d6622eef451 - std[617be2ca0a6fd877]::panicking::panic_handler::{closure#0}
[INFO] [stdout]    7:     0x5d6622eef409 - std[617be2ca0a6fd877]::sys::backtrace::__rust_end_short_backtrace::<std[617be2ca0a6fd877]::panicking::panic_handler::{closure#0}, !>
[INFO] [stdout]    8:     0x5d6622eef90c - __rustc[ea4f61d10b84890b]::rust_begin_unwind
[INFO] [stdout]    9:     0x5d6622eb214b - core[a373ad73a504971]::panicking::panic_fmt
[INFO] [stdout]   10:     0x5d6622eb53b1 - core[a373ad73a504971]::result::unwrap_failed
[INFO] [stdout]   11:     0x5d6622eb0b0d - <spawn_runtime[c27fb2bdc8743077]::run_trbl::{closure#0} as core[a373ad73a504971]::ops::function::FnOnce<()>>::call_once
[INFO] [stdout]   12:     0x5d6622f07b9b - test[aada8e7e76ba119b]::__rust_begin_short_backtrace::<core[a373ad73a504971]::result::Result<(), alloc[2e1b2a31b91974c5]::string::String>, fn() -> core[a373ad73a504971]::result::Result<(), alloc[2e1b2a31b91974c5]::string::String>>
[INFO] [stdout]   13:     0x5d6622f03b61 - test[aada8e7e76ba119b]::run_test::{closure#0}
[INFO] [stdout]   14:     0x5d6622f0334c - std[617be2ca0a6fd877]::sys::backtrace::__rust_begin_short_backtrace::<test[aada8e7e76ba119b]::run_test::{closure#1}, ()>
[INFO] [stdout]   15:     0x5d6622f22fec - <std[617be2ca0a6fd877]::thread::lifecycle::spawn_unchecked<test[aada8e7e76ba119b]::run_test::{closure#1}, ()>::{closure#1} as core[a373ad73a504971]::ops::function::FnOnce<()>>::call_once::{shim:vtable#0}
[INFO] [stdout]   16:     0x5d6622ef10e4 - <std[617be2ca0a6fd877]::sys::thread::unix::Thread>::new::thread_start
[INFO] [stdout]   17:     0x7b994f684dfa - <unknown>
[INFO] [stdout]   18:     0x7b994f7183d4 - clone
[INFO] [stdout]   19:                0x0 - <unknown>
[INFO] [stdout] 
[INFO] [stdout] 
[INFO] [stdout] failures:
[INFO] [stdout]     run_trbl
[INFO] [stdout]     run_trbl_with_arg
[INFO] [stdout]     run_trbl_with_exit_code
[INFO] [stdout] 
[INFO] [stdout] test result: FAILED. 0 passed; 3 failed; 0 ignored; 0 measured; 0 filtered out; finished in 0.01s
[INFO] [stdout] 
[INFO] running `Command { std: "docker" "inspect" "99c04bd72bf694c9e4963601f88cb917232d53f5947d2a5b3e81fbb877275be2", kill_on_drop: false }`
[INFO] running `Command { std: "docker" "rm" "-f" "99c04bd72bf694c9e4963601f88cb917232d53f5947d2a5b3e81fbb877275be2", kill_on_drop: false }`
[INFO] [stdout] 99c04bd72bf694c9e4963601f88cb917232d53f5947d2a5b3e81fbb877275be2
