[INFO] cloning repository https://github.com/mtelahun/cafe-tab
[INFO] running `Command { std: "git" "-c" "credential.helper=" "-c" "credential.helper=/workspace/cargo-home/bin/git-credential-null" "clone" "--bare" "https://github.com/mtelahun/cafe-tab" "/workspace/cache/git-repos/https%3A%2F%2Fgithub.com%2Fmtelahun%2Fcafe-tab", kill_on_drop: false }`
[INFO] [stderr] Cloning into bare repository '/workspace/cache/git-repos/https%3A%2F%2Fgithub.com%2Fmtelahun%2Fcafe-tab'...
[INFO] running `Command { std: "git" "rev-parse" "HEAD", kill_on_drop: false }`
[INFO] [stdout] 137ddf731483e72b89b1ed8252486b66c5195ec1
[INFO] testing mtelahun/cafe-tab against 1.99.0-beta.8+cargoflags=--release for beta-release-1.100-2
[INFO] running `Command { std: "git" "clone" "/workspace/cache/git-repos/https%3A%2F%2Fgithub.com%2Fmtelahun%2Fcafe-tab" "/workspace/builds/worker-6-tc1/source", kill_on_drop: false }`
[INFO] [stderr] Cloning into '/workspace/builds/worker-6-tc1/source'...
[INFO] [stderr] done.
[INFO] started tweaking git repo https://github.com/mtelahun/cafe-tab
[INFO] finished tweaking git repo https://github.com/mtelahun/cafe-tab
[INFO] tweaked toml for git repo https://github.com/mtelahun/cafe-tab written to /workspace/builds/worker-6-tc1/source/Cargo.toml
[INFO] validating manifest of git repo https://github.com/mtelahun/cafe-tab on toolchain 1.99.0-beta.8
[INFO] running `Command { std: CARGO_HOME="/workspace/cargo-home" RUSTUP_HOME="/workspace/rustup-home" "/workspace/cargo-home/bin/cargo" "+1.99.0-beta.8" "metadata" "--manifest-path" "Cargo.toml" "--no-deps", kill_on_drop: false }`
[INFO] crate git repo https://github.com/mtelahun/cafe-tab already has a lockfile, it will not be regenerated
[INFO] running `Command { std: CARGO_HOME="/workspace/cargo-home" RUSTUP_HOME="/workspace/rustup-home" "/workspace/cargo-home/bin/cargo" "+1.99.0-beta.8" "fetch" "--manifest-path" "Cargo.toml", kill_on_drop: false }`
[INFO] [stderr]     Updating crates.io index
[INFO] [stderr]  Downloading crates ...
[INFO] [stderr]   Downloaded cpufeatures v0.2.15
[INFO] [stderr]   Downloaded whoami v1.5.2
[INFO] [stderr]   Downloaded rustix v0.38.40
[INFO] [stderr]   Downloaded postgres-es v0.4.11
[INFO] [stderr]   Downloaded borsh v1.5.2
[INFO] [stderr]   Downloaded borsh-derive v1.5.2
[INFO] [stderr]   Downloaded cqrs-es v0.4.12
[INFO] running `Command { std: "docker" "create" "-v" "/var/lib/crater-agent-workspace/builds/worker-6-tc1/source:/opt/rustwide/workdir:ro,Z" "-v" "/var/lib/crater-agent-workspace/builds/worker-6-tc1/target:/opt/rustwide/target:rw,Z" "-v" "/var/lib/crater-agent-workspace/cargo-home:/opt/rustwide/cargo-home:ro,Z" "-v" "/var/lib/crater-agent-workspace/rustup-home:/opt/rustwide/rustup-home:ro,Z" "-m" "1610612736" "--network" "none" "ghcr.io/rust-lang/crates-build-env/linux@sha256:77db811e55d90add9212f6832c23229e3de5f1c1f9905e8cb07319ea15df73ac" "sleep" "infinity", kill_on_drop: false }`
[INFO] [stdout] 0e71f71e899e3da59f2c317340d4fbba906026e8c4c62404c365eef7785f26a7
[INFO] running `Command { std: "docker" "start" "0e71f71e899e3da59f2c317340d4fbba906026e8c4c62404c365eef7785f26a7", kill_on_drop: false }`
[INFO] running `Command { std: "docker" "inspect" "0e71f71e899e3da59f2c317340d4fbba906026e8c4c62404c365eef7785f26a7", kill_on_drop: false }`
[INFO] running `Command { std: "docker" "exec" "-e" "SOURCE_DIR=/opt/rustwide/workdir" "-e" "CARGO_HOME=/opt/rustwide/cargo-home" "-e" "RUSTUP_HOME=/opt/rustwide/rustup-home" "-e" "CARGO_TARGET_DIR=/opt/rustwide/target" "-w" "/opt/rustwide/workdir" "--user" "0:0" "0e71f71e899e3da59f2c317340d4fbba906026e8c4c62404c365eef7785f26a7" "/opt/rustwide/cargo-home/bin/cargo" "+1.99.0-beta.8" "metadata" "--no-deps" "--format-version=1", kill_on_drop: false }`
[INFO] running `Command { std: "docker" "inspect" "0e71f71e899e3da59f2c317340d4fbba906026e8c4c62404c365eef7785f26a7", kill_on_drop: false }`
[INFO] running `Command { std: "docker" "exec" "-e" "SOURCE_DIR=/opt/rustwide/workdir" "-e" "CARGO_HOME=/opt/rustwide/cargo-home" "-e" "RUSTUP_HOME=/opt/rustwide/rustup-home" "-e" "CARGO_TARGET_DIR=/opt/rustwide/target" "-e" "CARGO_INCREMENTAL=0" "-e" "RUST_BACKTRACE=full" "-e" "RUSTFLAGS=--cap-lints=warn" "-e" "RUSTDOCFLAGS=--cap-lints=warn" "-w" "/opt/rustwide/workdir" "--user" "0:0" "0e71f71e899e3da59f2c317340d4fbba906026e8c4c62404c365eef7785f26a7" "/opt/rustwide/cargo-home/bin/cargo" "+1.99.0-beta.8" "build" "--frozen" "--message-format=json" "--release", kill_on_drop: false }`
[INFO] [stderr]    Compiling proc-macro2 v1.0.89
[INFO] [stderr]    Compiling unicode-ident v1.0.13
[INFO] [stderr]    Compiling libc v0.2.162
[INFO] [stderr]    Compiling serde v1.0.215
[INFO] [stderr]    Compiling stable_deref_trait v1.2.0
[INFO] [stderr]    Compiling litemap v0.7.3
[INFO] [stderr]    Compiling writeable v0.5.5
[INFO] [stderr]    Compiling crossbeam-utils v0.8.20
[INFO] [stderr]    Compiling cc v1.2.0
[INFO] [stderr]    Compiling ahash v0.8.11
[INFO] [stderr]    Compiling slab v0.4.9
[INFO] [stderr]    Compiling lock_api v0.4.12
[INFO] [stderr]    Compiling typenum v1.17.0
[INFO] [stderr]    Compiling serde_json v1.0.132
[INFO] [stderr]    Compiling smallvec v1.13.2
[INFO] [stderr]    Compiling icu_locid_transform_data v1.5.0
[INFO] [stderr]    Compiling once_cell v1.20.2
[INFO] [stderr]    Compiling generic-array v0.14.7
[INFO] [stderr]    Compiling pin-project-lite v0.2.15
[INFO] [stderr]    Compiling memchr v2.7.4
[INFO] [stderr]    Compiling icu_properties_data v1.5.0
[INFO] [stderr]    Compiling byteorder v1.5.0
[INFO] [stderr]    Compiling utf16_iter v1.0.5
[INFO] [stderr]    Compiling icu_normalizer_data v1.5.0
[INFO] [stderr]    Compiling write16 v1.0.0
[INFO] [stderr]    Compiling futures-core v0.3.31
[INFO] [stderr]    Compiling parking_lot_core v0.9.10
[INFO] [stderr]    Compiling num-traits v0.2.19
[INFO] [stderr]    Compiling allocator-api2 v0.2.20
[INFO] [stderr]    Compiling futures-sink v0.3.31
[INFO] [stderr]    Compiling bytes v1.8.0
[INFO] [stderr]    Compiling spin v0.9.8
[INFO] [stderr]    Compiling tinyvec v1.8.0
[INFO] [stderr]    Compiling form_urlencoded v1.2.1
[INFO] [stderr]    Compiling futures-channel v0.3.31
[INFO] [stderr]    Compiling nom v7.1.3
[INFO] [stderr]    Compiling getrandom v0.2.15
[INFO] [stderr]    Compiling block-buffer v0.10.4
[INFO] [stderr]    Compiling crypto-common v0.1.6
[INFO] [stderr]    Compiling socket2 v0.5.7
[INFO] [stderr]    Compiling mio v1.0.2
[INFO] [stderr]    Compiling tracing-core v0.1.32
[INFO] [stderr]    Compiling bitflags v2.6.0
[INFO] [stderr]    Compiling digest v0.10.7
[INFO] [stderr]    Compiling parking_lot v0.12.3
[INFO] [stderr]    Compiling quote v1.0.37
[INFO] [stderr]    Compiling syn v2.0.87
[INFO] [stderr]    Compiling ring v0.17.8
[INFO] [stderr]    Compiling rand_core v0.6.4
[INFO] [stderr]    Compiling log v0.4.22
[INFO] [stderr]    Compiling futures-io v0.3.31
[INFO] [stderr]    Compiling rustix v0.38.40
[INFO] [stderr]    Compiling futures-task v0.3.31
[INFO] [stderr]    Compiling tokio v1.41.1
[INFO] [stderr]    Compiling hashbrown v0.15.1
[INFO] [stderr]    Compiling cpufeatures v0.2.15
[INFO] [stderr]    Compiling crc v3.2.1
[INFO] [stderr]    Compiling unicode-normalization v0.1.24
[INFO] [stderr]    Compiling futures-util v0.3.31
[INFO] [stderr]    Compiling crossbeam-queue v0.3.11
[INFO] [stderr]    Compiling rustls-pemfile v1.0.4
[INFO] [stderr]    Compiling futures-intrusive v0.5.0
[INFO] [stderr]    Compiling atoi v2.0.0
[INFO] [stderr]    Compiling indexmap v2.6.0
[INFO] [stderr]    Compiling hmac v0.12.1
[INFO] [stderr]    Compiling sha2 v0.10.8
[INFO] [stderr]    Compiling syn v1.0.109
[INFO] [stderr]    Compiling webpki-roots v0.25.4
[INFO] [stderr]    Compiling unicode-properties v0.1.3
[INFO] [stderr]    Compiling unicode-bidi v0.3.17
[INFO] [stderr]    Compiling linux-raw-sys v0.4.14
[INFO] [stderr]    Compiling event-listener v2.5.3
[INFO] [stderr]    Compiling hkdf v0.12.4
[INFO] [stderr]    Compiling md-5 v0.10.6
[INFO] [stderr]    Compiling stringprep v0.1.5
[INFO] [stderr]    Compiling home v0.5.9
[INFO] [stderr]    Compiling whoami v1.5.2
[INFO] [stderr]    Compiling sqlformat v0.2.6
[INFO] [stderr]    Compiling fastrand v2.2.0
[INFO] [stderr]    Compiling unicode-segmentation v1.12.0
[INFO] [stderr]    Compiling heck v0.4.1
[INFO] [stderr]    Compiling rustls v0.21.12
[INFO] [stderr]    Compiling dotenvy v0.15.7
[INFO] [stderr]    Compiling rust_decimal v1.36.0
[INFO] [stderr]    Compiling arrayvec v0.7.6
[INFO] [stderr]    Compiling tempfile v3.14.0
[INFO] [stderr]    Compiling zeroize v1.8.1
[INFO] [stderr]    Compiling cafe-tab v0.1.0 (/opt/rustwide/workdir)
[INFO] [stderr]    Compiling secrecy v0.8.0
[INFO] [stderr]    Compiling sct v0.7.1
[INFO] [stderr]    Compiling rustls-webpki v0.101.7
[INFO] [stderr]    Compiling tokio-stream v0.1.16
[INFO] [stderr]    Compiling synstructure v0.13.1
[INFO] [stderr]    Compiling zerovec-derive v0.10.3
[INFO] [stderr]    Compiling displaydoc v0.2.5
[INFO] [stderr]    Compiling icu_provider_macros v1.5.0
[INFO] [stderr]    Compiling zerocopy-derive v0.7.35
[INFO] [stderr]    Compiling serde_derive v1.0.215
[INFO] [stderr]    Compiling thiserror-impl v1.0.69
[INFO] [stderr]    Compiling tracing-attributes v0.1.27
[INFO] [stderr]    Compiling futures-macro v0.3.31
[INFO] [stderr]    Compiling tokio-macros v2.4.0
[INFO] [stderr]    Compiling async-trait v0.1.83
[INFO] [stderr]    Compiling zerofrom-derive v0.1.4
[INFO] [stderr]    Compiling yoke-derive v0.7.4
[INFO] [stderr]    Compiling zerocopy v0.7.35
[INFO] [stderr]    Compiling tracing v0.1.40
[INFO] [stderr]    Compiling thiserror v1.0.69
[INFO] [stderr]    Compiling zerofrom v0.1.4
[INFO] [stderr]    Compiling yoke v0.7.4
[INFO] [stderr]    Compiling ppv-lite86 v0.2.20
[INFO] [stderr]    Compiling zerovec v0.10.4
[INFO] [stderr]    Compiling hashbrown v0.14.5
[INFO] [stderr]    Compiling rand_chacha v0.3.1
[INFO] [stderr]    Compiling rand v0.8.5
[INFO] [stderr]    Compiling hashlink v0.8.4
[INFO] [stderr]    Compiling tinystr v0.7.6
[INFO] [stderr]    Compiling icu_collections v1.5.0
[INFO] [stderr]    Compiling icu_locid v1.5.0
[INFO] [stderr]    Compiling icu_provider v1.5.0
[INFO] [stderr]    Compiling icu_locid_transform v1.5.0
[INFO] [stderr]    Compiling icu_properties v1.5.1
[INFO] [stderr]    Compiling futures-executor v0.3.31
[INFO] [stderr]    Compiling futures v0.3.31
[INFO] [stderr]    Compiling either v1.13.0
[INFO] [stderr]    Compiling uuid v1.11.0
[INFO] [stderr]    Compiling cqrs-es v0.4.12
[INFO] [stderr]    Compiling icu_normalizer v1.5.0
[INFO] [stderr]    Compiling idna_adapter v1.2.0
[INFO] [stderr]    Compiling idna v1.0.3
[INFO] [stderr]    Compiling url v2.5.3
[INFO] [stderr]    Compiling sqlx-core v0.7.4
[INFO] [stderr]    Compiling sqlx-postgres v0.7.4
[INFO] [stderr]    Compiling sqlx-macros-core v0.7.4
[INFO] [stderr]    Compiling sqlx-macros v0.7.4
[INFO] [stderr]    Compiling sqlx v0.7.4
[INFO] [stderr]    Compiling postgres-es v0.4.11
[INFO] [stderr]     Finished `release` profile [optimized] target(s) in 2m 20s
[INFO] [stderr] warning: the following packages contain code that will be rejected by a future version of Rust: sqlx-postgres v0.7.4
[INFO] [stderr] note: to see what the problems were, use the option `--future-incompat-report`, or run `cargo report future-incompatibilities --id 6`
[INFO] running `Command { std: "docker" "inspect" "0e71f71e899e3da59f2c317340d4fbba906026e8c4c62404c365eef7785f26a7", kill_on_drop: false }`
[INFO] running `Command { std: "docker" "exec" "-e" "SOURCE_DIR=/opt/rustwide/workdir" "-e" "CARGO_HOME=/opt/rustwide/cargo-home" "-e" "RUSTUP_HOME=/opt/rustwide/rustup-home" "-e" "CARGO_TARGET_DIR=/opt/rustwide/target" "-e" "CARGO_INCREMENTAL=0" "-e" "RUST_BACKTRACE=full" "-e" "RUSTFLAGS=--cap-lints=warn" "-e" "RUSTDOCFLAGS=--cap-lints=warn" "-w" "/opt/rustwide/workdir" "--user" "0:0" "0e71f71e899e3da59f2c317340d4fbba906026e8c4c62404c365eef7785f26a7" "/opt/rustwide/cargo-home/bin/cargo" "+1.99.0-beta.8" "test" "--frozen" "--no-run" "--message-format=json" "--release", kill_on_drop: false }`
[INFO] [stderr]    Compiling cafe-tab v0.1.0 (/opt/rustwide/workdir)
[INFO] [stderr]     Finished `release` profile [optimized] target(s) in 11.88s
[INFO] [stderr] warning: the following packages contain code that will be rejected by a future version of Rust: sqlx-postgres v0.7.4
[INFO] [stderr] note: to see what the problems were, use the option `--future-incompat-report`, or run `cargo report future-incompatibilities --id 6`
[INFO] running `Command { std: "docker" "inspect" "0e71f71e899e3da59f2c317340d4fbba906026e8c4c62404c365eef7785f26a7", kill_on_drop: false }`
[INFO] running `Command { std: "docker" "exec" "-e" "SOURCE_DIR=/opt/rustwide/workdir" "-e" "CARGO_HOME=/opt/rustwide/cargo-home" "-e" "RUSTUP_HOME=/opt/rustwide/rustup-home" "-e" "CARGO_TARGET_DIR=/opt/rustwide/target" "-e" "CARGO_INCREMENTAL=0" "-e" "RUST_BACKTRACE=full" "-e" "RUSTFLAGS=--cap-lints=warn" "-e" "RUSTDOCFLAGS=--cap-lints=warn" "-w" "/opt/rustwide/workdir" "--user" "0:0" "0e71f71e899e3da59f2c317340d4fbba906026e8c4c62404c365eef7785f26a7" "/opt/rustwide/cargo-home/bin/cargo" "+1.99.0-beta.8" "test" "--frozen" "--release", kill_on_drop: false }`
[INFO] [stderr]     Finished `release` profile [optimized] target(s) in 0.24s
[INFO] [stderr] warning: the following packages contain code that will be rejected by a future version of Rust: sqlx-postgres v0.7.4
[INFO] [stderr] note: to see what the problems were, use the option `--future-incompat-report`, or run `cargo report future-incompatibilities --id 6`
[INFO] [stderr]      Running unittests src/lib.rs (/opt/rustwide/target/release/deps/cafe_tab-45befa1db5b18c03)
[INFO] [stdout] 
[INFO] [stdout] running 36 tests
[INFO] [stdout] test domain::tab::aggregate::tests::given_open_tab_when_MarkDrinksServed_twice_on_same_drink_then_DrinksNotOutstanding_error ... ok
[INFO] [stdout] test domain::tab::aggregate::tests::given_open_tab_when_MarkFoodServed_command_then_FoodNotOutstanding_error ... ok
[INFO] [stdout] test domain::tab::aggregate::tests::given_no_tab_when_MarkFoodPrepared_command_then_TabNotOpen_error ... ok
[INFO] [stdout] test domain::tab::aggregate::tests::given_open_tab_when_MarkFoodServed_twice_on_same_food_then_FoodNotOutstanding_error ... ok
[INFO] [stdout] test domain::tab::aggregate::tests::given_open_tab_when_OpenTab_command_then_error ... ok
[INFO] [stdout] test domain::tab::aggregate::tests::given_open_tab_and_drinks_ordered_when_MarkDrinksServed_command_then_DrinkServed_event ... ok
[INFO] [stdout] test domain::tab::aggregate::tests::given_open_tab_and_food_prepared_when_MarkFoodServed_command_then_FoodServed_event ... ok
[INFO] [stdout] test domain::tab::aggregate::tests::given_open_tab_and_drink_is_ordered_twice_when_MarkDrinksServed_twice_then_DrinkServed_event_twice ... ok
[INFO] [stdout] test domain::tab::aggregate::tests::given_open_tab_and_not_food_prepared_when_MarkFoodServed_command_then_FoodNotOutstanding_error ... ok
[INFO] [stdout] test domain::tab::aggregate::tests::given_open_tab_and_drinks_ordered_when_MarkDrinksServed_command_uses_wrong_menu_number_then_error ... ok
[INFO] [stdout] test domain::tab::aggregate::tests::given_open_tab_when_MarkFoodPrepared_command_then_FoodNotOutstanding_error ... ok
[INFO] [stdout] test domain::tab::aggregate::tests::given_open_tab_and_food_is_ordered_twice_when_MarkFoodPrepared_twice_then_FoodPrepared_event_twice ... ok
[INFO] [stdout] test domain::tab::aggregate::tests::given_open_tab_when_CloseTab_command_with_extra_amount_then_TabClosed_event_with_tip ... ok
[INFO] [stdout] test domain::tab::event::tests::event_type ... ok
[INFO] [stdout] test domain::tab::event::tests::event_version_is_1_0 ... ok
[INFO] [stdout] test domain::tab::aggregate::tests::given_opened_tab_when_order_food_then_ItemOrdered_event ... ok
[INFO] [stdout] test domain::tab::aggregate::tests::given_tab_with_no_events_when_OpenTab_command_then_TabOpened_event ... ok
[INFO] [stdout] test domain::tab::aggregate::tests::given_open_tab_when_MarkFoodPrepared_twice_on_same_food_then_FoodNotOutstanding_error ... ok
[INFO] [stdout] test domain::tab::aggregate::tests::given_open_tab_and_food_ordered_when_MarkFoodPrepared_command_then_FoodPrepared_event ... ok
[INFO] [stdout] test domain::tab::queries::open_tabs::test::given_open_tab_when_add_open_item_then_open_items_has_one_item ... ok
[INFO] [stdout] test domain::tab::aggregate::tests::given_open_tab_and_food_is_ordered_twice_but_served_once_when_MarkFoodServed_then_FoodServed_event ... ok
[INFO] [stdout] test domain::tab::aggregate::tests::given_no_tab_when_MarkFoodServed_command_then_TabNotOpen_error ... ok
[INFO] [stdout] test domain::tab::aggregate::tests::given_open_tab_when_CloseTab_amount_paid_not_enough_then_MustPayEnough_error ... ok
[INFO] [stdout] test domain::tab::aggregate::tests::given_unopened_tab_when_MarkDrinksServed_command_then_TabNotOpened_error ... ok
[INFO] [stdout] test domain::tab::queries::kitchen::tests::given_new_KitchenTodoList_then_it_is_empty ... ok
[INFO] [stdout] test domain::tab::aggregate::tests::given_unopened_tab_when_PlaceOrder_command_then_TabNotOpened_error ... ok
[INFO] [stdout] test domain::tab::error::tests::error_to_string ... ok
[INFO] [stdout] test domain::tab::queries::open_tabs::test::given_open_tab_with_one_item_when_remove_item_then_open_items_is_empty ... ok
[INFO] [stdout] test infrasctructure::persistence::context::connection_parameters::tests::given_new_builder_then_default_host_and_port ... ok
[INFO] [stdout] test domain::tab::queries::open_tabs::test::when_new_WaiterTodoList_then_open_items_is_empty ... ok
[INFO] [stdout] test infrasctructure::persistence::context::connection_parameters::tests::given_new_builder_when_build_then_values_are_valid ... ok
[INFO] [stdout] test infrasctructure::persistence::context::connection_parameters::tests::given_new_builder_when_build_with_host_default_port_is_5432 ... ok
[INFO] [stdout] test domain::tab::aggregate::tests::given_open_tab_when_order_multiple_items_then_multiple_OrderPlaced_events ... ok
[INFO] [stdout] test domain::tab::aggregate::tests::given_opened_tab_when_order_1_drink_then_ItemOrdered_event ... ok
[INFO] [stdout] test domain::tab::aggregate::tests::given_unopen_tab_when_CloseTab_command_then_TabNotOpen_error ... ok
[INFO] [stdout] test domain::tab::queries::open_tabs::test::when_new_tab_then_open_items_is_empty ... ok
[INFO] [stdout] 
[INFO] [stdout] test result: ok. 36 passed; 0 failed; 0 ignored; 0 measured; 0 filtered out; finished in 0.03s
[INFO] [stdout] 
[INFO] [stderr]      Running unittests src/main.rs (/opt/rustwide/target/release/deps/cafe_tab-c4c6e5c817058a41)
[INFO] [stdout] 
[INFO] [stderr]      Running tests/main.rs (/opt/rustwide/target/release/deps/main-ed1d103e6be923ed)
[INFO] [stdout] running 0 tests
[INFO] [stdout] 
[INFO] [stdout] test result: ok. 0 passed; 0 failed; 0 ignored; 0 measured; 0 filtered out; finished in 0.00s
[INFO] [stdout] 
[INFO] [stdout] 
[INFO] [stdout] running 6 tests
[INFO] [stdout] test initially_kitchen_todo_list_is_empty ... FAILED
[INFO] [stdout] test given_new_tab_when_1_food_order_then_kitchen_list_view_shows_1_food_order ... FAILED
[INFO] [stderr] error: test failed, to rerun pass `--test main`
[INFO] [stdout] test given_tab_with_1_food_order_when_another_food_order_then_kitchen_list_view_shows_2_food_orders ... FAILED
[INFO] [stdout] test initially_waiter_todo_list_is_empty ... FAILED
[INFO] [stdout] test given_new_tab_when_1_food_order_then_waiter_list_view_shows_1_food_order ... FAILED
[INFO] [stdout] test given_tab_with_1_food_order_when_kitchen_marks_it_prepared_then_kitchen_todo_list_shows_0_food_orders ... FAILED
[INFO] [stdout] 
[INFO] [stdout] failures:
[INFO] [stdout] 
[INFO] [stdout] ---- initially_kitchen_todo_list_is_empty stdout ----
[INFO] [stdout] 
[INFO] [stdout] thread 'initially_kitchen_todo_list_is_empty' (3743) panicked at src/infrasctructure/persistence/context/postgres.rs:23:10:
[INFO] [stdout] sqlx failed to connect to PostgreSQL: PoolTimedOut
[INFO] [stdout] stack backtrace:
[INFO] [stdout]    0:     0x56a90e896cb1 - <<std[70759c8f55707aa4]::sys::backtrace::BacktraceLock>::print::DisplayBacktrace as core[df12db4294e9bfd3]::fmt::Display>::fmt
[INFO] [stdout]    1:     0x56a90e8ae15a - core[df12db4294e9bfd3]::fmt::write
[INFO] [stdout]    2:     0x56a90e89b6dc - <alloc[2182bb758b4b3781]::vec::Vec<u8> as core[df12db4294e9bfd3]::io::write::Write>::write_fmt
[INFO] [stdout]    3:     0x56a90e871b86 - std[70759c8f55707aa4]::panicking::default_hook::{closure#0}
[INFO] [stdout]    4:     0x56a90e88e8b9 - std[70759c8f55707aa4]::panicking::default_hook
[INFO] [stdout]    5:     0x56a90e64c100 - test[9d35eded1c95d3be]::test_main_inner::<test[9d35eded1c95d3be]::test_main_static::{closure#0}>::{closure#0}
[INFO] [stdout]    6:     0x56a90e88ebe2 - std[70759c8f55707aa4]::panicking::panic_with_hook
[INFO] [stdout]    7:     0x56a90e871c32 - std[70759c8f55707aa4]::panicking::panic_handler::{closure#0}
[INFO] [stdout]    8:     0x56a90e86a749 - std[70759c8f55707aa4]::sys::backtrace::__rust_end_short_backtrace::<std[70759c8f55707aa4]::panicking::panic_handler::{closure#0}, !>
[INFO] [stdout]    9:     0x56a90e872a1d - __rustc[8fa7c3cbc660c2b3]::rust_begin_unwind
[INFO] [stdout]   10:     0x56a90e8ae8bc - core[df12db4294e9bfd3]::panicking::panic_fmt
[INFO] [stdout]   11:     0x56a90e8ae692 - core[df12db4294e9bfd3]::result::unwrap_failed
[INFO] [stdout]   12:     0x56a90e5d37e3 - <main[f5651fee529eb15c]::test_state::TestState>::new::{closure#0}
[INFO] [stdout]   13:     0x56a90e5cfda0 - main[f5651fee529eb15c]::initially_kitchen_todo_list_is_empty::{closure#0}
[INFO] [stdout]   14:     0x56a90e618333 - <tokio[324f42b831a10f32]::runtime::scheduler::current_thread::Context>::enter::<core[df12db4294e9bfd3]::task::poll::Poll<()>, <tokio[324f42b831a10f32]::runtime::scheduler::current_thread::CoreGuard>::block_on<core[df12db4294e9bfd3]::pin::Pin<&mut core[df12db4294e9bfd3]::pin::Pin<&mut dyn core[df12db4294e9bfd3]::future::future::Future<Output = ()>>>>::{closure#0}::{closure#0}>
[INFO] [stdout]   15:     0x56a90e628c9f - <std[70759c8f55707aa4]::thread::local::LocalKey<tokio[324f42b831a10f32]::runtime::context::Context>>::with::<tokio[324f42b831a10f32]::runtime::context::set_scheduler<(alloc[2182bb758b4b3781]::boxed::Box<tokio[324f42b831a10f32]::runtime::scheduler::current_thread::Core>, core[df12db4294e9bfd3]::option::Option<()>), <tokio[324f42b831a10f32]::runtime::scheduler::current_thread::CoreGuard>::enter<<tokio[324f42b831a10f32]::runtime::scheduler::current_thread::CoreGuard>::block_on<core[df12db4294e9bfd3]::pin::Pin<&mut core[df12db4294e9bfd3]::pin::Pin<&mut dyn core[df12db4294e9bfd3]::future::future::Future<Output = ()>>>>::{closure#0}, core[df12db4294e9bfd3]::option::Option<()>>::{closure#0}>::{closure#0}, (alloc[2182bb758b4b3781]::boxed::Box<tokio[324f42b831a10f32]::runtime::scheduler::current_thread::Core>, core[df12db4294e9bfd3]::option::Option<()>)>
[INFO] [stdout]   16:     0x56a90e618967 - <tokio[324f42b831a10f32]::runtime::scheduler::current_thread::CoreGuard>::block_on::<core[df12db4294e9bfd3]::pin::Pin<&mut core[df12db4294e9bfd3]::pin::Pin<&mut dyn core[df12db4294e9bfd3]::future::future::Future<Output = ()>>>>
[INFO] [stdout]   17:     0x56a90e62abc1 - tokio[324f42b831a10f32]::runtime::context::runtime::enter_runtime::<<tokio[324f42b831a10f32]::runtime::scheduler::current_thread::CurrentThread>::block_on<core[df12db4294e9bfd3]::pin::Pin<&mut dyn core[df12db4294e9bfd3]::future::future::Future<Output = ()>>>::{closure#0}, ()>
[INFO] [stdout]   18:     0x56a90e602025 - <tokio[324f42b831a10f32]::runtime::runtime::Runtime>::block_on::<core[df12db4294e9bfd3]::pin::Pin<&mut dyn core[df12db4294e9bfd3]::future::future::Future<Output = ()>>>
[INFO] [stdout]   19:     0x56a90e5d85dd - <main[f5651fee529eb15c]::initially_kitchen_todo_list_is_empty::{closure#0} as core[df12db4294e9bfd3]::ops::function::FnOnce<()>>::call_once
[INFO] [stdout]   20:     0x56a90e63f3eb - test[9d35eded1c95d3be]::__rust_begin_short_backtrace::<core[df12db4294e9bfd3]::result::Result<(), alloc[2182bb758b4b3781]::string::String>, fn() -> core[df12db4294e9bfd3]::result::Result<(), alloc[2182bb758b4b3781]::string::String>>
[INFO] [stdout]   21:     0x56a90e64ca55 - test[9d35eded1c95d3be]::run_test::{closure#0}
[INFO] [stdout]   22:     0x56a90e646314 - std[70759c8f55707aa4]::sys::backtrace::__rust_begin_short_backtrace::<test[9d35eded1c95d3be]::run_test::{closure#1}, ()>
[INFO] [stdout]   23:     0x56a90e64fbb2 - <std[70759c8f55707aa4]::thread::lifecycle::spawn_unchecked<test[9d35eded1c95d3be]::run_test::{closure#1}, ()>::{closure#1} as core[df12db4294e9bfd3]::ops::function::FnOnce<()>>::call_once::{shim:vtable#0}
[INFO] [stdout]   24:     0x56a90e895eb9 - <std[70759c8f55707aa4]::sys::thread::unix::Thread>::new::thread_start
[INFO] [stdout]   25:     0x7152fb8ebdfa - <unknown>
[INFO] [stdout]   26:     0x7152fb97f3d4 - clone
[INFO] [stdout]   27:                0x0 - <unknown>
[INFO] [stdout] 
[INFO] [stdout] ---- given_new_tab_when_1_food_order_then_kitchen_list_view_shows_1_food_order stdout ----
[INFO] [stdout] 
[INFO] [stdout] thread 'given_new_tab_when_1_food_order_then_kitchen_list_view_shows_1_food_order' (3739) panicked at src/infrasctructure/persistence/context/postgres.rs:23:10:
[INFO] [stdout] sqlx failed to connect to PostgreSQL: PoolTimedOut
[INFO] [stdout] stack backtrace:
[INFO] [stdout]    0:     0x56a90e896cb1 - <<std[70759c8f55707aa4]::sys::backtrace::BacktraceLock>::print::DisplayBacktrace as core[df12db4294e9bfd3]::fmt::Display>::fmt
[INFO] [stdout]    1:     0x56a90e8ae15a - core[df12db4294e9bfd3]::fmt::write
[INFO] [stdout]    2:     0x56a90e89b6dc - <alloc[2182bb758b4b3781]::vec::Vec<u8> as core[df12db4294e9bfd3]::io::write::Write>::write_fmt
[INFO] [stdout]    3:     0x56a90e871b86 - std[70759c8f55707aa4]::panicking::default_hook::{closure#0}
[INFO] [stdout]    4:     0x56a90e88e8b9 - std[70759c8f55707aa4]::panicking::default_hook
[INFO] [stdout]    5:     0x56a90e64c100 - test[9d35eded1c95d3be]::test_main_inner::<test[9d35eded1c95d3be]::test_main_static::{closure#0}>::{closure#0}
[INFO] [stdout]    6:     0x56a90e88ebe2 - std[70759c8f55707aa4]::panicking::panic_with_hook
[INFO] [stdout]    7:     0x56a90e871c32 - std[70759c8f55707aa4]::panicking::panic_handler::{closure#0}
[INFO] [stdout]    8:     0x56a90e86a749 - std[70759c8f55707aa4]::sys::backtrace::__rust_end_short_backtrace::<std[70759c8f55707aa4]::panicking::panic_handler::{closure#0}, !>
[INFO] [stdout]    9:     0x56a90e872a1d - __rustc[8fa7c3cbc660c2b3]::rust_begin_unwind
[INFO] [stdout]   10:     0x56a90e8ae8bc - core[df12db4294e9bfd3]::panicking::panic_fmt
[INFO] [stdout]   11:     0x56a90e8ae692 - core[df12db4294e9bfd3]::result::unwrap_failed
[INFO] [stdout]   12:     0x56a90e5d37e3 - <main[f5651fee529eb15c]::test_state::TestState>::new::{closure#0}
[INFO] [stdout]   13:     0x56a90e5d04e5 - main[f5651fee529eb15c]::given_new_tab_when_1_food_order_then_kitchen_list_view_shows_1_food_order::{closure#0}
[INFO] [stdout]   14:     0x56a90e618333 - <tokio[324f42b831a10f32]::runtime::scheduler::current_thread::Context>::enter::<core[df12db4294e9bfd3]::task::poll::Poll<()>, <tokio[324f42b831a10f32]::runtime::scheduler::current_thread::CoreGuard>::block_on<core[df12db4294e9bfd3]::pin::Pin<&mut core[df12db4294e9bfd3]::pin::Pin<&mut dyn core[df12db4294e9bfd3]::future::future::Future<Output = ()>>>>::{closure#0}::{closure#0}>
[INFO] [stdout]   15:     0x56a90e628c9f - <std[70759c8f55707aa4]::thread::local::LocalKey<tokio[324f42b831a10f32]::runtime::context::Context>>::with::<tokio[324f42b831a10f32]::runtime::context::set_scheduler<(alloc[2182bb758b4b3781]::boxed::Box<tokio[324f42b831a10f32]::runtime::scheduler::current_thread::Core>, core[df12db4294e9bfd3]::option::Option<()>), <tokio[324f42b831a10f32]::runtime::scheduler::current_thread::CoreGuard>::enter<<tokio[324f42b831a10f32]::runtime::scheduler::current_thread::CoreGuard>::block_on<core[df12db4294e9bfd3]::pin::Pin<&mut core[df12db4294e9bfd3]::pin::Pin<&mut dyn core[df12db4294e9bfd3]::future::future::Future<Output = ()>>>>::{closure#0}, core[df12db4294e9bfd3]::option::Option<()>>::{closure#0}>::{closure#0}, (alloc[2182bb758b4b3781]::boxed::Box<tokio[324f42b831a10f32]::runtime::scheduler::current_thread::Core>, core[df12db4294e9bfd3]::option::Option<()>)>
[INFO] [stdout]   16:     0x56a90e618967 - <tokio[324f42b831a10f32]::runtime::scheduler::current_thread::CoreGuard>::block_on::<core[df12db4294e9bfd3]::pin::Pin<&mut core[df12db4294e9bfd3]::pin::Pin<&mut dyn core[df12db4294e9bfd3]::future::future::Future<Output = ()>>>>
[INFO] [stdout]   17:     0x56a90e62abc1 - tokio[324f42b831a10f32]::runtime::context::runtime::enter_runtime::<<tokio[324f42b831a10f32]::runtime::scheduler::current_thread::CurrentThread>::block_on<core[df12db4294e9bfd3]::pin::Pin<&mut dyn core[df12db4294e9bfd3]::future::future::Future<Output = ()>>>::{closure#0}, ()>
[INFO] [stdout]   18:     0x56a90e602025 - <tokio[324f42b831a10f32]::runtime::runtime::Runtime>::block_on::<core[df12db4294e9bfd3]::pin::Pin<&mut dyn core[df12db4294e9bfd3]::future::future::Future<Output = ()>>>
[INFO] [stdout]   19:     0x56a90e5d894d - <main[f5651fee529eb15c]::given_new_tab_when_1_food_order_then_kitchen_list_view_shows_1_food_order::{closure#0} as core[df12db4294e9bfd3]::ops::function::FnOnce<()>>::call_once
[INFO] [stdout]   20:     0x56a90e63f3eb - test[9d35eded1c95d3be]::__rust_begin_short_backtrace::<core[df12db4294e9bfd3]::result::Result<(), alloc[2182bb758b4b3781]::string::String>, fn() -> core[df12db4294e9bfd3]::result::Result<(), alloc[2182bb758b4b3781]::string::String>>
[INFO] [stdout]   21:     0x56a90e64ca55 - test[9d35eded1c95d3be]::run_test::{closure#0}
[INFO] [stdout]   22:     0x56a90e646314 - std[70759c8f55707aa4]::sys::backtrace::__rust_begin_short_backtrace::<test[9d35eded1c95d3be]::run_test::{closure#1}, ()>
[INFO] [stdout]   23:     0x56a90e64fbb2 - <std[70759c8f55707aa4]::thread::lifecycle::spawn_unchecked<test[9d35eded1c95d3be]::run_test::{closure#1}, ()>::{closure#1} as core[df12db4294e9bfd3]::ops::function::FnOnce<()>>::call_once::{shim:vtable#0}
[INFO] [stdout]   24:     0x56a90e895eb9 - <std[70759c8f55707aa4]::sys::thread::unix::Thread>::new::thread_start
[INFO] [stdout]   25:     0x7152fb8ebdfa - <unknown>
[INFO] [stdout]   26:     0x7152fb97f3d4 - clone
[INFO] [stdout]   27:                0x0 - <unknown>
[INFO] [stdout] 
[INFO] [stdout] ---- given_tab_with_1_food_order_when_another_food_order_then_kitchen_list_view_shows_2_food_orders stdout ----
[INFO] [stdout] 
[INFO] [stdout] thread 'given_tab_with_1_food_order_when_another_food_order_then_kitchen_list_view_shows_2_food_orders' (3741) panicked at src/infrasctructure/persistence/context/postgres.rs:23:10:
[INFO] [stdout] sqlx failed to connect to PostgreSQL: PoolTimedOut
[INFO] [stdout] stack backtrace:
[INFO] [stdout]    0:     0x56a90e896cb1 - <<std[70759c8f55707aa4]::sys::backtrace::BacktraceLock>::print::DisplayBacktrace as core[df12db4294e9bfd3]::fmt::Display>::fmt
[INFO] [stdout]    1:     0x56a90e8ae15a - core[df12db4294e9bfd3]::fmt::write
[INFO] [stdout]    2:     0x56a90e89b6dc - <alloc[2182bb758b4b3781]::vec::Vec<u8> as core[df12db4294e9bfd3]::io::write::Write>::write_fmt
[INFO] [stdout]    3:     0x56a90e871b86 - std[70759c8f55707aa4]::panicking::default_hook::{closure#0}
[INFO] [stdout]    4:     0x56a90e88e8b9 - std[70759c8f55707aa4]::panicking::default_hook
[INFO] [stdout]    5:     0x56a90e64c100 - test[9d35eded1c95d3be]::test_main_inner::<test[9d35eded1c95d3be]::test_main_static::{closure#0}>::{closure#0}
[INFO] [stdout]    6:     0x56a90e88ebe2 - std[70759c8f55707aa4]::panicking::panic_with_hook
[INFO] [stdout]    7:     0x56a90e871c32 - std[70759c8f55707aa4]::panicking::panic_handler::{closure#0}
[INFO] [stdout]    8:     0x56a90e86a749 - std[70759c8f55707aa4]::sys::backtrace::__rust_end_short_backtrace::<std[70759c8f55707aa4]::panicking::panic_handler::{closure#0}, !>
[INFO] [stdout]    9:     0x56a90e872a1d - __rustc[8fa7c3cbc660c2b3]::rust_begin_unwind
[INFO] [stdout]   10:     0x56a90e8ae8bc - core[df12db4294e9bfd3]::panicking::panic_fmt
[INFO] [stdout]   11:     0x56a90e8ae692 - core[df12db4294e9bfd3]::result::unwrap_failed
[INFO] [stdout]   12:     0x56a90e5d37e3 - <main[f5651fee529eb15c]::test_state::TestState>::new::{closure#0}
[INFO] [stdout]   13:     0x56a90e5d0a85 - main[f5651fee529eb15c]::given_tab_with_1_food_order_when_another_food_order_then_kitchen_list_view_shows_2_food_orders::{closure#0}
[INFO] [stdout]   14:     0x56a90e618333 - <tokio[324f42b831a10f32]::runtime::scheduler::current_thread::Context>::enter::<core[df12db4294e9bfd3]::task::poll::Poll<()>, <tokio[324f42b831a10f32]::runtime::scheduler::current_thread::CoreGuard>::block_on<core[df12db4294e9bfd3]::pin::Pin<&mut core[df12db4294e9bfd3]::pin::Pin<&mut dyn core[df12db4294e9bfd3]::future::future::Future<Output = ()>>>>::{closure#0}::{closure#0}>
[INFO] [stdout]   15:     0x56a90e628c9f - <std[70759c8f55707aa4]::thread::local::LocalKey<tokio[324f42b831a10f32]::runtime::context::Context>>::with::<tokio[324f42b831a10f32]::runtime::context::set_scheduler<(alloc[2182bb758b4b3781]::boxed::Box<tokio[324f42b831a10f32]::runtime::scheduler::current_thread::Core>, core[df12db4294e9bfd3]::option::Option<()>), <tokio[324f42b831a10f32]::runtime::scheduler::current_thread::CoreGuard>::enter<<tokio[324f42b831a10f32]::runtime::scheduler::current_thread::CoreGuard>::block_on<core[df12db4294e9bfd3]::pin::Pin<&mut core[df12db4294e9bfd3]::pin::Pin<&mut dyn core[df12db4294e9bfd3]::future::future::Future<Output = ()>>>>::{closure#0}, core[df12db4294e9bfd3]::option::Option<()>>::{closure#0}>::{closure#0}, (alloc[2182bb758b4b3781]::boxed::Box<tokio[324f42b831a10f32]::runtime::scheduler::current_thread::Core>, core[df12db4294e9bfd3]::option::Option<()>)>
[INFO] [stdout]   16:     0x56a90e618967 - <tokio[324f42b831a10f32]::runtime::scheduler::current_thread::CoreGuard>::block_on::<core[df12db4294e9bfd3]::pin::Pin<&mut core[df12db4294e9bfd3]::pin::Pin<&mut dyn core[df12db4294e9bfd3]::future::future::Future<Output = ()>>>>
[INFO] [stdout]   17:     0x56a90e62abc1 - tokio[324f42b831a10f32]::runtime::context::runtime::enter_runtime::<<tokio[324f42b831a10f32]::runtime::scheduler::current_thread::CurrentThread>::block_on<core[df12db4294e9bfd3]::pin::Pin<&mut dyn core[df12db4294e9bfd3]::future::future::Future<Output = ()>>>::{closure#0}, ()>
[INFO] [stdout]   18:     0x56a90e602025 - <tokio[324f42b831a10f32]::runtime::runtime::Runtime>::block_on::<core[df12db4294e9bfd3]::pin::Pin<&mut dyn core[df12db4294e9bfd3]::future::future::Future<Output = ()>>>
[INFO] [stdout]   19:     0x56a90e5d8b0d - <main[f5651fee529eb15c]::given_tab_with_1_food_order_when_another_food_order_then_kitchen_list_view_shows_2_food_orders::{closure#0} as core[df12db4294e9bfd3]::ops::function::FnOnce<()>>::call_once
[INFO] [stdout]   20:     0x56a90e63f3eb - test[9d35eded1c95d3be]::__rust_begin_short_backtrace::<core[df12db4294e9bfd3]::result::Result<(), alloc[2182bb758b4b3781]::string::String>, fn() -> core[df12db4294e9bfd3]::result::Result<(), alloc[2182bb758b4b3781]::string::String>>
[INFO] [stdout]   21:     0x56a90e64ca55 - test[9d35eded1c95d3be]::run_test::{closure#0}
[INFO] [stdout]   22:     0x56a90e646314 - std[70759c8f55707aa4]::sys::backtrace::__rust_begin_short_backtrace::<test[9d35eded1c95d3be]::run_test::{closure#1}, ()>
[INFO] [stdout]   23:     0x56a90e64fbb2 - <std[70759c8f55707aa4]::thread::lifecycle::spawn_unchecked<test[9d35eded1c95d3be]::run_test::{closure#1}, ()>::{closure#1} as core[df12db4294e9bfd3]::ops::function::FnOnce<()>>::call_once::{shim:vtable#0}
[INFO] [stdout]   24:     0x56a90e895eb9 - <std[70759c8f55707aa4]::sys::thread::unix::Thread>::new::thread_start
[INFO] [stdout]   25:     0x7152fb8ebdfa - <unknown>
[INFO] [stdout]   26:     0x7152fb97f3d4 - clone
[INFO] [stdout]   27:                0x0 - <unknown>
[INFO] [stdout] 
[INFO] [stdout] ---- initially_waiter_todo_list_is_empty stdout ----
[INFO] [stdout] 
[INFO] [stdout] thread 'initially_waiter_todo_list_is_empty' (3744) panicked at src/infrasctructure/persistence/context/postgres.rs:23:10:
[INFO] [stdout] sqlx failed to connect to PostgreSQL: PoolTimedOut
[INFO] [stdout] stack backtrace:
[INFO] [stdout]    0:     0x56a90e896cb1 - <<std[70759c8f55707aa4]::sys::backtrace::BacktraceLock>::print::DisplayBacktrace as core[df12db4294e9bfd3]::fmt::Display>::fmt
[INFO] [stdout]    1:     0x56a90e8ae15a - core[df12db4294e9bfd3]::fmt::write
[INFO] [stdout]    2:     0x56a90e89b6dc - <alloc[2182bb758b4b3781]::vec::Vec<u8> as core[df12db4294e9bfd3]::io::write::Write>::write_fmt
[INFO] [stdout]    3:     0x56a90e871b86 - std[70759c8f55707aa4]::panicking::default_hook::{closure#0}
[INFO] [stdout]    4:     0x56a90e88e8b9 - std[70759c8f55707aa4]::panicking::default_hook
[INFO] [stdout]    5:     0x56a90e64c100 - test[9d35eded1c95d3be]::test_main_inner::<test[9d35eded1c95d3be]::test_main_static::{closure#0}>::{closure#0}
[INFO] [stdout]    6:     0x56a90e88ebe2 - std[70759c8f55707aa4]::panicking::panic_with_hook
[INFO] [stdout]    7:     0x56a90e871c32 - std[70759c8f55707aa4]::panicking::panic_handler::{closure#0}
[INFO] [stdout]    8:     0x56a90e86a749 - std[70759c8f55707aa4]::sys::backtrace::__rust_end_short_backtrace::<std[70759c8f55707aa4]::panicking::panic_handler::{closure#0}, !>
[INFO] [stdout]    9:     0x56a90e872a1d - __rustc[8fa7c3cbc660c2b3]::rust_begin_unwind
[INFO] [stdout]   10:     0x56a90e8ae8bc - core[df12db4294e9bfd3]::panicking::panic_fmt
[INFO] [stdout]   11:     0x56a90e8ae692 - core[df12db4294e9bfd3]::result::unwrap_failed
[INFO] [stdout]   12:     0x56a90e5d37e3 - <main[f5651fee529eb15c]::test_state::TestState>::new::{closure#0}
[INFO] [stdout]   13:     0x56a90e5cfc00 - main[f5651fee529eb15c]::initially_waiter_todo_list_is_empty::{closure#0}
[INFO] [stdout]   14:     0x56a90e618333 - <tokio[324f42b831a10f32]::runtime::scheduler::current_thread::Context>::enter::<core[df12db4294e9bfd3]::task::poll::Poll<()>, <tokio[324f42b831a10f32]::runtime::scheduler::current_thread::CoreGuard>::block_on<core[df12db4294e9bfd3]::pin::Pin<&mut core[df12db4294e9bfd3]::pin::Pin<&mut dyn core[df12db4294e9bfd3]::future::future::Future<Output = ()>>>>::{closure#0}::{closure#0}>
[INFO] [stdout]   15:     0x56a90e628c9f - <std[70759c8f55707aa4]::thread::local::LocalKey<tokio[324f42b831a10f32]::runtime::context::Context>>::with::<tokio[324f42b831a10f32]::runtime::context::set_scheduler<(alloc[2182bb758b4b3781]::boxed::Box<tokio[324f42b831a10f32]::runtime::scheduler::current_thread::Core>, core[df12db4294e9bfd3]::option::Option<()>), <tokio[324f42b831a10f32]::runtime::scheduler::current_thread::CoreGuard>::enter<<tokio[324f42b831a10f32]::runtime::scheduler::current_thread::CoreGuard>::block_on<core[df12db4294e9bfd3]::pin::Pin<&mut core[df12db4294e9bfd3]::pin::Pin<&mut dyn core[df12db4294e9bfd3]::future::future::Future<Output = ()>>>>::{closure#0}, core[df12db4294e9bfd3]::option::Option<()>>::{closure#0}>::{closure#0}, (alloc[2182bb758b4b3781]::boxed::Box<tokio[324f42b831a10f32]::runtime::scheduler::current_thread::Core>, core[df12db4294e9bfd3]::option::Option<()>)>
[INFO] [stdout]   16:     0x56a90e618967 - <tokio[324f42b831a10f32]::runtime::scheduler::current_thread::CoreGuard>::block_on::<core[df12db4294e9bfd3]::pin::Pin<&mut core[df12db4294e9bfd3]::pin::Pin<&mut dyn core[df12db4294e9bfd3]::future::future::Future<Output = ()>>>>
[INFO] [stdout]   17:     0x56a90e62abc1 - tokio[324f42b831a10f32]::runtime::context::runtime::enter_runtime::<<tokio[324f42b831a10f32]::runtime::scheduler::current_thread::CurrentThread>::block_on<core[df12db4294e9bfd3]::pin::Pin<&mut dyn core[df12db4294e9bfd3]::future::future::Future<Output = ()>>>::{closure#0}, ()>
[INFO] [stdout]   18:     0x56a90e602025 - <tokio[324f42b831a10f32]::runtime::runtime::Runtime>::block_on::<core[df12db4294e9bfd3]::pin::Pin<&mut dyn core[df12db4294e9bfd3]::future::future::Future<Output = ()>>>
[INFO] [stdout]   19:     0x56a90e5d842d - <main[f5651fee529eb15c]::initially_waiter_todo_list_is_empty::{closure#0} as core[df12db4294e9bfd3]::ops::function::FnOnce<()>>::call_once
[INFO] [stdout]   20:     0x56a90e63f3eb - test[9d35eded1c95d3be]::__rust_begin_short_backtrace::<core[df12db4294e9bfd3]::result::Result<(), alloc[2182bb758b4b3781]::string::String>, fn() -> core[df12db4294e9bfd3]::result::Result<(), alloc[2182bb758b4b3781]::string::String>>
[INFO] [stdout]   21:     0x56a90e64ca55 - test[9d35eded1c95d3be]::run_test::{closure#0}
[INFO] [stdout]   22:     0x56a90e646314 - std[70759c8f55707aa4]::sys::backtrace::__rust_begin_short_backtrace::<test[9d35eded1c95d3be]::run_test::{closure#1}, ()>
[INFO] [stdout]   23:     0x56a90e64fbb2 - <std[70759c8f55707aa4]::thread::lifecycle::spawn_unchecked<test[9d35eded1c95d3be]::run_test::{closure#1}, ()>::{closure#1} as core[df12db4294e9bfd3]::ops::function::FnOnce<()>>::call_once::{shim:vtable#0}
[INFO] [stdout]   24:     0x56a90e895eb9 - <std[70759c8f55707aa4]::sys::thread::unix::Thread>::new::thread_start
[INFO] [stdout]   25:     0x7152fb8ebdfa - <unknown>
[INFO] [stdout]   26:     0x7152fb97f3d4 - clone
[INFO] [stdout]   27:                0x0 - <unknown>
[INFO] [stdout] 
[INFO] [stdout] ---- given_new_tab_when_1_food_order_then_waiter_list_view_shows_1_food_order stdout ----
[INFO] [stdout] 
[INFO] [stdout] thread 'given_new_tab_when_1_food_order_then_waiter_list_view_shows_1_food_order' (3740) panicked at src/infrasctructure/persistence/context/postgres.rs:23:10:
[INFO] [stdout] sqlx failed to connect to PostgreSQL: PoolTimedOut
[INFO] [stdout] stack backtrace:
[INFO] [stdout]    0:     0x56a90e896cb1 - <<std[70759c8f55707aa4]::sys::backtrace::BacktraceLock>::print::DisplayBacktrace as core[df12db4294e9bfd3]::fmt::Display>::fmt
[INFO] [stdout]    1:     0x56a90e8ae15a - core[df12db4294e9bfd3]::fmt::write
[INFO] [stdout]    2:     0x56a90e89b6dc - <alloc[2182bb758b4b3781]::vec::Vec<u8> as core[df12db4294e9bfd3]::io::write::Write>::write_fmt
[INFO] [stdout]    3:     0x56a90e871b86 - std[70759c8f55707aa4]::panicking::default_hook::{closure#0}
[INFO] [stdout]    4:     0x56a90e88e8b9 - std[70759c8f55707aa4]::panicking::default_hook
[INFO] [stdout]    5:     0x56a90e64c100 - test[9d35eded1c95d3be]::test_main_inner::<test[9d35eded1c95d3be]::test_main_static::{closure#0}>::{closure#0}
[INFO] [stdout]    6:     0x56a90e88ebe2 - std[70759c8f55707aa4]::panicking::panic_with_hook
[INFO] [stdout]    7:     0x56a90e871c32 - std[70759c8f55707aa4]::panicking::panic_handler::{closure#0}
[INFO] [stdout]    8:     0x56a90e86a749 - std[70759c8f55707aa4]::sys::backtrace::__rust_end_short_backtrace::<std[70759c8f55707aa4]::panicking::panic_handler::{closure#0}, !>
[INFO] [stdout]    9:     0x56a90e872a1d - __rustc[8fa7c3cbc660c2b3]::rust_begin_unwind
[INFO] [stdout]   10:     0x56a90e8ae8bc - core[df12db4294e9bfd3]::panicking::panic_fmt
[INFO] [stdout]   11:     0x56a90e8ae692 - core[df12db4294e9bfd3]::result::unwrap_failed
[INFO] [stdout]   12:     0x56a90e5d37e3 - <main[f5651fee529eb15c]::test_state::TestState>::new::{closure#0}
[INFO] [stdout]   13:     0x56a90e5cff45 - main[f5651fee529eb15c]::given_new_tab_when_1_food_order_then_waiter_list_view_shows_1_food_order::{closure#0}
[INFO] [stdout]   14:     0x56a90e618333 - <tokio[324f42b831a10f32]::runtime::scheduler::current_thread::Context>::enter::<core[df12db4294e9bfd3]::task::poll::Poll<()>, <tokio[324f42b831a10f32]::runtime::scheduler::current_thread::CoreGuard>::block_on<core[df12db4294e9bfd3]::pin::Pin<&mut core[df12db4294e9bfd3]::pin::Pin<&mut dyn core[df12db4294e9bfd3]::future::future::Future<Output = ()>>>>::{closure#0}::{closure#0}>
[INFO] [stdout]   15:     0x56a90e628c9f - <std[70759c8f55707aa4]::thread::local::LocalKey<tokio[324f42b831a10f32]::runtime::context::Context>>::with::<tokio[324f42b831a10f32]::runtime::context::set_scheduler<(alloc[2182bb758b4b3781]::boxed::Box<tokio[324f42b831a10f32]::runtime::scheduler::current_thread::Core>, core[df12db4294e9bfd3]::option::Option<()>), <tokio[324f42b831a10f32]::runtime::scheduler::current_thread::CoreGuard>::enter<<tokio[324f42b831a10f32]::runtime::scheduler::current_thread::CoreGuard>::block_on<core[df12db4294e9bfd3]::pin::Pin<&mut core[df12db4294e9bfd3]::pin::Pin<&mut dyn core[df12db4294e9bfd3]::future::future::Future<Output = ()>>>>::{closure#0}, core[df12db4294e9bfd3]::option::Option<()>>::{closure#0}>::{closure#0}, (alloc[2182bb758b4b3781]::boxed::Box<tokio[324f42b831a10f32]::runtime::scheduler::current_thread::Core>, core[df12db4294e9bfd3]::option::Option<()>)>
[INFO] [stdout]   16:     0x56a90e618967 - <tokio[324f42b831a10f32]::runtime::scheduler::current_thread::CoreGuard>::block_on::<core[df12db4294e9bfd3]::pin::Pin<&mut core[df12db4294e9bfd3]::pin::Pin<&mut dyn core[df12db4294e9bfd3]::future::future::Future<Output = ()>>>>
[INFO] [stdout]   17:     0x56a90e62abc1 - tokio[324f42b831a10f32]::runtime::context::runtime::enter_runtime::<<tokio[324f42b831a10f32]::runtime::scheduler::current_thread::CurrentThread>::block_on<core[df12db4294e9bfd3]::pin::Pin<&mut dyn core[df12db4294e9bfd3]::future::future::Future<Output = ()>>>::{closure#0}, ()>
[INFO] [stdout]   18:     0x56a90e602025 - <tokio[324f42b831a10f32]::runtime::runtime::Runtime>::block_on::<core[df12db4294e9bfd3]::pin::Pin<&mut dyn core[df12db4294e9bfd3]::future::future::Future<Output = ()>>>
[INFO] [stdout]   19:     0x56a90e5d878d - <main[f5651fee529eb15c]::given_new_tab_when_1_food_order_then_waiter_list_view_shows_1_food_order::{closure#0} as core[df12db4294e9bfd3]::ops::function::FnOnce<()>>::call_once
[INFO] [stdout]   20:     0x56a90e63f3eb - test[9d35eded1c95d3be]::__rust_begin_short_backtrace::<core[df12db4294e9bfd3]::result::Result<(), alloc[2182bb758b4b3781]::string::String>, fn() -> core[df12db4294e9bfd3]::result::Result<(), alloc[2182bb758b4b3781]::string::String>>
[INFO] [stdout]   21:     0x56a90e64ca55 - test[9d35eded1c95d3be]::run_test::{closure#0}
[INFO] [stdout]   22:     0x56a90e646314 - std[70759c8f55707aa4]::sys::backtrace::__rust_begin_short_backtrace::<test[9d35eded1c95d3be]::run_test::{closure#1}, ()>
[INFO] [stdout]   23:     0x56a90e64fbb2 - <std[70759c8f55707aa4]::thread::lifecycle::spawn_unchecked<test[9d35eded1c95d3be]::run_test::{closure#1}, ()>::{closure#1} as core[df12db4294e9bfd3]::ops::function::FnOnce<()>>::call_once::{shim:vtable#0}
[INFO] [stdout]   24:     0x56a90e895eb9 - <std[70759c8f55707aa4]::sys::thread::unix::Thread>::new::thread_start
[INFO] [stdout]   25:     0x7152fb8ebdfa - <unknown>
[INFO] [stdout]   26:     0x7152fb97f3d4 - clone
[INFO] [stdout]   27:                0x0 - <unknown>
[INFO] [stdout] 
[INFO] [stdout] ---- given_tab_with_1_food_order_when_kitchen_marks_it_prepared_then_kitchen_todo_list_shows_0_food_orders stdout ----
[INFO] [stdout] 
[INFO] [stdout] thread 'given_tab_with_1_food_order_when_kitchen_marks_it_prepared_then_kitchen_todo_list_shows_0_food_orders' (3742) panicked at src/infrasctructure/persistence/context/postgres.rs:23:10:
[INFO] [stdout] sqlx failed to connect to PostgreSQL: PoolTimedOut
[INFO] [stdout] stack backtrace:
[INFO] [stdout]    0:     0x56a90e896cb1 - <<std[70759c8f55707aa4]::sys::backtrace::BacktraceLock>::print::DisplayBacktrace as core[df12db4294e9bfd3]::fmt::Display>::fmt
[INFO] [stdout]    1:     0x56a90e8ae15a - core[df12db4294e9bfd3]::fmt::write
[INFO] [stdout]    2:     0x56a90e89b6dc - <alloc[2182bb758b4b3781]::vec::Vec<u8> as core[df12db4294e9bfd3]::io::write::Write>::write_fmt
[INFO] [stdout]    3:     0x56a90e871b86 - std[70759c8f55707aa4]::panicking::default_hook::{closure#0}
[INFO] [stdout]    4:     0x56a90e88e8b9 - std[70759c8f55707aa4]::panicking::default_hook
[INFO] [stdout]    5:     0x56a90e64c100 - test[9d35eded1c95d3be]::test_main_inner::<test[9d35eded1c95d3be]::test_main_static::{closure#0}>::{closure#0}
[INFO] [stdout]    6:     0x56a90e88ebe2 - std[70759c8f55707aa4]::panicking::panic_with_hook
[INFO] [stdout]    7:     0x56a90e871c32 - std[70759c8f55707aa4]::panicking::panic_handler::{closure#0}
[INFO] [stdout]    8:     0x56a90e86a749 - std[70759c8f55707aa4]::sys::backtrace::__rust_end_short_backtrace::<std[70759c8f55707aa4]::panicking::panic_handler::{closure#0}, !>
[INFO] [stdout]    9:     0x56a90e872a1d - __rustc[8fa7c3cbc660c2b3]::rust_begin_unwind
[INFO] [stdout]   10:     0x56a90e8ae8bc - core[df12db4294e9bfd3]::panicking::panic_fmt
[INFO] [stdout]   11:     0x56a90e8ae692 - core[df12db4294e9bfd3]::result::unwrap_failed
[INFO] [stdout]   12:     0x56a90e5d37e3 - <main[f5651fee529eb15c]::test_state::TestState>::new::{closure#0}
[INFO] [stdout]   13:     0x56a90e5cf8b0 - main[f5651fee529eb15c]::given_tab_with_1_food_order_when_kitchen_marks_it_prepared_then_kitchen_todo_list_shows_0_food_orders::{closure#0}
[INFO] [stdout]   14:     0x56a90e618333 - <tokio[324f42b831a10f32]::runtime::scheduler::current_thread::Context>::enter::<core[df12db4294e9bfd3]::task::poll::Poll<()>, <tokio[324f42b831a10f32]::runtime::scheduler::current_thread::CoreGuard>::block_on<core[df12db4294e9bfd3]::pin::Pin<&mut core[df12db4294e9bfd3]::pin::Pin<&mut dyn core[df12db4294e9bfd3]::future::future::Future<Output = ()>>>>::{closure#0}::{closure#0}>
[INFO] [stdout]   15:     0x56a90e628c9f - <std[70759c8f55707aa4]::thread::local::LocalKey<tokio[324f42b831a10f32]::runtime::context::Context>>::with::<tokio[324f42b831a10f32]::runtime::context::set_scheduler<(alloc[2182bb758b4b3781]::boxed::Box<tokio[324f42b831a10f32]::runtime::scheduler::current_thread::Core>, core[df12db4294e9bfd3]::option::Option<()>), <tokio[324f42b831a10f32]::runtime::scheduler::current_thread::CoreGuard>::enter<<tokio[324f42b831a10f32]::runtime::scheduler::current_thread::CoreGuard>::block_on<core[df12db4294e9bfd3]::pin::Pin<&mut core[df12db4294e9bfd3]::pin::Pin<&mut dyn core[df12db4294e9bfd3]::future::future::Future<Output = ()>>>>::{closure#0}, core[df12db4294e9bfd3]::option::Option<()>>::{closure#0}>::{closure#0}, (alloc[2182bb758b4b3781]::boxed::Box<tokio[324f42b831a10f32]::runtime::scheduler::current_thread::Core>, core[df12db4294e9bfd3]::option::Option<()>)>
[INFO] [stdout]   16:     0x56a90e618967 - <tokio[324f42b831a10f32]::runtime::scheduler::current_thread::CoreGuard>::block_on::<core[df12db4294e9bfd3]::pin::Pin<&mut core[df12db4294e9bfd3]::pin::Pin<&mut dyn core[df12db4294e9bfd3]::future::future::Future<Output = ()>>>>
[INFO] [stdout]   17:     0x56a90e62abc1 - tokio[324f42b831a10f32]::runtime::context::runtime::enter_runtime::<<tokio[324f42b831a10f32]::runtime::scheduler::current_thread::CurrentThread>::block_on<core[df12db4294e9bfd3]::pin::Pin<&mut dyn core[df12db4294e9bfd3]::future::future::Future<Output = ()>>>::{closure#0}, ()>
[INFO] [stdout]   18:     0x56a90e602025 - <tokio[324f42b831a10f32]::runtime::runtime::Runtime>::block_on::<core[df12db4294e9bfd3]::pin::Pin<&mut dyn core[df12db4294e9bfd3]::future::future::Future<Output = ()>>>
[INFO] [stdout]   19:     0x56a90e5d82cd - <main[f5651fee529eb15c]::given_tab_with_1_food_order_when_kitchen_marks_it_prepared_then_kitchen_todo_list_shows_0_food_orders::{closure#0} as core[df12db4294e9bfd3]::ops::function::FnOnce<()>>::call_once
[INFO] [stdout]   20:     0x56a90e63f3eb - test[9d35eded1c95d3be]::__rust_begin_short_backtrace::<core[df12db4294e9bfd3]::result::Result<(), alloc[2182bb758b4b3781]::string::String>, fn() -> core[df12db4294e9bfd3]::result::Result<(), alloc[2182bb758b4b3781]::string::String>>
[INFO] [stdout]   21:     0x56a90e64ca55 - test[9d35eded1c95d3be]::run_test::{closure#0}
[INFO] [stdout]   22:     0x56a90e646314 - std[70759c8f55707aa4]::sys::backtrace::__rust_begin_short_backtrace::<test[9d35eded1c95d3be]::run_test::{closure#1}, ()>
[INFO] [stdout]   23:     0x56a90e64fbb2 - <std[70759c8f55707aa4]::thread::lifecycle::spawn_unchecked<test[9d35eded1c95d3be]::run_test::{closure#1}, ()>::{closure#1} as core[df12db4294e9bfd3]::ops::function::FnOnce<()>>::call_once::{shim:vtable#0}
[INFO] [stdout]   24:     0x56a90e895eb9 - <std[70759c8f55707aa4]::sys::thread::unix::Thread>::new::thread_start
[INFO] [stdout]   25:     0x7152fb8ebdfa - <unknown>
[INFO] [stdout]   26:     0x7152fb97f3d4 - clone
[INFO] [stdout]   27:                0x0 - <unknown>
[INFO] [stdout] 
[INFO] [stdout] 
[INFO] [stdout] failures:
[INFO] [stdout]     given_new_tab_when_1_food_order_then_kitchen_list_view_shows_1_food_order
[INFO] [stdout]     given_new_tab_when_1_food_order_then_waiter_list_view_shows_1_food_order
[INFO] [stdout]     given_tab_with_1_food_order_when_another_food_order_then_kitchen_list_view_shows_2_food_orders
[INFO] [stdout]     given_tab_with_1_food_order_when_kitchen_marks_it_prepared_then_kitchen_todo_list_shows_0_food_orders
[INFO] [stdout]     initially_kitchen_todo_list_is_empty
[INFO] [stdout]     initially_waiter_todo_list_is_empty
[INFO] [stdout] 
[INFO] [stdout] test result: FAILED. 0 passed; 6 failed; 0 ignored; 0 measured; 0 filtered out; finished in 30.02s
[INFO] [stdout] 
[INFO] running `Command { std: "docker" "inspect" "0e71f71e899e3da59f2c317340d4fbba906026e8c4c62404c365eef7785f26a7", kill_on_drop: false }`
[INFO] running `Command { std: "docker" "rm" "-f" "0e71f71e899e3da59f2c317340d4fbba906026e8c4c62404c365eef7785f26a7", kill_on_drop: false }`
[INFO] [stdout] 0e71f71e899e3da59f2c317340d4fbba906026e8c4c62404c365eef7785f26a7
