[INFO] cloning repository https://github.com/mdtex/mdtex
[INFO] running `Command { std: "git" "-c" "credential.helper=" "-c" "credential.helper=/workspace/cargo-home/bin/git-credential-null" "clone" "--bare" "https://github.com/mdtex/mdtex" "/workspace/cache/git-repos/https%3A%2F%2Fgithub.com%2Fmdtex%2Fmdtex", kill_on_drop: false }`
[INFO] [stderr] Cloning into bare repository '/workspace/cache/git-repos/https%3A%2F%2Fgithub.com%2Fmdtex%2Fmdtex'...
[INFO] running `Command { std: "git" "rev-parse" "HEAD", kill_on_drop: false }`
[INFO] [stdout] ebfc8d8f362131d7df96de6c175485405cba9345
[INFO] testing mdtex/mdtex against 1.100.0-beta.1+cargoflags=--release for beta-release-1.100-2
[INFO] running `Command { std: "git" "clone" "/workspace/cache/git-repos/https%3A%2F%2Fgithub.com%2Fmdtex%2Fmdtex" "/workspace/builds/worker-0-tc2/source", kill_on_drop: false }`
[INFO] [stderr] Cloning into '/workspace/builds/worker-0-tc2/source'...
[INFO] [stderr] done.
[INFO] started tweaking git repo https://github.com/mdtex/mdtex
[INFO] finished tweaking git repo https://github.com/mdtex/mdtex
[INFO] tweaked toml for git repo https://github.com/mdtex/mdtex written to /workspace/builds/worker-0-tc2/source/Cargo.toml
[INFO] validating manifest of git repo https://github.com/mdtex/mdtex on toolchain 1.100.0-beta.1
[INFO] running `Command { std: CARGO_HOME="/workspace/cargo-home" RUSTUP_HOME="/workspace/rustup-home" "/workspace/cargo-home/bin/cargo" "+1.100.0-beta.1" "metadata" "--manifest-path" "Cargo.toml" "--no-deps", kill_on_drop: false }`
[INFO] crate git repo https://github.com/mdtex/mdtex already has a lockfile, it will not be regenerated
[INFO] running `Command { std: CARGO_HOME="/workspace/cargo-home" RUSTUP_HOME="/workspace/rustup-home" "/workspace/cargo-home/bin/cargo" "+1.100.0-beta.1" "fetch" "--manifest-path" "Cargo.toml", kill_on_drop: false }`
[INFO] running `Command { std: "docker" "create" "-v" "/var/lib/crater-agent-workspace/builds/worker-0-tc2/source:/opt/rustwide/workdir:ro,Z" "-v" "/var/lib/crater-agent-workspace/builds/worker-0-tc2/target:/opt/rustwide/target:rw,Z" "-v" "/var/lib/crater-agent-workspace/cargo-home:/opt/rustwide/cargo-home:ro,Z" "-v" "/var/lib/crater-agent-workspace/rustup-home:/opt/rustwide/rustup-home:ro,Z" "-m" "1610612736" "--network" "none" "ghcr.io/rust-lang/crates-build-env/linux@sha256:77db811e55d90add9212f6832c23229e3de5f1c1f9905e8cb07319ea15df73ac" "sleep" "infinity", kill_on_drop: false }`
[INFO] [stdout] e2bf652cb22981a8322942cb28b4b18f3dc7c569a7ac22e66bebbb3736230cae
[INFO] running `Command { std: "docker" "start" "e2bf652cb22981a8322942cb28b4b18f3dc7c569a7ac22e66bebbb3736230cae", kill_on_drop: false }`
[INFO] running `Command { std: "docker" "inspect" "e2bf652cb22981a8322942cb28b4b18f3dc7c569a7ac22e66bebbb3736230cae", kill_on_drop: false }`
[INFO] running `Command { std: "docker" "exec" "-e" "SOURCE_DIR=/opt/rustwide/workdir" "-e" "CARGO_HOME=/opt/rustwide/cargo-home" "-e" "RUSTUP_HOME=/opt/rustwide/rustup-home" "-e" "CARGO_TARGET_DIR=/opt/rustwide/target" "-w" "/opt/rustwide/workdir" "--user" "0:0" "e2bf652cb22981a8322942cb28b4b18f3dc7c569a7ac22e66bebbb3736230cae" "/opt/rustwide/cargo-home/bin/cargo" "+1.100.0-beta.1" "metadata" "--no-deps" "--format-version=1", kill_on_drop: false }`
[INFO] running `Command { std: "docker" "inspect" "e2bf652cb22981a8322942cb28b4b18f3dc7c569a7ac22e66bebbb3736230cae", kill_on_drop: false }`
[INFO] running `Command { std: "docker" "exec" "-e" "SOURCE_DIR=/opt/rustwide/workdir" "-e" "CARGO_HOME=/opt/rustwide/cargo-home" "-e" "RUSTUP_HOME=/opt/rustwide/rustup-home" "-e" "CARGO_TARGET_DIR=/opt/rustwide/target" "-e" "CARGO_INCREMENTAL=0" "-e" "RUST_BACKTRACE=full" "-e" "RUSTFLAGS=--cap-lints=warn" "-e" "RUSTDOCFLAGS=--cap-lints=warn" "-w" "/opt/rustwide/workdir" "--user" "0:0" "e2bf652cb22981a8322942cb28b4b18f3dc7c569a7ac22e66bebbb3736230cae" "/opt/rustwide/cargo-home/bin/cargo" "+1.100.0-beta.1" "build" "--frozen" "--message-format=json" "--release", kill_on_drop: false }`
[INFO] [stderr]    Compiling tracing-core v0.1.35
[INFO] [stderr]    Compiling syn v2.0.111
[INFO] [stderr]    Compiling syn v1.0.109
[INFO] [stderr]    Compiling copy_dir v0.1.3
[INFO] [stderr]    Compiling openssl-sys v0.9.111
[INFO] [stderr]    Compiling tokio-util v0.7.17
[INFO] [stderr]    Compiling aho-corasick v1.1.4
[INFO] [stderr]    Compiling katex v0.4.6
[INFO] [stderr]    Compiling either v1.15.0
[INFO] [stderr]    Compiling regex-syntax v0.8.8
[INFO] [stderr]    Compiling tower v0.5.2
[INFO] [stderr]    Compiling argh_shared v0.1.13
[INFO] [stderr]    Compiling serde_json v1.0.145
[INFO] [stderr]    Compiling toml_parser v1.0.4
[INFO] [stderr]    Compiling toml_datetime v0.7.3
[INFO] [stderr]    Compiling serde_spanned v1.0.3
[INFO] [stderr]    Compiling libquickjs-sys v0.9.0
[INFO] [stderr]    Compiling toml_writer v1.0.4
[INFO] [stderr]    Compiling rust-fuzzy-search v0.1.1
[INFO] [stderr]    Compiling build_html v2.7.0
[INFO] [stderr]    Compiling itertools v0.10.5
[INFO] [stderr]    Compiling anyhow v1.0.100
[INFO] [stderr]    Compiling tracing v0.1.43
[INFO] [stderr]    Compiling toml v0.9.8
[INFO] [stderr]    Compiling tower-http v0.6.8
[INFO] [stderr]    Compiling h2 v0.4.12
[INFO] [stderr]    Compiling regex-automata v0.4.13
[INFO] [stderr]    Compiling darling_core v0.14.4
[INFO] [stderr]    Compiling synstructure v0.13.2
[INFO] [stderr]    Compiling hyper v1.8.1
[INFO] [stderr]    Compiling zerovec-derive v0.11.2
[INFO] [stderr]    Compiling displaydoc v0.2.5
[INFO] [stderr]    Compiling serde_derive v1.0.228
[INFO] [stderr]    Compiling openssl-macros v0.1.1
[INFO] [stderr]    Compiling zerofrom-derive v0.1.6
[INFO] [stderr]    Compiling yoke-derive v0.8.1
[INFO] [stderr]    Compiling thiserror-impl v1.0.69
[INFO] [stderr]    Compiling argh_derive v0.1.13
[INFO] [stderr]    Compiling openssl v0.10.75
[INFO] [stderr]    Compiling darling_macro v0.14.4
[INFO] [stderr]    Compiling darling v0.14.4
[INFO] [stderr]    Compiling regex v1.12.2
[INFO] [stderr]    Compiling derive_builder_core v0.12.0
[INFO] [stderr]    Compiling zerofrom v0.1.6
[INFO] [stderr]    Compiling yoke v0.8.1
[INFO] [stderr]    Compiling zerovec v0.11.5
[INFO] [stderr]    Compiling zerotrie v0.2.3
[INFO] [stderr]    Compiling thiserror v1.0.69
[INFO] [stderr]    Compiling hyper-util v0.1.19
[INFO] [stderr]    Compiling derive_builder_macro v0.12.0
[INFO] [stderr]    Compiling derive_builder v0.12.0
[INFO] [stderr]    Compiling tinystr v0.8.2
[INFO] [stderr]    Compiling potential_utf v0.1.4
[INFO] [stderr]    Compiling icu_collections v2.1.1
[INFO] [stderr]    Compiling icu_locale_core v2.1.1
[INFO] [stderr]    Compiling serde v1.0.228
[INFO] [stderr]    Compiling icu_provider v2.1.1
[INFO] [stderr]    Compiling icu_normalizer v2.1.1
[INFO] [stderr]    Compiling icu_properties v2.1.2
[INFO] [stderr]    Compiling serde_urlencoded v0.7.1
[INFO] [stderr]    Compiling argh v0.1.13
[INFO] [stderr]    Compiling native-tls v0.2.14
[INFO] [stderr]    Compiling idna_adapter v1.2.1
[INFO] [stderr]    Compiling tokio-native-tls v0.3.1
[INFO] [stderr]    Compiling idna v1.1.0
[INFO] [stderr]    Compiling hyper-tls v0.6.0
[INFO] [stderr]    Compiling url v2.5.7
[INFO] [stderr]    Compiling reqwest v0.12.25
[INFO] [stderr]    Compiling quick-js v0.4.1
[INFO] [stderr]    Compiling mdtexlib v0.1.0 (/opt/rustwide/workdir/mdtexlib)
[INFO] [stdout] warning: field `lang` is never read
[INFO] [stdout]   --> mdtexlib/src/ir/mod.rs:23:9
[INFO] [stdout]    |
[INFO] [stdout] 22 |     BlockCode {
[INFO] [stdout]    |     --------- field in this variant
[INFO] [stdout] 23 |         lang: Option<String>,
[INFO] [stdout]    |         ^^^^
[INFO] [stdout]    |
[INFO] [stdout]    = note: `BlockToken` has a derived impl for the trait `Debug`, but this is intentionally ignored during dead code analysis
[INFO] [stdout]    = note: `#[warn(dead_code)]` (part of `#[warn(unused)]`) on by default
[INFO] [stdout] 
[INFO] [stdout] 
[INFO] [stderr]    Compiling mdtexcli v0.1.0 (/opt/rustwide/workdir/mdtexcli)
[INFO] [stdout] warning: unused import: `std::path::PathBuf`
[INFO] [stdout]  --> mdtexcli/src/watcher/mod.rs:2:5
[INFO] [stdout]   |
[INFO] [stdout] 2 | use std::path::PathBuf;
[INFO] [stdout]   |     ^^^^^^^^^^^^^^^^^^
[INFO] [stdout]   |
[INFO] [stdout]   = note: `#[warn(unused_imports)]` (part of `#[warn(unused)]`) on by default
[INFO] [stdout] 
[INFO] [stdout] 
[INFO] [stdout] warning: unused variable: `args`
[INFO] [stdout]   --> mdtexcli/src/watcher/mod.rs:15:14
[INFO] [stdout]    |
[INFO] [stdout] 15 | pub fn watch(args: WatchSubCommand) -> Result<(), Error> {
[INFO] [stdout]    |              ^^^^ help: if this is intentional, prefix it with an underscore: `_args`
[INFO] [stdout]    |
[INFO] [stdout]    = note: `#[warn(unused_variables)]` (part of `#[warn(unused)]`) on by default
[INFO] [stdout] 
[INFO] [stdout] 
[INFO] [stdout] warning: methods `create_folder` and `append_file` are never used
[INFO] [stdout]   --> mdtexcli/src/project_management/directory.rs:66:12
[INFO] [stdout]    |
[INFO] [stdout] 12 | impl DirectoryWrapper {
[INFO] [stdout]    | --------------------- methods in this implementation
[INFO] [stdout] ...
[INFO] [stdout] 66 |     pub fn create_folder(&mut self, folder_path_string: &str) -> Result<(), Box<dyn Error>> {
[INFO] [stdout]    |            ^^^^^^^^^^^^^
[INFO] [stdout] ...
[INFO] [stdout] 99 |     pub fn append_file(&mut self, file_name: &str, contents_to_write: &str) -> Result<(), Box<dyn Error>> {
[INFO] [stdout]    |            ^^^^^^^^^^^
[INFO] [stdout]    |
[INFO] [stdout]    = note: `#[warn(dead_code)]` (part of `#[warn(unused)]`) on by default
[INFO] [stdout] 
[INFO] [stdout] 
[INFO] [stdout] warning: method `construct_ctan_url` is never used
[INFO] [stdout]   --> mdtexcli/src/utils/query.rs:70:8
[INFO] [stdout]    |
[INFO] [stdout] 35 | impl CTANSend {
[INFO] [stdout]    | ------------- method in this implementation
[INFO] [stdout] ...
[INFO] [stdout] 70 |     fn construct_ctan_url(&self) -> anyhow::Result<Url> {
[INFO] [stdout]    |        ^^^^^^^^^^^^^^^^^^
[INFO] [stdout] 
[INFO] [stdout] 
[INFO] [stdout] warning: associated function `query_ctan` is never used
[INFO] [stdout]    --> mdtexcli/src/utils/query.rs:108:12
[INFO] [stdout]     |
[INFO] [stdout]  95 | impl CTANReturn {
[INFO] [stdout]     | --------------- associated function in this implementation
[INFO] [stdout] ...
[INFO] [stdout] 108 |     pub fn query_ctan(query: CTANSend) -> anyhow::Result<Self> {
[INFO] [stdout]     |            ^^^^^^^^^^
[INFO] [stdout] 
[INFO] [stdout] 
[INFO] [stdout] warning: unused `Result` that must be used
[INFO] [stdout]   --> mdtexcli/src/project_management/project.rs:99:9
[INFO] [stdout]    |
[INFO] [stdout] 99 |         self.write_metadata("MDTeX.toml");
[INFO] [stdout]    |         ^^^^^^^^^^^^^^^^^^^^^^^^^^^^^^^^^
[INFO] [stdout]    |
[INFO] [stdout]    = note: this `Result` may be an `Err` variant, which should be handled
[INFO] [stdout]    = note: `#[warn(unused_must_use)]` (part of `#[warn(unused)]`) on by default
[INFO] [stdout] help: use `let _ = ...` to ignore the resulting value
[INFO] [stdout]    |
[INFO] [stdout] 99 |         let _ = self.write_metadata("MDTeX.toml");
[INFO] [stdout]    |         +++++++
[INFO] [stdout] 
[INFO] [stdout] 
[INFO] [stderr]     Finished `release` profile [optimized] target(s) in 1m 33s
[INFO] running `Command { std: "docker" "inspect" "e2bf652cb22981a8322942cb28b4b18f3dc7c569a7ac22e66bebbb3736230cae", kill_on_drop: false }`
[INFO] running `Command { std: "docker" "exec" "-e" "SOURCE_DIR=/opt/rustwide/workdir" "-e" "CARGO_HOME=/opt/rustwide/cargo-home" "-e" "RUSTUP_HOME=/opt/rustwide/rustup-home" "-e" "CARGO_TARGET_DIR=/opt/rustwide/target" "-e" "CARGO_INCREMENTAL=0" "-e" "RUST_BACKTRACE=full" "-e" "RUSTFLAGS=--cap-lints=warn" "-e" "RUSTDOCFLAGS=--cap-lints=warn" "-w" "/opt/rustwide/workdir" "--user" "0:0" "e2bf652cb22981a8322942cb28b4b18f3dc7c569a7ac22e66bebbb3736230cae" "/opt/rustwide/cargo-home/bin/cargo" "+1.100.0-beta.1" "test" "--frozen" "--no-run" "--message-format=json" "--release", kill_on_drop: false }`
[INFO] [stderr]    Compiling aho-corasick v1.1.4
[INFO] [stderr]    Compiling bitflags v2.10.0
[INFO] [stderr]    Compiling parking_lot_core v0.9.12
[INFO] [stderr]    Compiling getrandom v0.3.4
[INFO] [stderr]    Compiling zerocopy v0.8.31
[INFO] [stderr]    Compiling crossbeam-epoch v0.9.18
[INFO] [stderr]    Compiling rustix v1.1.2
[INFO] [stderr]    Compiling predicates-core v1.0.9
[INFO] [stderr]    Compiling float-cmp v0.10.0
[INFO] [stderr]    Compiling linux-raw-sys v0.11.0
[INFO] [stderr]    Compiling termtree v0.5.1
[INFO] [stderr]    Compiling doc-comment v0.3.4
[INFO] [stderr]    Compiling assert_cmd v2.1.1
[INFO] [stderr]    Compiling fastrand v2.3.0
[INFO] [stderr]    Compiling assert-json-diff v2.0.2
[INFO] [stderr]    Compiling wait-timeout v0.2.1
[INFO] [stderr]    Compiling colored v3.0.0
[INFO] [stderr]    Compiling openssl v0.10.75
[INFO] [stderr]    Compiling rand_core v0.9.3
[INFO] [stderr]    Compiling predicates-tree v1.0.12
[INFO] [stderr]    Compiling similar v2.7.0
[INFO] [stderr]    Compiling crossbeam-deque v0.8.6
[INFO] [stderr]    Compiling parking_lot v0.12.5
[INFO] [stderr]    Compiling tokio v1.48.0
[INFO] [stderr]    Compiling regex-automata v0.4.13
[INFO] [stderr]    Compiling tempfile v3.23.0
[INFO] [stderr]    Compiling ppv-lite86 v0.2.21
[INFO] [stderr]    Compiling rand_chacha v0.9.0
[INFO] [stderr]    Compiling rand v0.9.2
[INFO] [stderr]    Compiling native-tls v0.2.14
[INFO] [stderr]    Compiling regex v1.12.2
[INFO] [stderr]    Compiling bstr v1.12.1
[INFO] [stderr]    Compiling mdtexlib v0.1.0 (/opt/rustwide/workdir/mdtexlib)
[INFO] [stderr]    Compiling predicates v3.1.3
[INFO] [stderr]    Compiling globset v0.4.18
[INFO] [stdout] warning: field `lang` is never read
[INFO] [stdout]   --> mdtexlib/src/ir/mod.rs:23:9
[INFO] [stdout]    |
[INFO] [stdout] 22 |     BlockCode {
[INFO] [stdout]    |     --------- field in this variant
[INFO] [stdout] 23 |         lang: Option<String>,
[INFO] [stdout]    |         ^^^^
[INFO] [stdout]    |
[INFO] [stdout]    = note: `BlockToken` has a derived impl for the trait `Debug`, but this is intentionally ignored during dead code analysis
[INFO] [stdout]    = note: `#[warn(dead_code)]` (part of `#[warn(unused)]`) on by default
[INFO] [stdout] 
[INFO] [stdout] 
[INFO] [stderr]    Compiling ignore v0.4.25
[INFO] [stderr]    Compiling tokio-util v0.7.17
[INFO] [stderr]    Compiling tokio-native-tls v0.3.1
[INFO] [stderr]    Compiling tower v0.5.2
[INFO] [stderr]    Compiling tower-http v0.6.8
[INFO] [stderr]    Compiling h2 v0.4.12
[INFO] [stderr]    Compiling globwalk v0.9.1
[INFO] [stderr]    Compiling assert_fs v1.1.3
[INFO] [stderr]    Compiling hyper v1.8.1
[INFO] [stderr]    Compiling hyper-util v0.1.19
[INFO] [stderr]    Compiling hyper-tls v0.6.0
[INFO] [stderr]    Compiling mockito v1.7.1
[INFO] [stderr]    Compiling reqwest v0.12.25
[INFO] [stderr]    Compiling mdtexcli v0.1.0 (/opt/rustwide/workdir/mdtexcli)
[INFO] [stdout] warning: unused import: `std::path::PathBuf`
[INFO] [stdout]  --> mdtexcli/src/watcher/mod.rs:2:5
[INFO] [stdout]   |
[INFO] [stdout] 2 | use std::path::PathBuf;
[INFO] [stdout]   |     ^^^^^^^^^^^^^^^^^^
[INFO] [stdout]   |
[INFO] [stdout]   = note: `#[warn(unused_imports)]` (part of `#[warn(unused)]`) on by default
[INFO] [stdout] 
[INFO] [stdout] 
[INFO] [stdout] warning: unused variable: `args`
[INFO] [stdout]   --> mdtexcli/src/watcher/mod.rs:15:14
[INFO] [stdout]    |
[INFO] [stdout] 15 | pub fn watch(args: WatchSubCommand) -> Result<(), Error> {
[INFO] [stdout]    |              ^^^^ help: if this is intentional, prefix it with an underscore: `_args`
[INFO] [stdout]    |
[INFO] [stdout]    = note: `#[warn(unused_variables)]` (part of `#[warn(unused)]`) on by default
[INFO] [stdout] 
[INFO] [stdout] 
[INFO] [stdout] warning: methods `create_folder` and `append_file` are never used
[INFO] [stdout]   --> mdtexcli/src/project_management/directory.rs:66:12
[INFO] [stdout]    |
[INFO] [stdout] 12 | impl DirectoryWrapper {
[INFO] [stdout]    | --------------------- methods in this implementation
[INFO] [stdout] ...
[INFO] [stdout] 66 |     pub fn create_folder(&mut self, folder_path_string: &str) -> Result<(), Box<dyn Error>> {
[INFO] [stdout]    |            ^^^^^^^^^^^^^
[INFO] [stdout] ...
[INFO] [stdout] 99 |     pub fn append_file(&mut self, file_name: &str, contents_to_write: &str) -> Result<(), Box<dyn Error>> {
[INFO] [stdout]    |            ^^^^^^^^^^^
[INFO] [stdout]    |
[INFO] [stdout]    = note: `#[warn(dead_code)]` (part of `#[warn(unused)]`) on by default
[INFO] [stdout] 
[INFO] [stdout] 
[INFO] [stdout] warning: method `construct_ctan_url` is never used
[INFO] [stdout]   --> mdtexcli/src/utils/query.rs:70:8
[INFO] [stdout]    |
[INFO] [stdout] 35 | impl CTANSend {
[INFO] [stdout]    | ------------- method in this implementation
[INFO] [stdout] ...
[INFO] [stdout] 70 |     fn construct_ctan_url(&self) -> anyhow::Result<Url> {
[INFO] [stdout]    |        ^^^^^^^^^^^^^^^^^^
[INFO] [stdout] 
[INFO] [stdout] 
[INFO] [stdout] warning: associated function `query_ctan` is never used
[INFO] [stdout]    --> mdtexcli/src/utils/query.rs:108:12
[INFO] [stdout]     |
[INFO] [stdout]  95 | impl CTANReturn {
[INFO] [stdout]     | --------------- associated function in this implementation
[INFO] [stdout] ...
[INFO] [stdout] 108 |     pub fn query_ctan(query: CTANSend) -> anyhow::Result<Self> {
[INFO] [stdout]     |            ^^^^^^^^^^
[INFO] [stdout] 
[INFO] [stdout] 
[INFO] [stdout] warning: unused `Result` that must be used
[INFO] [stdout]   --> mdtexcli/src/project_management/project.rs:99:9
[INFO] [stdout]    |
[INFO] [stdout] 99 |         self.write_metadata("MDTeX.toml");
[INFO] [stdout]    |         ^^^^^^^^^^^^^^^^^^^^^^^^^^^^^^^^^
[INFO] [stdout]    |
[INFO] [stdout]    = note: this `Result` may be an `Err` variant, which should be handled
[INFO] [stdout]    = note: `#[warn(unused_must_use)]` (part of `#[warn(unused)]`) on by default
[INFO] [stdout] help: use `let _ = ...` to ignore the resulting value
[INFO] [stdout]    |
[INFO] [stdout] 99 |         let _ = self.write_metadata("MDTeX.toml");
[INFO] [stdout]    |         +++++++
[INFO] [stdout] 
[INFO] [stdout] 
[INFO] [stdout] warning: unused import: `crate::*`
[INFO] [stdout]    --> mdtexcli/src/cli/commands.rs:105:9
[INFO] [stdout]     |
[INFO] [stdout] 105 |     use crate::*;
[INFO] [stdout]     |         ^^^^^^^^
[INFO] [stdout]     |
[INFO] [stdout]     = note: `#[warn(unused_imports)]` (part of `#[warn(unused)]`) on by default
[INFO] [stdout] 
[INFO] [stdout] 
[INFO] [stdout] warning: unused import: `utils::query::CTAN_URL`
[INFO] [stdout]    --> mdtexcli/src/project_management/project.rs:146:95
[INFO] [stdout]     |
[INFO] [stdout] 146 |     use crate::{project_management::{Package, directory::DirectoryWrapper, project::Project}, utils::query::CTAN_URL};
[INFO] [stdout]     |                                                                                               ^^^^^^^^^^^^^^^^^^^^^^
[INFO] [stdout] 
[INFO] [stdout] 
[INFO] [stdout] warning: unused import: `std::path::PathBuf`
[INFO] [stdout]  --> mdtexcli/src/watcher/mod.rs:2:5
[INFO] [stdout]   |
[INFO] [stdout] 2 | use std::path::PathBuf;
[INFO] [stdout]   |     ^^^^^^^^^^^^^^^^^^
[INFO] [stdout] 
[INFO] [stdout] 
[INFO] [stdout] warning: use of deprecated associated function `assert_cmd::Command::cargo_bin`: incompatible with a custom cargo build-dir, see instead `cargo::cargo_bin_cmd!`
[INFO] [stdout]    --> mdtexcli/src/cli/commands.rs:111:32
[INFO] [stdout]     |
[INFO] [stdout] 111 |         let mut cmd = Command::cargo_bin("mdtexcli").unwrap();
[INFO] [stdout]     |                                ^^^^^^^^^
[INFO] [stdout]     |
[INFO] [stdout]     = note: `#[warn(deprecated)]` on by default
[INFO] [stdout] 
[INFO] [stdout] 
[INFO] [stdout] warning: unused import: `assert_fs::prelude`
[INFO] [stdout]    --> mdtexcli/src/cli/commands.rs:107:9
[INFO] [stdout]     |
[INFO] [stdout] 107 |     use assert_fs::prelude::*;
[INFO] [stdout]     |         ^^^^^^^^^^^^^^^^^^
[INFO] [stdout] 
[INFO] [stdout] 
[INFO] [stdout] warning: unused variable: `mock_knuth`
[INFO] [stdout]    --> mdtexcli/src/project_management/project.rs:265:13
[INFO] [stdout]     |
[INFO] [stdout] 265 |         let mock_knuth = server.mock("GET", "/search/json")
[INFO] [stdout]     |             ^^^^^^^^^^ help: if this is intentional, prefix it with an underscore: `_mock_knuth`
[INFO] [stdout]     |
[INFO] [stdout]     = note: `#[warn(unused_variables)]` (part of `#[warn(unused)]`) on by default
[INFO] [stdout] 
[INFO] [stdout] 
[INFO] [stdout] warning: unused variable: `mock_pseudocode`
[INFO] [stdout]    --> mdtexcli/src/project_management/project.rs:272:13
[INFO] [stdout]     |
[INFO] [stdout] 272 |         let mock_pseudocode = server.mock("GET", "/search/json")
[INFO] [stdout]     |             ^^^^^^^^^^^^^^^ help: if this is intentional, prefix it with an underscore: `_mock_pseudocode`
[INFO] [stdout] 
[INFO] [stdout] 
[INFO] [stdout] warning: unused variable: `mock_math`
[INFO] [stdout]    --> mdtexcli/src/project_management/project.rs:279:13
[INFO] [stdout]     |
[INFO] [stdout] 279 |         let mock_math = server.mock("GET", "/search/json")
[INFO] [stdout]     |             ^^^^^^^^^ help: if this is intentional, prefix it with an underscore: `_mock_math`
[INFO] [stdout] 
[INFO] [stdout] 
[INFO] [stdout] warning: unused variable: `mock_err`
[INFO] [stdout]    --> mdtexcli/src/project_management/project.rs:368:13
[INFO] [stdout]     |
[INFO] [stdout] 368 |         let mock_err = server.mock("GET", "/search/json")
[INFO] [stdout]     |             ^^^^^^^^ help: if this is intentional, prefix it with an underscore: `_mock_err`
[INFO] [stdout] 
[INFO] [stdout] 
[INFO] [stdout] warning: variable does not need to be mutable
[INFO] [stdout]    --> mdtexcli/src/project_management/directory.rs:296:13
[INFO] [stdout]     |
[INFO] [stdout] 296 |         let mut dir = DirectoryWrapper::from(directory_path.to_path_buf()).unwrap();
[INFO] [stdout]     |             ----^^^
[INFO] [stdout]     |             |
[INFO] [stdout]     |             help: remove this `mut`
[INFO] [stdout]     |
[INFO] [stdout]     = note: `#[warn(unused_mut)]` (part of `#[warn(unused)]`) on by default
[INFO] [stdout] 
[INFO] [stdout] 
[INFO] [stdout] warning: unused variable: `args`
[INFO] [stdout]   --> mdtexcli/src/watcher/mod.rs:15:14
[INFO] [stdout]    |
[INFO] [stdout] 15 | pub fn watch(args: WatchSubCommand) -> Result<(), Error> {
[INFO] [stdout]    |              ^^^^ help: if this is intentional, prefix it with an underscore: `_args`
[INFO] [stdout] 
[INFO] [stdout] 
[INFO] [stdout] warning: function `test_write_metadata` is never used
[INFO] [stdout]    --> mdtexcli/src/project_management/project.rs:224:8
[INFO] [stdout]     |
[INFO] [stdout] 224 |     fn test_write_metadata() {
[INFO] [stdout]     |        ^^^^^^^^^^^^^^^^^^^
[INFO] [stdout]     |
[INFO] [stdout]     = note: `#[warn(dead_code)]` (part of `#[warn(unused)]`) on by default
[INFO] [stdout] 
[INFO] [stdout] 
[INFO] [stdout] warning: associated function `query_ctan` is never used
[INFO] [stdout]    --> mdtexcli/src/utils/query.rs:108:12
[INFO] [stdout]     |
[INFO] [stdout]  95 | impl CTANReturn {
[INFO] [stdout]     | --------------- associated function in this implementation
[INFO] [stdout] ...
[INFO] [stdout] 108 |     pub fn query_ctan(query: CTANSend) -> anyhow::Result<Self> {
[INFO] [stdout]     |            ^^^^^^^^^^
[INFO] [stdout] 
[INFO] [stdout] 
[INFO] [stdout] warning: unused `Result` that must be used
[INFO] [stdout]   --> mdtexcli/src/project_management/project.rs:99:9
[INFO] [stdout]    |
[INFO] [stdout] 99 |         self.write_metadata("MDTeX.toml");
[INFO] [stdout]    |         ^^^^^^^^^^^^^^^^^^^^^^^^^^^^^^^^^
[INFO] [stdout]    |
[INFO] [stdout]    = note: this `Result` may be an `Err` variant, which should be handled
[INFO] [stdout]    = note: `#[warn(unused_must_use)]` (part of `#[warn(unused)]`) on by default
[INFO] [stdout] help: use `let _ = ...` to ignore the resulting value
[INFO] [stdout]    |
[INFO] [stdout] 99 |         let _ = self.write_metadata("MDTeX.toml");
[INFO] [stdout]    |         +++++++
[INFO] [stdout] 
[INFO] [stdout] 
[INFO] [stdout] warning: unused `Result` that must be used
[INFO] [stdout]    --> mdtexcli/src/project_management/project.rs:319:9
[INFO] [stdout]     |
[INFO] [stdout] 319 | /         toml_file.write_str(r#"
[INFO] [stdout] 320 | |             project-name="test_project"
[INFO] [stdout] 321 | |         
[INFO] [stdout] 322 | |             [packages.pseudocode]
[INFO] [stdout] ...   |
[INFO] [stdout] 325 | |             text = "LaTeX environment for specifying algorithms in a natural way"
[INFO] [stdout] 326 | |         "#);
[INFO] [stdout]     | |___________^
[INFO] [stdout]     |
[INFO] [stdout]     = note: this `Result` may be an `Err` variant, which should be handled
[INFO] [stdout] help: use `let _ = ...` to ignore the resulting value
[INFO] [stdout]     |
[INFO] [stdout] 319 |         let _ = toml_file.write_str(r#"
[INFO] [stdout]     |         +++++++
[INFO] [stdout] 
[INFO] [stdout] 
[INFO] [stderr]     Finished `release` profile [optimized] target(s) in 1m 12s
[INFO] running `Command { std: "docker" "inspect" "e2bf652cb22981a8322942cb28b4b18f3dc7c569a7ac22e66bebbb3736230cae", kill_on_drop: false }`
[INFO] running `Command { std: "docker" "exec" "-e" "SOURCE_DIR=/opt/rustwide/workdir" "-e" "CARGO_HOME=/opt/rustwide/cargo-home" "-e" "RUSTUP_HOME=/opt/rustwide/rustup-home" "-e" "CARGO_TARGET_DIR=/opt/rustwide/target" "-e" "CARGO_INCREMENTAL=0" "-e" "RUST_BACKTRACE=full" "-e" "RUSTFLAGS=--cap-lints=warn" "-e" "RUSTDOCFLAGS=--cap-lints=warn" "-w" "/opt/rustwide/workdir" "--user" "0:0" "e2bf652cb22981a8322942cb28b4b18f3dc7c569a7ac22e66bebbb3736230cae" "/opt/rustwide/cargo-home/bin/cargo" "+1.100.0-beta.1" "test" "--frozen" "--release", kill_on_drop: false }`
[INFO] [stderr] warning: field `lang` is never read
[INFO] [stderr]   --> mdtexlib/src/ir/mod.rs:23:9
[INFO] [stderr]    |
[INFO] [stderr] 22 |     BlockCode {
[INFO] [stderr]    |     --------- field in this variant
[INFO] [stderr] 23 |         lang: Option<String>,
[INFO] [stderr]    |         ^^^^
[INFO] [stderr]    |
[INFO] [stderr]    = note: `BlockToken` has a derived impl for the trait `Debug`, but this is intentionally ignored during dead code analysis
[INFO] [stderr]    = note: `#[warn(dead_code)]` (part of `#[warn(unused)]`) on by default
[INFO] [stderr] 
[INFO] [stderr] warning: `mdtexlib` (lib) generated 1 warning
[INFO] [stderr] warning: unused import: `std::path::PathBuf`
[INFO] [stderr]  --> mdtexcli/src/watcher/mod.rs:2:5
[INFO] [stderr]   |
[INFO] [stderr] 2 | use std::path::PathBuf;
[INFO] [stderr]   |     ^^^^^^^^^^^^^^^^^^
[INFO] [stderr]   |
[INFO] [stderr]   = note: `#[warn(unused_imports)]` (part of `#[warn(unused)]`) on by default
[INFO] [stderr] 
[INFO] [stderr] warning: unused variable: `args`
[INFO] [stderr]   --> mdtexcli/src/watcher/mod.rs:15:14
[INFO] [stderr]    |
[INFO] [stderr] 15 | pub fn watch(args: WatchSubCommand) -> Result<(), Error> {
[INFO] [stderr]    |              ^^^^ help: if this is intentional, prefix it with an underscore: `_args`
[INFO] [stderr]    |
[INFO] [stderr]    = note: `#[warn(unused_variables)]` (part of `#[warn(unused)]`) on by default
[INFO] [stderr] 
[INFO] [stderr] warning: methods `create_folder` and `append_file` are never used
[INFO] [stderr]   --> mdtexcli/src/project_management/directory.rs:66:12
[INFO] [stderr]    |
[INFO] [stderr] 12 | impl DirectoryWrapper {
[INFO] [stderr]    | --------------------- methods in this implementation
[INFO] [stderr] ...
[INFO] [stderr] 66 |     pub fn create_folder(&mut self, folder_path_string: &str) -> Result<(), Box<dyn Error>> {
[INFO] [stderr]    |            ^^^^^^^^^^^^^
[INFO] [stderr] ...
[INFO] [stderr] 99 |     pub fn append_file(&mut self, file_name: &str, contents_to_write: &str) -> Result<(), Box<dyn Error>> {
[INFO] [stderr]    |            ^^^^^^^^^^^
[INFO] [stderr]    |
[INFO] [stderr]    = note: `#[warn(dead_code)]` (part of `#[warn(unused)]`) on by default
[INFO] [stderr] 
[INFO] [stderr] warning: method `construct_ctan_url` is never used
[INFO] [stderr]   --> mdtexcli/src/utils/query.rs:70:8
[INFO] [stderr]    |
[INFO] [stderr] 35 | impl CTANSend {
[INFO] [stderr]    | ------------- method in this implementation
[INFO] [stderr] ...
[INFO] [stderr] 70 |     fn construct_ctan_url(&self) -> anyhow::Result<Url> {
[INFO] [stderr]    |        ^^^^^^^^^^^^^^^^^^
[INFO] [stderr] 
[INFO] [stderr] warning: associated function `query_ctan` is never used
[INFO] [stderr]    --> mdtexcli/src/utils/query.rs:108:12
[INFO] [stderr]     |
[INFO] [stderr]  95 | impl CTANReturn {
[INFO] [stderr]     | --------------- associated function in this implementation
[INFO] [stderr] ...
[INFO] [stderr] 108 |     pub fn query_ctan(query: CTANSend) -> anyhow::Result<Self> {
[INFO] [stderr]     |            ^^^^^^^^^^
[INFO] [stderr] 
[INFO] [stderr] warning: unused `Result` that must be used
[INFO] [stderr]   --> mdtexcli/src/project_management/project.rs:99:9
[INFO] [stderr]    |
[INFO] [stderr] 99 |         self.write_metadata("MDTeX.toml");
[INFO] [stderr]    |         ^^^^^^^^^^^^^^^^^^^^^^^^^^^^^^^^^
[INFO] [stderr]    |
[INFO] [stderr]    = note: this `Result` may be an `Err` variant, which should be handled
[INFO] [stderr]    = note: `#[warn(unused_must_use)]` (part of `#[warn(unused)]`) on by default
[INFO] [stderr] help: use `let _ = ...` to ignore the resulting value
[INFO] [stderr]    |
[INFO] [stderr] 99 |         let _ = self.write_metadata("MDTeX.toml");
[INFO] [stderr]    |         +++++++
[INFO] [stderr] 
[INFO] [stderr] warning: unused import: `crate::*`
[INFO] [stderr]    --> mdtexcli/src/cli/commands.rs:105:9
[INFO] [stderr]     |
[INFO] [stderr] 105 |     use crate::*;
[INFO] [stderr]     |         ^^^^^^^^
[INFO] [stderr]     |
[INFO] [stderr]     = note: `#[warn(unused_imports)]` (part of `#[warn(unused)]`) on by default
[INFO] [stderr] 
[INFO] [stderr] warning: unused import: `utils::query::CTAN_URL`
[INFO] [stderr]    --> mdtexcli/src/project_management/project.rs:146:95
[INFO] [stderr]     |
[INFO] [stderr] 146 |     use crate::{project_management::{Package, directory::DirectoryWrapper, project::Project}, utils::query::CTAN_URL};
[INFO] [stderr]     |                                                                                               ^^^^^^^^^^^^^^^^^^^^^^
[INFO] [stderr] 
[INFO] [stderr] warning: unused import: `std::path::PathBuf`
[INFO] [stderr]  --> mdtexcli/src/watcher/mod.rs:2:5
[INFO] [stderr]   |
[INFO] [stderr] 2 | use std::path::PathBuf;
[INFO] [stderr]   |     ^^^^^^^^^^^^^^^^^^
[INFO] [stderr] 
[INFO] [stderr] warning: use of deprecated associated function `assert_cmd::Command::cargo_bin`: incompatible with a custom cargo build-dir, see instead `cargo::cargo_bin_cmd!`
[INFO] [stderr]    --> mdtexcli/src/cli/commands.rs:111:32
[INFO] [stderr]     |
[INFO] [stderr] 111 |         let mut cmd = Command::cargo_bin("mdtexcli").unwrap();
[INFO] [stderr]     |                                ^^^^^^^^^
[INFO] [stderr]     |
[INFO] [stderr]     = note: `#[warn(deprecated)]` on by default
[INFO] [stderr] 
[INFO] [stderr] warning: unused import: `assert_fs::prelude`
[INFO] [stderr]    --> mdtexcli/src/cli/commands.rs:107:9
[INFO] [stderr]     |
[INFO] [stderr] 107 |     use assert_fs::prelude::*;
[INFO] [stderr]     |         ^^^^^^^^^^^^^^^^^^
[INFO] [stderr] 
[INFO] [stderr] warning: unused variable: `mock_knuth`
[INFO] [stderr]    --> mdtexcli/src/project_management/project.rs:265:13
[INFO] [stderr]     |
[INFO] [stderr] 265 |         let mock_knuth = server.mock("GET", "/search/json")
[INFO] [stderr]     |             ^^^^^^^^^^ help: if this is intentional, prefix it with an underscore: `_mock_knuth`
[INFO] [stderr]     |
[INFO] [stderr]     = note: `#[warn(unused_variables)]` (part of `#[warn(unused)]`) on by default
[INFO] [stderr] 
[INFO] [stderr] warning: unused variable: `mock_pseudocode`
[INFO] [stderr]    --> mdtexcli/src/project_management/project.rs:272:13
[INFO] [stderr]     |
[INFO] [stderr] 272 |         let mock_pseudocode = server.mock("GET", "/search/json")
[INFO] [stderr]     |             ^^^^^^^^^^^^^^^ help: if this is intentional, prefix it with an underscore: `_mock_pseudocode`
[INFO] [stderr] 
[INFO] [stderr] warning: unused variable: `mock_math`
[INFO] [stderr]    --> mdtexcli/src/project_management/project.rs:279:13
[INFO] [stderr]     |
[INFO] [stderr] 279 |         let mock_math = server.mock("GET", "/search/json")
[INFO] [stderr]     |             ^^^^^^^^^ help: if this is intentional, prefix it with an underscore: `_mock_math`
[INFO] [stderr] 
[INFO] [stderr] warning: unused variable: `mock_err`
[INFO] [stderr]    --> mdtexcli/src/project_management/project.rs:368:13
[INFO] [stderr]     |
[INFO] [stderr] 368 |         let mock_err = server.mock("GET", "/search/json")
[INFO] [stderr]     |             ^^^^^^^^ help: if this is intentional, prefix it with an underscore: `_mock_err`
[INFO] [stderr] 
[INFO] [stderr] warning: variable does not need to be mutable
[INFO] [stderr]    --> mdtexcli/src/project_management/directory.rs:296:13
[INFO] [stderr]     |
[INFO] [stderr] 296 |         let mut dir = DirectoryWrapper::from(directory_path.to_path_buf()).unwrap();
[INFO] [stderr]     |             ----^^^
[INFO] [stderr]     |             |
[INFO] [stderr]     |             help: remove this `mut`
[INFO] [stderr]     |
[INFO] [stderr]     = note: `#[warn(unused_mut)]` (part of `#[warn(unused)]`) on by default
[INFO] [stderr] 
[INFO] [stderr] warning: unused variable: `args`
[INFO] [stderr]   --> mdtexcli/src/watcher/mod.rs:15:14
[INFO] [stderr]    |
[INFO] [stderr] 15 | pub fn watch(args: WatchSubCommand) -> Result<(), Error> {
[INFO] [stderr]    |              ^^^^ help: if this is intentional, prefix it with an underscore: `_args`
[INFO] [stderr] 
[INFO] [stderr] warning: function `test_write_metadata` is never used
[INFO] [stderr]    --> mdtexcli/src/project_management/project.rs:224:8
[INFO] [stderr]     |
[INFO] [stderr] 224 |     fn test_write_metadata() {
[INFO] [stderr]     |        ^^^^^^^^^^^^^^^^^^^
[INFO] [stderr]     |
[INFO] [stderr]     = note: `#[warn(dead_code)]` (part of `#[warn(unused)]`) on by default
[INFO] [stderr] 
[INFO] [stderr] warning: unused `Result` that must be used
[INFO] [stderr]    --> mdtexcli/src/project_management/project.rs:319:9
[INFO] [stderr]     |
[INFO] [stderr] 319 | /         toml_file.write_str(r#"
[INFO] [stderr] 320 | |             project-name="test_project"
[INFO] [stderr] 321 | |         
[INFO] [stderr] 322 | |             [packages.pseudocode]
[INFO] [stderr] ...   |
[INFO] [stderr] 325 | |             text = "LaTeX environment for specifying algorithms in a natural way"
[INFO] [stderr] 326 | |         "#);
[INFO] [stderr]     | |___________^
[INFO] [stderr]     |
[INFO] [stderr]     = note: this `Result` may be an `Err` variant, which should be handled
[INFO] [stderr] help: use `let _ = ...` to ignore the resulting value
[INFO] [stderr]     |
[INFO] [stderr] 319 |         let _ = toml_file.write_str(r#"
[INFO] [stderr]     |         +++++++
[INFO] [stderr] 
[INFO] [stderr] warning: `mdtexcli` (lib) generated 6 warnings (run `cargo fix --lib -p mdtexcli` to apply 2 suggestions)
[INFO] [stderr] warning: `mdtexcli` (lib test) generated 15 warnings (2 duplicates) (run `cargo fix --lib -p mdtexcli --tests` to apply 9 suggestions)
[INFO] [stderr]     Finished `release` profile [optimized] target(s) in 0.35s
[INFO] [stderr]      Running unittests src/lib.rs (/opt/rustwide/target/release/build/mdtexcli/96047f1fb03a8e11/out/mdtexcli-96047f1fb03a8e11)
[INFO] [stdout] 
[INFO] [stdout] running 28 tests
[INFO] [stdout] test project_management::project::tests::test_create_project ... ok
[INFO] [stdout] test project_management::directory::tests::test_from ... ok
[INFO] [stdout] test cli::commands::tests::test_cli ... FAILED
[INFO] [stdout] test project_management::directory::tests::test_append ... ok
[INFO] [stdout] test project_management::directory::tests::test_overrite ... ok
[INFO] [stdout] test project_management::directory::tests::test_create_directory ... ok
[INFO] [stdout] test project_management::directory::tests::test_create_and_write_child ... ok
[INFO] [stdout] test project_management::project::tests::test_from_directory_toml_not_found ... ok
[INFO] [stdout] test project_management::directory::tests::test_create_nested_children ... ok
[INFO] [stdout] test utils::query::tests::test_bad_base_url_rejected ... ok
[INFO] [stdout] test project_management::directory::tests::test_from_nested_children ... ok
[INFO] [stdout] test project_management::directory::tests::test_child_not_found_on_write_or_append ... ok
[INFO] [stdout] test project_management::directory::tests::test_create_directories ... ok
[INFO] [stdout] test project_management::directory::tests::test_child_found_on_create ... ok
[INFO] [stdout] test utils::query::tests::test_url_works ... ok
[INFO] [stdout] test project_management::project::tests::test_from_directory ... ok
[INFO] [stdout] test utils::query::tests::test_deserialize_ignores_unknown_fields ... ok
[INFO] [stdout] test utils::query::tests::test_url_mixed_optional_fields ... ok
[INFO] [stdout] test utils::query::tests::test_round_trip_serialization ... ok
[INFO] [stdout] test utils::query::tests::test_deserialize_missing_optional_hits ... ok
[INFO] [stdout] test utils::query::tests::test_url_with_defaults_only_phrase ... ok
[INFO] [stdout] test utils::query::tests::test_url_encoding_phrase ... ok
[INFO] [stdout] test utils::query::tests::test_query_runs ... ok
[INFO] [stdout] test utils::query::tests::test_query_malformed_json_error ... ok
[INFO] [stdout] test utils::query::tests::test_query_http_500_error ... ok
[INFO] [stdout] test utils::query::tests::test_query_nothing ... ok
[INFO] [stdout] test project_management::project::tests::test_no_result ... ok
[INFO] [stdout] test project_management::project::tests::test_add_packages_with_one_fail_and_write_metadata ... ok
[INFO] [stdout] 
[INFO] [stdout] failures:
[INFO] [stdout] 
[INFO] [stdout] ---- cli::commands::tests::test_cli stdout ----
[INFO] [stdout] 
[INFO] [stdout] thread 'cli::commands::tests::test_cli' (2759) panicked at mdtexcli/src/cli/commands.rs:111:54:
[INFO] [stdout] called `Result::unwrap()` on an `Err` value: CargoError { cause: Some(NotFoundError { path: "/opt/rustwide/target/release/build/mdtexcli/96047f1fb03a8e11/out/mdtexcli" }) }
[INFO] [stdout] stack backtrace:
[INFO] [stdout]    0:     0x60e361a671d1 - <<std[617be2ca0a6fd877]::sys::backtrace::BacktraceLock>::print::DisplayBacktrace as core[a373ad73a504971]::fmt::Display>::fmt
[INFO] [stdout]    1:     0x60e361a8088a - core[a373ad73a504971]::fmt::write
[INFO] [stdout]    2:     0x60e361a6d6cc - <alloc[2e1b2a31b91974c5]::vec::Vec<u8> as core[a373ad73a504971]::io::write::Write>::write_fmt
[INFO] [stdout]    3:     0x60e361a3fc66 - std[617be2ca0a6fd877]::panicking::default_hook::{closure#0}
[INFO] [stdout]    4:     0x60e361a5e269 - std[617be2ca0a6fd877]::panicking::default_hook
[INFO] [stdout]    5:     0x60e3618fca10 - test[aada8e7e76ba119b]::test_main_inner::{closure#0}
[INFO] [stdout]    6:     0x60e361a5e592 - std[617be2ca0a6fd877]::panicking::panic_with_hook
[INFO] [stdout]    7:     0x60e361a3fd12 - std[617be2ca0a6fd877]::panicking::panic_handler::{closure#0}
[INFO] [stdout]    8:     0x60e361a38069 - std[617be2ca0a6fd877]::sys::backtrace::__rust_end_short_backtrace::<std[617be2ca0a6fd877]::panicking::panic_handler::{closure#0}, !>
[INFO] [stdout]    9:     0x60e361a40c1d - __rustc[ea4f61d10b84890b]::rust_begin_unwind
[INFO] [stdout]   10:     0x60e361a810ac - core[a373ad73a504971]::panicking::panic_fmt
[INFO] [stdout]   11:     0x60e361a80e82 - core[a373ad73a504971]::result::unwrap_failed
[INFO] [stdout]   12:     0x60e3616f2fe7 - <mdtexcli[4f65717432ceb048]::cli::commands::tests::test_cli::{closure#0} as core[a373ad73a504971]::ops::function::FnOnce<()>>::call_once
[INFO] [stdout]   13:     0x60e3618efe5b - test[aada8e7e76ba119b]::__rust_begin_short_backtrace::<core[a373ad73a504971]::result::Result<(), alloc[2e1b2a31b91974c5]::string::String>, fn() -> core[a373ad73a504971]::result::Result<(), alloc[2e1b2a31b91974c5]::string::String>>
[INFO] [stdout]   14:     0x60e3618fd035 - test[aada8e7e76ba119b]::run_test::{closure#0}
[INFO] [stdout]   15:     0x60e3618f6924 - std[617be2ca0a6fd877]::sys::backtrace::__rust_begin_short_backtrace::<test[aada8e7e76ba119b]::run_test::{closure#1}, ()>
[INFO] [stdout]   16:     0x60e3619000c2 - <std[617be2ca0a6fd877]::thread::lifecycle::spawn_unchecked<test[aada8e7e76ba119b]::run_test::{closure#1}, ()>::{closure#1} as core[a373ad73a504971]::ops::function::FnOnce<()>>::call_once::{shim:vtable#0}
[INFO] [stdout]   17:     0x60e361a6629f - <std[617be2ca0a6fd877]::sys::thread::unix::Thread>::new::thread_start
[INFO] [stdout]   18:     0x7cb28622adfa - <unknown>
[INFO] [stdout]   19:     0x7cb2862be3d4 - clone
[INFO] [stdout]   20:                0x0 - <unknown>
[INFO] [stdout] 
[INFO] [stdout] 
[INFO] [stdout] failures:
[INFO] [stdout]     cli::commands::tests::test_cli
[INFO] [stdout] 
[INFO] [stdout] test result: FAILED. 27 passed; 1 failed; 0 ignored; 0 measured; 0 filtered out; finished in 0.31s
[INFO] [stdout] 
[INFO] [stderr] error: test failed, to rerun pass `-p mdtexcli --lib`
[INFO] running `Command { std: "docker" "inspect" "e2bf652cb22981a8322942cb28b4b18f3dc7c569a7ac22e66bebbb3736230cae", kill_on_drop: false }`
[INFO] running `Command { std: "docker" "rm" "-f" "e2bf652cb22981a8322942cb28b4b18f3dc7c569a7ac22e66bebbb3736230cae", kill_on_drop: false }`
[INFO] [stdout] e2bf652cb22981a8322942cb28b4b18f3dc7c569a7ac22e66bebbb3736230cae
