[INFO] cloning repository https://github.com/matthis-d/rnm
[INFO] running `Command { std: "git" "-c" "credential.helper=" "-c" "credential.helper=/workspace/cargo-home/bin/git-credential-null" "clone" "--bare" "https://github.com/matthis-d/rnm" "/workspace/cache/git-repos/https%3A%2F%2Fgithub.com%2Fmatthis-d%2Frnm", kill_on_drop: false }`
[INFO] [stderr] Cloning into bare repository '/workspace/cache/git-repos/https%3A%2F%2Fgithub.com%2Fmatthis-d%2Frnm'...
[INFO] running `Command { std: "git" "rev-parse" "HEAD", kill_on_drop: false }`
[INFO] [stdout] 663d7a98748343b75eed7261cfb94c56cdcd86c0
[INFO] testing matthis-d/rnm against 1.100.0-beta.1+cargoflags=--release for beta-release-1.100-2
[INFO] running `Command { std: "git" "clone" "/workspace/cache/git-repos/https%3A%2F%2Fgithub.com%2Fmatthis-d%2Frnm" "/workspace/builds/worker-6-tc2/source", kill_on_drop: false }`
[INFO] [stderr] Cloning into '/workspace/builds/worker-6-tc2/source'...
[INFO] [stderr] done.
[INFO] started tweaking git repo https://github.com/matthis-d/rnm
[INFO] finished tweaking git repo https://github.com/matthis-d/rnm
[INFO] tweaked toml for git repo https://github.com/matthis-d/rnm written to /workspace/builds/worker-6-tc2/source/Cargo.toml
[INFO] validating manifest of git repo https://github.com/matthis-d/rnm on toolchain 1.100.0-beta.1
[INFO] running `Command { std: CARGO_HOME="/workspace/cargo-home" RUSTUP_HOME="/workspace/rustup-home" "/workspace/cargo-home/bin/cargo" "+1.100.0-beta.1" "metadata" "--manifest-path" "Cargo.toml" "--no-deps", kill_on_drop: false }`
[INFO] crate git repo https://github.com/matthis-d/rnm already has a lockfile, it will not be regenerated
[INFO] running `Command { std: CARGO_HOME="/workspace/cargo-home" RUSTUP_HOME="/workspace/rustup-home" "/workspace/cargo-home/bin/cargo" "+1.100.0-beta.1" "fetch" "--manifest-path" "Cargo.toml", kill_on_drop: false }`
[INFO] [stderr] warning: `package.homepage` is redundant with `package.repository`
[INFO] [stderr]   --> Cargo.toml:17:12
[INFO] [stderr]    |
[INFO] [stderr] 17 | homepage = "https://github.com/matthis-d/rnm"
[INFO] [stderr]    |            ^^^^^^^^^^^^^^^^^^^^^^^^^^^^^^^^^^
[INFO] [stderr] ...
[INFO] [stderr] 22 | repository = "https://github.com/matthis-d/rnm"
[INFO] [stderr]    |              ----------------------------------
[INFO] [stderr]    |
[INFO] [stderr]    = note: `cargo::redundant_homepage` is set to `warn` by default
[INFO] [stderr] help: consider removing `package.homepage`
[INFO] [stderr] warning: `rnm` (manifest) generated 1 warning
[INFO] [stderr]     Blocking waiting for file lock on package cache
[INFO] running `Command { std: "docker" "create" "-v" "/var/lib/crater-agent-workspace/builds/worker-6-tc2/source:/opt/rustwide/workdir:ro,Z" "-v" "/var/lib/crater-agent-workspace/builds/worker-6-tc2/target:/opt/rustwide/target:rw,Z" "-v" "/var/lib/crater-agent-workspace/cargo-home:/opt/rustwide/cargo-home:ro,Z" "-v" "/var/lib/crater-agent-workspace/rustup-home:/opt/rustwide/rustup-home:ro,Z" "-m" "1610612736" "--network" "none" "ghcr.io/rust-lang/crates-build-env/linux@sha256:77db811e55d90add9212f6832c23229e3de5f1c1f9905e8cb07319ea15df73ac" "sleep" "infinity", kill_on_drop: false }`
[INFO] [stdout] 475a4a3d1cfc9eaa11d83fab7bbd571e120f79398dbb6f0722fac1e65cc0937b
[INFO] running `Command { std: "docker" "start" "475a4a3d1cfc9eaa11d83fab7bbd571e120f79398dbb6f0722fac1e65cc0937b", kill_on_drop: false }`
[INFO] running `Command { std: "docker" "inspect" "475a4a3d1cfc9eaa11d83fab7bbd571e120f79398dbb6f0722fac1e65cc0937b", kill_on_drop: false }`
[INFO] running `Command { std: "docker" "exec" "-e" "SOURCE_DIR=/opt/rustwide/workdir" "-e" "CARGO_HOME=/opt/rustwide/cargo-home" "-e" "RUSTUP_HOME=/opt/rustwide/rustup-home" "-e" "CARGO_TARGET_DIR=/opt/rustwide/target" "-w" "/opt/rustwide/workdir" "--user" "0:0" "475a4a3d1cfc9eaa11d83fab7bbd571e120f79398dbb6f0722fac1e65cc0937b" "/opt/rustwide/cargo-home/bin/cargo" "+1.100.0-beta.1" "metadata" "--no-deps" "--format-version=1", kill_on_drop: false }`
[INFO] running `Command { std: "docker" "inspect" "475a4a3d1cfc9eaa11d83fab7bbd571e120f79398dbb6f0722fac1e65cc0937b", kill_on_drop: false }`
[INFO] running `Command { std: "docker" "exec" "-e" "SOURCE_DIR=/opt/rustwide/workdir" "-e" "CARGO_HOME=/opt/rustwide/cargo-home" "-e" "RUSTUP_HOME=/opt/rustwide/rustup-home" "-e" "CARGO_TARGET_DIR=/opt/rustwide/target" "-e" "CARGO_INCREMENTAL=0" "-e" "RUST_BACKTRACE=full" "-e" "RUSTFLAGS=--cap-lints=warn" "-e" "RUSTDOCFLAGS=--cap-lints=warn" "-w" "/opt/rustwide/workdir" "--user" "0:0" "475a4a3d1cfc9eaa11d83fab7bbd571e120f79398dbb6f0722fac1e65cc0937b" "/opt/rustwide/cargo-home/bin/cargo" "+1.100.0-beta.1" "build" "--frozen" "--message-format=json" "--release", kill_on_drop: false }`
[INFO] [stderr] warning: `package.homepage` is redundant with `package.repository`
[INFO] [stderr]   --> Cargo.toml:17:12
[INFO] [stderr]    |
[INFO] [stderr] 17 | homepage = "https://github.com/matthis-d/rnm"
[INFO] [stderr]    |            ^^^^^^^^^^^^^^^^^^^^^^^^^^^^^^^^^^
[INFO] [stderr] ...
[INFO] [stderr] 22 | repository = "https://github.com/matthis-d/rnm"
[INFO] [stderr]    |              ----------------------------------
[INFO] [stderr]    |
[INFO] [stderr]    = note: `cargo::redundant_homepage` is set to `warn` by default
[INFO] [stderr] help: consider removing `package.homepage`
[INFO] [stderr] warning: `rnm` (manifest) generated 1 warning
[INFO] [stderr]    Compiling proc-macro2 v1.0.24
[INFO] [stderr]    Compiling unicode-xid v0.2.1
[INFO] [stderr]    Compiling memchr v2.3.4
[INFO] [stderr]    Compiling libc v0.2.80
[INFO] [stderr]    Compiling syn v1.0.48
[INFO] [stderr]    Compiling log v0.4.11
[INFO] [stderr]    Compiling unicode-segmentation v1.7.0
[INFO] [stderr]    Compiling regex-syntax v0.6.21
[INFO] [stderr]    Compiling argh_shared v0.1.4
[INFO] [stderr]    Compiling humantime v2.0.1
[INFO] [stderr]    Compiling termcolor v1.1.2
[INFO] [stderr]    Compiling thread_local v1.0.1
[INFO] [stderr]    Compiling heck v0.3.1
[INFO] [stderr]    Compiling atty v0.2.14
[INFO] [stderr]    Compiling aho-corasick v0.7.15
[INFO] [stderr]    Compiling quote v1.0.7
[INFO] [stderr]    Compiling regex v1.4.2
[INFO] [stderr]    Compiling argh_derive v0.1.4
[INFO] [stderr]    Compiling argh v0.1.4
[INFO] [stderr]    Compiling env_logger v0.8.2
[INFO] [stderr]    Compiling rnm v0.1.0 (/opt/rustwide/workdir)
[INFO] [stderr]     Finished `release` profile [optimized] target(s) in 17.95s
[INFO] running `Command { std: "docker" "inspect" "475a4a3d1cfc9eaa11d83fab7bbd571e120f79398dbb6f0722fac1e65cc0937b", kill_on_drop: false }`
[INFO] running `Command { std: "docker" "exec" "-e" "SOURCE_DIR=/opt/rustwide/workdir" "-e" "CARGO_HOME=/opt/rustwide/cargo-home" "-e" "RUSTUP_HOME=/opt/rustwide/rustup-home" "-e" "CARGO_TARGET_DIR=/opt/rustwide/target" "-e" "CARGO_INCREMENTAL=0" "-e" "RUST_BACKTRACE=full" "-e" "RUSTFLAGS=--cap-lints=warn" "-e" "RUSTDOCFLAGS=--cap-lints=warn" "-w" "/opt/rustwide/workdir" "--user" "0:0" "475a4a3d1cfc9eaa11d83fab7bbd571e120f79398dbb6f0722fac1e65cc0937b" "/opt/rustwide/cargo-home/bin/cargo" "+1.100.0-beta.1" "test" "--frozen" "--no-run" "--message-format=json" "--release", kill_on_drop: false }`
[INFO] [stderr] warning: `package.homepage` is redundant with `package.repository`
[INFO] [stderr]   --> Cargo.toml:17:12
[INFO] [stderr]    |
[INFO] [stderr] 17 | homepage = "https://github.com/matthis-d/rnm"
[INFO] [stderr]    |            ^^^^^^^^^^^^^^^^^^^^^^^^^^^^^^^^^^
[INFO] [stderr] ...
[INFO] [stderr] 22 | repository = "https://github.com/matthis-d/rnm"
[INFO] [stderr]    |              ----------------------------------
[INFO] [stderr]    |
[INFO] [stderr]    = note: `cargo::redundant_homepage` is set to `warn` by default
[INFO] [stderr] help: consider removing `package.homepage`
[INFO] [stderr] warning: `rnm` (manifest) generated 1 warning
[INFO] [stderr]    Compiling getrandom v0.1.15
[INFO] [stderr]    Compiling doc-comment v0.3.3
[INFO] [stderr]    Compiling predicates-core v1.0.0
[INFO] [stderr]    Compiling num-traits v0.2.14
[INFO] [stderr]    Compiling ppv-lite86 v0.2.10
[INFO] [stderr]    Compiling normalize-line-endings v0.3.0
[INFO] [stderr]    Compiling treeline v0.1.0
[INFO] [stderr]    Compiling difference v2.0.0
[INFO] [stderr]    Compiling wait-timeout v0.2.0
[INFO] [stderr]    Compiling remove_dir_all v0.5.3
[INFO] [stderr]    Compiling predicates-tree v1.0.0
[INFO] [stderr]    Compiling rand_core v0.5.1
[INFO] [stderr]    Compiling rand_chacha v0.2.2
[INFO] [stderr]    Compiling rand v0.7.3
[INFO] [stderr]    Compiling float-cmp v0.8.0
[INFO] [stderr]    Compiling predicates v1.0.5
[INFO] [stderr]    Compiling assert_cmd v1.0.2
[INFO] [stderr]    Compiling tempfile v3.1.0
[INFO] [stderr]    Compiling rnm v0.1.0 (/opt/rustwide/workdir)
[INFO] [stderr]     Finished `release` profile [optimized] target(s) in 5.61s
[INFO] running `Command { std: "docker" "inspect" "475a4a3d1cfc9eaa11d83fab7bbd571e120f79398dbb6f0722fac1e65cc0937b", kill_on_drop: false }`
[INFO] running `Command { std: "docker" "exec" "-e" "SOURCE_DIR=/opt/rustwide/workdir" "-e" "CARGO_HOME=/opt/rustwide/cargo-home" "-e" "RUSTUP_HOME=/opt/rustwide/rustup-home" "-e" "CARGO_TARGET_DIR=/opt/rustwide/target" "-e" "CARGO_INCREMENTAL=0" "-e" "RUST_BACKTRACE=full" "-e" "RUSTFLAGS=--cap-lints=warn" "-e" "RUSTDOCFLAGS=--cap-lints=warn" "-w" "/opt/rustwide/workdir" "--user" "0:0" "475a4a3d1cfc9eaa11d83fab7bbd571e120f79398dbb6f0722fac1e65cc0937b" "/opt/rustwide/cargo-home/bin/cargo" "+1.100.0-beta.1" "test" "--frozen" "--release", kill_on_drop: false }`
[INFO] [stderr] warning: `package.homepage` is redundant with `package.repository`
[INFO] [stderr]   --> Cargo.toml:17:12
[INFO] [stderr]    |
[INFO] [stderr] 17 | homepage = "https://github.com/matthis-d/rnm"
[INFO] [stderr]    |            ^^^^^^^^^^^^^^^^^^^^^^^^^^^^^^^^^^
[INFO] [stderr] ...
[INFO] [stderr] 22 | repository = "https://github.com/matthis-d/rnm"
[INFO] [stderr]    |              ----------------------------------
[INFO] [stderr]    |
[INFO] [stderr]    = note: `cargo::redundant_homepage` is set to `warn` by default
[INFO] [stderr] help: consider removing `package.homepage`
[INFO] [stderr] warning: `rnm` (manifest) generated 1 warning
[INFO] [stderr]     Finished `release` profile [optimized] target(s) in 0.09s
[INFO] [stderr]      Running unittests src/lib.rs (/opt/rustwide/target/release/build/rnm/8dcad2b136337b89/out/rnm-8dcad2b136337b89)
[INFO] [stdout] 
[INFO] [stdout] running 8 tests
[INFO] [stdout] test utils::string::tests::without_match ... ok
[INFO] [stdout] test utils::string::tests::with_simple_number ... ok
[INFO] [stdout] test utils::string::tests::with_non_utf8_path ... ok
[INFO] [stdout] test utils::string::tests::with_matching_replacement ... ok
[INFO] [stdout] test utils::string::tests::with_simple_strings ... ok
[INFO] [stdout] test utils::string::tests::with_simple_regex ... ok
[INFO] [stdout] test utils::string::tests::with_two_matches ... ok
[INFO] [stdout] test utils::string::tests::with_pathname ... ok
[INFO] [stdout] 
[INFO] [stdout] test result: ok. 8 passed; 0 failed; 0 ignored; 0 measured; 0 filtered out; finished in 0.00s
[INFO] [stdout] 
[INFO] [stderr]      Running unittests src/main.rs (/opt/rustwide/target/release/build/rnm/2c059402fe2eff18/out/rnm-2c059402fe2eff18)
[INFO] [stderr]      Running tests/cli.rs (/opt/rustwide/target/release/build/rnm/ef8c9bc8fe29aac4/out/cli-ef8c9bc8fe29aac4)
[INFO] [stdout] 
[INFO] [stdout] running 0 tests
[INFO] [stdout] 
[INFO] [stdout] test result: ok. 0 passed; 0 failed; 0 ignored; 0 measured; 0 filtered out; finished in 0.00s
[INFO] [stdout] 
[INFO] [stdout] 
[INFO] [stdout] running 6 tests
[INFO] [stdout] test using_regex ... FAILED
[INFO] [stdout] test using_numbers_regex_only ... FAILED
[INFO] [stdout] test with_several_parts ... FAILED
[INFO] [stdout] test with_non_utf8_filename ... FAILED
[INFO] [stdout] test rename_part_of_file ... FAILED
[INFO] [stdout] test no_error_when_no_match ... FAILED
[INFO] [stdout] 
[INFO] [stdout] failures:
[INFO] [stdout] 
[INFO] [stdout] ---- using_regex stdout ----
[INFO] [stdout] Error: CargoError { cause: Some(NotFoundError { path: "/opt/rustwide/target/release/build/rnm/ef8c9bc8fe29aac4/out/rnm" }) }
[INFO] [stdout] 
[INFO] [stdout] ---- using_numbers_regex_only stdout ----
[INFO] [stdout] Error: CargoError { cause: Some(NotFoundError { path: "/opt/rustwide/target/release/build/rnm/ef8c9bc8fe29aac4/out/rnm" }) }
[INFO] [stdout] 
[INFO] [stdout] ---- with_several_parts stdout ----
[INFO] [stdout] Error: CargoError { cause: Some(NotFoundError { path: "/opt/rustwide/target/release/build/rnm/ef8c9bc8fe29aac4/out/rnm" }) }
[INFO] [stdout] 
[INFO] [stdout] ---- with_non_utf8_filename stdout ----
[INFO] [stdout] Error: CargoError { cause: Some(NotFoundError { path: "/opt/rustwide/target/release/build/rnm/ef8c9bc8fe29aac4/out/rnm" }) }
[INFO] [stdout] 
[INFO] [stdout] ---- rename_part_of_file stdout ----
[INFO] [stdout] Error: CargoError { cause: Some(NotFoundError { path: "/opt/rustwide/target/release/build/rnm/ef8c9bc8fe29aac4/out/rnm" }) }
[INFO] [stdout] 
[INFO] [stdout] ---- no_error_when_no_match stdout ----
[INFO] [stdout] Error: CargoError { cause: Some(NotFoundError { path: "/opt/rustwide/target/release/build/rnm/ef8c9bc8fe29aac4/out/rnm" }) }
[INFO] [stdout] 
[INFO] [stdout] 
[INFO] [stdout] failures:
[INFO] [stdout]     no_error_when_no_match
[INFO] [stdout]     rename_part_of_file
[INFO] [stdout]     using_numbers_regex_only
[INFO] [stdout]     using_regex
[INFO] [stdout]     with_non_utf8_filename
[INFO] [stdout]     with_several_parts
[INFO] [stdout] 
[INFO] [stdout] test result: FAILED. 0 passed; 6 failed; 0 ignored; 0 measured; 0 filtered out; finished in 0.01s
[INFO] [stdout] 
[INFO] [stderr] error: test failed, to rerun pass `--test cli`
[INFO] running `Command { std: "docker" "inspect" "475a4a3d1cfc9eaa11d83fab7bbd571e120f79398dbb6f0722fac1e65cc0937b", kill_on_drop: false }`
[INFO] running `Command { std: "docker" "rm" "-f" "475a4a3d1cfc9eaa11d83fab7bbd571e120f79398dbb6f0722fac1e65cc0937b", kill_on_drop: false }`
[INFO] [stdout] 475a4a3d1cfc9eaa11d83fab7bbd571e120f79398dbb6f0722fac1e65cc0937b
