[INFO] cloning repository https://github.com/marco-souza/devspaces
[INFO] running `Command { std: "git" "-c" "credential.helper=" "-c" "credential.helper=/workspace/cargo-home/bin/git-credential-null" "clone" "--bare" "https://github.com/marco-souza/devspaces" "/workspace/cache/git-repos/https%3A%2F%2Fgithub.com%2Fmarco-souza%2Fdevspaces", kill_on_drop: false }`
[INFO] [stderr] Cloning into bare repository '/workspace/cache/git-repos/https%3A%2F%2Fgithub.com%2Fmarco-souza%2Fdevspaces'...
[INFO] running `Command { std: "git" "rev-parse" "HEAD", kill_on_drop: false }`
[INFO] [stdout] f9ad78a42161d02998b476a929f7b310bac63a4f
[INFO] testing marco-souza/devspaces against 1.100.0-beta.1+cargoflags=--release for beta-release-1.100-2
[INFO] running `Command { std: "git" "clone" "/workspace/cache/git-repos/https%3A%2F%2Fgithub.com%2Fmarco-souza%2Fdevspaces" "/workspace/builds/worker-0-tc2/source", kill_on_drop: false }`
[INFO] [stderr] Cloning into '/workspace/builds/worker-0-tc2/source'...
[INFO] [stderr] done.
[INFO] started tweaking git repo https://github.com/marco-souza/devspaces
[INFO] finished tweaking git repo https://github.com/marco-souza/devspaces
[INFO] tweaked toml for git repo https://github.com/marco-souza/devspaces written to /workspace/builds/worker-0-tc2/source/Cargo.toml
[INFO] validating manifest of git repo https://github.com/marco-souza/devspaces on toolchain 1.100.0-beta.1
[INFO] running `Command { std: CARGO_HOME="/workspace/cargo-home" RUSTUP_HOME="/workspace/rustup-home" "/workspace/cargo-home/bin/cargo" "+1.100.0-beta.1" "metadata" "--manifest-path" "Cargo.toml" "--no-deps", kill_on_drop: false }`
[INFO] crate git repo https://github.com/marco-souza/devspaces already has a lockfile, it will not be regenerated
[INFO] running `Command { std: CARGO_HOME="/workspace/cargo-home" RUSTUP_HOME="/workspace/rustup-home" "/workspace/cargo-home/bin/cargo" "+1.100.0-beta.1" "fetch" "--manifest-path" "Cargo.toml", kill_on_drop: false }`
[INFO] running `Command { std: "docker" "create" "-v" "/var/lib/crater-agent-workspace/builds/worker-0-tc2/source:/opt/rustwide/workdir:ro,Z" "-v" "/var/lib/crater-agent-workspace/builds/worker-0-tc2/target:/opt/rustwide/target:rw,Z" "-v" "/var/lib/crater-agent-workspace/cargo-home:/opt/rustwide/cargo-home:ro,Z" "-v" "/var/lib/crater-agent-workspace/rustup-home:/opt/rustwide/rustup-home:ro,Z" "-m" "1610612736" "--network" "none" "ghcr.io/rust-lang/crates-build-env/linux@sha256:77db811e55d90add9212f6832c23229e3de5f1c1f9905e8cb07319ea15df73ac" "sleep" "infinity", kill_on_drop: false }`
[INFO] [stdout] 365bbd0ebdec37fecabdcda70bf8c297d45d808e5f06c2767011edc0db57b7ad
[INFO] running `Command { std: "docker" "start" "365bbd0ebdec37fecabdcda70bf8c297d45d808e5f06c2767011edc0db57b7ad", kill_on_drop: false }`
[INFO] running `Command { std: "docker" "inspect" "365bbd0ebdec37fecabdcda70bf8c297d45d808e5f06c2767011edc0db57b7ad", kill_on_drop: false }`
[INFO] running `Command { std: "docker" "exec" "-e" "SOURCE_DIR=/opt/rustwide/workdir" "-e" "CARGO_HOME=/opt/rustwide/cargo-home" "-e" "RUSTUP_HOME=/opt/rustwide/rustup-home" "-e" "CARGO_TARGET_DIR=/opt/rustwide/target" "-w" "/opt/rustwide/workdir" "--user" "0:0" "365bbd0ebdec37fecabdcda70bf8c297d45d808e5f06c2767011edc0db57b7ad" "/opt/rustwide/cargo-home/bin/cargo" "+1.100.0-beta.1" "metadata" "--no-deps" "--format-version=1", kill_on_drop: false }`
[INFO] running `Command { std: "docker" "inspect" "365bbd0ebdec37fecabdcda70bf8c297d45d808e5f06c2767011edc0db57b7ad", kill_on_drop: false }`
[INFO] running `Command { std: "docker" "exec" "-e" "SOURCE_DIR=/opt/rustwide/workdir" "-e" "CARGO_HOME=/opt/rustwide/cargo-home" "-e" "RUSTUP_HOME=/opt/rustwide/rustup-home" "-e" "CARGO_TARGET_DIR=/opt/rustwide/target" "-e" "CARGO_INCREMENTAL=0" "-e" "RUST_BACKTRACE=full" "-e" "RUSTFLAGS=--cap-lints=warn" "-e" "RUSTDOCFLAGS=--cap-lints=warn" "-w" "/opt/rustwide/workdir" "--user" "0:0" "365bbd0ebdec37fecabdcda70bf8c297d45d808e5f06c2767011edc0db57b7ad" "/opt/rustwide/cargo-home/bin/cargo" "+1.100.0-beta.1" "build" "--frozen" "--message-format=json" "--release", kill_on_drop: false }`
[INFO] [stderr]    Compiling libc v0.2.144
[INFO] [stderr]    Compiling io-lifetimes v1.0.10
[INFO] [stderr]    Compiling proc-macro2 v1.0.58
[INFO] [stderr]    Compiling rustix v0.37.19
[INFO] [stderr]    Compiling quote v1.0.27
[INFO] [stderr]    Compiling unicode-ident v1.0.8
[INFO] [stderr]    Compiling linux-raw-sys v0.3.7
[INFO] [stderr]    Compiling anstyle v1.0.0
[INFO] [stderr]    Compiling utf8parse v0.2.1
[INFO] [stderr]    Compiling memchr v2.5.0
[INFO] [stderr]    Compiling anstyle-parse v0.2.0
[INFO] [stderr]    Compiling colorchoice v1.0.0
[INFO] [stderr]    Compiling anstyle-query v1.0.0
[INFO] [stderr]    Compiling once_cell v1.17.1
[INFO] [stderr]    Compiling either v1.8.1
[INFO] [stderr]    Compiling predicates-core v1.0.6
[INFO] [stderr]    Compiling heck v0.4.1
[INFO] [stderr]    Compiling itertools v0.10.5
[INFO] [stderr]    Compiling strsim v0.10.0
[INFO] [stderr]    Compiling clap_lex v0.4.1
[INFO] [stderr]    Compiling termtree v0.4.1
[INFO] [stderr]    Compiling regex-automata v0.1.10
[INFO] [stderr]    Compiling difflib v0.4.0
[INFO] [stderr]    Compiling bstr v1.4.0
[INFO] [stderr]    Compiling syn v2.0.16
[INFO] [stderr]    Compiling predicates-tree v1.0.9
[INFO] [stderr]    Compiling wait-timeout v0.2.0
[INFO] [stderr]    Compiling predicates v3.0.3
[INFO] [stderr]    Compiling assert_cmd v2.0.11
[INFO] [stderr]    Compiling is-terminal v0.4.7
[INFO] [stderr]    Compiling anstream v0.3.2
[INFO] [stderr]    Compiling clap_builder v4.2.7
[INFO] [stderr]    Compiling clap_derive v4.2.0
[INFO] [stderr]    Compiling clap v4.2.7
[INFO] [stderr]    Compiling devspaces v0.1.0 (/opt/rustwide/workdir)
[INFO] [stdout] warning: unused import: `command`
[INFO] [stdout]  --> src/main.rs:1:12
[INFO] [stdout]   |
[INFO] [stdout] 1 | use clap::{command, Args, Parser, Subcommand};
[INFO] [stdout]   |            ^^^^^^^
[INFO] [stdout]   |
[INFO] [stdout]   = note: `#[warn(unused_imports)]` (part of `#[warn(unused)]`) on by default
[INFO] [stdout] 
[INFO] [stdout] 
[INFO] [stderr] warning: unused dependency `assert_cmd`
[INFO] [stderr]  --> Cargo.toml:2:1
[INFO] [stderr]   |
[INFO] [stderr] 2 | assert_cmd = "2.0.11"
[INFO] [stderr]   | ^^^^^^^^^^^^^^^^^^^^^
[INFO] [stderr]   |
[INFO] [stderr]   = note: `cargo::unused_dependencies` is set to `warn` by default
[INFO] [stderr] help: consider removing the dependency on `assert_cmd`
[INFO] [stderr] warning: `devspaces` (manifest) generated 1 warning
[INFO] [stderr]     Finished `release` profile [optimized] target(s) in 39.94s
[INFO] running `Command { std: "docker" "inspect" "365bbd0ebdec37fecabdcda70bf8c297d45d808e5f06c2767011edc0db57b7ad", kill_on_drop: false }`
[INFO] running `Command { std: "docker" "exec" "-e" "SOURCE_DIR=/opt/rustwide/workdir" "-e" "CARGO_HOME=/opt/rustwide/cargo-home" "-e" "RUSTUP_HOME=/opt/rustwide/rustup-home" "-e" "CARGO_TARGET_DIR=/opt/rustwide/target" "-e" "CARGO_INCREMENTAL=0" "-e" "RUST_BACKTRACE=full" "-e" "RUSTFLAGS=--cap-lints=warn" "-e" "RUSTDOCFLAGS=--cap-lints=warn" "-w" "/opt/rustwide/workdir" "--user" "0:0" "365bbd0ebdec37fecabdcda70bf8c297d45d808e5f06c2767011edc0db57b7ad" "/opt/rustwide/cargo-home/bin/cargo" "+1.100.0-beta.1" "test" "--frozen" "--no-run" "--message-format=json" "--release", kill_on_drop: false }`
[INFO] [stderr]    Compiling devspaces v0.1.0 (/opt/rustwide/workdir)
[INFO] [stdout] warning: unused import: `command`
[INFO] [stdout]  --> src/main.rs:1:12
[INFO] [stdout]   |
[INFO] [stdout] 1 | use clap::{command, Args, Parser, Subcommand};
[INFO] [stdout]   |            ^^^^^^^
[INFO] [stdout]   |
[INFO] [stdout]   = note: `#[warn(unused_imports)]` (part of `#[warn(unused)]`) on by default
[INFO] [stdout] 
[INFO] [stdout] 
[INFO] [stderr]     Finished `release` profile [optimized] target(s) in 0.60s
[INFO] running `Command { std: "docker" "inspect" "365bbd0ebdec37fecabdcda70bf8c297d45d808e5f06c2767011edc0db57b7ad", kill_on_drop: false }`
[INFO] running `Command { std: "docker" "exec" "-e" "SOURCE_DIR=/opt/rustwide/workdir" "-e" "CARGO_HOME=/opt/rustwide/cargo-home" "-e" "RUSTUP_HOME=/opt/rustwide/rustup-home" "-e" "CARGO_TARGET_DIR=/opt/rustwide/target" "-e" "CARGO_INCREMENTAL=0" "-e" "RUST_BACKTRACE=full" "-e" "RUSTFLAGS=--cap-lints=warn" "-e" "RUSTDOCFLAGS=--cap-lints=warn" "-w" "/opt/rustwide/workdir" "--user" "0:0" "365bbd0ebdec37fecabdcda70bf8c297d45d808e5f06c2767011edc0db57b7ad" "/opt/rustwide/cargo-home/bin/cargo" "+1.100.0-beta.1" "test" "--frozen" "--release", kill_on_drop: false }`
[INFO] [stderr] warning: unused import: `command`
[INFO] [stderr]  --> src/main.rs:1:12
[INFO] [stderr]   |
[INFO] [stderr] 1 | use clap::{command, Args, Parser, Subcommand};
[INFO] [stderr]   |            ^^^^^^^
[INFO] [stderr]   |
[INFO] [stderr]   = note: `#[warn(unused_imports)]` (part of `#[warn(unused)]`) on by default
[INFO] [stderr] 
[INFO] [stderr] warning: `devspaces` (bin "devspaces" test) generated 1 warning (run `cargo fix --bin "devspaces" -p devspaces --tests` to apply 1 suggestion)
[INFO] [stderr]     Finished `release` profile [optimized] target(s) in 0.06s
[INFO] [stderr]      Running unittests src/main.rs (/opt/rustwide/target/release/build/devspaces/a9045cbe9dda0955/out/devspaces-a9045cbe9dda0955)
[INFO] [stdout] 
[INFO] [stdout] running 3 tests
[INFO] [stdout] test tests::validate_remove ... FAILED
[INFO] [stdout] test tests::validate_add ... FAILED
[INFO] [stdout] test tests::validate_init ... FAILED
[INFO] [stdout] 
[INFO] [stdout] failures:
[INFO] [stdout] 
[INFO] [stdout] ---- tests::validate_remove stdout ----
[INFO] [stdout] 
[INFO] [stdout] thread 'tests::validate_remove' (714) panicked at src/main.rs:43:52:
[INFO] [stdout] called `Result::unwrap()` on an `Err` value: CargoError { cause: Some(NotFoundError { path: "/opt/rustwide/target/release/build/devspaces/a9045cbe9dda0955/out/devspaces" }) }
[INFO] [stdout] stack backtrace:
[INFO] [stdout]    0:     0x57ebbba1a791 - <<std[617be2ca0a6fd877]::sys::backtrace::BacktraceLock>::print::DisplayBacktrace as core[a373ad73a504971]::fmt::Display>::fmt
[INFO] [stdout]    1:     0x57ebbba3065a - core[a373ad73a504971]::fmt::write
[INFO] [stdout]    2:     0x57ebbba1fdbc - <alloc[2e1b2a31b91974c5]::vec::Vec<u8> as core[a373ad73a504971]::io::write::Write>::write_fmt
[INFO] [stdout]    3:     0x57ebbb9f62a6 - std[617be2ca0a6fd877]::panicking::default_hook::{closure#0}
[INFO] [stdout]    4:     0x57ebbba12da9 - std[617be2ca0a6fd877]::panicking::default_hook
[INFO] [stdout]    5:     0x57ebbb9a1080 - test[aada8e7e76ba119b]::test_main_inner::{closure#0}
[INFO] [stdout]    6:     0x57ebbba12f62 - std[617be2ca0a6fd877]::panicking::panic_with_hook
[INFO] [stdout]    7:     0x57ebbb9f6352 - std[617be2ca0a6fd877]::panicking::panic_handler::{closure#0}
[INFO] [stdout]    8:     0x57ebbb9ef069 - std[617be2ca0a6fd877]::sys::backtrace::__rust_end_short_backtrace::<std[617be2ca0a6fd877]::panicking::panic_handler::{closure#0}, !>
[INFO] [stdout]    9:     0x57ebbb9f6f5d - __rustc[ea4f61d10b84890b]::rust_begin_unwind
[INFO] [stdout]   10:     0x57ebbba30d8c - core[a373ad73a504971]::panicking::panic_fmt
[INFO] [stdout]   11:     0x57ebbba30b62 - core[a373ad73a504971]::result::unwrap_failed
[INFO] [stdout]   12:     0x57ebbb993d5b - devspaces[1ecc7d7504fe8dcc]::tests::get_cli
[INFO] [stdout]   13:     0x57ebbb99428d - <devspaces[1ecc7d7504fe8dcc]::tests::validate_remove::{closure#0} as core[a373ad73a504971]::ops::function::FnOnce<()>>::call_once
[INFO] [stdout]   14:     0x57ebbb9944cb - test[aada8e7e76ba119b]::__rust_begin_short_backtrace::<core[a373ad73a504971]::result::Result<(), alloc[2e1b2a31b91974c5]::string::String>, fn() -> core[a373ad73a504971]::result::Result<(), alloc[2e1b2a31b91974c5]::string::String>>
[INFO] [stdout]   15:     0x57ebbb9a16a5 - test[aada8e7e76ba119b]::run_test::{closure#0}
[INFO] [stdout]   16:     0x57ebbb99af94 - std[617be2ca0a6fd877]::sys::backtrace::__rust_begin_short_backtrace::<test[aada8e7e76ba119b]::run_test::{closure#1}, ()>
[INFO] [stdout]   17:     0x57ebbb9a4732 - <std[617be2ca0a6fd877]::thread::lifecycle::spawn_unchecked<test[aada8e7e76ba119b]::run_test::{closure#1}, ()>::{closure#1} as core[a373ad73a504971]::ops::function::FnOnce<()>>::call_once::{shim:vtable#0}
[INFO] [stdout]   18:     0x57ebbba19f6f - <std[617be2ca0a6fd877]::sys::thread::unix::Thread>::new::thread_start
[INFO] [stdout]   19:     0x7590273f5dfa - <unknown>
[INFO] [stdout]   20:     0x7590274893d4 - clone
[INFO] [stdout]   21:                0x0 - <unknown>
[INFO] [stdout] 
[INFO] [stdout] ---- tests::validate_add stdout ----
[INFO] [stdout] 
[INFO] [stdout] thread 'tests::validate_add' (712) panicked at src/main.rs:43:52:
[INFO] [stdout] called `Result::unwrap()` on an `Err` value: CargoError { cause: Some(NotFoundError { path: "/opt/rustwide/target/release/build/devspaces/a9045cbe9dda0955/out/devspaces" }) }
[INFO] [stdout] stack backtrace:
[INFO] [stdout]    0:     0x57ebbba1a791 - <<std[617be2ca0a6fd877]::sys::backtrace::BacktraceLock>::print::DisplayBacktrace as core[a373ad73a504971]::fmt::Display>::fmt
[INFO] [stdout]    1:     0x57ebbba3065a - core[a373ad73a504971]::fmt::write
[INFO] [stdout]    2:     0x57ebbba1fdbc - <alloc[2e1b2a31b91974c5]::vec::Vec<u8> as core[a373ad73a504971]::io::write::Write>::write_fmt
[INFO] [stdout]    3:     0x57ebbb9f62a6 - std[617be2ca0a6fd877]::panicking::default_hook::{closure#0}
[INFO] [stdout]    4:     0x57ebbba12da9 - std[617be2ca0a6fd877]::panicking::default_hook
[INFO] [stdout]    5:     0x57ebbb9a1080 - test[aada8e7e76ba119b]::test_main_inner::{closure#0}
[INFO] [stdout]    6:     0x57ebbba12f62 - std[617be2ca0a6fd877]::panicking::panic_with_hook
[INFO] [stdout]    7:     0x57ebbb9f6352 - std[617be2ca0a6fd877]::panicking::panic_handler::{closure#0}
[INFO] [stdout]    8:     0x57ebbb9ef069 - std[617be2ca0a6fd877]::sys::backtrace::__rust_end_short_backtrace::<std[617be2ca0a6fd877]::panicking::panic_handler::{closure#0}, !>
[INFO] [stdout]    9:     0x57ebbb9f6f5d - __rustc[ea4f61d10b84890b]::rust_begin_unwind
[INFO] [stdout]   10:     0x57ebbba30d8c - core[a373ad73a504971]::panicking::panic_fmt
[INFO] [stdout]   11:     0x57ebbba30b62 - core[a373ad73a504971]::result::unwrap_failed
[INFO] [stdout]   12:     0x57ebbb993d5b - devspaces[1ecc7d7504fe8dcc]::tests::get_cli
[INFO] [stdout]   13:     0x57ebbb993eed - <devspaces[1ecc7d7504fe8dcc]::tests::validate_add::{closure#0} as core[a373ad73a504971]::ops::function::FnOnce<()>>::call_once
[INFO] [stdout]   14:     0x57ebbb9944cb - test[aada8e7e76ba119b]::__rust_begin_short_backtrace::<core[a373ad73a504971]::result::Result<(), alloc[2e1b2a31b91974c5]::string::String>, fn() -> core[a373ad73a504971]::result::Result<(), alloc[2e1b2a31b91974c5]::string::String>>
[INFO] [stdout]   15:     0x57ebbb9a16a5 - test[aada8e7e76ba119b]::run_test::{closure#0}
[INFO] [stdout]   16:     0x57ebbb99af94 - std[617be2ca0a6fd877]::sys::backtrace::__rust_begin_short_backtrace::<test[aada8e7e76ba119b]::run_test::{closure#1}, ()>
[INFO] [stdout]   17:     0x57ebbb9a4732 - <std[617be2ca0a6fd877]::thread::lifecycle::spawn_unchecked<test[aada8e7e76ba119b]::run_test::{closure#1}, ()>::{closure#1} as core[a373ad73a504971]::ops::function::FnOnce<()>>::call_once::{shim:vtable#0}
[INFO] [stdout]   18:     0x57ebbba19f6f - <std[617be2ca0a6fd877]::sys::thread::unix::Thread>::new::thread_start
[INFO] [stdout]   19:     0x7590273f5dfa - <unknown>
[INFO] [stdout]   20:     0x7590274893d4 - clone
[INFO] [stdout]   21:                0x0 - <unknown>
[INFO] [stdout] 
[INFO] [stdout] ---- tests::validate_init stdout ----
[INFO] [stdout] 
[INFO] [stdout] thread 'tests::validate_init' (713) panicked at src/main.rs:43:52:
[INFO] [stdout] called `Result::unwrap()` on an `Err` value: CargoError { cause: Some(NotFoundError { path: "/opt/rustwide/target/release/build/devspaces/a9045cbe9dda0955/out/devspaces" }) }
[INFO] [stdout] stack backtrace:
[INFO] [stdout]    0:     0x57ebbba1a791 - <<std[617be2ca0a6fd877]::sys::backtrace::BacktraceLock>::print::DisplayBacktrace as core[a373ad73a504971]::fmt::Display>::fmt
[INFO] [stdout]    1:     0x57ebbba3065a - core[a373ad73a504971]::fmt::write
[INFO] [stdout]    2:     0x57ebbba1fdbc - <alloc[2e1b2a31b91974c5]::vec::Vec<u8> as core[a373ad73a504971]::io::write::Write>::write_fmt
[INFO] [stdout]    3:     0x57ebbb9f62a6 - std[617be2ca0a6fd877]::panicking::default_hook::{closure#0}
[INFO] [stdout]    4:     0x57ebbba12da9 - std[617be2ca0a6fd877]::panicking::default_hook
[INFO] [stdout]    5:     0x57ebbb9a1080 - test[aada8e7e76ba119b]::test_main_inner::{closure#0}
[INFO] [stdout]    6:     0x57ebbba12f62 - std[617be2ca0a6fd877]::panicking::panic_with_hook
[INFO] [stdout]    7:     0x57ebbb9f6352 - std[617be2ca0a6fd877]::panicking::panic_handler::{closure#0}
[INFO] [stdout]    8:     0x57ebbb9ef069 - std[617be2ca0a6fd877]::sys::backtrace::__rust_end_short_backtrace::<std[617be2ca0a6fd877]::panicking::panic_handler::{closure#0}, !>
[INFO] [stdout]    9:     0x57ebbb9f6f5d - __rustc[ea4f61d10b84890b]::rust_begin_unwind
[INFO] [stdout]   10:     0x57ebbba30d8c - core[a373ad73a504971]::panicking::panic_fmt
[INFO] [stdout]   11:     0x57ebbba30b62 - core[a373ad73a504971]::result::unwrap_failed
[INFO] [stdout]   12:     0x57ebbb993d5b - devspaces[1ecc7d7504fe8dcc]::tests::get_cli
[INFO] [stdout]   13:     0x57ebbb9940bd - <devspaces[1ecc7d7504fe8dcc]::tests::validate_init::{closure#0} as core[a373ad73a504971]::ops::function::FnOnce<()>>::call_once
[INFO] [stdout]   14:     0x57ebbb9944cb - test[aada8e7e76ba119b]::__rust_begin_short_backtrace::<core[a373ad73a504971]::result::Result<(), alloc[2e1b2a31b91974c5]::string::String>, fn() -> core[a373ad73a504971]::result::Result<(), alloc[2e1b2a31b91974c5]::string::String>>
[INFO] [stdout]   15:     0x57ebbb9a16a5 - test[aada8e7e76ba119b]::run_test::{closure#0}
[INFO] [stdout]   16:     0x57ebbb99af94 - std[617be2ca0a6fd877]::sys::backtrace::__rust_begin_short_backtrace::<test[aada8e7e76ba119b]::run_test::{closure#1}, ()>
[INFO] [stdout]   17:     0x57ebbb9a4732 - <std[617be2ca0a6fd877]::thread::lifecycle::spawn_unchecked<test[aada8e7e76ba119b]::run_test::{closure#1}, ()>::{closure#1} as core[a373ad73a504971]::ops::function::FnOnce<()>>::call_once::{shim:vtable#0}
[INFO] [stdout]   18:     0x57ebbba19f6f - <std[617be2ca0a6fd877]::sys::thread::unix::Thread>::new::thread_start
[INFO] [stdout]   19:     0x7590273f5dfa - <unknown>
[INFO] [stdout]   20:     0x7590274893d4 - clone
[INFO] [stdout]   21:                0x0 - <unknown>
[INFO] [stdout] 
[INFO] [stdout] 
[INFO] [stdout] failures:
[INFO] [stdout]     tests::validate_add
[INFO] [stdout]     tests::validate_init
[INFO] [stdout]     tests::validate_remove
[INFO] [stdout] 
[INFO] [stdout] test result: FAILED. 0 passed; 3 failed; 0 ignored; 0 measured; 0 filtered out; finished in 0.00s
[INFO] [stdout] 
[INFO] [stderr] error: test failed, to rerun pass `--bin devspaces`
[INFO] running `Command { std: "docker" "inspect" "365bbd0ebdec37fecabdcda70bf8c297d45d808e5f06c2767011edc0db57b7ad", kill_on_drop: false }`
[INFO] running `Command { std: "docker" "rm" "-f" "365bbd0ebdec37fecabdcda70bf8c297d45d808e5f06c2767011edc0db57b7ad", kill_on_drop: false }`
[INFO] [stdout] 365bbd0ebdec37fecabdcda70bf8c297d45d808e5f06c2767011edc0db57b7ad
