[INFO] cloning repository https://github.com/main-force/somethingsay
[INFO] running `Command { std: "git" "-c" "credential.helper=" "-c" "credential.helper=/workspace/cargo-home/bin/git-credential-null" "clone" "--bare" "https://github.com/main-force/somethingsay" "/workspace/cache/git-repos/https%3A%2F%2Fgithub.com%2Fmain-force%2Fsomethingsay", kill_on_drop: false }`
[INFO] [stderr] Cloning into bare repository '/workspace/cache/git-repos/https%3A%2F%2Fgithub.com%2Fmain-force%2Fsomethingsay'...
[INFO] running `Command { std: "git" "rev-parse" "HEAD", kill_on_drop: false }`
[INFO] [stdout] cd7c77024c66dc046bb9deaa80b2cac463acd540
[INFO] testing main-force/somethingsay against 1.100.0-beta.1+cargoflags=--release for beta-release-1.100-2
[INFO] running `Command { std: "git" "clone" "/workspace/cache/git-repos/https%3A%2F%2Fgithub.com%2Fmain-force%2Fsomethingsay" "/workspace/builds/worker-2-tc2/source", kill_on_drop: false }`
[INFO] [stderr] Cloning into '/workspace/builds/worker-2-tc2/source'...
[INFO] [stderr] done.
[INFO] started tweaking git repo https://github.com/main-force/somethingsay
[INFO] finished tweaking git repo https://github.com/main-force/somethingsay
[INFO] tweaked toml for git repo https://github.com/main-force/somethingsay written to /workspace/builds/worker-2-tc2/source/Cargo.toml
[INFO] validating manifest of git repo https://github.com/main-force/somethingsay on toolchain 1.100.0-beta.1
[INFO] running `Command { std: CARGO_HOME="/workspace/cargo-home" RUSTUP_HOME="/workspace/rustup-home" "/workspace/cargo-home/bin/cargo" "+1.100.0-beta.1" "metadata" "--manifest-path" "Cargo.toml" "--no-deps", kill_on_drop: false }`
[INFO] crate git repo https://github.com/main-force/somethingsay already has a lockfile, it will not be regenerated
[INFO] running `Command { std: CARGO_HOME="/workspace/cargo-home" RUSTUP_HOME="/workspace/rustup-home" "/workspace/cargo-home/bin/cargo" "+1.100.0-beta.1" "fetch" "--manifest-path" "Cargo.toml", kill_on_drop: false }`
[INFO] running `Command { std: "docker" "create" "-v" "/var/lib/crater-agent-workspace/builds/worker-2-tc2/source:/opt/rustwide/workdir:ro,Z" "-v" "/var/lib/crater-agent-workspace/builds/worker-2-tc2/target:/opt/rustwide/target:rw,Z" "-v" "/var/lib/crater-agent-workspace/cargo-home:/opt/rustwide/cargo-home:ro,Z" "-v" "/var/lib/crater-agent-workspace/rustup-home:/opt/rustwide/rustup-home:ro,Z" "-m" "1610612736" "--network" "none" "ghcr.io/rust-lang/crates-build-env/linux@sha256:77db811e55d90add9212f6832c23229e3de5f1c1f9905e8cb07319ea15df73ac" "sleep" "infinity", kill_on_drop: false }`
[INFO] [stdout] b0b0947027be2345d826c6a56f4bd92c2531fc905f08928938811d6fe7508c8f
[INFO] running `Command { std: "docker" "start" "b0b0947027be2345d826c6a56f4bd92c2531fc905f08928938811d6fe7508c8f", kill_on_drop: false }`
[INFO] running `Command { std: "docker" "inspect" "b0b0947027be2345d826c6a56f4bd92c2531fc905f08928938811d6fe7508c8f", kill_on_drop: false }`
[INFO] running `Command { std: "docker" "exec" "-e" "SOURCE_DIR=/opt/rustwide/workdir" "-e" "CARGO_HOME=/opt/rustwide/cargo-home" "-e" "RUSTUP_HOME=/opt/rustwide/rustup-home" "-e" "CARGO_TARGET_DIR=/opt/rustwide/target" "-w" "/opt/rustwide/workdir" "--user" "0:0" "b0b0947027be2345d826c6a56f4bd92c2531fc905f08928938811d6fe7508c8f" "/opt/rustwide/cargo-home/bin/cargo" "+1.100.0-beta.1" "metadata" "--no-deps" "--format-version=1", kill_on_drop: false }`
[INFO] running `Command { std: "docker" "inspect" "b0b0947027be2345d826c6a56f4bd92c2531fc905f08928938811d6fe7508c8f", kill_on_drop: false }`
[INFO] running `Command { std: "docker" "exec" "-e" "SOURCE_DIR=/opt/rustwide/workdir" "-e" "CARGO_HOME=/opt/rustwide/cargo-home" "-e" "RUSTUP_HOME=/opt/rustwide/rustup-home" "-e" "CARGO_TARGET_DIR=/opt/rustwide/target" "-e" "CARGO_INCREMENTAL=0" "-e" "RUST_BACKTRACE=full" "-e" "RUSTFLAGS=--cap-lints=warn" "-e" "RUSTDOCFLAGS=--cap-lints=warn" "-w" "/opt/rustwide/workdir" "--user" "0:0" "b0b0947027be2345d826c6a56f4bd92c2531fc905f08928938811d6fe7508c8f" "/opt/rustwide/cargo-home/bin/cargo" "+1.100.0-beta.1" "build" "--frozen" "--message-format=json" "--release", kill_on_drop: false }`
[INFO] [stderr]    Compiling proc-macro2 v1.0.24
[INFO] [stderr]    Compiling autocfg v1.0.1
[INFO] [stderr]    Compiling libc v0.2.91
[INFO] [stderr]    Compiling syn v1.0.64
[INFO] [stderr]    Compiling version_check v0.9.3
[INFO] [stderr]    Compiling memchr v2.3.4
[INFO] [stderr]    Compiling gimli v0.23.0
[INFO] [stderr]    Compiling object v0.23.0
[INFO] [stderr]    Compiling predicates-core v1.0.2
[INFO] [stderr]    Compiling byteorder v1.4.3
[INFO] [stderr]    Compiling regex-syntax v0.6.23
[INFO] [stderr]    Compiling rustc-demangle v0.1.18
[INFO] [stderr]    Compiling unicode-segmentation v1.7.1
[INFO] [stderr]    Compiling textwrap v0.11.0
[INFO] [stderr]    Compiling ansi_term v0.11.0
[INFO] [stderr]    Compiling strsim v0.8.0
[INFO] [stderr]    Compiling num-traits v0.2.14
[INFO] [stderr]    Compiling miniz_oxide v0.4.4
[INFO] [stderr]    Compiling regex-automata v0.1.9
[INFO] [stderr]    Compiling predicates-tree v1.0.2
[INFO] [stderr]    Compiling aho-corasick v0.7.15
[INFO] [stderr]    Compiling proc-macro-error-attr v1.0.4
[INFO] [stderr]    Compiling proc-macro-error v1.0.4
[INFO] [stderr]    Compiling bstr v0.2.15
[INFO] [stderr]    Compiling heck v0.3.2
[INFO] [stderr]    Compiling quote v1.0.9
[INFO] [stderr]    Compiling atty v0.2.14
[INFO] [stderr]    Compiling wait-timeout v0.2.0
[INFO] [stderr]    Compiling clap v2.33.3
[INFO] [stderr]    Compiling colored v2.0.0
[INFO] [stderr]    Compiling float-cmp v0.8.0
[INFO] [stderr]    Compiling regex v1.4.5
[INFO] [stderr]    Compiling addr2line v0.14.1
[INFO] [stderr]    Compiling backtrace v0.3.56
[INFO] [stderr]    Compiling predicates v1.0.7
[INFO] [stderr]    Compiling synstructure v0.12.4
[INFO] [stderr]    Compiling assert_cmd v1.0.3
[INFO] [stderr]    Compiling failure_derive v0.1.8
[INFO] [stderr]    Compiling structopt-derive v0.4.14
[INFO] [stderr]    Compiling failure v0.1.8
[INFO] [stderr]    Compiling exitfailure v0.5.1
[INFO] [stderr]    Compiling structopt v0.3.21
[INFO] [stderr]    Compiling somethingsay v0.1.0 (/opt/rustwide/workdir)
[INFO] [stderr] warning: unused dependency `assert_cmd`
[INFO] [stderr]  --> Cargo.toml:2:1
[INFO] [stderr]   |
[INFO] [stderr] 2 | assert_cmd = "1.0.3"
[INFO] [stderr]   | ^^^^^^^^^^^^^^^^^^^^
[INFO] [stderr]   |
[INFO] [stderr]   = note: `cargo::unused_dependencies` is set to `warn` by default
[INFO] [stderr] help: consider removing the dependency on `assert_cmd`
[INFO] [stderr] warning: `somethingsay` (manifest) generated 1 warning
[INFO] [stderr]     Finished `release` profile [optimized] target(s) in 37.92s
[INFO] running `Command { std: "docker" "inspect" "b0b0947027be2345d826c6a56f4bd92c2531fc905f08928938811d6fe7508c8f", kill_on_drop: false }`
[INFO] running `Command { std: "docker" "exec" "-e" "SOURCE_DIR=/opt/rustwide/workdir" "-e" "CARGO_HOME=/opt/rustwide/cargo-home" "-e" "RUSTUP_HOME=/opt/rustwide/rustup-home" "-e" "CARGO_TARGET_DIR=/opt/rustwide/target" "-e" "CARGO_INCREMENTAL=0" "-e" "RUST_BACKTRACE=full" "-e" "RUSTFLAGS=--cap-lints=warn" "-e" "RUSTDOCFLAGS=--cap-lints=warn" "-w" "/opt/rustwide/workdir" "--user" "0:0" "b0b0947027be2345d826c6a56f4bd92c2531fc905f08928938811d6fe7508c8f" "/opt/rustwide/cargo-home/bin/cargo" "+1.100.0-beta.1" "test" "--frozen" "--no-run" "--message-format=json" "--release", kill_on_drop: false }`
[INFO] [stderr]    Compiling somethingsay v0.1.0 (/opt/rustwide/workdir)
[INFO] [stderr]     Finished `release` profile [optimized] target(s) in 0.71s
[INFO] running `Command { std: "docker" "inspect" "b0b0947027be2345d826c6a56f4bd92c2531fc905f08928938811d6fe7508c8f", kill_on_drop: false }`
[INFO] running `Command { std: "docker" "exec" "-e" "SOURCE_DIR=/opt/rustwide/workdir" "-e" "CARGO_HOME=/opt/rustwide/cargo-home" "-e" "RUSTUP_HOME=/opt/rustwide/rustup-home" "-e" "CARGO_TARGET_DIR=/opt/rustwide/target" "-e" "CARGO_INCREMENTAL=0" "-e" "RUST_BACKTRACE=full" "-e" "RUSTFLAGS=--cap-lints=warn" "-e" "RUSTDOCFLAGS=--cap-lints=warn" "-w" "/opt/rustwide/workdir" "--user" "0:0" "b0b0947027be2345d826c6a56f4bd92c2531fc905f08928938811d6fe7508c8f" "/opt/rustwide/cargo-home/bin/cargo" "+1.100.0-beta.1" "test" "--frozen" "--release", kill_on_drop: false }`
[INFO] [stderr]     Finished `release` profile [optimized] target(s) in 0.08s
[INFO] [stderr]      Running unittests src/main.rs (/opt/rustwide/target/release/build/somethingsay/d26adc18bde448db/out/somethingsay-d26adc18bde448db)
[INFO] [stderr]      Running tests/integration_test.rs (/opt/rustwide/target/release/build/somethingsay/4bd8bdda48b4c3db/out/integration_test-4bd8bdda48b4c3db)
[INFO] [stdout] 
[INFO] [stdout] running 0 tests
[INFO] [stdout] 
[INFO] [stdout] test result: ok. 0 passed; 0 failed; 0 ignored; 0 measured; 0 filtered out; finished in 0.00s
[INFO] [stdout] 
[INFO] [stdout] 
[INFO] [stdout] running 2 tests
[INFO] [stdout] test fail_on_non_existing_file ... FAILED
[INFO] [stdout] test run_with_defaults ... FAILED
[INFO] [stderr] error: test failed, to rerun pass `--test integration_test`
[INFO] [stdout] 
[INFO] [stdout] failures:
[INFO] [stdout] 
[INFO] [stdout] ---- fail_on_non_existing_file stdout ----
[INFO] [stdout] 
[INFO] [stdout] thread 'fail_on_non_existing_file' (1072) panicked at tests/integration_test.rs:18:10:
[INFO] [stdout] binary exists: CargoError { cause: Some(NotFoundError { path: "/opt/rustwide/target/release/build/somethingsay/4bd8bdda48b4c3db/out/somethingsay" }) }
[INFO] [stdout] stack backtrace:
[INFO] [stdout]    0:     0x624b83831051 - <<std[617be2ca0a6fd877]::sys::backtrace::BacktraceLock>::print::DisplayBacktrace as core[a373ad73a504971]::fmt::Display>::fmt
[INFO] [stdout]    1:     0x624b838464ea - core[a373ad73a504971]::fmt::write
[INFO] [stdout]    2:     0x624b8383651c - <alloc[2e1b2a31b91974c5]::vec::Vec<u8> as core[a373ad73a504971]::io::write::Write>::write_fmt
[INFO] [stdout]    3:     0x624b8380cf26 - std[617be2ca0a6fd877]::panicking::default_hook::{closure#0}
[INFO] [stdout]    4:     0x624b83829669 - std[617be2ca0a6fd877]::panicking::default_hook
[INFO] [stdout]    5:     0x624b837c1250 - test[aada8e7e76ba119b]::test_main_inner::{closure#0}
[INFO] [stdout]    6:     0x624b83829822 - std[617be2ca0a6fd877]::panicking::panic_with_hook
[INFO] [stdout]    7:     0x624b8380cfd2 - std[617be2ca0a6fd877]::panicking::panic_handler::{closure#0}
[INFO] [stdout]    8:     0x624b83805ce9 - std[617be2ca0a6fd877]::sys::backtrace::__rust_end_short_backtrace::<std[617be2ca0a6fd877]::panicking::panic_handler::{closure#0}, !>
[INFO] [stdout]    9:     0x624b8380dbdd - __rustc[ea4f61d10b84890b]::rust_begin_unwind
[INFO] [stdout]   10:     0x624b83846c1c - core[a373ad73a504971]::panicking::panic_fmt
[INFO] [stdout]   11:     0x624b838469f2 - core[a373ad73a504971]::result::unwrap_failed
[INFO] [stdout]   12:     0x624b837b4572 - <integration_test[d27d00ef255bfa16]::fail_on_non_existing_file::{closure#0} as core[a373ad73a504971]::ops::function::FnOnce<()>>::call_once
[INFO] [stdout]   13:     0x624b837b469b - test[aada8e7e76ba119b]::__rust_begin_short_backtrace::<core[a373ad73a504971]::result::Result<(), alloc[2e1b2a31b91974c5]::string::String>, fn() -> core[a373ad73a504971]::result::Result<(), alloc[2e1b2a31b91974c5]::string::String>>
[INFO] [stdout]   14:     0x624b837c1875 - test[aada8e7e76ba119b]::run_test::{closure#0}
[INFO] [stdout]   15:     0x624b837bb164 - std[617be2ca0a6fd877]::sys::backtrace::__rust_begin_short_backtrace::<test[aada8e7e76ba119b]::run_test::{closure#1}, ()>
[INFO] [stdout]   16:     0x624b837c4902 - <std[617be2ca0a6fd877]::thread::lifecycle::spawn_unchecked<test[aada8e7e76ba119b]::run_test::{closure#1}, ()>::{closure#1} as core[a373ad73a504971]::ops::function::FnOnce<()>>::call_once::{shim:vtable#0}
[INFO] [stdout]   17:     0x624b8383082f - <std[617be2ca0a6fd877]::sys::thread::unix::Thread>::new::thread_start
[INFO] [stdout]   18:     0x71a89dc88dfa - <unknown>
[INFO] [stdout]   19:     0x71a89dd1c3d4 - clone
[INFO] [stdout]   20:                0x0 - <unknown>
[INFO] [stdout] 
[INFO] [stdout] ---- run_with_defaults stdout ----
[INFO] [stdout] 
[INFO] [stdout] thread 'run_with_defaults' (1073) panicked at tests/integration_test.rs:8:10:
[INFO] [stdout] binary exists: CargoError { cause: Some(NotFoundError { path: "/opt/rustwide/target/release/build/somethingsay/4bd8bdda48b4c3db/out/somethingsay" }) }
[INFO] [stdout] stack backtrace:
[INFO] [stdout]    0:     0x624b83831051 - <<std[617be2ca0a6fd877]::sys::backtrace::BacktraceLock>::print::DisplayBacktrace as core[a373ad73a504971]::fmt::Display>::fmt
[INFO] [stdout]    1:     0x624b838464ea - core[a373ad73a504971]::fmt::write
[INFO] [stdout]    2:     0x624b8383651c - <alloc[2e1b2a31b91974c5]::vec::Vec<u8> as core[a373ad73a504971]::io::write::Write>::write_fmt
[INFO] [stdout]    3:     0x624b8380cf26 - std[617be2ca0a6fd877]::panicking::default_hook::{closure#0}
[INFO] [stdout]    4:     0x624b83829669 - std[617be2ca0a6fd877]::panicking::default_hook
[INFO] [stdout]    5:     0x624b837c1250 - test[aada8e7e76ba119b]::test_main_inner::{closure#0}
[INFO] [stdout]    6:     0x624b83829822 - std[617be2ca0a6fd877]::panicking::panic_with_hook
[INFO] [stdout]    7:     0x624b8380cfd2 - std[617be2ca0a6fd877]::panicking::panic_handler::{closure#0}
[INFO] [stdout]    8:     0x624b83805ce9 - std[617be2ca0a6fd877]::sys::backtrace::__rust_end_short_backtrace::<std[617be2ca0a6fd877]::panicking::panic_handler::{closure#0}, !>
[INFO] [stdout]    9:     0x624b8380dbdd - __rustc[ea4f61d10b84890b]::rust_begin_unwind
[INFO] [stdout]   10:     0x624b83846c1c - core[a373ad73a504971]::panicking::panic_fmt
[INFO] [stdout]   11:     0x624b838469f2 - core[a373ad73a504971]::result::unwrap_failed
[INFO] [stdout]   12:     0x624b837b43d4 - <integration_test[d27d00ef255bfa16]::run_with_defaults::{closure#0} as core[a373ad73a504971]::ops::function::FnOnce<()>>::call_once
[INFO] [stdout]   13:     0x624b837b469b - test[aada8e7e76ba119b]::__rust_begin_short_backtrace::<core[a373ad73a504971]::result::Result<(), alloc[2e1b2a31b91974c5]::string::String>, fn() -> core[a373ad73a504971]::result::Result<(), alloc[2e1b2a31b91974c5]::string::String>>
[INFO] [stdout]   14:     0x624b837c1875 - test[aada8e7e76ba119b]::run_test::{closure#0}
[INFO] [stdout]   15:     0x624b837bb164 - std[617be2ca0a6fd877]::sys::backtrace::__rust_begin_short_backtrace::<test[aada8e7e76ba119b]::run_test::{closure#1}, ()>
[INFO] [stdout]   16:     0x624b837c4902 - <std[617be2ca0a6fd877]::thread::lifecycle::spawn_unchecked<test[aada8e7e76ba119b]::run_test::{closure#1}, ()>::{closure#1} as core[a373ad73a504971]::ops::function::FnOnce<()>>::call_once::{shim:vtable#0}
[INFO] [stdout]   17:     0x624b8383082f - <std[617be2ca0a6fd877]::sys::thread::unix::Thread>::new::thread_start
[INFO] [stdout]   18:     0x71a89dc88dfa - <unknown>
[INFO] [stdout]   19:     0x71a89dd1c3d4 - clone
[INFO] [stdout]   20:                0x0 - <unknown>
[INFO] [stdout] 
[INFO] [stdout] 
[INFO] [stdout] failures:
[INFO] [stdout]     fail_on_non_existing_file
[INFO] [stdout]     run_with_defaults
[INFO] [stdout] 
[INFO] [stdout] test result: FAILED. 0 passed; 2 failed; 0 ignored; 0 measured; 0 filtered out; finished in 0.00s
[INFO] [stdout] 
[INFO] running `Command { std: "docker" "inspect" "b0b0947027be2345d826c6a56f4bd92c2531fc905f08928938811d6fe7508c8f", kill_on_drop: false }`
[INFO] running `Command { std: "docker" "rm" "-f" "b0b0947027be2345d826c6a56f4bd92c2531fc905f08928938811d6fe7508c8f", kill_on_drop: false }`
[INFO] [stdout] b0b0947027be2345d826c6a56f4bd92c2531fc905f08928938811d6fe7508c8f
